INSERT INTO `hr_employment_applications` (`id`, `account_id`, `code`, `user_id`, `user_password`, `app_status`, `college`, `notes`, `app_id`, `app_password`, `name_first_en`, `name_father_en`, `name_grandfather_en`, `name_last_en`, `name_first_ar`, `name_father_ar`, `name_grandfather_ar`, `name_last_ar`, `place_of_birth`, `date_of_birth`, `date_of_birth_higri`, `marital_status`, `number_of_dependents`, `nationality`, `id_no`, `id_copy`, `id_expiry_date_higri`, `id_expiry_date`, `mobile`, `email`, `religion`, `gender`, `passport_number`, `hr_section`, `employee_type`, `passport_expiration_date`, `passport_expiration_date_higri`, `department`, `insurance_number`, `hr_position`, `starting_date`, `employee_not_in_payroll`, `job_title`, `basic_salary`, `bank`, `iban`, `cv_file`, `is_deleted`, `deleted_by`, `deleted_date`, `Created_by`, `Created_date`, `last_update_by`, `last_update_date`, `approved_date`, `approved_by`, `rejected_date`, `rejected_by`) VALUES
(435, NULL, NULL, NULL, NULL, NULL, NULL, NULL, '1898363891', '365484', 'samia', 'Abdou', 'Mohammed', 'Almshaykh', 'ساميه ', 'عبده', 'محمد', 'ال المشائخ', 'الرياض', '1992-11-21', '1413-5-27', 1, 1, 1, '1092330727', 'files/hr/2018/11/oxf456otdur.jpg', '1442-8-8', '2021-03-21', '966505383712', 's1414s00@gmail.com', 2, 2, NULL, NULL, NULL, NULL, NULL, NULL, NULL, NULL, NULL, NULL, NULL, NULL, NULL, NULL, 'files/hr/2018/11/tx3esvg3rfzgbslfeefdqf.jpg', NULL, NULL, NULL, NULL, '2018-11-08 01:04:46', NULL, '2018-11-18 20:09:00', NULL, NULL, NULL, NULL),
(436, NULL, NULL, NULL, NULL, NULL, NULL, NULL, '1893295489', '643457', 'Halyah', 'Ahmad', 'Amuhammed', 'AlAlmuafy', 'حاليه', 'أحمد', 'امحمد', 'آل المعافي', 'أحد رفيدة', '1993-07-14', '1414-1-24', 2, 0, 1, '1082351816', 'files/hr/2018/11/5ey4xqhzoiglatbnoycf.jpg', '1442-1-1', '2020-08-20', '966532208779', 'haaala.12345@hotmail.com', 2, 2, '0', NULL, NULL, NULL, NULL, NULL, NULL, NULL, NULL, NULL, NULL, NULL, NULL, NULL, 'files/hr/2018/11/xyrfhz20gsouu3h.pdf', NULL, NULL, NULL, NULL, '2018-11-08 14:43:35', NULL, '2018-11-18 17:59:27', NULL, NULL, NULL, NULL),
(437, NULL, NULL, NULL, NULL, NULL, NULL, NULL, '1851658576', '363972', 'Amal', 'Mohammad', 'Yahia', 'Almalki', 'امل', 'محمد', 'يحي ', 'المالكي', 'خميس مشيط', '1995-04-09', '1415-11-9', 2, 7, 1, '1090316165', 'files/hr/2018/11/86q9f92tttbemyqz0ymxfhxsa.pdf', '1441-5-3', '2019-12-29', '966503077568', 'amal1415.sa@hotmail.com', 2, 2, NULL, NULL, NULL, NULL, NULL, NULL, NULL, NULL, NULL, NULL, NULL, NULL, NULL, NULL, 'files/hr/2018/11/vzxunyq5lkj08qpcnmevpznwt.pdf', NULL, NULL, NULL, NULL, '2018-11-08 15:56:29', NULL, NULL, NULL, NULL, NULL, NULL),
(438, NULL, NULL, NULL, NULL, NULL, NULL, NULL, '1821488788', '346263', 'saeed', 'Naseer', 'Ali', 'Abo hasil', 'سعيد', 'ناصر', 'علي', 'ابو حاصل', 'احد رفيده', '1995-10-01', '1416-5-7', 2, 0, 1, '1096150204', 'files/hr/2018/11/f6d7kgvv5co0.jpeg', '1444-4-7', '2022-11-01', '966506990012', 'saeednaser12@hotmail.com', 2, 1, 'لا يوجد', NULL, NULL, NULL, NULL, NULL, NULL, NULL, NULL, NULL, NULL, NULL, NULL, NULL, 'files/hr/2018/11/tbxvaf4c7uadbweappitxei.jpeg', NULL, NULL, NULL, NULL, '2018-11-09 02:15:38', NULL, '2018-11-09 02:17:26', NULL, NULL, NULL, NULL);

-- --------------------------------------------------------

--
-- Table structure for table `hr_employment_applications_certificates`
--

CREATE TABLE `hr_employment_applications_certificates` (
  `id` int(11) UNSIGNED NOT NULL,
  `application_id` int(11) UNSIGNED DEFAULT NULL,
  `college_name` varchar(255) COLLATE utf8_bin DEFAULT NULL,
  `certificate_year` year(4) DEFAULT NULL,
  `period_in_days` int(10) UNSIGNED DEFAULT NULL,
  `degree` varchar(255) COLLATE utf8_bin DEFAULT NULL,
  `major` varchar(255) COLLATE utf8_bin DEFAULT NULL,
  `country` int(10) UNSIGNED DEFAULT NULL COMMENT 'ref to ''general_nationalities''',
  `attachment_file` varchar(255) COLLATE utf8_bin DEFAULT NULL,
  `is_deleted` tinyint(4) UNSIGNED DEFAULT NULL,
  `deleted_by` int(11) UNSIGNED DEFAULT NULL COMMENT 'ref to ''users''',
  `deleted_date` datetime DEFAULT NULL,
  `Created_by` int(11) UNSIGNED DEFAULT NULL COMMENT 'ref to ''users''',
  `Created_date` datetime DEFAULT NULL,
  `last_update_by` int(11) UNSIGNED DEFAULT NULL COMMENT 'ref to ''users''',
  `last_update_date` datetime DEFAULT NULL
) ENGINE=InnoDB DEFAULT CHARSET=utf8 COLLATE=utf8_bin ROW_FORMAT=COMPACT;

--
-- Dumping data for table `hr_employment_applications_certificates`
--

INSERT INTO `hr_employment_applications_certificates` (`id`, `application_id`, `college_name`, `certificate_year`, `period_in_days`, `degree`, `major`, `country`, `attachment_file`, `is_deleted`, `deleted_by`, `deleted_date`, `Created_by`, `Created_date`, `last_update_by`, `last_update_date`) VALUES
(1, 1, 'للتكنولوجيا والعلوم الحديثة ', 2016, 60, '', 'الرخصة الدولية لقيادة الحاسب ICDL', 65, NULL, NULL, NULL, NULL, NULL, NULL, NULL, NULL),
(2, 2, 'ICDL', 2010, 7, 'شهادة', 'قيادة الحاسب الالى', 65, 'files/hr/2018/02/34ro5eq7ju203vixaiwcugs1pzy.jpg', NULL, NULL, NULL, NULL, NULL, NULL, NULL),
(3, 4, 'Tďns', 2017, 30, 'دورة icdl', 'برمجيات الكمبيوتر', 65, 'files/hr/2018/02/jcbcz00gmrgx.jpeg', NULL, NULL, NULL, NULL, NULL, NULL, NULL),
(4, 5, 'كلية التربية', 2009, 16, 'جيد جدا', 'صعوبات تعلم', 65, 'files/hr/2018/02/kpwjhirlpidjyacphlm3wdjuaq09.jpg', NULL, NULL, NULL, NULL, NULL, NULL, NULL),
(5, 5, 'وزارة الاتصالات', 2011, 60, 'شهادة', 'Icdl', 65, 'files/hr/2018/02/uctp1eetlt4kv45zvhckqnpmon.jpg', NULL, NULL, NULL, NULL, NULL, NULL, NULL),
(6, 6, 'الآداب', 2017, 30, 'دورة تعليم اللغة العربية لغير الناطقين بها ', '', 65, NULL, NULL, NULL, NULL, NULL, NULL, NULL, NULL),
(7, 7, 'جامعة عين شمس', 2009, 72, 'تدريس الرياضيات باللغة الانجليزية', 'mathimatics', 65, NULL, NULL, NULL, NULL, NULL, NULL, NULL, NULL),
(8, 8, 'مركز الحساب العلمي بجامعة المنصورة', 2003, 150, '', '', 65, 'files/hr/2018/02/wdhpicqclfgmaudjfqcmb03od.pdf', NULL, NULL, NULL, NULL, NULL, NULL, NULL),
(9, 9, 'MICIT', 2016, 30, '', 'الحاسب الآلي', 65, 'files/hr/2018/02/ltfybrrxmklaotvnkraow6r9.jpg', NULL, NULL, NULL, NULL, NULL, NULL, NULL),
(10, 18, 'جامعة الملك خالد', 2013, 2, '', 'مهارة إدارة الوقت ', 1, 'files/hr/2018/02/xjevs8wc8gykz9g.jpg', NULL, NULL, NULL, NULL, NULL, NULL, NULL),
(11, 18, 'جامعة الملك خالد', 2013, 2, '', 'تنمية المهارات الإجتماعية والسلوك التوكيدي ', 1, 'files/hr/2018/02/qbvqfb5vskrm2gvi3exuc8fufr8s.jpg', NULL, NULL, NULL, NULL, NULL, NULL, NULL),
(12, 18, 'جامعة الملك خالد ', 2013, 2, '', 'عادات الاستذكار الجيد وكيفية الإجابة في الإمتحانات ', 1, 'files/hr/2018/02/cffgcpzuwb8shyqn0awe9nqaelub.jpg', NULL, NULL, NULL, NULL, NULL, NULL, NULL),
(13, 18, 'مركز بناء الأجيال ', 2013, 2, '', 'التربية الأسرية ', 1, 'files/hr/2018/02/l3jx4ao0suc5ufuw0.jpg', NULL, NULL, NULL, NULL, NULL, NULL, NULL),
(14, 18, 'جامعة الملك خالد ', 2014, 1, '', 'تحليل الشخصية عن طريق الكتابة اليدوية ', 1, 'files/hr/2018/02/pie42itrlck1mwrt1p.jpg', NULL, NULL, NULL, NULL, NULL, NULL, NULL),
(15, 18, 'جامعة الملك خالد ', 2014, 1, '', 'التنفس والاسترخاء ', 1, 'files/hr/2018/02/y1yaxytlzpoxwksaulfyc.jpg', NULL, NULL, NULL, NULL, NULL, NULL, NULL),
(16, 18, 'عمادة التعلم الإلكتروني / جامعة الملك خالد', 2014, 37, '', 'Computer In Education _ MOOC', 1, 'files/hr/2018/02/upm6vmqrmyv0h6fdya.jpg', NULL, NULL, NULL, NULL, NULL, NULL, NULL),
(17, 18, 'الإدارة العامة للتعليم بمنطقة عسير ', 2016, 1, '', 'فطن _الوعي الذاتي ', 1, 'files/hr/2018/02/ko3ycqox93zyttf5hr.jpg', NULL, NULL, NULL, NULL, NULL, NULL, NULL),
(18, 18, 'الإدارة العامة للتعليم بمنطقة عسير ', 2016, 1, '', 'فطن _السلوك التوكيدي ', 1, 'files/hr/2018/02/vz5y5nbj2c1h7u1.jpg', NULL, NULL, NULL, NULL, NULL, NULL, NULL),
(19, 18, 'الإدارة العامة للتعليم بمنطقة عسير ', 2016, 1, '', 'فطن _ حل المشكلات ', 1, 'files/hr/2018/02/23epy9munnoph15xnremkpd.jpg', NULL, NULL, NULL, NULL, NULL, NULL, NULL),
(20, 18, 'الإدارة العامة للتعليم بمنطقة عسير ', 2017, 1, '', 'فطن تنمية المهارات الشخصية والإجتماعية ', 1, 'files/hr/2018/02/hukk6gvh2zomx3x.jpg', NULL, NULL, NULL, NULL, NULL, NULL, NULL),
(21, 18, 'الإدارة العامة للتعليك بمنطقة عسير ', 2017, 1, '', 'فطن _ المهارات الإعلامية الناقدة ', 1, 'files/hr/2018/02/3xnt2zko5tw5gn88erq9ww3bnxbpga.jpg', NULL, NULL, NULL, NULL, NULL, NULL, NULL),
(22, 19, 'كلية التربية', 2016, 365, 'دبلومة تربوي', '', 65, NULL, NULL, NULL, NULL, NULL, NULL, NULL, NULL),
(23, 20, 'مركز الأمير مشعل بنجران', 2010, 3, 'ممتاز', 'رياضيات', 1, 'files/hr/2018/02/c8tx4fexsvjuqq8e.jpg', NULL, NULL, NULL, NULL, NULL, NULL, NULL),
(24, 20, 'ادارة التدريب التربوي بخميس مشيط', 2007, 21, 'ممتاز', 'رياضيات', 1, NULL, NULL, NULL, NULL, NULL, NULL, NULL, NULL),
(25, 21, 'التبين للدراسات المعدنية', 2012, 40, 'تدريب ', 'فيزياء الحالة الصلبة و أجهزة القياس', 65, 'files/hr/2018/02/fspdz3ydaninac0bqevdjq.jpeg', NULL, NULL, NULL, NULL, NULL, NULL, NULL),
(26, 21, 'المعهد القومي لعلوم الليزر', 2012, 10, 'تدريب', 'أنظمة الليزر و تطبيقاته', 65, 'files/hr/2018/02/us678e9uarl7a58w282.jpeg', NULL, NULL, NULL, NULL, NULL, NULL, NULL),
(27, 21, 'جمعية الهلال الأحمر المصري', 2016, 2, 'تدريب', 'الاسعافات الأولية', 65, 'files/hr/2018/02/qs7xojou428cywirgtt9n6251mf.jpeg', NULL, NULL, NULL, NULL, NULL, NULL, NULL),
(28, 22, 'اليونسكو', 2011, 7, 'الحاسب الآلي', '', 65, NULL, NULL, NULL, NULL, NULL, NULL, NULL, NULL),
(29, 24, 'اليونسكو', 2010, 1, 'ICDL', 'ICDL', 65, 'files/hr/2018/02/xaupfndwk9c3pzw.jpg', NULL, NULL, NULL, NULL, NULL, NULL, NULL),
(30, 26, 'التدريب التربوي بعسير', 2017, 6, 'متدرب', 'التعلم النشط وتطوير الذات', 1, NULL, NULL, NULL, NULL, NULL, NULL, NULL, NULL),
(31, 29, 'الاكاديمية المهنية للمعلمين', 2013, 5, 'مدرب معتمد', 'مدرب صفوف أولية', 65, 'files/hr/2018/02/u3bvstj7jtabwm.jpg', NULL, NULL, NULL, NULL, NULL, NULL, NULL),
(32, 29, 'الأكاديمية المهنية للمعلمين', 2016, 5, 'مدرب معتمد', 'صفوف أولية', 65, 'files/hr/2018/02/asofgtodhwa1wo4us.jpg', NULL, NULL, NULL, NULL, NULL, NULL, NULL),
(33, 44, 'مكتب التعليم بخميس مشيط', 2017, 4, 'مدرب تعلم نشط', 'لغة عربية', 1, 'files/hr/2018/02/maytxnwhsyj2.pdf', NULL, NULL, NULL, NULL, NULL, NULL, NULL),
(34, 48, 'English place Academe ', 2016, 60, 'المستوى الرابع و الخامس ', 'اللغة الانجليزية', 1, NULL, NULL, NULL, NULL, NULL, NULL, NULL, NULL),
(35, 49, 'جامعة الملك خالد', 2017, 100, 'دورة ', 'الحاسب الالي', 1, 'files/hr/2018/03/xwmtpd68dhs89siqursqk.pdf', NULL, NULL, NULL, NULL, NULL, NULL, NULL),
(36, 51, 'مدارس التميز الابداعي ', 2018, 1, '', '', 1, NULL, NULL, NULL, NULL, NULL, NULL, NULL, NULL),
(37, 52, 'المركز الثقافي للسيدات ', 2008, 180, 'دبلوم', 'تقنية مكاتب ', 1, 'files/hr/2018/03/hllz4g1w7qlknuycswfbl6mx.jpeg', NULL, NULL, NULL, NULL, NULL, NULL, NULL),
(38, 53, 'مركز التدريب', 2015, 4, '', 'تاريخ', 1, 'files/hr/2018/03/4nblvxqp4wwjzwk.jpg', NULL, NULL, NULL, NULL, NULL, NULL, NULL),
(39, 53, 'مركز التدريب', 2016, 4, '', 'تاريخ', 1, NULL, NULL, NULL, NULL, NULL, NULL, NULL, NULL),
(40, 54, 'مركز التدريب', 2015, 4, '', 'تاريخ', 1, 'files/hr/2018/03/8dhqguwu8w6ziwcmczovw51ibzfewr.jpg', NULL, NULL, NULL, NULL, NULL, NULL, NULL),
(41, 54, 'مركز التدريب', 2016, 4, '', 'تاريخ', 1, 'files/hr/2018/03/2regjraw3ddfbul5bkjdbyu5.jpg', NULL, NULL, NULL, NULL, NULL, NULL, NULL),
(42, 54, 'مركز التدريب', 2016, 3, '', 'تاريخ', 1, 'files/hr/2018/03/m5u0ytvrxmuqoesfiaavbo90xsq1.jpg', NULL, NULL, NULL, NULL, NULL, NULL, NULL),
(43, 54, 'مركز التدريب', 2016, 2, '', 'تاريخ', 1, 'files/hr/2018/03/tnvn7nx83k.jpg', NULL, NULL, NULL, NULL, NULL, NULL, NULL),
(44, 54, 'الغرفه التجارية والصناعية بابها', 2016, 30, '', 'تاريخ', 1, 'files/hr/2018/03/wosuxzwkclh2a4bf1np0dvo.jpg', NULL, NULL, NULL, NULL, NULL, NULL, NULL),
(45, 54, 'الغرفة التجارية والصناعية بابها', 2016, 30, '', '', 1, 'files/hr/2018/03/0um8n070ilzkj3s0kbexmalsuaa.jpg', NULL, NULL, NULL, NULL, NULL, NULL, NULL),
(46, 54, 'الغرفه التجارية', 2016, 30, '', '', 1, 'files/hr/2018/03/7oeei9viufzlv.jpg', NULL, NULL, NULL, NULL, NULL, NULL, NULL),
(47, 54, 'الغرفه التجارية', 2016, 4, '', '', 1, 'files/hr/2018/03/ltxjuhsq6agq.jpg', NULL, NULL, NULL, NULL, NULL, NULL, NULL),
(48, 54, 'الغرفه التجارية', 2016, 4, '', '', 1, 'files/hr/2018/03/jwrnyfypofxcihilyzboxy7.jpg', NULL, NULL, NULL, NULL, NULL, NULL, NULL),
(49, 54, 'الغرفه التجارية', 2016, 4, '', '', 1, 'files/hr/2018/03/7veoq4libaiabp.jpg', NULL, NULL, NULL, NULL, NULL, NULL, NULL),
(50, 54, 'الغرفه التجارية', 2016, 4, '', '', 1, 'files/hr/2018/03/h8szriwritimp5cpuq.jpg', NULL, NULL, NULL, NULL, NULL, NULL, NULL),
(51, 54, 'الغرفه التجارية ', 2016, 4, '', '', 1, 'files/hr/2018/03/1epofynkha3fkdergswyekgunevjjo.jpg', NULL, NULL, NULL, NULL, NULL, NULL, NULL),
(52, 55, 'معهد الخليج للسيدات ', 2015, 180, 'دبلوم 6 اشهر ', 'تقنية معلومات ', 1, 'files/hr/2018/03/abmq7oiuiqk3m4mrnw.jpeg', NULL, NULL, NULL, NULL, NULL, NULL, NULL),
(53, 58, 'معهد الخليج للتدريب الأهلي النسائي', 2016, 15, '', 'نظام نور', 1, 'files/hr/2018/03/uabkqujj71c99pqui.pdf', NULL, NULL, NULL, NULL, NULL, NULL, NULL),
(54, 58, 'معهد الخليج للتدريب الأهلي النسائي', 2015, 120, '', 'دورة اللغة الانجليزية', 1, 'files/hr/2018/03/krjdgjx3gbtpolhjmzo.pdf', NULL, NULL, NULL, NULL, NULL, NULL, NULL),
(55, 58, 'الجامعة السعودية الالكترونية و برنامج دروب', 2016, 15, '', 'مهارات الاتصال', 1, 'files/hr/2018/03/wqxysynaqr5yhsq.pdf', NULL, NULL, NULL, NULL, NULL, NULL, NULL),
(56, 58, 'الجامعة السعودية الالكترونية و برنامج دروب', 2016, 15, '', 'مهارات التسويق الإلكتروني', 1, 'files/hr/2018/03/ejsam1sqij.pdf', NULL, NULL, NULL, NULL, NULL, NULL, NULL),
(57, 58, 'الجامعة السعودية الالكترونية و برنامج دروب', 2016, 15, '', 'إدارة المحتوى الرقمي', 1, 'files/hr/2018/03/erssxyaix3az1pnhgeays3.pdf', NULL, NULL, NULL, NULL, NULL, NULL, NULL),
(58, 58, 'الجامعة السعودية الالكترونية و برنامج دروب', 2016, 15, '', 'إدارة الموارد البشرية', 1, 'files/hr/2018/03/gfyuvjupsdhuj5yn1qzj0vsyqb.pdf', NULL, NULL, NULL, NULL, NULL, NULL, NULL),
(59, 58, 'الجامعة السعودية الالكترونية و برنامج دروب', 2016, 15, '', 'المهارات القيادية والإشرافية', 1, 'files/hr/2018/03/or37w8rv28hy1vmg.pdf', NULL, NULL, NULL, NULL, NULL, NULL, NULL),
(60, 58, 'برنامج دروب', 2017, 15, '', 'مقدمة في برنامج مايكروسوفت ورد', 1, 'files/hr/2018/03/fvscvee0ujrtk6a0y0c2rzxk7.pdf', NULL, NULL, NULL, NULL, NULL, NULL, NULL),
(61, 58, 'برنامج دروب', 2017, 15, '', 'مقدمة في برنامج مايكروسوفت اكسل', 1, 'files/hr/2018/03/soyxtj4qtxsq0dxhvfbc43vtp.pdf', NULL, NULL, NULL, NULL, NULL, NULL, NULL),
(62, 59, 'معهد الخليج للتدريب الأهلي النسائي', 2016, 15, '', 'دورة نظام نور', 1, 'files/hr/2018/03/qea84i18cenk4rp4n.pdf', NULL, NULL, NULL, NULL, NULL, NULL, NULL),
(63, 61, 'مركز التدريب التربوي ', 2018, 2, '', 'برنامج ارتقاء', 1, 'files/hr/2018/03/ofvmkkihd0.jpg', NULL, NULL, NULL, NULL, NULL, NULL, NULL),
(64, 64, 'جامعه السعودية الالكترونية ', 2017, 60, 'دوره تدريبه ', 'اداره المحتوى الرقمي ', 1, NULL, NULL, NULL, NULL, NULL, NULL, NULL, NULL),
(65, 65, 'جامعة الملك خالد ', 2014, 90, 'دورة', 'استخدام الحاسب الالي في الاعمال المكتبية', 1, 'files/hr/2018/03/zrtnf6q68ib1hf.jpeg', NULL, NULL, NULL, NULL, NULL, NULL, NULL),
(66, 66, 'مركز التدريب خميس مشيط', 2018, 2, '', '', 1, 'files/hr/2018/03/9cmupdf1r098vuvvj3xs7.jpeg', NULL, NULL, NULL, NULL, NULL, NULL, NULL),
(67, 69, 'المركز الثقافي للسيدات', 2006, 180, 'ممتاز', 'إدخال بيانات ومعالجة نصوص', 1, 'files/hr/2018/03/zxpfsn73s7s.jpg', NULL, NULL, NULL, NULL, NULL, NULL, NULL),
(68, 69, 'معهد كوادر التنمية', 2005, 36, 'ممتاز', 'دورة اللغة الإنجليزية العامة', 1, 'files/hr/2018/03/nxn27gaq02dtdcto0yl.jpg', NULL, NULL, NULL, NULL, NULL, NULL, NULL),
(69, 70, 'مركز التدريب التربوي ', 2017, 2, '', '', 1, 'files/hr/2018/03/bmyz9wrwpqrnfgwssnep.JPG', NULL, NULL, NULL, NULL, NULL, NULL, NULL),
(70, 70, 'مركز التدريب التربوي ', 2017, 2, '', '', 1, 'files/hr/2018/03/jtnvwnzfdea0sxjzp95ffh1.JPG', NULL, NULL, NULL, NULL, NULL, NULL, NULL),
(71, 70, 'مركز التدريب التربوي ', 2018, 1, '', '', 1, 'files/hr/2018/03/vft0awrt9j8mm5fy959nfrei.jpg', NULL, NULL, NULL, NULL, NULL, NULL, NULL),
(72, 74, 'الخليج للتدريب الأهلي', 2008, 180, 'دورة إدخال البيانات ومعالجة النصوص', '', 1, 'files/hr/2018/05/m4oh0llzimhfpd77x.jpeg', NULL, NULL, NULL, NULL, NULL, NULL, NULL),
(73, 130, 'مركز التدريب الكشفي ', 2018, 3, 'قائد كشفي', 'كشافة ', 1, 'files/hr/2018/06/ehzhrlrexjxsl8dwnve9fnxcycx.jpg', NULL, NULL, NULL, NULL, NULL, NULL, NULL),
(74, 130, 'مركز التريب المهني ', 2018, 3, 'التنظيم والادارة في التربية البدنية', 'التربية البدنية', 1, NULL, NULL, NULL, NULL, NULL, NULL, NULL, NULL),
(75, 130, 'جامعة الاسكندرية ', 2003, 4, '', 'العلاج الطبيعي', 65, 'files/hr/2018/06/hgkyw6atptibc99055pwzktyjbow.jpg', NULL, NULL, NULL, NULL, NULL, NULL, NULL),
(76, 130, 'جامعة السكندرية ', 2007, 4, 'التدليك ', '', 65, 'files/hr/2018/06/fwapm5gw61mhcuf1i.jpg', NULL, NULL, NULL, NULL, NULL, NULL, NULL),
(77, 130, 'منظمة اليونيسكو ', 2005, 20, '', '', 65, 'files/hr/2018/06/qalphxaidqoacij93rcdddixj.jpg', NULL, NULL, NULL, NULL, NULL, NULL, NULL),
(78, 130, 'الادارة العامة لتعليم عسير', 2017, 3, '', '', 1, 'files/hr/2018/06/cqtfzvrepysepdvd93kpj2u.jpg', NULL, NULL, NULL, NULL, NULL, NULL, NULL),
(79, 130, 'الادارة العامة لتعليم عسير', 2017, 3, '', '', 1, 'files/hr/2018/06/9oloqqvhxf18olf0fpff.jpg', NULL, NULL, NULL, NULL, NULL, NULL, NULL),
(80, 142, 'في مدرسه ', 2018, 91, 'بكالوريوس ', 'علم نفس ', 1, 'files/hr/2018/06/8qazgg2tl4cgvadisdsm.jpg', NULL, NULL, NULL, NULL, NULL, NULL, NULL),
(81, 151, 'معهد وزاره التربيه والتعليم ', 2015, 180, 'دبلوم ', 'اللغه الانجليزيه', 1, NULL, NULL, NULL, NULL, NULL, NULL, NULL, NULL),
(82, 151, 'معهد وزاره التربيه والتعليم ', 2015, 180, 'دبلوم ', 'لغه الاشاره', 1, NULL, NULL, NULL, NULL, NULL, NULL, NULL, NULL),
(83, 155, 'جامعة الملك خالد ', 2017, 2, 'لايوجد ', '', 1, 'files/hr/2018/07/jap9lmcrbrl14n0pcbbktsfe.jpg', NULL, NULL, NULL, NULL, NULL, NULL, NULL),
(84, 156, 'كليه العلوم للبنات', 2017, 3, 'بكالوريس ', 'فيزياء', 1, 'files/hr/2018/07/uvd26ydnxzsg5boje.JPG', NULL, NULL, NULL, NULL, NULL, NULL, NULL),
(85, 157, 'المؤسسة العامه للتدريب التقني والمهني ', 2018, 5, 'دورة تدريبيه ', '', 1, 'files/hr/2018/07/llvmgak3sgc2.jpg', NULL, NULL, NULL, NULL, NULL, NULL, NULL),
(86, 158, 'المؤسسة العامه للتدريب التقني والمهني ', 2018, 5, 'دورة تدريبيه ', '', 1, 'files/hr/2018/07/h6s3t87ovnvadmwpnd.jpg', NULL, NULL, NULL, NULL, NULL, NULL, NULL),
(87, 160, 'المؤسسة العامة للتدريب التقني والمهني ', 2018, 5, 'دورة تدريبية ', 'ادارة المكاتب والسكرتارية الإلكترونية ', 1, 'files/hr/2018/07/tvx7k17wrf1sgrok.jpeg', NULL, NULL, NULL, NULL, NULL, NULL, NULL),
(88, 166, 'نيوهورايزن', 2015, 30, 'دوره', 'مهارات السكرتاريه', 1, 'files/hr/2018/07/fonvwrtdomss5ftna6paxwaq.pdf', NULL, NULL, NULL, NULL, NULL, NULL, NULL),
(89, 166, 'نيوهرايزن', 2015, 15, 'دوره ', 'نظام نور', 1, NULL, NULL, NULL, NULL, NULL, NULL, NULL, NULL),
(90, 166, 'جامعة الملك خالد', 2013, 20, 'دوره', 'تعلم كيف تتعلم الكترونيا', 1, 'files/hr/2018/07/lotcg82cda9jpbc4mt92ugzhh.pdf', NULL, NULL, NULL, NULL, NULL, NULL, NULL),
(91, 166, 'جامعة الملك خالد', 2013, 90, 'دوره', 'Touchston1&2+ Toefl course', 1, NULL, NULL, NULL, NULL, NULL, NULL, NULL, NULL),
(92, 174, 'صندوق الموارد البشرية ', 2016, 90, 'دورة', 'ادارة', 1, 'files/hr/2018/07/pfd4bujqycpjw6.pdf', NULL, NULL, NULL, NULL, NULL, NULL, NULL),
(93, 175, 'معهد القرار لتدريب النسائي', 2010, 90, '96 ممتاز', 'اعمال مكتبيه ', 1, 'files/hr/2018/07/jt6fo3y5ipyzibleco4yqtccppat.jpg', NULL, NULL, NULL, NULL, NULL, NULL, NULL),
(94, 176, 'نيوهرايزن', 2018, 180, 'ادخال بيانات ومعالجة نصوص', '', 1, NULL, NULL, NULL, NULL, NULL, NULL, NULL, NULL),
(95, 176, 'نيوهرايزن', 2018, 30, 'التدريب على مهارات السكراترية', '', 1, NULL, NULL, NULL, NULL, NULL, NULL, NULL, NULL),
(96, 176, 'نيوهرايزن', 2018, 10, 'خدمة العملاء', '', 1, NULL, NULL, NULL, NULL, NULL, NULL, NULL, NULL),
(97, 176, 'نيوهرايزن', 2018, 44, 'لغة انجليزية مستوى ثالث', '', 1, NULL, NULL, NULL, NULL, NULL, NULL, NULL, NULL),
(98, 179, 'مراكز نيوهورايزن العالميه', 2006, 200, 'ممتاز', 'دبلوم حاسب تربوي', 1, 'files/hr/2018/07/aon8xjc9ufoo86pdha2onojgw8y.jpg', NULL, NULL, NULL, NULL, NULL, NULL, NULL),
(99, 179, 'مراكز نيوهورايزن العالميه', 2005, 7, 'ممتاز', 'دورة معارف', 1, 'files/hr/2018/07/7tmtqgnywokxjicewt2fs.jpg', NULL, NULL, NULL, NULL, NULL, NULL, NULL),
(100, 179, 'مركز التدريب التربوي بخميس مشيط', 2006, 3, '', 'خصاىص النمو لدى مرحلة الطفوله المبكره', 1, 'files/hr/2018/07/rc9pqegxuwof.jpg', NULL, NULL, NULL, NULL, NULL, NULL, NULL),
(101, 179, 'مركز التدريب التربوي بخميس مشيط', 2009, 5, '', 'توجيه سلوك الطفل في رياض الاطفال', 1, 'files/hr/2018/07/ycbujznf3xzm7l.jpg', NULL, NULL, NULL, NULL, NULL, NULL, NULL),
(102, 179, 'ادارة التدريب التربوي والابتعاث بعسير', 2013, 2, '', 'برنامج انتل التعليم للمستقبل', 1, 'files/hr/2018/07/ktalmitq2l5g2xs.jpg', NULL, NULL, NULL, NULL, NULL, NULL, NULL),
(103, 179, 'مركز الفكر الناجح للتنمية البشريه', 2014, 1, '', 'المبادرة الناجحه', 1, 'files/hr/2018/07/b7gldgtkygirjgqs7c6jfumurrn5h.jpg', NULL, NULL, NULL, NULL, NULL, NULL, NULL),
(104, 179, 'كلاسيرا', 2016, 2, '', 'دورة كلاسيرا', 1, 'files/hr/2018/07/epghljn5vanyetn5qmwyovjy1.jpg', NULL, NULL, NULL, NULL, NULL, NULL, NULL),
(105, 198, 'الغرفه التجاريه ', 2018, 30, 'مهارات الحاسب الآلي', 'حاسب', 1, 'files/hr/2018/07/7tuusqz5xalrw7.jpeg', NULL, NULL, NULL, NULL, NULL, NULL, NULL),
(106, 203, 'English Place', 2017, 30, 'Level 2 Course', 'انجليزي', 1, 'files/hr/2018/07/3hpedvzz0vaatow.pdf', NULL, NULL, NULL, NULL, NULL, NULL, NULL),
(107, 203, 'جامعة الملك خالد', 2016, 30, 'Course', 'حاسب آلي', 1, 'files/hr/2018/07/bndfqqob6gl.pdf', NULL, NULL, NULL, NULL, NULL, NULL, NULL),
(108, 204, 'لجنة التنمية الاجتماعية ', 2015, 90, 'دورة تدريبية ', 'لغة انجليزية ', 1, 'files/hr/2018/07/mwoojgw2vuobefvr1r.jpg', NULL, NULL, NULL, NULL, NULL, NULL, NULL),
(109, 214, 'الغرفة التجارية', 2016, 365, 'دبلوم ', 'حاسب الي ونظم معلومات', 1, 'files/hr/2018/07/d1cb2saftmeiiejcbgpk.jpg', NULL, NULL, NULL, NULL, NULL, NULL, NULL),
(110, 216, 'الاكاديمية العربية لعلوم التربية البدنية ', 2013, 60, 'ممتاز ', 'الاصابات والتأهيل الرياضي ', 65, 'files/hr/2018/07/cy8yyhfuaglos.jpeg', NULL, NULL, NULL, NULL, NULL, NULL, NULL),
(111, 216, 'مديرية الشباب والرياضة ', 2010, 5, 'ممتاز', 'تنمية بشرية ', 65, 'files/hr/2018/07/r49lyj6hjq1n5.jpeg', NULL, NULL, NULL, NULL, NULL, NULL, NULL),
(112, 216, 'الاكاديمية الكندية ', 2011, 21, 'ممتاز', 'قوة الذاكره', 65, 'files/hr/2018/07/uye6sp1bsxwulsoil2ccqn2zl3.jpeg', NULL, NULL, NULL, NULL, NULL, NULL, NULL),
(113, 217, 'الاكاديمية العربية لعلوم التربية البدنيه ', 2013, 60, 'ممتاز', 'الطب الرياضي والاصابات ', 65, 'files/hr/2018/07/vtmpw3xqmv77audzthmgvksbanz.jpeg', NULL, NULL, NULL, NULL, NULL, NULL, NULL),
(114, 217, 'مديرية الشباب والرياضة ', 2010, 5, 'ممتاز ', 'تنمية بشرية ', 65, 'files/hr/2018/07/iokamyzhpd7.jpeg', NULL, NULL, NULL, NULL, NULL, NULL, NULL),
(115, 217, 'الاكاديمية الكندية ', 2011, 21, 'ممتاز', 'قوة الذاكرة ', 65, 'files/hr/2018/07/gurzvb45fkwc0jlm5rvp.jpeg', NULL, NULL, NULL, NULL, NULL, NULL, NULL),
(116, 218, 'الاكاديمية العربية لعلوم التربية البدنيه ', 2013, 60, 'ممتاز', 'الطب الرياضي والاصابات ', 65, 'files/hr/2018/07/5dkyh8634o.jpeg', NULL, NULL, NULL, NULL, NULL, NULL, NULL),
(117, 218, 'مديرية الشباب والرياضة ', 2010, 5, 'ممتاز ', 'تنمية بشرية ', 65, 'files/hr/2018/07/idet3fkewmgcdyn.jpeg', NULL, NULL, NULL, NULL, NULL, NULL, NULL),
(118, 218, 'الاكاديمية الكندية ', 2011, 21, 'ممتاز', 'قوة الذاكرة ', 65, 'files/hr/2018/07/klgkktwqvwf7dnswchtp0cf.jpeg', NULL, NULL, NULL, NULL, NULL, NULL, NULL),
(119, 219, 'الاكاديمية العربية لعلوم التربية البدنيه ', 2013, 60, 'ممتاز', 'الطب الرياضي والاصابات ', 65, 'files/hr/2018/07/rkwexirgeqbcqsfv56eqcvcsudaax.jpeg', NULL, NULL, NULL, NULL, NULL, NULL, NULL),
(120, 219, 'مديرية الشباب والرياضة ', 2010, 5, 'ممتاز ', 'تنمية بشرية ', 65, 'files/hr/2018/07/tjskf96szmamioaitz.jpeg', NULL, NULL, NULL, NULL, NULL, NULL, NULL),
(121, 219, 'الاكاديمية الكندية ', 2011, 21, 'ممتاز', 'قوة الذاكرة ', 65, 'files/hr/2018/07/gksjrgz7omonzls9xmje.jpeg', NULL, NULL, NULL, NULL, NULL, NULL, NULL),
(122, 220, 'الاكاديمية العربية لعلوم التربية البدنيه ', 2013, 60, 'ممتاز', 'الطب الرياضي والاصابات ', 65, NULL, NULL, NULL, NULL, NULL, NULL, NULL, NULL),
(123, 221, 'الاكاديمية العربية لعلوم التربية البدنيه ', 2013, 60, 'ممتاز', 'الطب الرياضي والاصابات ', 65, 'files/hr/2018/07/rgslhxjzc5.jpeg', NULL, NULL, NULL, NULL, NULL, NULL, NULL),
(124, 221, 'مديرية الشباب والرياضة ', 2010, 5, 'ممتاز ', 'تنمية بشرية ', 65, 'files/hr/2018/07/j53exly1z04mn1u.jpeg', NULL, NULL, NULL, NULL, NULL, NULL, NULL),
(125, 221, 'الاكاديمية الكندية ', 2011, 21, 'ممتاز', 'قوة الذاكرة ', 65, 'files/hr/2018/07/phh5dy2aswhev1b2it5cdkob9imdea.jpeg', NULL, NULL, NULL, NULL, NULL, NULL, NULL),
(126, 222, 'جامعة الملك خالد', 2017, 3, '', '', 1, NULL, NULL, NULL, NULL, NULL, NULL, NULL, NULL),
(127, 227, 'مدرسة مدينة سلطان الاولى', 2018, 80, 'ممتاز', 'اداريه', 1, 'files/hr/2018/08/uz29uxyjqehqh0fzjcaf0pfn8.jpg', NULL, NULL, NULL, NULL, NULL, NULL, NULL),
(128, 230, 'الخليج', 2013, 30, 'دورة', 'انجليزي', 1, 'files/hr/2018/08/d5sqpmu2jctj71pin.pdf', NULL, NULL, NULL, NULL, NULL, NULL, NULL),
(129, 231, 'التنمية الاسرية ', 2018, 3, 'دورة', 'ارشاد', 1, 'files/hr/2018/08/vaia0hc4svjwvuni.pdf', NULL, NULL, NULL, NULL, NULL, NULL, NULL),
(130, 232, 'الاشراف', 2018, 80, 'ممتاز', 'اداريه', 1, NULL, NULL, NULL, NULL, NULL, NULL, NULL, NULL),
(131, 234, 'معهد الجمعية الخيرية بالبشاير', 2009, 180, 'دورة حاسب', 'ادخال بيانات ومعالجة نصوص', 1, 'files/hr/2018/08/2e5lmmn5sxamvrdnhfdqanb.pdf', NULL, NULL, NULL, NULL, NULL, NULL, NULL),
(132, 236, 'معهد الأندلس', 2014, 3, 'دورة سكرتارية تنفيذية ادارة المكاتب', 'دورة سكرتارية تنفيذية ادارة المكاتب', 1, NULL, NULL, NULL, NULL, NULL, NULL, NULL, NULL),
(133, 237, 'معهد الخليج', 2017, 180, '', 'ادخال بيانات ومعالجة نصوص', 1, NULL, NULL, NULL, NULL, NULL, NULL, NULL, NULL),
(134, 240, 'معهد الأهداف اللامعه', 2018, 4, '', 'دورة نظام نور المركزي ', 1, 'files/hr/2018/08/6wuunhxq2lbbbnyzmx3rs7klr5lv.jpeg', NULL, NULL, NULL, NULL, NULL, NULL, NULL),
(135, 240, 'نادي الحي المتعلم ', 2018, 1, '', 'دورة السكرتاريه الحديثه', 1, 'files/hr/2018/08/o1ubodmozq97xqven0kgz.jpeg', NULL, NULL, NULL, NULL, NULL, NULL, NULL),
(136, 241, 'معهد الأهداف اللامعه', 2018, 4, '', 'دورة نظام نور المركزي ', 1, 'files/hr/2018/08/g6jkovu7th.jpeg', NULL, NULL, NULL, NULL, NULL, NULL, NULL),
(137, 241, 'نادي الحي المتعلم ', 2018, 1, '', 'دورة السكرتاريه الحديثه', 1, 'files/hr/2018/08/97hmxqh7pqkb6hfuwupeycowv.jpeg', NULL, NULL, NULL, NULL, NULL, NULL, NULL),
(138, 242, 'معهد الأهداف اللامعه', 2018, 4, '', 'دورة نظام نور المركزي ', 1, 'files/hr/2018/08/pdygy20uop3pwd5a2gtc48lea6ug.jpeg', NULL, NULL, NULL, NULL, NULL, NULL, NULL),
(139, 242, 'نادي الحي المتعلم ', 2018, 1, '', 'دورة السكرتاريه الحديثه', 1, 'files/hr/2018/08/4c0257ik2udaruipm.jpeg', NULL, NULL, NULL, NULL, NULL, NULL, NULL),
(140, 243, 'معهد الأهداف اللامعه', 2018, 4, '', 'دورة نظام نور المركزي ', 1, 'files/hr/2018/08/tbluyj4uuwmrztxzigfkhs4.jpeg', NULL, NULL, NULL, NULL, NULL, NULL, NULL),
(141, 243, 'نادي الحي المتعلم ', 2018, 1, '', 'دورة السكرتاريه الحديثه', 1, 'files/hr/2018/08/raqm2drvdnjb5rlhl7rxf9uecag.jpeg', NULL, NULL, NULL, NULL, NULL, NULL, NULL),
(142, 244, 'معهد الأهداف اللامعه', 2018, 4, '', 'دورة نظام نور المركزي ', 1, 'files/hr/2018/08/zcvx9u7orbd7rtu04.jpeg', NULL, NULL, NULL, NULL, NULL, NULL, NULL),
(143, 244, 'نادي الحي المتعلم ', 2018, 1, '', 'دورة السكرتاريه الحديثه', 1, 'files/hr/2018/08/lixvrvzvehhcvk5m.jpeg', NULL, NULL, NULL, NULL, NULL, NULL, NULL),
(144, 245, 'معهد الأهداف اللامعه', 2018, 4, '', 'دورة نظام نور المركزي ', 1, 'files/hr/2018/08/a1pqc8zjgiqlrwbdhudm8.jpeg', NULL, NULL, NULL, NULL, NULL, NULL, NULL),
(145, 245, 'نادي الحي المتعلم ', 2018, 1, '', 'دورة السكرتاريه الحديثه', 1, 'files/hr/2018/08/9rf2ledacfmyxcuo7.jpeg', NULL, NULL, NULL, NULL, NULL, NULL, NULL),
(146, 246, 'معهد الأهداف اللامعه', 2018, 4, '', 'دورة نظام نور المركزي ', 1, 'files/hr/2018/08/annrkp8cifnhr2fwzt8xmnwhux.jpeg', NULL, NULL, NULL, NULL, NULL, NULL, NULL),
(147, 246, 'نادي الحي المتعلم ', 2018, 1, '', 'دورة السكرتاريه الحديثه', 1, NULL, NULL, NULL, NULL, NULL, NULL, NULL, NULL),
(148, 247, 'معهد الأهداف اللامعه', 2018, 4, '', 'دورة نظام نور المركزي ', 1, 'files/hr/2018/08/8ms9k1cefxzh.jpeg', NULL, NULL, NULL, NULL, NULL, NULL, NULL),
(149, 247, 'نادي الحي المتعلم ', 2018, 1, '', 'دورة السكرتاريه الحديثه', 1, 'files/hr/2018/08/iognupxe8uztmjggb.jpeg', NULL, NULL, NULL, NULL, NULL, NULL, NULL),
(150, 248, 'معهد الأهداف اللامعه', 2018, 4, '', 'دورة نظام نور المركزي ', 1, 'files/hr/2018/08/mhtkd2uhktbssg8ymn.jpeg', NULL, NULL, NULL, NULL, NULL, NULL, NULL),
(151, 248, 'نادي الحي المتعلم ', 2018, 1, '', 'دورة السكرتاريه الحديثه', 1, 'files/hr/2018/08/offaqptc0dpflf2t.jpeg', NULL, NULL, NULL, NULL, NULL, NULL, NULL),
(152, 250, 'معهد الأهداف اللامعه', 2018, 4, '', 'دورة نظام نور المركزي ', 1, 'files/hr/2018/08/jbzuwbjqdysnqjwumpisdeap1.jpeg', NULL, NULL, NULL, NULL, NULL, NULL, NULL),
(153, 250, 'نادي الحي المتعلم ', 2018, 1, '', 'دورة السكرتاريه الحديثه', 1, 'files/hr/2018/08/tnqufzutb4kpfpewtzbrs.jpeg', NULL, NULL, NULL, NULL, NULL, NULL, NULL),
(154, 251, 'معهد الأهداف اللامعه', 2018, 4, '', 'دورة نظام نور المركزي ', 1, 'files/hr/2018/08/6fhpkplxakmpw8yatjpzubwth.jpeg', NULL, NULL, NULL, NULL, NULL, NULL, NULL),
(155, 251, 'نادي الحي المتعلم ', 2018, 1, '', 'دورة السكرتاريه الحديثه', 1, 'files/hr/2018/08/fdo0pcqwcp.jpeg', NULL, NULL, NULL, NULL, NULL, NULL, NULL),
(156, 253, 'معهد الأهداف اللامعه', 2018, 4, '', 'دورة نظام نور المركزي ', 1, 'files/hr/2018/08/e5q8lbzt9betanzosbo3u1gi.jpeg', NULL, NULL, NULL, NULL, NULL, NULL, NULL),
(157, 253, 'نادي الحي المتعلم ', 2018, 1, '', 'السكرتاريه الحديثه', 1, 'files/hr/2018/08/pn2u7t53vznjn.jpeg', NULL, NULL, NULL, NULL, NULL, NULL, NULL),
(158, 255, 'معهد الأهداف اللامعه', 2018, 4, '', 'دورة نظام نور المركزي', 1, 'files/hr/2018/08/z5ynft3tsbr.jpeg', NULL, NULL, NULL, NULL, NULL, NULL, NULL),
(159, 255, 'نادي الحي المتعلم', 2018, 1, '', 'دورة السكرتاريه الحديثه', 1, 'files/hr/2018/08/wvt4hptjmslfbe5jdekro570jweeru.jpeg', NULL, NULL, NULL, NULL, NULL, NULL, NULL),
(160, 256, 'معهد الأهداف اللامعه', 2018, 4, '', 'دورة نظام نور المركزي', 1, 'files/hr/2018/08/rxakuk1rlfogp78atl9hszotfye.jpeg', NULL, NULL, NULL, NULL, NULL, NULL, NULL),
(161, 256, 'نادي الحي المتعلم', 2018, 1, '', 'دورة السكرتاريه الحديثه', 1, 'files/hr/2018/08/iramkyeuappaed6u6dji.jpeg', NULL, NULL, NULL, NULL, NULL, NULL, NULL),
(162, 257, 'معهد الأهداف اللامعه', 2018, 4, '', 'دورة نظام نور المركزي', 1, 'files/hr/2018/08/g3xgihj0iwxaap.jpeg', NULL, NULL, NULL, NULL, NULL, NULL, NULL),
(163, 257, 'نادي الحي المتعلم', 2018, 1, '', 'دورة السكرتاريه الحديثه', 1, 'files/hr/2018/08/myhwpjyphav00iqeaitu.jpeg', NULL, NULL, NULL, NULL, NULL, NULL, NULL),
(164, 258, 'معهد الأهداف اللامعه', 2018, 4, '', 'دورة نظام نور المركزي', 1, 'files/hr/2018/08/qexuqywzlcd7z.jpeg', NULL, NULL, NULL, NULL, NULL, NULL, NULL),
(165, 258, 'نادي الحي المتعلم', 2018, 1, '', 'دورة السكرتاريه الحديثه', 1, 'files/hr/2018/08/zmjsqhc54vw066yhp.jpeg', NULL, NULL, NULL, NULL, NULL, NULL, NULL),
(166, 259, 'معهد الأهداف اللامعه', 2018, 4, '', 'دورة نظام نور المركزي', 1, 'files/hr/2018/08/kclm51rxy7uphceac.jpeg', NULL, NULL, NULL, NULL, NULL, NULL, NULL),
(167, 259, 'نادي الحي المتعلم', 2018, 1, '', 'دورة السكرتاريه الحديثه', 1, 'files/hr/2018/08/z35dbxzmi7qyv.jpeg', NULL, NULL, NULL, NULL, NULL, NULL, NULL),
(168, 260, 'معهد الأهداف اللامعه', 2018, 4, '', 'دورة نظام نور المركزي', 1, 'files/hr/2018/08/l3peu9opjvpswlebf4owr1bdvhivn.jpeg', NULL, NULL, NULL, NULL, NULL, NULL, NULL),
(169, 260, 'نادي الحي المتعلم', 2018, 1, '', 'دورة السكرتاريه الحديثه', 1, 'files/hr/2018/08/hmhr8wvioxecgbn0seafxj3.jpeg', NULL, NULL, NULL, NULL, NULL, NULL, NULL),
(170, 261, 'معهد الأهداف اللامعه', 2018, 4, '', 'دورة نظام نور المركزي', 1, 'files/hr/2018/08/erwr46wfxiqrimav.jpeg', NULL, NULL, NULL, NULL, NULL, NULL, NULL),
(171, 261, 'نادي الحي المتعلم', 2018, 1, '', 'دورة السكرتاريه الحديثه', 1, 'files/hr/2018/08/uyanbwsyz927vey9lzz1jhg.jpeg', NULL, NULL, NULL, NULL, NULL, NULL, NULL),
(172, 263, 'معهد الأهداف اللامعه', 2018, 4, '', 'دورة نظام نور المركزي', 1, 'files/hr/2018/08/jlelbwg3zg.jpeg', NULL, NULL, NULL, NULL, NULL, NULL, NULL),
(173, 263, 'نادي الحي المتعلم', 2018, 1, '', 'دورة السكرتاريه الحديثه', 1, 'files/hr/2018/08/baf6cclnt9dj.jpeg', NULL, NULL, NULL, NULL, NULL, NULL, NULL),
(174, 264, 'معهد الأهداف اللامعه', 2018, 4, '', 'دورة نظام نور المركزي', 1, NULL, NULL, NULL, NULL, NULL, NULL, NULL, NULL),
(175, 267, 'المؤسسة العامة للتدريب التقني والمهني ', 2018, 10, '', 'نظام نور المركزي', 1, NULL, NULL, NULL, NULL, NULL, NULL, NULL, NULL),
(176, 269, 'نيوهورايزن', 2007, 90, 'جيد جدا', 'استخدام الحاسب الآلي في الأعمال المكتبية', 1, 'files/hr/2018/08/0nvz872yhxr.pdf', NULL, NULL, NULL, NULL, NULL, NULL, NULL),
(177, 273, 'SPSS', 2007, 30, '', '', 247, 'files/hr/2018/08/kxmiw56lu9qlirdn0evcbsadcd4j.pdf', NULL, NULL, NULL, NULL, NULL, NULL, NULL),
(178, 273, 'رخصة قيادة الحاسوب', 2006, 28, '', '', 247, 'files/hr/2018/08/voweu4adylhzv8fhwc19ge.pdf', NULL, NULL, NULL, NULL, NULL, NULL, NULL),
(179, 273, 'شهادة اجتياز اختبار اللغة الانجليزية', 2014, 30, '', '', 65, 'files/hr/2018/08/xmv55pt2ralvsen20k1n2ippubfx.pdf', NULL, NULL, NULL, NULL, NULL, NULL, NULL),
(180, 273, 'مهارات التواصل الاجتماعي', 2014, 10, '', '', 65, 'files/hr/2018/08/atc3y2gfhwx6ppp7oshwyoks.pdf', NULL, NULL, NULL, NULL, NULL, NULL, NULL),
(181, 289, 'عمادة التعلم الإلكتروني', 2016, 35, 'دورة تدريبية', 'مهارات الحاسب وبرامج الأوفيس', 1, 'files/hr/2018/08/zi8y7q5kvtdu4brorfaewl4luiydc7.pdf', NULL, NULL, NULL, NULL, NULL, NULL, NULL),
(182, 289, 'منصة ادراك', 2016, 21, 'دورة تدريبية', 'التعليم - علم بثقة ', 113, 'files/hr/2018/08/kdx55q4wsoeq.pdf', NULL, NULL, NULL, NULL, NULL, NULL, NULL),
(183, 289, 'منصة رواق', 2016, 45, 'دورة تدريبية', 'تصميم الأنشطة التعليمية في القرن الحادي والعشرين', 1, 'files/hr/2018/08/yecne8lmnlnpdpcdq.pdf', NULL, NULL, NULL, NULL, NULL, NULL, NULL),
(184, 289, 'شركة HP life', 2016, 1, 'دورة تدريبية', 'عرض البيانات', 1, 'files/hr/2018/08/kfp6kmgcrkaqw7rwe8fcgic.pdf', NULL, NULL, NULL, NULL, NULL, NULL, NULL),
(185, 291, 'نيوهورايزن', 2010, 180, 'دبلوم 6 أشهر ', 'الرخصة الدولية للحاسب ICDL', 1, 'files/hr/2018/08/ffef2na6yrtuxnrmtrtxkzk.pdf', NULL, NULL, NULL, NULL, NULL, NULL, NULL),
(186, 291, 'الاهداف اللمعة ', 2018, 12, 'دورة تدريبية', 'مهارات التعامل مع برنامج نور المركزي', 1, 'files/hr/2018/08/jzmer2mizj0fivssjveirbfvix.pdf', NULL, NULL, NULL, NULL, NULL, NULL, NULL),
(187, 292, 'معهد الخليج نيوهرايزون ', 2016, 180, '', 'إدخال بيانات ومعالجة نصوص ', 1, 'files/hr/2018/08/ouuz2nerrp.jpeg', NULL, NULL, NULL, NULL, NULL, NULL, NULL),
(188, 306, 'معهد البسام للغات', 2014, 34, '', 'اللغة الإنجليزية', 1, 'files/hr/2018/08/xyorz0vqho1ygpmmo2ywr.jpeg', NULL, NULL, NULL, NULL, NULL, NULL, NULL),
(189, 306, 'معهد البسام للغات', 2014, 26, '', 'اللغة الإنجليزية', 1, 'files/hr/2018/08/7sqtb0mwbsqoexljwe2s7rxmkoz.jpeg', NULL, NULL, NULL, NULL, NULL, NULL, NULL),
(190, 306, 'غرفة الشرقية', 2013, 1, '', 'مهارات الحصول على وظيفة', 1, 'files/hr/2018/08/b4zmtaiik4gsagygc2acw54x4aerhg.jpeg', NULL, NULL, NULL, NULL, NULL, NULL, NULL),
(191, 306, 'نادي ديم للتدريب والتطوع', 2013, 1, '', 'حددي فكرة مشروعك', 1, 'files/hr/2018/08/ij8saoxrnyac6jrmpotumd4fbjx.jpeg', NULL, NULL, NULL, NULL, NULL, NULL, NULL),
(192, 306, 'نادي ديم للتدريب والتطوع', 2013, 1, '', 'كيف تبنين مستقبلك المهني', 1, 'files/hr/2018/08/aaccfipltv16vigriof.jpeg', NULL, NULL, NULL, NULL, NULL, NULL, NULL),
(193, 323, 'نيوهورايزن', 2017, 90, 'دوره حاسب', 'كامبردج حاسب ', 1, 'files/hr/2018/08/vpjqtdwfzy619xelwruqzj.jpg', NULL, NULL, NULL, NULL, NULL, NULL, NULL),
(194, 323, 'نيوهورايزن', 2017, 10, 'دوره تطويريه', 'خدمه عملاء', 1, 'files/hr/2018/08/knjdctpl3qcze3myvsd8vpbqz2rdk.jpg', NULL, NULL, NULL, NULL, NULL, NULL, NULL),
(195, 326, 'تعلم للحياة', 2018, 120, 'دورة', 'انجليزي', 1, NULL, NULL, NULL, NULL, NULL, NULL, NULL, NULL),
(196, 329, 'عمادة خدمة المجتمع والتعليم المستمر بجامعة الملك خالد', 2014, 300, 'دبلوم عالي', 'تقنية برمجية الحاسب الالي', 1, 'files/hr/2018/08/5jodb3nwchmd.pdf', NULL, NULL, NULL, NULL, NULL, NULL, NULL),
(197, 334, 'وزارة التعليم العالي- جامعة الملك خالد', 2016, 35, 'دورة تديبية', 'مهارات أستخدام الكمبيوتر (computr skills)', 1, 'files/hr/2018/08/ffmdrospulfjwllaah3gpdbdhgyox3.png', NULL, NULL, NULL, NULL, NULL, NULL, NULL),
(198, 334, 'صندوق تنمية الموارد البشرية- دروب', 2018, 6, 'دورة تديبية', 'مايكروسوفت أكسل', 1, 'files/hr/2018/08/isqktfqpk3udnlxk9pgqqp.pdf', NULL, NULL, NULL, NULL, NULL, NULL, NULL),
(199, 334, 'صندوق تنمية الموارد البشرية- دروب', 2018, 3, 'دورة تديبية', 'أساسيات الإدارة', 1, 'files/hr/2018/08/hn9k8z8yxm8m7husuvm5adfhtn.pdf', NULL, NULL, NULL, NULL, NULL, NULL, NULL),
(200, 334, 'وزارة التعليم العالي- جامعة الملك خالد .', 2015, 3, 'دورة تديبية', 'الطريق إلى التفوق ', 1, NULL, NULL, NULL, NULL, NULL, NULL, NULL, NULL),
(201, 334, 'صندوق تنمية الموارد البشرية- دروب', 2018, 50, 'دورة تديبية', 'خدمة العملاء- تعامل بإحترافية', 1, NULL, NULL, NULL, NULL, NULL, NULL, NULL, NULL),
(202, 334, 'وزارة التعليم العالي- جامعة الملك خالد .', 2015, 2, 'دورة تديبية', 'الثقة بالنفس', 1, NULL, NULL, NULL, NULL, NULL, NULL, NULL, NULL),
(203, 334, 'وزارة التعليم العالي - المكتبة السعودية الرقمية', 2015, 2, 'دورة تديبية', 'Taylor and France.', 1, 'files/hr/2018/08/g8lnnuzanzxfhftzcedsnau8yy1kxx.pdf', NULL, NULL, NULL, NULL, NULL, NULL, NULL),
(204, 334, 'صندوق تنمية الموارد البشرية- دروب', 2018, 20, 'دورة تديبية', 'سلسة السكرتاية التنفيذية – تميز بآدائك', 1, 'files/hr/2018/08/ibvgiqp6igtvuzlegxyanc1nwb8.pdf', NULL, NULL, NULL, NULL, NULL, NULL, NULL),
(205, 334, 'صندوق تنمية الموارد البشرية- دروب', 2018, 4, 'دورة تديبية', 'مهام الموارد البشرية ', 1, 'files/hr/2018/08/b4dpulcgfswkja5d.pdf', NULL, NULL, NULL, NULL, NULL, NULL, NULL),
(206, 334, 'صندوق تنمية الموارد البشرية- دروب', 2018, 50, 'دورة تديبية', 'تكنولوجيا المعلومات في مكان العل-أبدع في تقديم البيانات', 1, 'files/hr/2018/08/xranxgnibtwsqhz9zyhsakvdr.pdf', NULL, NULL, NULL, NULL, NULL, NULL, NULL),
(207, 334, ' وزارة التعليم العالي - المكتبة السعودية الرقمية.', 2015, 3, 'دورة تديبية', 'Interodaction to new Elgar online database for business economics law social sciences ', 1, 'files/hr/2018/08/7bdjetbmcsajyeb.pdf', NULL, NULL, NULL, NULL, NULL, NULL, NULL),
(208, 334, ' وزارة التعليم العالي - المكتبة السعودية الرقمية.', 2015, 3, 'دورة تديبية', 'أساسيات البحث العلمي', 1, 'files/hr/2018/08/ij56rsdugpuft.pdf', NULL, NULL, NULL, NULL, NULL, NULL, NULL),
(209, 334, ' وزارة التعليم العالي - المكتبة السعودية الرقمية.', 2015, 3, 'دورة تديبية', ' Oxford Scholarship online as you have never experienced before .', 1, 'files/hr/2018/08/t8bnz42ze96cxern7ywpelm9vhj.pdf', NULL, NULL, NULL, NULL, NULL, NULL, NULL),
(210, 334, 'وزارة التعليم العالي - المكتبة السعودية الرقمية.', 2015, 2, 'دورة تديبية', 'براءة الإختراع  وسيلة وليست هدف', 1, NULL, NULL, NULL, NULL, NULL, NULL, NULL, NULL),
(211, 334, 'صندوق تنمية الموارد البشرية- دروب', 2018, 4, 'دورة تديبية', 'مهارات حل المشكلات في بيئة العمل', 1, 'files/hr/2018/08/a4hclwbf5zwy66ah6naauvqfqto.pdf', NULL, NULL, NULL, NULL, NULL, NULL, NULL),
(212, 334, 'صندوق تنمية الموارد البشرية- دروب', 2018, 3, 'دورة تديبية', ' برنامج المايكروسوفت وورد ', 1, 'files/hr/2018/08/0cryqtvjsjb.pdf', NULL, NULL, NULL, NULL, NULL, NULL, NULL),
(213, 334, 'صندوق تنمية الموارد البشرية- دروب', 2018, 4, 'دورة تديبية', 'مهارات التواصل في العمل', 1, 'files/hr/2018/08/7x25i3ctfradchoomgnjcuz.pdf', NULL, NULL, NULL, NULL, NULL, NULL, NULL),
(214, 334, 'صندوق تنمية الموارد البشرية- دروب', 2018, 1, 'دورة تديبية', 'خدمة العملاء والعلامة التجارية ', 1, 'files/hr/2018/08/hzxybris6vofchqbgs8wl.pdf', NULL, NULL, NULL, NULL, NULL, NULL, NULL),
(215, 334, 'صندوق تنمية الموارد البشرية- دروب', 2018, 4, 'دورة تديبية', 'فهم العملاء', 1, 'files/hr/2018/08/cpgh7z3yaoctnvpaxmwxybmcjr2n.pdf', NULL, NULL, NULL, NULL, NULL, NULL, NULL),
(216, 334, 'منصة مهارة', 2018, 4, 'دورة تديبية', 'تنظيم العروض التفاعلية', 1, 'files/hr/2018/08/l8x8ygwhkar0.pdf', NULL, NULL, NULL, NULL, NULL, NULL, NULL),
(217, 334, 'وزارة التعليم العالي - المكتبة السعودية الرقمية.', 2015, 4, 'دورة تديبية', 'استخدام قاعدة المعرفة الرقمية.', 1, NULL, NULL, NULL, NULL, NULL, NULL, NULL, NULL),
(218, 334, 'وزارة التعليم العالي - المكتبة السعودية الرقمية.', 2018, 3, 'دورة تديبية', ' تقنيات البحث العلمي', 1, NULL, NULL, NULL, NULL, NULL, NULL, NULL, NULL),
(219, 334, 'صندوق تنمية الموارد البشرية- دروب', 2018, 2, 'دورة تديبية', 'العمل الجماعي والتواصل-طرق التواصل', 1, NULL, NULL, NULL, NULL, NULL, NULL, NULL, NULL),
(220, 334, 'صندوق تنمية الموارد البشرية- دروب', 2018, 20, 'دورة تديبية', 'سلسة السكرتاية التنفيذية – مارس تطبيقات الحاسب', 1, NULL, NULL, NULL, NULL, NULL, NULL, NULL, NULL),
(221, 334, 'صندوق تنمية الموارد البشرية- دروب', 2018, 50, 'دورة تديبية', 'تكنولوجيا المعلومات في مكان العمل-برامج المايكروسوفت', 1, NULL, NULL, NULL, NULL, NULL, NULL, NULL, NULL),
(222, 334, 'صندوق تنمية الموارد البشرية- دروب', 2018, 2, 'دورة تديبية', ' الأخلاقيات المهنية في بيئة العمل المشتركة', 1, NULL, NULL, NULL, NULL, NULL, NULL, NULL, NULL),
(223, 334, 'منصة مهارة', 2018, 8, 'دورة تديبية', 'اللغة الانجليزية من منصة مهارة', 1, NULL, NULL, NULL, NULL, NULL, NULL, NULL, NULL),
(224, 334, 'منصة مهارة', 2018, 20, 'دورة تديبية', 'دخول عالم الشبكات المبسطة    CCNA R@S simplified   ', 1, NULL, NULL, NULL, NULL, NULL, NULL, NULL, NULL),
(225, 334, 'منصة مهارة', 2018, 2, 'دورة تديبية', 'رياضيات بالعربي  Mathmetics in Arabic', 1, NULL, NULL, NULL, NULL, NULL, NULL, NULL, NULL),
(226, 334, 'صندوق تنمية الموارد البشرية- دروب', 2018, 22, 'دورة تديبية', 'إدارة مخاطر المشروع', 1, NULL, NULL, NULL, NULL, NULL, NULL, NULL, NULL),
(227, 334, 'صندوق تنمية الموارد البشرية- دروب', 2018, 20, 'دورة تديبية', ' التصوير الفوتوغرافي وتحرير الصور – تعلم مبادئ التصوير', 1, NULL, NULL, NULL, NULL, NULL, NULL, NULL, NULL),
(228, 334, 'صندوق تنمية الموارد البشرية- دروب', 2018, 2, 'دورة تديبية', 'مقدمة في برامج مايكروسوفت آوتلوك', 1, NULL, NULL, NULL, NULL, NULL, NULL, NULL, NULL),
(229, 334, 'منصة مهارة', 2018, 6, 'دورة تديبية', ' نظام اختبار اللغه الانجليزية الدولي ( آيلتس )', 1, NULL, NULL, NULL, NULL, NULL, NULL, NULL, NULL),
(230, 334, 'وزارة التعليم العالي - المكتبة السعودية الرقمية.', 2018, 16, 'دورة تديبية', ' الفجوة البحثية والإضافة الفعلية', 1, NULL, NULL, NULL, NULL, NULL, NULL, NULL, NULL),
(231, 334, 'وزارة التعليم العالي - المكتبة السعودية الرقمية.', 2018, 16, 'دورة تديبية', 'آليه البحث عبر بوابة المكتبة الرقمية السعودية- تطبيق عملي-', 1, NULL, NULL, NULL, NULL, NULL, NULL, NULL, NULL),
(232, 337, 'المعهد الثقافي النسائي', 2016, 90, 'دورة تدريبية مكثفة', 'استخدام الحاسب الآلي في الأعمال المكتبية', 1, NULL, NULL, NULL, NULL, NULL, NULL, NULL, NULL),
(233, 339, 'معهد الخليج', 2018, 60, 'دورة', 'حاسب', 1, 'files/hr/2018/08/d2qj7iwtlhrp9f2.jpg', NULL, NULL, NULL, NULL, NULL, NULL, NULL),
(234, 343, 'وزارة التربيه والتعليم ', 2017, 90, 'برنامج', 'حاسب ', 1, 'files/hr/2018/08/vb18kefcokui7w85vijfxnipwlnfh.jpg', NULL, NULL, NULL, NULL, NULL, NULL, NULL),
(235, 343, 'Learn4life ', 2017, 9, 'دوره ', 'الانجليزيه في ادارة الاعمال ', 1, NULL, NULL, NULL, NULL, NULL, NULL, NULL, NULL),
(236, 345, 'Learn 4 life ', 2018, 9, 'دوره', 'الانجليزيه بادارة الاعمال ', 1, 'files/hr/2018/08/cp0iiczz4xnh4gsmvede8snop0qud.jpg', NULL, NULL, NULL, NULL, NULL, NULL, NULL),
(237, 345, 'وزارة التربيه والتعليم ', 2017, 90, 'دوره', 'حاسب آلي ', 1, 'files/hr/2018/08/xswxfcbdnmiaqzg5jmzsyakh.jpg', NULL, NULL, NULL, NULL, NULL, NULL, NULL),
(238, 348, 'التدريب التقني والمهني ', 2016, 5, '5', 'استراتيجيات التعلم الحديث ', 1, 'files/hr/2018/08/hn0zkn1fea7.jpg', NULL, NULL, NULL, NULL, NULL, NULL, NULL),
(239, 356, 'ترميز', 2014, 90, 'دورة', 'حاسب', 1, 'files/hr/2018/08/qexflh23gj7x7gifci7yo19gofl5.JPG', NULL, NULL, NULL, NULL, NULL, NULL, NULL),
(240, 357, 'معهد الخليج', 2016, 180, '', 'تقنيه المعلومات ', 1, 'files/hr/2018/08/7w4b0lvjrpnawpqzqqkes.jpeg', NULL, NULL, NULL, NULL, NULL, NULL, NULL),
(241, 358, 'وزارة التربيه والتعليم', 2017, 90, 'دوره', 'حاسب برامج الاوفيس', 1, 'files/hr/2018/08/r2fpsdcgutsluict6thyjtb1zb.pdf', NULL, NULL, NULL, NULL, NULL, NULL, NULL),
(242, 358, 'learn4life', 2018, 9, 'دوره', 'الانجليزيه بادارة الاعمال', 1, 'files/hr/2018/08/fcq0gf6mz0b1zez0twck.pdf', NULL, NULL, NULL, NULL, NULL, NULL, NULL),
(243, 359, 'معهد الخليج', 2016, 180, '', 'تقنيه المعلومات ', 1, 'files/hr/2018/08/rhd0mefsqmq0irzzi.jpeg', NULL, NULL, NULL, NULL, NULL, NULL, NULL),
(244, 360, 'معهد الخليج', 2016, 180, '', 'تقنيه المعلومات ', 1, 'files/hr/2018/08/2shnphfljidh.jpeg', NULL, NULL, NULL, NULL, NULL, NULL, NULL),
(245, 368, 'معهد الخليج للسيدات', 2014, 180, 'شهادة كامبريدج الدولية', 'تقنية المعلومات', 1, 'files/hr/2018/08/xxz72dokkyylyuxvxf4xdrit8ymkz.jpg', NULL, NULL, NULL, NULL, NULL, NULL, NULL),
(246, 370, 'جامعة الملك خالد', 2017, 3, 'دورة', 'السلامة والصحة المهنية', 1, NULL, NULL, NULL, NULL, NULL, NULL, NULL, NULL),
(247, 372, 'EF', 2017, 360, 'دبلوم', 'إنجليزي', 237, 'files/hr/2018/09/ztso7y1pzjdm6kl.pdf', NULL, NULL, NULL, NULL, NULL, NULL, NULL),
(248, 372, 'EF', 2017, 360, 'دبلوم', 'إدارة أعمال', 237, 'files/hr/2018/09/zublyc9ndttjvjb5ptnfiangtl.pdf', NULL, NULL, NULL, NULL, NULL, NULL, NULL),
(249, 376, 'مركز التدريب التربوي', 2018, 50, 'دبلوم', 'ادارة اعمال', 1, NULL, NULL, NULL, NULL, NULL, NULL, NULL, NULL),
(250, 382, 'الخليج للتدريب والتعليم (نيوهورايزن)', 2013, 180, 'الشهادة الدولية المتقدمة لمهارات تقنية المعلومات', 'حاسب', 1, 'files/hr/2018/09/djvkgjnp48xuo.png', NULL, NULL, NULL, NULL, NULL, NULL, NULL),
(251, 382, 'معهد الأهداف اللامعة', 2017, 66, 'دورة لغة إنجليزية المستوى الأولى والثاني', 'انجليزي', 1, 'files/hr/2018/09/bujhaopzq9s4vsnk.png', NULL, NULL, NULL, NULL, NULL, NULL, NULL),
(252, 382, 'معهد الأهداف اللامعة', 2017, 5, '', 'الموارد البشرية', 1, 'files/hr/2018/09/w4bckmwg3iigmfqrmxoq.png', NULL, NULL, NULL, NULL, NULL, NULL, NULL),
(253, 398, 'مستشفى الصحة النفسية ', 2017, 120, 'بكالوريوس ', 'علم نفس ', 1, NULL, NULL, NULL, NULL, NULL, NULL, NULL, NULL),
(254, 398, 'هيئة التخصصات الصحية ', 2018, 120, 'اخصائية مساعدة ', 'علم نفس ', 1, 'files/hr/2018/10/icrhukfrnqsubbfe1ymw.jpeg', NULL, NULL, NULL, NULL, NULL, NULL, NULL),
(255, 403, 'الخليج للغات', 2017, 50, 'ممتاز', 'اللغة الانجليزية', 1, NULL, NULL, NULL, NULL, NULL, NULL, NULL, NULL),
(256, 409, 'معهد كوادر التنمية للتدريب', 2008, 120, 'دورة تدريبية', 'استخدام الحاسب الالي في الاعمال المكتبية', 1, 'files/hr/2018/10/phcfsrsmbcney2zawq1.pdf', NULL, NULL, NULL, NULL, NULL, NULL, NULL),
(257, 409, 'معهد الاهداف اللامعة للتدريب النسائي', 2018, 4, 'دولرة تدريبية', 'الادارة والقيادة', 1, 'files/hr/2018/10/ctl1oo1rzafyl7yrdrlg4hkg.pdf', NULL, NULL, NULL, NULL, NULL, NULL, NULL),
(258, 409, 'معهد الاهداف اللامعه للتدريب النسائي', 2018, 5, 'دورة تدريبية', 'مهارات التعامل مع برنامج نور المركزي', 1, 'files/hr/2018/10/pirticfhg1wmzv.jpg', NULL, NULL, NULL, NULL, NULL, NULL, NULL),
(259, 409, 'مركز خدمة المجتمع', 2003, 270, 'دورة حفظ وتجويد القران', 'حفظ وتجويد القران الكريم', 1, 'files/hr/2018/10/n5si2bdsd0zm72ok4b.pdf', NULL, NULL, NULL, NULL, NULL, NULL, NULL),
(260, 409, 'صندوق تنمية الموارد البشرية', 2006, 10, 'دورة تدريبية', 'تهيئة طالبات العمل للعمل بالقطاع الخاص', 1, 'files/hr/2018/10/vc1juircfeojfw.pdf', NULL, NULL, NULL, NULL, NULL, NULL, NULL),
(261, 409, 'معهد كوادر التنمية', 2009, 12, 'دروة تدريبية', 'برنامج معارف', 1, 'files/hr/2018/10/rkcoxr3ahbgbsgst1s9uq8g6zfb3cs.pdf', NULL, NULL, NULL, NULL, NULL, NULL, NULL),
(262, 412, 'كفاءات الاعمال', 2017, 14, 'تدريب المدربين', '', 1, 'files/hr/2018/10/zxprggea90ai.pdf', NULL, NULL, NULL, NULL, NULL, NULL, NULL),
(263, 412, 'الغرفة التجارية', 2017, 14, 'الانفوجرافيك', '', 1, 'files/hr/2018/10/rsfpm18bnnsgpxqjdtob3bsslaye.pdf', NULL, NULL, NULL, NULL, NULL, NULL, NULL),
(264, 414, 'دروب', 2017, 7, '', 'كمبيوتر', 1, 'files/hr/2018/10/6kfxtgioba5pykutdi4crbdl0.pdf', NULL, NULL, NULL, NULL, NULL, NULL, NULL),
(265, 414, 'دروب', 2017, 7, '', 'تعرف على عميلك', 1, 'files/hr/2018/10/ivzqhokhdpk6yvp5riaxcoin.pdf', NULL, NULL, NULL, NULL, NULL, NULL, NULL),
(266, 415, 'دروب', 2018, 1, '', 'مبادئ العمل في خدمة العملاء', 1, 'files/hr/2018/10/g3y0uakn0pmeq78vdky.pdf', NULL, NULL, NULL, NULL, NULL, NULL, NULL),
(267, 417, 'موقع دروب', 2018, 1, '', 'الاسس التنظيمية في مجال العمل', 1, 'files/hr/2018/10/awovcvxxatbek1n.png', NULL, NULL, NULL, NULL, NULL, NULL, NULL),
(268, 417, 'موقع دروب', 2018, 1, '', 'مفاتيح التميز والإبداع الوظيفي', 1, 'files/hr/2018/10/0tnmh6owuwiofyeefwdz.png', NULL, NULL, NULL, NULL, NULL, NULL, NULL),
(269, 422, 'الخليج للتدريب ', 2018, 30, '', 'مهارات السكرتاريه', 1, NULL, NULL, NULL, NULL, NULL, NULL, NULL, NULL),
(270, 422, 'الخليج للتدريب ', 2018, 182, '', 'معالجة البيانات وادخال النصوص', 1, NULL, NULL, NULL, NULL, NULL, NULL, NULL, NULL),
(271, 425, 'دروب للدورات الالكترونية', 2018, 7, '100', 'محادثة اللغة الانجليزية للمبتدئين', 1, 'files/hr/2018/10/h9mzko2l6k9dhzdnw7okd.PNG', NULL, NULL, NULL, NULL, NULL, NULL, NULL),
(272, 434, 'الاهداف اللامعة', 2017, 4, '', 'دورة في الأدارة والقيادة', 1, 'files/hr/2018/11/rvszbmtmcenimhyipt8nbyj.jpeg', NULL, NULL, NULL, NULL, NULL, NULL, NULL),
(273, 434, 'السروات للحاسب الآلي ', 2011, 3, '', 'دورة اسس لغة انجليزية ومحادثة', 1, 'files/hr/2018/11/zdk35brqxxm4s6jfyxtlve.jpeg', NULL, NULL, NULL, NULL, NULL, NULL, NULL),
(274, 434, 'عمادة التعلم الإلكتروني بجامعة الملك خالد', 2016, 1, '', 'دورة مبدأ مهارات الحاسوب', 1, 'files/hr/2018/11/tprpgltbtnlftgw5csqa.jpeg', NULL, NULL, NULL, NULL, NULL, NULL, NULL),
(275, 434, 'جمعية مطمئنة', 2018, 1, '', 'دورة لغة الإشارة', 1, 'files/hr/2018/11/rnipfwkbtbrw6g1hijxqshxi5ha.jpeg', NULL, NULL, NULL, NULL, NULL, NULL, NULL),
(276, 436, 'معهد زاد البيان النسائي لتديب', 2018, 5, 'تدريب', 'الإدارة', 1, NULL, NULL, NULL, NULL, NULL, NULL, NULL, NULL),
(277, 436, 'معهد زاد البيان النسائي لتدريب', 2018, 5, 'تدريب', 'الإدارة', 1, NULL, NULL, NULL, NULL, NULL, NULL, NULL, NULL),
(278, 436, 'معهد زاد البيان للتدريب ', 2018, 5, 'تدريب', 'الإدارة', 1, 'files/hr/2018/11/vkw2gdyjfkv94r6icwojwsfbjinok.jpg', NULL, NULL, NULL, NULL, NULL, NULL, NULL),
(279, 436, 'معهد زاد البيان النسائي لتدريب', 2018, 3, 'تدريب', 'التعليم', 1, 'files/hr/2018/11/ffue0sbqnhsq.jpg', NULL, NULL, NULL, NULL, NULL, NULL, NULL),
(280, 436, 'معهد زاد البيان لتدريب النسائي', 2018, 10, 'تدريب', 'التعليم', 1, 'files/hr/2018/11/93xyxuhfb4e.jpg', NULL, NULL, NULL, NULL, NULL, NULL, NULL),
(281, 437, 'معهد كفاءات الأعمال', 2018, 4, '', 'اخصائي موارد بشرية', 1, NULL, NULL, NULL, NULL, NULL, NULL, NULL, NULL);

-- --------------------------------------------------------

--
-- Table structure for table `hr_employment_applications_experiances`
--

CREATE TABLE `hr_employment_applications_experiances` (
  `id` int(11) UNSIGNED NOT NULL,
  `application_id` int(11) UNSIGNED DEFAULT NULL,
  `employer_name` varchar(255) COLLATE utf8_bin DEFAULT NULL,
  `period_in_months` int(10) UNSIGNED DEFAULT NULL,
  `position` varchar(255) COLLATE utf8_bin DEFAULT NULL,
  `employer_location` varchar(255) COLLATE utf8_bin DEFAULT NULL,
  `responsibality` text COLLATE utf8_bin,
  `attachment_file` varchar(255) COLLATE utf8_bin DEFAULT NULL,
  `is_deleted` tinyint(4) UNSIGNED DEFAULT NULL,
  `deleted_by` int(11) UNSIGNED DEFAULT NULL COMMENT 'ref to ''users''',
  `deleted_date` datetime DEFAULT NULL,
  `Created_by` int(11) UNSIGNED DEFAULT NULL COMMENT 'ref to ''users''',
  `Created_date` datetime DEFAULT NULL,
  `last_update_by` int(11) UNSIGNED DEFAULT NULL COMMENT 'ref to ''users''',
  `last_update_date` datetime DEFAULT NULL
) ENGINE=InnoDB DEFAULT CHARSET=utf8 COLLATE=utf8_bin ROW_FORMAT=COMPACT;

--
-- Dumping data for table `hr_employment_applications_experiances`
--

INSERT INTO `hr_employment_applications_experiances` (`id`, `application_id`, `employer_name`, `period_in_months`, `position`, `employer_location`, `responsibality`, `attachment_file`, `is_deleted`, `deleted_by`, `deleted_date`, `Created_by`, `Created_date`, `last_update_by`, `last_update_date`) VALUES
(1, 1, 'المدرسة الاسلامية الاعدادية الخاصة ', 48, 'مدرس علوم', 'مصر', '', NULL, NULL, NULL, NULL, NULL, NULL, NULL, NULL),
(2, 2, 'وزارة التربية والتعليم', 96, 'معلم حاسب الى', 'ادارة سمسطا التعليمية', 'مدرسة معجون الابتدائية المشتركة', 'files/hr/2018/02/gqpomw0q0u2e84pcj0lfquony.jpg', NULL, NULL, NULL, NULL, NULL, NULL, NULL),
(3, 3, 'الأزهر الشريف', 48, 'معلم', 'البحيرة', 'تدريس اللغة العربية', NULL, NULL, NULL, NULL, NULL, NULL, NULL, NULL),
(4, 4, 'مدرسة النهضة الخاصة', 24, 'معلم لغة عربية', 'بني مزار المنيا', 'معلم', 'files/hr/2018/02/bq4ajirosh8u99.jpg', NULL, NULL, NULL, NULL, NULL, NULL, NULL),
(5, 5, 'وزارة التربية والتعليم', 120, 'معلم فصل ابتدائي', 'ادارة الوايلى التعليمية', 'معلم فصل ابتدائي', NULL, NULL, NULL, NULL, NULL, NULL, NULL, NULL),
(6, 6, 'الجيل المسلم ', 65, 'معلم لغة عربية', 'طنطا', '', 'files/hr/2018/02/jq6aclwq3dpr47.jpg', NULL, NULL, NULL, NULL, NULL, NULL, NULL),
(7, 6, 'الأوقاف', 190, 'إمام وخطيب', 'الغربية', '', NULL, NULL, NULL, NULL, NULL, NULL, NULL, NULL),
(8, 6, 'المعاهد التعليمية ', 200, 'معلم لغة عربية', 'الغربية', '', NULL, NULL, NULL, NULL, NULL, NULL, NULL, NULL),
(9, 7, 'وزارة التربية والتعليم ', 108, 'معلم', 'ادارة اسيوط', 'معلم رياضيات', NULL, NULL, NULL, NULL, NULL, NULL, NULL, NULL),
(10, 8, 'مديرية التربية والتعليم بالدقهلية', 168, 'معلم أول حاسب آلي', 'مدرسة الملك الكامل الثانوية بنين', '', 'files/hr/2018/02/o8lakywy1aynkqaxhgzg8szntc.pdf', NULL, NULL, NULL, NULL, NULL, NULL, NULL),
(11, 9, 'مدارس حكومية', 96, 'معلم', 'حلوان', '', NULL, NULL, NULL, NULL, NULL, NULL, NULL, NULL),
(12, 10, 'حكومى', 120, 'معلم لغة انجليزية', 'الازهر الشريف', '', NULL, NULL, NULL, NULL, NULL, NULL, NULL, NULL),
(13, 10, 'حكومى', 120, 'معلم لغة انجليزية', 'مصر', 'الازهر الشريف', 'files/hr/2018/02/j3ekmsqeh4aubo6nwwbzfpabcktvt.pdf', NULL, NULL, NULL, NULL, NULL, NULL, NULL),
(14, 11, 'التربية والتعليم', 120, 'معلم أول', '', '', NULL, NULL, NULL, NULL, NULL, NULL, NULL, NULL),
(15, 15, 'التربية والتعليم', 60, 'معلم حاسب', 'مطوبس', '', NULL, NULL, NULL, NULL, NULL, NULL, NULL, NULL),
(16, 16, 'وزارة التربية والتعليم', 200, 'معلم اول رياضيات', 'الفيوم', 'الاعدادية بنات بفيديمين', NULL, NULL, NULL, NULL, NULL, NULL, NULL, NULL),
(17, 19, 'وزارة التربية والتعليم', 30, 'مدرس علوم', 'مصر', 'مدرس علوم', NULL, NULL, NULL, NULL, NULL, NULL, NULL, NULL),
(18, 20, 'ادارة التريب التربوي بخميس مشيط', 1, 'برنامج الرياضيات', 'مركز التدريب بالخميس', 'مدير عام التربية و التعليم بمنطقة عسير', 'files/hr/2018/02/pnxriwszpgdz5xkgb.jpg', NULL, NULL, NULL, NULL, NULL, NULL, NULL),
(19, 20, 'ادارة تعليم نجران', 72, 'شهادة خبرة', 'خميس مشيط + نجران', 'مدير عام التعليم بمنطقة نجران', 'files/hr/2018/02/lgl07kirqpkioakgalvwe44wfvdntl.jpg', NULL, NULL, NULL, NULL, NULL, NULL, NULL),
(20, 21, 'مدرسة جمال عبد الناصر ', 36, 'معلم فيزياء', 'مدرسة جمال عبد الناصر  بمصر', 'معلم فيزياء', NULL, NULL, NULL, NULL, NULL, NULL, NULL, NULL),
(21, 22, 'مصر الضبعة مطروح', 84, 'معلم', 'مدارس التميز الإبداعي بخميس مشيط المملكة العربية السعودية', '', NULL, NULL, NULL, NULL, NULL, NULL, NULL, NULL),
(22, 23, 'التربية والتعليم بمصر', 216, 'معلم أول أ', 'مدرسة الغوابين الاعدادية', 'معلم أول أ', NULL, NULL, NULL, NULL, NULL, NULL, NULL, NULL),
(23, 23, 'التعليم بالمملكة العربية السعودية', 24, 'معلم بدنية', 'مدارس التميز الابداعي', 'معلم', NULL, NULL, NULL, NULL, NULL, NULL, NULL, NULL),
(24, 23, 'التعليم بالمملكة العربية السعودية', 5, 'وكيل شؤون تعليمية', 'مدارس التميز الابداعي', 'وكيل شؤون تعليمية', NULL, NULL, NULL, NULL, NULL, NULL, NULL, NULL),
(25, 24, 'مصر-و المملكة العربية السعودية ', 132, 'معلم', 'مصر والمملكة العربية السعودية', '', NULL, NULL, NULL, NULL, NULL, NULL, NULL, NULL),
(26, 25, 'التربية والتعليم', 168, 'معلم علوم', 'مصر', 'التربية والتعليم', 'files/hr/2018/02/qzy51e5j9gxrvd1mgkaynsp7kjimkg.jpg', NULL, NULL, NULL, NULL, NULL, NULL, NULL),
(27, 26, 'التعليم الخاص بمصر والتعليم الاهلي بخميس', 36, 'معلم', 'مدارس مودرن سكول ومدارس التميزالابداعي ', '', 'files/hr/2018/02/8whoyybyzn.jpg', NULL, NULL, NULL, NULL, NULL, NULL, NULL),
(28, 27, 'وزارة التربية والتعليم ', 168, 'معلم اول', 'مصر', '', 'files/hr/2018/02/asfkd6vwrdbhivnslpl.jpg', NULL, NULL, NULL, NULL, NULL, NULL, NULL),
(29, 28, 'وزارة التربية والتعليم', 120, 'معلم أول', 'مرسى مطروح', 'معلم أول', 'files/hr/2018/02/jl33ulabupm5agm77ihy.pdf', NULL, NULL, NULL, NULL, NULL, NULL, NULL),
(30, 29, 'التربية والتعليم ', 150, 'معلم أول لغة عربية', 'وزارة التربية والتعليم', 'مشرف عام صفوف أولية بإدارة مطروح التعليمية بجمهورية مصر العربية', 'files/hr/2018/02/kedxife3iksvxrk6ziwjz.jpg', NULL, NULL, NULL, NULL, NULL, NULL, NULL),
(31, 31, 'وزارة التربية والتعليم', 120, 'معلم أول', 'مرسى مطروح', 'معلم أول', 'files/hr/2018/02/mvsawoallpbqk4hqx4b7.pdf', NULL, NULL, NULL, NULL, NULL, NULL, NULL),
(32, 34, 'مدارس التميز', 36, 'معلم', 'خميس مشيط', 'معلم ومسؤل مصادر', NULL, NULL, NULL, NULL, NULL, NULL, NULL, NULL),
(33, 37, 'وزارة التربية والتعليم', 120, 'معلم أول', 'مدرسة الحاج حسين على', '', NULL, NULL, NULL, NULL, NULL, NULL, NULL, NULL),
(34, 38, 'وزارة التربية والتعليم ', 96, 'معلم', 'الفيوم', 'معلم لغة عربية(صفوف اولية)', NULL, NULL, NULL, NULL, NULL, NULL, NULL, NULL),
(35, 39, 'مدارس طابا', 30, 'معلم', 'الاسكندرية', '', NULL, NULL, NULL, NULL, NULL, NULL, NULL, NULL),
(36, 40, 'التعليم المصري', 180, 'معلم أول رياضيات', 'المنصورة', 'معلم أول', 'files/hr/2018/02/dthqsa7f9nf.jpg', NULL, NULL, NULL, NULL, NULL, NULL, NULL),
(37, 40, 'التعليم', 180, 'معلم أول ', 'المنصورة', 'معلم أول', 'files/hr/2018/02/qwfegse4nqmafyv1jyjgxtiyzr.jpg', NULL, NULL, NULL, NULL, NULL, NULL, NULL),
(38, 42, 'وزارة التربية والتعليم', 96, 'معلم لغة عربية', 'مدرسة الغنايم الثانوية بنين', '', NULL, NULL, NULL, NULL, NULL, NULL, NULL, NULL),
(39, 44, 'وزارة التربية والتعليم', 53, 'معلم لغة عربية', 'مدرسة الغنايم الرسمية للغات', 'معلم', 'files/hr/2018/02/mmws6ybxt2afigbbfnvcf.jpg', NULL, NULL, NULL, NULL, NULL, NULL, NULL),
(40, 47, 'مدارس التميز الابداعي الاهلية', 30, 'وكيل شؤن تعليمية', 'خميس مشيط', 'الشئون التعليمية والمدرسية ', NULL, NULL, NULL, NULL, NULL, NULL, NULL, NULL),
(41, 52, 'مدارس التميز الابداعي ', 7, 'معلمة + مرشدة طلابيه', 'متوسطة وثانوية التميز الابداعي ', '', NULL, NULL, NULL, NULL, NULL, NULL, NULL, NULL),
(42, 54, 'رياض الخميس الاهلية', 12, 'معلمة + مرشده طلابية', 'متوسطة وثانويه رياض الخميس الاهليه', '', 'files/hr/2018/03/rtw5y6r2ilrs.jpg', NULL, NULL, NULL, NULL, NULL, NULL, NULL),
(43, 56, 'مدرسة التميز الإبداعي', 8, 'معلمه', 'خميس مشيط', 'معلمه', NULL, NULL, NULL, NULL, NULL, NULL, NULL, NULL),
(44, 61, 'إدارة مدرسة نادي الحي م ٢٤ بخميس مشيط', 12, 'ادارية', 'نادي الحي م ٢٤', '', 'files/hr/2018/03/ncj7uzunwcdb.jpg', NULL, NULL, NULL, NULL, NULL, NULL, NULL),
(45, 65, 'مدارس التميز الابداعي', 18, 'معلمة', 'خميس مشيط ', '', NULL, NULL, NULL, NULL, NULL, NULL, NULL, NULL),
(46, 130, 'الازهر الشريف', 97, 'معلم بدنية', '', '', 'files/hr/2018/06/d96auarjlvc69gi0s6x1gbzerowwy.jpg', NULL, NULL, NULL, NULL, NULL, NULL, NULL),
(47, 130, 'ثانوية البشائر الاهلية ', 20, 'معلم بدنية', 'الرياض', '', 'files/hr/2018/06/egn5cigkmy870v2wtennlvxnu.jpg', NULL, NULL, NULL, NULL, NULL, NULL, NULL),
(48, 130, 'ثانوية التميز الابداعي ', 18, 'معلم بدنية ', '', '', NULL, NULL, NULL, NULL, NULL, NULL, NULL, NULL),
(49, 144, 'مدارس خميس مشيط اللهليهز', 84, 'معلمه', 'خميس مشيط', 'تعليم', 'files/hr/2018/06/ppyg7webagpntuscdj7swe7jsn.jpeg', NULL, NULL, NULL, NULL, NULL, NULL, NULL),
(50, 145, 'التجارية للمنتجات الشبه طبية', 11, 'سكرتيرة تجارية', 'تونس', '', NULL, NULL, NULL, NULL, NULL, NULL, NULL, NULL),
(51, 145, 'مجمع الوكيل', 18, 'استقبال و سكرتيرة', 'تونس', '', NULL, NULL, NULL, NULL, NULL, NULL, NULL, NULL),
(52, 145, 'المنظمة العالمية للصحة', 1, 'سكرتيرة', 'توتس', '', NULL, NULL, NULL, NULL, NULL, NULL, NULL, NULL),
(53, 161, 'الروضة الخامسة بخميس مشيط', 3, 'معلمه', 'خميس مشيط', 'القيام بدور المعلمة بالكامل', NULL, NULL, NULL, NULL, NULL, NULL, NULL, NULL),
(54, 162, 'الروضة الحكومية الاولى بخميس مشيط', 3, 'معلمة', 'خميس مشيط', 'القيام بدور المعلمه بالكامل', NULL, NULL, NULL, NULL, NULL, NULL, NULL, NULL),
(55, 166, 'روضه ', 8, 'مقدمه رعايه', 'مركز ضيافة عالم الطفل', 'معلمة اطفال منهج اجنبي لغه انجليزيه', 'files/hr/2018/07/fhxu4iir7me.pdf', NULL, NULL, NULL, NULL, NULL, NULL, NULL),
(56, 170, 'مؤسسة عبدالله سعد سعيد القحطاني', 16, 'مندوب مشتريات', 'صبيا', '', NULL, NULL, NULL, NULL, NULL, NULL, NULL, NULL),
(57, 174, 'مجمع الابتسامة الخليجية ', 6, 'مدير اداري', 'خميس مشبيط', 'مدير اداري', 'files/hr/2018/07/dyx9diey0g0e.pdf', NULL, NULL, NULL, NULL, NULL, NULL, NULL),
(58, 179, 'مدارس مناهل الجامعه', 9, 'معلمة رياض اطفال', 'روضة مناهل الجامعه', '', 'files/hr/2018/07/dabrnycmbpxfyezvenbq3b4q35ro.jpg', NULL, NULL, NULL, NULL, NULL, NULL, NULL),
(59, 179, 'مناهل الجامعه', 9, 'معلمة رياض اطفال', 'روضة مناهل الجامعه', '', 'files/hr/2018/07/v8zqbjdgfc.jpg', NULL, NULL, NULL, NULL, NULL, NULL, NULL),
(60, 179, 'مناهل الجامعه', 10, 'معلمة رياض اطفال', 'روضة مناهل الجامعه', '', 'files/hr/2018/07/r32mzsx1rmuwipwo8bdlla3jw06t.jpg', NULL, NULL, NULL, NULL, NULL, NULL, NULL),
(61, 179, 'مدارس صدى الابداع', 8, 'معلمة رياض اطفال', 'روضة صدى الابداع', '', 'files/hr/2018/07/yu4io1ald1zzjsfdcymgmgtni10r.jpg', NULL, NULL, NULL, NULL, NULL, NULL, NULL),
(62, 179, 'مدارس صدى الابداع', 9, 'معلمة رياض اطفال', 'روضة صدى الابداع', '', 'files/hr/2018/07/kecuv7saz2p.jpg', NULL, NULL, NULL, NULL, NULL, NULL, NULL),
(63, 179, 'مدارس صدى الابداع', 9, 'معلمة رياض اطفال', 'روضة صدى الابداع', '', 'files/hr/2018/07/ignunoh9wzkigyn.jpg', NULL, NULL, NULL, NULL, NULL, NULL, NULL),
(64, 179, 'مدارس صدى الابداع', 9, 'معلمة رياض اطفال', 'روضة صدى الابداع', '', 'files/hr/2018/07/efqcbt6yv1to.jpg', NULL, NULL, NULL, NULL, NULL, NULL, NULL),
(65, 179, 'مدارس صدى الابداع', 9, 'معلمة رياض اطفال', 'روضة صدى الابداع', '', 'files/hr/2018/07/1mz5a4qcsid7qpqqtdwbzf9kh.jpg', NULL, NULL, NULL, NULL, NULL, NULL, NULL),
(66, 179, 'مدارس صدى الابداع', 9, 'معلمة رياض اطفال', 'روضة صدى الابداع', '', 'files/hr/2018/07/bjzt2dbkhpfcnjwyv0zcpadwt.jpg', NULL, NULL, NULL, NULL, NULL, NULL, NULL),
(67, 179, 'مدارس الذكر الاهليه النموذجيه', 8, 'معلمة رياض اطفال', 'روضة الذكر الاهليه', '', 'files/hr/2018/07/szkoxokxrphumysvh1y40cs.jpg', NULL, NULL, NULL, NULL, NULL, NULL, NULL),
(68, 179, 'مدارس الذكر الاهليه النموذجيه', 8, 'معلمة رياض اطفال', 'روضة الذكر الاهليه', '', NULL, NULL, NULL, NULL, NULL, NULL, NULL, NULL),
(69, 180, 'مؤسسة عبدالله سعد سعيد القحطاني', 16, 'مندوب مشتريات', 'صبيا', 'مندوب مشتريات', 'files/hr/2018/07/jrm6db58o36kgp0js7ourx9.pdf', NULL, NULL, NULL, NULL, NULL, NULL, NULL),
(70, 212, 'سعيد محيي البسامي', 4, 'استشاري مبيعات', 'خميس مشيط', 'بيع السيارات ', 'files/hr/2018/07/lhsdveetbvjkhk92lx7vvhstl7ilzw.jpg', NULL, NULL, NULL, NULL, NULL, NULL, NULL),
(71, 214, 'مدارس خميس الاهلي ومدارس نبأ ', 12, 'معلمه مراحل متوسط وثانوي', 'خميس مشيط', 'مدارس خميس الأهليه ومدارس نبأ تحفيظ قران ', 'files/hr/2018/07/wig0oeprz0b.jpg', NULL, NULL, NULL, NULL, NULL, NULL, NULL),
(72, 216, 'مدارس طلائع المستقبل ', 12, 'مدرسة التربية الرياضية والايروبكس ', 'القاهرة ', 'مشرفة التربية الرياضية الرحاب ', NULL, NULL, NULL, NULL, NULL, NULL, NULL, NULL),
(73, 217, 'مدارس المستقبل. الدولية ', 12, 'مدرسة تربية رياضية وايروبكس ', 'القاهرة ', 'مدرسة ', NULL, NULL, NULL, NULL, NULL, NULL, NULL, NULL),
(74, 218, 'مدارس المستقبل. الدولية ', 12, 'مدرسة تربية رياضية وايروبكس ', 'القاهرة ', 'مدرسة ', NULL, NULL, NULL, NULL, NULL, NULL, NULL, NULL),
(75, 219, 'مدارس المستقبل. الدولية ', 12, 'مدرسة تربية رياضية وايروبكس ', 'القاهرة ', 'مدرسة ', NULL, NULL, NULL, NULL, NULL, NULL, NULL, NULL),
(76, 221, 'مدارس المستقبل. الدولية ', 12, 'مدرسة تربية رياضية وايروبكس ', 'القاهرة ', 'مدرسة ', 'files/hr/2018/07/igg1xop77hnh7mofbe3baopd9rr0yu.png', NULL, NULL, NULL, NULL, NULL, NULL, NULL),
(77, 225, 'مدارس التربيه الاهليه بالرياض ', 12, 'معلمه', 'الرياض', 'معلمه', 'files/hr/2018/08/ppgwvtbm0lbzgje.jpeg', NULL, NULL, NULL, NULL, NULL, NULL, NULL),
(78, 225, 'مداس التربيه الاهليه ', 3, 'محظرة', 'الرياض ', 'محظره مختبر', 'files/hr/2018/08/xxvtb0cdcr7tg5re2a.jpeg', NULL, NULL, NULL, NULL, NULL, NULL, NULL),
(79, 227, 'الاشراف', 1, 'شهادة الامن والسلامه', 'مدرسة مدينة سلطان الاولى', 'الاشراف', 'files/hr/2018/08/2ycn6rhf0lec2.jpg', NULL, NULL, NULL, NULL, NULL, NULL, NULL),
(80, 249, 'جامعة بيشة ', 3, 'معيده \\ متعاونه', 'جامعة بيشه \\ النماص', 'محاضرة في تخصص الرياضيات ', NULL, NULL, NULL, NULL, NULL, NULL, NULL, NULL),
(81, 269, 'مدارس الخميس العالمية', 24, 'إدارية', 'خميس مشيط', 'برنامج نور وكيلة شؤون الطالبات', 'files/hr/2018/08/z8jjzhogmdbycen4yjxb5k15jnai.pdf', NULL, NULL, NULL, NULL, NULL, NULL, NULL),
(82, 272, 'الغرة التجارية الصناعية بابها', 3, 'صحافة واعلام-علاقت عامة-اشراكات', 'مركز سيدات الاعمال', '', 'files/hr/2018/08/zemnc0o4phqnddb98ugfttldoepc.pdf', NULL, NULL, NULL, NULL, NULL, NULL, NULL),
(83, 289, 'شركة كنوز الحكمة للتجارة المحدودة', 12, 'خدمة عملاء وتسويق', 'خميس مشيط', 'العمل في زيادة المبيعات والتسويق من عام 2017 وحتى 2018', 'files/hr/2018/08/6ncpkodfwyic0nx3dkzcsh.pdf', NULL, NULL, NULL, NULL, NULL, NULL, NULL),
(84, 306, 'مكتب تعليم الخبر', 11, 'محضرة مختبرات', 'الخبر', 'مدارس الملك فهد الأهلية', 'files/hr/2018/08/v4tjxbw3hq.jpeg', NULL, NULL, NULL, NULL, NULL, NULL, NULL),
(85, 314, 'شركة الأندلس الخضراء التعليمية', 30, 'معلمة', 'مدرسة الأندلس الأهلية بخميس مشيط', 'الأندلس الأهلية', NULL, NULL, NULL, NULL, NULL, NULL, NULL, NULL),
(86, 329, 'مدارس خميس مشيط الاهلية', 4, 'مدخلة بيانات', 'خميس مشيط', 'ادخال معلومات وبيانات الطلبه بنظام نور', 'files/hr/2018/08/da7cplpjkg8r.pdf', NULL, NULL, NULL, NULL, NULL, NULL, NULL),
(87, 336, 'مؤسسة الحمادي ', 12, 'معقب', 'مؤسسة الحمادي ', 'معقب', NULL, NULL, NULL, NULL, NULL, NULL, NULL, NULL),
(88, 337, 'مستشفى مغربي عسير', 15, 'كاتبة تقارير طبية', 'عسير', 'التقارير الطبية باللغتين', NULL, NULL, NULL, NULL, NULL, NULL, NULL, NULL),
(89, 338, 'مدرسة شروق المعرفة', 3, 'معلم احياء وعلم ارض', 'الرياض', 'معلم', NULL, NULL, NULL, NULL, NULL, NULL, NULL, NULL),
(90, 345, 'جامعة الملك خالد ', 4, 'معلمه', 'المتوسطة السابعه بحي الموظفين ', 'متدربه ', NULL, NULL, NULL, NULL, NULL, NULL, NULL, NULL),
(91, 348, 'الاداره العامه للتعليم بمنطقه عسير ', 12, 'معلمه ', 'خميس مشيط ', 'قسم الصفوف الأوليه ', 'files/hr/2018/08/yhkhbsdbqrsvdamrj0of.jpg', NULL, NULL, NULL, NULL, NULL, NULL, NULL),
(92, 348, 'الجمعيه الخيريه لتحفيظ القران الكريم ', 12, 'معلمه', 'احد رفيده ', 'بالاوقاف وزاره الشؤون الاسلاميه ', 'files/hr/2018/08/ab58knjrwmdmuwj9rrj.jpg', NULL, NULL, NULL, NULL, NULL, NULL, NULL),
(93, 349, 'شركة الأندلس الخضراء التعليمية', 30, 'معلمة', 'مدرسة الأندلس الأهلية بخميس مشيط', 'الأندلس الأهلية', 'files/hr/2018/11/lyjgyptim7pgm0rhh8v6z.jpeg', NULL, NULL, NULL, NULL, NULL, NULL, NULL),
(94, 354, 'شركة الفارس القوي', 60, 'مشرف أمن', 'مستشفى الملك فهد', 'عمل اداري', 'files/hr/2018/08/jmdg7gzh92ymhzcsxqpeckbghhom11.pdf', NULL, NULL, NULL, NULL, NULL, NULL, NULL),
(95, 358, 'كليه التربيه ', 4, 'معلمه', 'المتوسطه السابعه', 'متدربه', NULL, NULL, NULL, NULL, NULL, NULL, NULL, NULL),
(96, 365, 'مؤسسة ادما لحلول الاعمال', 44, 'مشرف ', 'مكه المكرمه ', 'مشرف على مسكن عام ', 'files/hr/2018/08/rla1zrao7hnowiq.png', NULL, NULL, NULL, NULL, NULL, NULL, NULL),
(97, 367, 'مركز روح الإصرار لرعاية و تأهيل الأطفال بأبها', 1, 'مساعد معلم ', 'أبها', 'تعليم الأطفال خبرات حياتيه ', NULL, NULL, NULL, NULL, NULL, NULL, NULL, NULL),
(98, 367, 'مستشفى خميس مشيط العام ', 4, 'متدربة أخصائية نفسية', 'خميس مشيط', 'دراسة حالات المرضى و كتابة تقارير نفسية و اجتماعية حولهم ', NULL, NULL, NULL, NULL, NULL, NULL, NULL, NULL),
(99, 372, 'مؤسسة الزندين ', 18, 'مشرف عام', 'خميس مشيط', 'إشراف ', NULL, NULL, NULL, NULL, NULL, NULL, NULL, NULL),
(100, 381, 'مجمع مدارس الذكر النموذجيه للبنات', 20, 'اداريه', 'خميس مشيط', '', NULL, NULL, NULL, NULL, NULL, NULL, NULL, NULL),
(101, 403, 'النهج الصالح التجارية', 4, 'موظفة مقصف مدرسي', 'خميس مشيط', 'حسين علي صالح العمري', NULL, NULL, NULL, NULL, NULL, NULL, NULL, NULL),
(102, 408, 'وزارة التربية والتعليم', 12, 'معلمة', 'مدارس الذكر النموذجية', 'معلمة لغة انجليزية للمرحلتين المتوسطة والثانوية', 'files/hr/2018/10/i9lwpa2thm7mdov.pdf', NULL, NULL, NULL, NULL, NULL, NULL, NULL),
(103, 410, 'الإبتدائية العاشره بخميس مشيط ', 2, 'أعمال إداريه وحاسب', 'مدرسه', '', 'files/hr/2018/10/gokhttlumm5ag31daxqkfwgfabq.jpg', NULL, NULL, NULL, NULL, NULL, NULL, NULL),
(104, 415, 'مؤسسة سعد معيض للسفر والسياحة', 21, 'كاتب استقبال عام', 'خميس مشيط', 'خدمة العملاء', NULL, NULL, NULL, NULL, NULL, NULL, NULL, NULL),
(105, 421, ' شركة أبنا عبدالله عبد المحسن الخضري ', 56, 'اداري ', 'ابهاء', '', 'files/hr/2018/10/toj7rkiavbksdmhswp0eo.jpg', NULL, NULL, NULL, NULL, NULL, NULL, NULL),
(106, 429, 'مؤسسة عبدالله بن ضبعان', 66, 'مندوب مبيعات ومشتريات', 'ابها', 'بيع ادواة المنزلية والبناء وشرا المتطلبات للمطاعم', 'files/hr/2018/11/bh03rfxfcg.pdf', NULL, NULL, NULL, NULL, NULL, NULL, NULL),
(107, 431, 'مؤسسة عبدالله بن ضبعان', 70, 'مندوب مبيعات ومشتريات', 'ابها', 'بيع ادواة المنزلية والبناء وشرا المتطلبات للمطاعم', 'files/hr/2018/11/vonktzu7ee1thy0j02toht6.pdf', NULL, NULL, NULL, NULL, NULL, NULL, NULL),
(108, 433, 'مدرسة السروات بجده ', 12, 'معلم احياء ثانوي', 'جده', '', NULL, NULL, NULL, NULL, NULL, NULL, NULL, NULL),
(109, 433, 'ابتدائية خميس مشيط', 11, 'معلم علوم', 'خميس مشيط', '', NULL, NULL, NULL, NULL, NULL, NULL, NULL, NULL),
(110, 434, 'الروضة الخامسة بخميس مشيط', 4, 'معلمة', 'خميس مشيط', '', NULL, NULL, NULL, NULL, NULL, NULL, NULL, NULL);

-- --------------------------------------------------------

--
-- Table structure for table `hr_employment_applications_qualifications`
--

CREATE TABLE `hr_employment_applications_qualifications` (
  `id` int(11) UNSIGNED NOT NULL,
  `application_id` int(11) UNSIGNED DEFAULT NULL,
  `country` int(11) UNSIGNED DEFAULT NULL COMMENT 'ref to ''general_countries''',
  `school_name` varchar(255) COLLATE utf8_bin DEFAULT NULL,
  `grade` varchar(255) COLLATE utf8_bin DEFAULT NULL,
  `graduation_year` year(4) DEFAULT NULL,
  `degree` varchar(255) COLLATE utf8_bin DEFAULT NULL,
  `major` varchar(255) COLLATE utf8_bin DEFAULT NULL,
  `attachment_file` varchar(255) COLLATE utf8_bin DEFAULT NULL,
  `is_deleted` tinyint(4) UNSIGNED DEFAULT NULL,
  `deleted_by` int(11) UNSIGNED DEFAULT NULL COMMENT 'ref to ''users''',
  `deleted_date` datetime DEFAULT NULL,
  `Created_by` int(11) UNSIGNED DEFAULT NULL COMMENT 'ref to ''users''',
  `Created_date` datetime DEFAULT NULL,
  `last_update_by` int(11) UNSIGNED DEFAULT NULL COMMENT 'ref to ''users''',
  `last_update_date` datetime DEFAULT NULL
) ENGINE=InnoDB DEFAULT CHARSET=utf8 COLLATE=utf8_bin ROW_FORMAT=COMPACT;

--
-- Dumping data for table `hr_employment_applications_qualifications`
--

INSERT INTO `hr_employment_applications_qualifications` (`id`, `application_id`, `country`, `school_name`, `grade`, `graduation_year`, `degree`, `major`, `attachment_file`, `is_deleted`, `deleted_by`, `deleted_date`, `Created_by`, `Created_date`, `last_update_by`, `last_update_date`) VALUES
(1, 1, 65, 'كلية التربية ', 'جيد', 2012, 'حاصل على بكالوريوس علوم وتربية ', 'علوم - تعليم اساسي', NULL, NULL, NULL, NULL, NULL, NULL, NULL, NULL),
(2, 2, 65, 'تربية نوعية', 'جيد', 2006, 'بكالوريوس', 'تكنولوجيا التعليم', NULL, NULL, NULL, NULL, NULL, NULL, NULL, NULL),
(3, 3, 65, 'كلية التربية - جامعة الأزهر', 'ممتاز مع مرتبة الشرف', 2011, 'ليسانس آداب وتربية', 'اللغة العربية', NULL, NULL, NULL, NULL, NULL, NULL, NULL, NULL),
(4, 4, 65, 'كلية التربية جامعة الازهر', 'جيد جدا مع مرتبة الشرف الاولى', 2011, 'ليسانس تربية', 'لغة عربية', 'files/hr/2018/02/eud46nlokpsueyuhqfegpmkbpymxx.jpg', NULL, NULL, NULL, NULL, NULL, NULL, NULL),
(5, 5, 65, 'التربية جامعة عين شمس', 'جيد جدا', 2008, 'ليسانس اداب وتربية', 'لغة عربية', 'files/hr/2018/02/50k65fbqah9zkmw.jpg', NULL, NULL, NULL, NULL, NULL, NULL, NULL),
(6, 5, 65, 'التربية', 'جيد جدا', 2012, 'الدبلوم الخاص في التربية', '', 'files/hr/2018/02/6ghupckmspkydfawifw0.jpg', NULL, NULL, NULL, NULL, NULL, NULL, NULL),
(7, 6, 65, 'الدراسات اللإسلامية والعربية', 'جيد جدا', 2000, 'الليسانس', 'شعبة عامة', 'files/hr/2018/02/iqgsn7apsxjc.jpg', NULL, NULL, NULL, NULL, NULL, NULL, NULL),
(8, 6, 65, 'الدراسات اإسلامية والعربية', 'جيد', 2002, 'تمهيدي ماجستير', 'اللغة العربية', 'files/hr/2018/02/k9puyojyis5n4riisvcx5y.jpg', NULL, NULL, NULL, NULL, NULL, NULL, NULL),
(9, 6, 65, 'التربية ', 'امتياز', 2017, 'دبلوم تربوي', 'اللغة العربية', 'files/hr/2018/02/lafcq1wyn2zig7fawucxyd2.jpg', NULL, NULL, NULL, NULL, NULL, NULL, NULL),
(10, 6, 65, 'الآداب', 'امتياز', 2017, 'تمهيدي ماجستير', 'اللغة العربية', NULL, NULL, NULL, NULL, NULL, NULL, NULL, NULL),
(11, 7, 65, 'جامعة اسيوط', 'مقبول', 2009, 'بكالوريوس', 'الرياضيات', NULL, NULL, NULL, NULL, NULL, NULL, NULL, NULL),
(12, 8, 65, 'التربية النوعية', '71.16', 2000, 'بكالوريوس', 'إعداد معلم حاسب آلي', 'files/hr/2018/02/9zsbjum6mozyqfw7g5rv.pdf', NULL, NULL, NULL, NULL, NULL, NULL, NULL),
(13, 9, 65, 'الآداب والتربية ', 'جيد', 2007, 'ليسانس', 'لغة عربية', 'files/hr/2018/02/d0pnu54tdxeuj05s3n9sjr9dxjx3.jpg', NULL, NULL, NULL, NULL, NULL, NULL, NULL),
(14, 10, 65, 'كلية التربية', '80%', 2006, 'ليسانس اداب وتربية', 'لغة انجليزية', NULL, NULL, NULL, NULL, NULL, NULL, NULL, NULL),
(15, 11, 65, 'التربية', 'مقبول', 2008, 'بكالوريوس', 'رياضيات', NULL, NULL, NULL, NULL, NULL, NULL, NULL, NULL),
(16, 12, 65, 'كلية تربية وعلوم ', 'جيد ', 2003, 'بكالوريوس ', 'كيمياء وفيزياء ', NULL, NULL, NULL, NULL, NULL, NULL, NULL, NULL),
(17, 13, 65, 'كلية تربية وعلوم ', 'جيد ', 1994, 'بكالوريوس ', 'كيمياء وفيزياء ', NULL, NULL, NULL, NULL, NULL, NULL, NULL, NULL),
(18, 14, 65, 'كليه لغة عربية ', 'جيد جدا', 1998, 'ليسانس', 'شعبة عامة ', NULL, NULL, NULL, NULL, NULL, NULL, NULL, NULL),
(19, 15, 65, 'المعهد العالي للحاسب الآلي', 'جيد جدا', 2008, 'بكالوريوس ', 'نظم معلومات ادارية', 'files/hr/2018/02/qfay5p955a51rcapda64yw.pdf', NULL, NULL, NULL, NULL, NULL, NULL, NULL),
(20, 15, 65, 'كلية التربية', 'جيد جدا', 2013, 'الدبلوم العام ', 'الدبلوم العام فى التربية', 'files/hr/2018/02/1xt2562sgumtgrqwgxgbo.pdf', NULL, NULL, NULL, NULL, NULL, NULL, NULL),
(21, 16, 65, 'علوم القاهرة', 'جيد جدا', 2002, 'بكالوريوس', 'رياضيات', NULL, NULL, NULL, NULL, NULL, NULL, NULL, NULL),
(22, 17, 65, 'التربية', 'جيد جدا مع مرتبة الشرف', 2008, 'الليسانس فى الاداب والتربية', 'تاريخ', NULL, NULL, NULL, NULL, NULL, NULL, NULL, NULL),
(23, 18, 1, 'جامعة الملك خالد / كلية التربية ', '4.26', 2016, 'بكالريوس ', 'تربية خاصة / إعاقة عقلية ', 'files/hr/2018/02/t5cnqxishu.jpg', NULL, NULL, NULL, NULL, NULL, NULL, NULL),
(24, 19, 65, 'العلوم', 'بكالريوس علوم', 2007, 'بكالريوس علوم', 'كيمياء وفيزياء', NULL, NULL, NULL, NULL, NULL, NULL, NULL, NULL),
(25, 20, 65, 'كلية التربية', 'جيد', 1990, 'بكالوريوس العلوم و التربية', 'رياضيات', 'files/hr/2018/02/fdto0agwkcx0.jpg', NULL, NULL, NULL, NULL, NULL, NULL, NULL),
(26, 21, 65, 'العلوم جامعة المنوفية', 'جيد جداً', 2013, 'بكالوريوس', 'فيزياء و علوم الليزر', 'files/hr/2018/02/sdfy4ar2xpqd016bo.jpeg', NULL, NULL, NULL, NULL, NULL, NULL, NULL),
(27, 21, 65, 'التربية جامعة السادات', 'ممتاز', 2016, 'دبلوم', 'عام تربوي', 'files/hr/2018/02/fbjmjguwdzla9jo7milnrrrv88hng.jpeg', NULL, NULL, NULL, NULL, NULL, NULL, NULL),
(28, 21, 65, 'العلوم جامعة القاهرة ', 'جيد', 2015, 'دبلوم ', 'الطاقة الشمسية ', 'files/hr/2018/02/f7jhwqh0g4edh8aod366sqi.jpeg', NULL, NULL, NULL, NULL, NULL, NULL, NULL),
(29, 22, 65, 'جامعة الزقازيق', 'مقبول', 2008, 'أداب +دبلومة في التربية', 'لغة عربية', NULL, NULL, NULL, NULL, NULL, NULL, NULL, NULL),
(30, 23, 65, 'التربية الرياضية', 'جيد', 1998, 'بكالوريوس', 'كرة يد / ألعاب قوى', NULL, NULL, NULL, NULL, NULL, NULL, NULL, NULL),
(31, 24, 65, 'كلية اللغة العربية', 'جيد', 2001, 'ليسانس ', 'اللعة العربية', 'files/hr/2018/02/igaelgk5fdze3yl9epnv4co6kvp.jpg', NULL, NULL, NULL, NULL, NULL, NULL, NULL),
(32, 24, 65, 'كلية التربية دبلوم تربوي', 'جيد', 2002, 'دبلوم عام في التربية', 'دبلوم عام في التربية', 'files/hr/2018/02/aevvk3jupsax6o.jpg', NULL, NULL, NULL, NULL, NULL, NULL, NULL),
(33, 24, 65, 'كلية التربية', 'جيد جدا', 2003, 'دبلوم مهني', 'التربية الخاصة', 'files/hr/2018/02/5mpozviilhixecwu0kfu.jpg', NULL, NULL, NULL, NULL, NULL, NULL, NULL),
(34, 25, 65, 'التربية والعلوم', '60%', 2003, 'بكالوريوس', 'كيمياء وفيزياء', 'files/hr/2018/02/rp0rmfcb7zvjdagi0px8.jpg', NULL, NULL, NULL, NULL, NULL, NULL, NULL),
(35, 26, 65, 'العلوم والتربية', 'جيد جدا مع مرتبة الشرف', 2013, 'البكالريوس', 'كيمياء وطبيعة', 'files/hr/2018/02/jhufvtvtltyi7gt8yxhuw9hjx3gjq.jpg', NULL, NULL, NULL, NULL, NULL, NULL, NULL),
(36, 27, 65, 'كلية التربية', 'مقبول', 2001, 'بكالوريوس علوم وتربية', 'علوم', 'files/hr/2018/02/eb5lptbvb5us5k9p2wyhvndl.jpg', NULL, NULL, NULL, NULL, NULL, NULL, NULL),
(37, 28, 65, 'التربية', 'مقبول', 2005, 'ليسانس', 'لغة عربية', 'files/hr/2018/02/rnzlmosxj2ido4cod5z.pdf', NULL, NULL, NULL, NULL, NULL, NULL, NULL),
(38, 29, 65, 'ليسانس آداب وتربية لغة عربية', 'مقبول', 2003, 'ليسانس', 'لغة عربية ودراسات إسلامية', 'files/hr/2018/02/6z9xqriy6ye1xr8id4.jpg', NULL, NULL, NULL, NULL, NULL, NULL, NULL),
(39, 30, 65, 'كلية التربية', 'جيد جدا', 2008, 'ليسانس ', 'لغة انجليزية', NULL, NULL, NULL, NULL, NULL, NULL, NULL, NULL),
(40, 31, 65, 'التربية', 'مقبول', 2005, 'ليسانس', 'لغة عربية', 'files/hr/2018/02/3ixlsa8olgdoapgnxshrsh8thrv.pdf', NULL, NULL, NULL, NULL, NULL, NULL, NULL),
(41, 34, 65, 'جامعة الزقازيق', '66', 1998, 'الليسانس', 'جغرافيا', 'files/hr/2018/02/jxfnlsbuoawims2mx.png', NULL, NULL, NULL, NULL, NULL, NULL, NULL),
(42, 35, 65, 'دار العلوم', 'مقبول', 2004, 'ليسانس', 'لغة عربية', 'files/hr/2018/02/cpusqgkr9ymry.JPG', NULL, NULL, NULL, NULL, NULL, NULL, NULL),
(43, 36, 65, 'جامعة الدول العربية', 'جيد جدا', 2015, 'ماجستير', 'ادارة تعليمية', NULL, NULL, NULL, NULL, NULL, NULL, NULL, NULL),
(44, 37, 65, 'التربية الرياضية', 'جيد جدا', 2008, 'بكالريوس', 'سباحة وكرة قدم', NULL, NULL, NULL, NULL, NULL, NULL, NULL, NULL),
(45, 38, 65, 'دار العلوم/القاهرة', 'مقبول', 2001, 'ليسانس', 'لغة عربية', NULL, NULL, NULL, NULL, NULL, NULL, NULL, NULL),
(46, 39, 65, 'كلية التربية', 'جيد جدا مع مرتبة الشرف', 2013, 'ليسانس اداب وتربية', 'انجليزى', NULL, NULL, NULL, NULL, NULL, NULL, NULL, NULL),
(47, 40, 65, 'بك علوم وتربية', 'مقبول', 2000, 'بكالوريوس', 'رياضيات', 'files/hr/2018/02/tvrcch5anjag.jpg', NULL, NULL, NULL, NULL, NULL, NULL, NULL),
(48, 42, 65, 'الآداب', 'جيد', 1998, 'ليسانس آداب', 'لغة عربية', NULL, NULL, NULL, NULL, NULL, NULL, NULL, NULL),
(49, 42, 65, 'كلية التربية', 'جيد', 2011, 'دبلوم عامة في التربية', 'لغة عربية', NULL, NULL, NULL, NULL, NULL, NULL, NULL, NULL),
(50, 44, 65, 'كلية دار العلوم', 'مقبول', 2001, 'ليسانس في اللغة العربية والعلوم الاسلامية', 'لغة عربية', 'files/hr/2018/02/hyloqoj9lrab87mbttsuqt.jpg', NULL, NULL, NULL, NULL, NULL, NULL, NULL),
(51, 44, 65, 'كلية التربية', 'مقبول', 2010, 'دبلومة عامة في التربية', 'لغة عربية', 'files/hr/2018/02/dxsm8g2pptljcjkqcgvto.jpg', NULL, NULL, NULL, NULL, NULL, NULL, NULL),
(52, 47, 65, 'كلية التربية ', 'جيد جدا ', 2000, 'بكالوريوس', 'تكنولوجيا تعليم', NULL, NULL, NULL, NULL, NULL, NULL, NULL, NULL),
(53, 48, 1, 'جامعة الملك خالد ', '3,34', 2017, 'بكالوريس', 'لغة انجليزية', NULL, NULL, NULL, NULL, NULL, NULL, NULL, NULL),
(54, 49, 1, ' جامعة الملك خالد-كلية العلوم', '4.62', 2016, 'بكالوريوس', 'احياء', 'files/hr/2018/03/xfwczarid4l3hgz0ihu7z.pdf', NULL, NULL, NULL, NULL, NULL, NULL, NULL),
(55, 49, 1, 'جامعة الملك خالد-كلية التربية', '4.95', 2017, 'دبلوم', 'تربية ', 'files/hr/2018/03/qpxq4fb64fzv4q7kvsgqufg.pdf', NULL, NULL, NULL, NULL, NULL, NULL, NULL),
(56, 50, 1, 'جامعه الملك خالد ', '4،74', 2016, 'البكالوريوس', 'اقتصاد منزلي ', 'files/hr/2018/03/8aro2kyphpppyzzxmtlm2yxkq.png', NULL, NULL, NULL, NULL, NULL, NULL, NULL),
(57, 50, 1, 'جامعه الملك خالد ', '4،82', 2017, 'الدبلوم العالي التربوي ', 'تربوي ', 'files/hr/2018/03/aclu4bz6tei0.png', NULL, NULL, NULL, NULL, NULL, NULL, NULL),
(58, 51, 1, 'كلية العلوم و الآداب للبنات بخميس مشيط ', '2,69', 2017, 'بكالوريوس ', 'اللغة العربية ', 'files/hr/2018/03/sscedctkffgknsns5rbhaxjacr.jpeg', NULL, NULL, NULL, NULL, NULL, NULL, NULL),
(59, 52, 1, 'جامعة الملك خالد ', '٨٠،٠١', 2007, 'البكالوريوس', 'التاريخ ', 'files/hr/2018/03/0q6tnxeexxm.jpeg', NULL, NULL, NULL, NULL, NULL, NULL, NULL),
(60, 52, 1, 'جامعة الملك خالد', '4,66', 2014, 'دبلوم', 'التوجيه والارشاد النفسي ', 'files/hr/2018/03/dpak7ymzoozn6gnkydabz.jpeg', NULL, NULL, NULL, NULL, NULL, NULL, NULL),
(61, 53, 1, 'جامعه الملك خالد ( كلية التربيه )', '3,06', 2012, 'بكالوريوس', 'تاريخ', 'files/hr/2018/03/zhj4d1dzpd8jpaplohjolqyrlg.jpg', NULL, NULL, NULL, NULL, NULL, NULL, NULL),
(62, 54, 1, 'جامعه الملك خالد ( كلية التربيه )', '3,06', 2012, 'بكالوريوس', 'تاريخ', 'files/hr/2018/03/sgwjmmqpcbh3ou.jpg', NULL, NULL, NULL, NULL, NULL, NULL, NULL),
(63, 55, 1, 'كلية اللغات و الترجمة / جامعة الملك خالد', '2.98', 2015, 'بكالوريوس', 'لغة انجليزية ', 'files/hr/2018/03/uo1r987juejkqfz.jpeg', NULL, NULL, NULL, NULL, NULL, NULL, NULL),
(64, 56, 1, 'جامعة الملك خالد', '4,43', 2017, 'بكالوريوس', 'كيمياء', 'files/hr/2018/03/8jxblvc3ry1v7qpn0cw9tehb.jpg', NULL, NULL, NULL, NULL, NULL, NULL, NULL),
(65, 57, 1, 'كلية العلوم', '4.08', 2017, 'بكالوريوس', 'رياضيات', 'files/hr/2018/03/gzi2xyy4zeh.jpeg', NULL, NULL, NULL, NULL, NULL, NULL, NULL),
(66, 58, 1, 'جامعة الملك خالد ', '4.77', 2015, 'بكالوريوس', 'حاسب آلي', 'files/hr/2018/03/m8vtxouexu.pdf', NULL, NULL, NULL, NULL, NULL, NULL, NULL),
(67, 59, 1, 'جامعة الملك خالد', '2.35', 2007, 'دبلوم', 'حاسب آلي', 'files/hr/2018/03/ero55panbx3k1gun3aa.pdf', NULL, NULL, NULL, NULL, NULL, NULL, NULL),
(68, 60, 1, 'كلية العلوم جامعة الملك خالد', '٣.٢٢', 2013, 'بكالوريس', 'رياضيات', 'files/hr/2018/03/wtogtqm3sjqr5gcapifdeeuobvpek.jpg', NULL, NULL, NULL, NULL, NULL, NULL, NULL),
(69, 61, 1, 'جامعة الملك خالد ', '4.22', 2011, 'بكالوريوس', 'فيزياء', 'files/hr/2018/03/yxmvdxjeiyp6tbtsw4gjy2qddwg.jpg', NULL, NULL, NULL, NULL, NULL, NULL, NULL),
(70, 62, 1, 'جامعة الملك خالد', '3،96', 2013, 'بكالوريوس', 'دراسات اسلاميه', 'files/hr/2018/03/cnqitgadsgz8vwuyb4nesdutb8ubnq.jpg', NULL, NULL, NULL, NULL, NULL, NULL, NULL),
(71, 63, 1, 'كليه التربيه بابها ', '87', 2007, 'بكالوريس ', 'لغه عربيه ', 'files/hr/2018/03/22493prhwlxlvrgcmslznk8k.jpeg', NULL, NULL, NULL, NULL, NULL, NULL, NULL),
(72, 64, 1, 'جامعه الملك خالد ', '3.66', 2016, 'بكالريوس ', 'لغه انجليزية ', 'files/hr/2018/03/uwcqlsi75xnisq80p.pdf', NULL, NULL, NULL, NULL, NULL, NULL, NULL),
(73, 65, 1, 'كلية التربية بخميس مشيط', '3.14', 2013, 'بكالريوس ', 'لغة عربية ', 'files/hr/2018/03/dk2mt6m5uruqhr3gkn.jpeg', NULL, NULL, NULL, NULL, NULL, NULL, NULL),
(74, 66, 1, 'كليه الاداب', '4,42', 2016, 'بكالوريس', 'لغه عربيه', 'files/hr/2018/03/oeswfrnthzmpvv6svwsofht.jpeg', NULL, NULL, NULL, NULL, NULL, NULL, NULL),
(75, 68, 1, 'جامعه الملك خالد', '5,65', 2015, 'بكالوريوس', 'احياء عامه', 'files/hr/2018/03/lwc0hp0hbp3u.jpg', NULL, NULL, NULL, NULL, NULL, NULL, NULL),
(76, 69, 1, 'كلية التربية الادبية بأبها', '٣.٩٦', 2011, 'بكالوريوس', 'دراسات اسلامية', 'files/hr/2018/03/ytyalegk2zxsh3.jpg', NULL, NULL, NULL, NULL, NULL, NULL, NULL),
(77, 70, 1, 'كلية ', '3.43', 2014, 'بكالوريوس ', 'لغة انجليزية ', 'files/hr/2018/03/y4d7twfie4bc.JPG', NULL, NULL, NULL, NULL, NULL, NULL, NULL),
(78, 71, 65, 'كلية تجارة', 'جيد جداً', 2013, 'بكالوريوس', 'محاسبة', NULL, NULL, NULL, NULL, NULL, NULL, NULL, NULL),
(79, 72, 1, 'كليه العلوم والاداب١', '4.80', 2005, 'بكالوريوس تربوي', 'لغه انجليزيه', 'files/hr/2018/03/scbwealud4rrjqe3uuyus2xb.PNG', NULL, NULL, NULL, NULL, NULL, NULL, NULL),
(80, 73, 1, 'كليه العلوم والاداب١', '4.80', 2005, 'بكالوريوس تربوي', 'لغه انجليزيه', 'files/hr/2018/03/zkcdackohhn9t1i9.PNG', NULL, NULL, NULL, NULL, NULL, NULL, NULL),
(81, 74, 1, 'كلية إعداد المعلمات ', '2.31', 2007, 'بكلريوس', 'لغة عربية', 'files/hr/2018/05/n50yryi9b37m7o1r664ssg3qvsd.jpeg', NULL, NULL, NULL, NULL, NULL, NULL, NULL),
(82, 75, 1, 'جامعة الملك فيصل', '3', 2018, 'بكالوريوس', 'إدارة', NULL, NULL, NULL, NULL, NULL, NULL, NULL, NULL),
(83, 126, 1, 'كلية التربية بأبها', '87.32', 2010, 'بكالوريس', 'لغة عربية', NULL, NULL, NULL, NULL, NULL, NULL, NULL, NULL),
(84, 127, 1, 'كلية التربية بأبها', '87.32', 2010, 'بكالوريس', 'لغة عربية', NULL, NULL, NULL, NULL, NULL, NULL, NULL, NULL),
(85, 128, 1, 'كلية التربية بأبها', '87.32', 2010, 'بكالوريس', 'لغة عربية', NULL, NULL, NULL, NULL, NULL, NULL, NULL, NULL),
(86, 129, 1, 'كلية التربية بأبها', '87.32', 2010, 'بكالوريس', 'لغة عربية', NULL, NULL, NULL, NULL, NULL, NULL, NULL, NULL),
(87, 130, 65, 'كلية التربية الرياضية ', 'جيد ', 2004, 'بكالوريوس', 'شعبة عامه سباحة كارتية كرة قدم', 'files/hr/2018/06/ywhqx6tziojfo1ydf6sau1ar.jpg', NULL, NULL, NULL, NULL, NULL, NULL, NULL),
(88, 131, 1, 'جامعه الملك خالد', '4.21', 2018, 'بكالوريوس', 'علم نفس', 'files/hr/2018/06/68khzdelv4plr8mavf.pdf', NULL, NULL, NULL, NULL, NULL, NULL, NULL),
(89, 132, 1, 'جامعة جازان ', '4.02', 2016, 'البكالوريس', 'اللغة الانجليزية', 'files/hr/2018/06/igpu0qcs5r2w.pdf', NULL, NULL, NULL, NULL, NULL, NULL, NULL),
(90, 132, 1, 'جامعة جازان', '4.45', 2018, 'دبلوم عام في التربية', 'الدبلوم التربوي', 'files/hr/2018/06/ftdytksrvh0qg.pdf', NULL, NULL, NULL, NULL, NULL, NULL, NULL),
(91, 133, 1, 'جامعة الملك عبدالعزيز كلية العلوم', '3.88', 2017, 'بكالوريوس', 'كيمياء', NULL, NULL, NULL, NULL, NULL, NULL, NULL, NULL),
(92, 134, 1, 'جامعة الملك عبدالعزيز كلية العلوم', '3.88', 2017, 'بكالوريوس', 'كيمياء', NULL, NULL, NULL, NULL, NULL, NULL, NULL, NULL),
(93, 135, 1, 'جامعة الملك عبدالعزيز كلية العلوم', '3.88', 2017, 'بكالوريوس', 'كيمياء', 'files/hr/2018/06/edacdmuvnn6kdvtx.png', NULL, NULL, NULL, NULL, NULL, NULL, NULL),
(94, 137, 1, 'جامعة الملك عبدالعزيز كلية العلوم', '3.88', 2017, 'بكالوريوس', 'كيمياء', 'files/hr/2018/06/t1figmehlf6a4g.png', NULL, NULL, NULL, NULL, NULL, NULL, NULL),
(95, 138, 1, 'جامعة الملك عبدالعزيز كلية العلوم', '3.88', 2017, 'بكالوريوس', 'كيمياء', 'files/hr/2018/06/ecbfxbmddtcjocouriy3.png', NULL, NULL, NULL, NULL, NULL, NULL, NULL),
(96, 139, 1, 'جامعة الملك عبدالعزيز كلية العلوم', '3.88', 2017, 'بكالوريوس', 'كيمياء', 'files/hr/2018/06/hjju0pidvd.jpeg', NULL, NULL, NULL, NULL, NULL, NULL, NULL),
(97, 140, 1, 'جامعة الملك خالد', '4.91', 2017, 'بكالوريوس', 'علوم حاسب', 'files/hr/2018/06/5zqvqnyhrdgbv6q7ndw3s.pdf', NULL, NULL, NULL, NULL, NULL, NULL, NULL),
(98, 140, 1, 'جامعة الملك خالد', '5', 2018, 'دبلوم عالي', 'التربيه', 'files/hr/2018/06/dtwojpylb2xwalf42n.pdf', NULL, NULL, NULL, NULL, NULL, NULL, NULL),
(99, 141, 1, 'جامعة الملك خالد', '4.49', 2017, 'بكالوريوس', 'احياء', 'files/hr/2018/06/9yttldhryenh.pdf', NULL, NULL, NULL, NULL, NULL, NULL, NULL),
(100, 142, 1, 'جامعة', '4.47', 2018, 'بكالوريوس', 'علم نفس ', 'files/hr/2018/06/cdkusytktdtl6z.jpg', NULL, NULL, NULL, NULL, NULL, NULL, NULL),
(101, 143, 1, 'جامعة الملك خالد', '4.44', 2017, 'بكالريوس', 'فيزياء', NULL, NULL, NULL, NULL, NULL, NULL, NULL, NULL),
(102, 144, 1, 'جامعة الملك فيصل', '76', 2012, 'بكارليوس', 'لغه عربيه', 'files/hr/2018/06/woplayb3s2y2gljazcld381r7dho.jpeg', NULL, NULL, NULL, NULL, NULL, NULL, NULL),
(103, 145, 227, 'المعهد العالي للبيوتكنولوجيا بسيدي ثابت تونس', '14', 2012, 'حسن', 'ماجستير منعني في للبيوتكنولوجيا و منتجات الصحة', 'files/hr/2018/06/merjwvq83941v8vtgxpm5b6ejx0e.jpg', NULL, NULL, NULL, NULL, NULL, NULL, NULL),
(104, 145, 227, 'المعهد العالي للبيوتكنولوجيا بسيدي ثابت تونس', '12', 2008, ' قريب من الحسن', 'مراقبة الجودة في قطاعي الصناعات الغذائية و الصيدلة', 'files/hr/2018/06/fdc5bykcpsqtkx36xtyl.jpg', NULL, NULL, NULL, NULL, NULL, NULL, NULL),
(105, 146, 1, 'كليه', '٨٥/٣٥', 2010, 'جيدجداً مع مرتبه الشرف', 'كيمياء', NULL, NULL, NULL, NULL, NULL, NULL, NULL, NULL),
(106, 147, 1, 'كليه', '٨٥/٣٥', 2010, 'جيدجداً مع مرتبه الشرف', 'كيمياء', NULL, NULL, NULL, NULL, NULL, NULL, NULL, NULL),
(107, 148, 1, 'كليه', '٨٥/٣٥', 2010, 'جيدجداً مع مرتبه الشرف', 'كيمياء', NULL, NULL, NULL, NULL, NULL, NULL, NULL, NULL),
(108, 149, 1, 'كليه', '٨٥/٣٥', 2010, 'جيدجداً مع مرتبه الشرف', 'كيمياء', NULL, NULL, NULL, NULL, NULL, NULL, NULL, NULL),
(109, 150, 1, 'كليه', '٨٥/٣٥', 2010, 'جيدجداً مع مرتبه الشرف', 'كيمياء', 'files/hr/2018/06/salyii9dlbsp17gnhd4j.jpg', NULL, NULL, NULL, NULL, NULL, NULL, NULL),
(110, 151, 1, 'جامعه الملك خالد ', '3.38', 2014, 'بكالوريس', 'اللغه الانجليزيه ', NULL, NULL, NULL, NULL, NULL, NULL, NULL, NULL),
(111, 152, 1, 'جامعة الملك خالد', '3.92', 2017, 'بكالوريوس ', 'لغة عربية', NULL, NULL, NULL, NULL, NULL, NULL, NULL, NULL),
(112, 153, 1, 'جامعة الملك خالد', '4.77', 2018, 'بكالوريوس ', 'اللغة الانجليزية', 'files/hr/2018/07/ag3o3goqt1xpaggqiyr7anzz3zz7.jpeg', NULL, NULL, NULL, NULL, NULL, NULL, NULL),
(113, 154, 1, 'كلية العلوم', '٣.٤٦', 2017, 'بكالوريوس', 'كيمياء', 'files/hr/2018/07/t6xqdgnsxi1ha.jpg', NULL, NULL, NULL, NULL, NULL, NULL, NULL),
(114, 154, 1, 'كليةً التربية', '٤.٧٠', 2018, 'دبلوم التربوي', 'العلوم', NULL, NULL, NULL, NULL, NULL, NULL, NULL, NULL),
(115, 155, 1, 'جامعة الملك خالد', '4.48', 2018, 'دبلوم عالي ', ' علوم ', 'files/hr/2018/07/suiv7dqtu4e19fpfosmckr.jpeg', NULL, NULL, NULL, NULL, NULL, NULL, NULL),
(116, 155, 1, 'جامعة الملك خالد', '3,34', 2017, 'بكالوريوس ', 'فيزياء ', 'files/hr/2018/07/rfw7ryphrfpgfik9evntcukauskr.jpg', NULL, NULL, NULL, NULL, NULL, NULL, NULL),
(117, 156, 1, 'كليه', '4.35', 2018, 'بكالوريس', 'فيزياء', 'files/hr/2018/07/badffutnupdyooczlhhpfpq6t0n.JPG', NULL, NULL, NULL, NULL, NULL, NULL, NULL),
(118, 157, 1, 'جامعة الملك خالد كلية العلوم ', '2.82', 2015, 'بكالوريوس', 'كيمياء ', 'files/hr/2018/07/ktxe7azi1q5mw.jpg', NULL, NULL, NULL, NULL, NULL, NULL, NULL),
(119, 158, 1, 'جامعة الملك خالد كلية العلوم ', '2.82', 2015, 'بكالوريوس', 'كيمياء ', 'files/hr/2018/07/q2smicgzscng.jpg', NULL, NULL, NULL, NULL, NULL, NULL, NULL),
(120, 159, 1, 'جامعه الملك خالد', '3.13', 2013, 'بكالورس', 'التاريخ', 'files/hr/2018/07/ntjsson7cylj.png', NULL, NULL, NULL, NULL, NULL, NULL, NULL),
(121, 160, 1, 'جامعة الملك خالد كلية العلوم ', '2.82', 2015, 'بكالوريوس', 'كيمياء', 'files/hr/2018/07/kxklzmczk920v1axngya1sqf.jpeg', NULL, NULL, NULL, NULL, NULL, NULL, NULL),
(122, 161, 1, 'جامعة الملك خالد كلية التربية', '4.71', 2018, 'بكالوريوس', 'رياض أطفال', 'files/hr/2018/07/iknsafe8ktv7n6xjg2e.jpg', NULL, NULL, NULL, NULL, NULL, NULL, NULL),
(123, 162, 1, 'جامعة الملك خالد كلية التربية', '4.56', 2018, 'بكالوريوس', 'وياض أطفال', NULL, NULL, NULL, NULL, NULL, NULL, NULL, NULL),
(124, 163, 1, 'كلية التربية \\جامعة الملك خالد', '3.95', 2018, 'بكالوريوس ', 'تعليم ابتدائي (علوم )', 'files/hr/2018/07/mugywyumbpwniy5kukn4q7luhbjr.pdf', NULL, NULL, NULL, NULL, NULL, NULL, NULL),
(125, 164, 1, 'جامعه الملك خالد ', '4.47', 2018, 'البكالوريوس ', 'علم نفس ', 'files/hr/2018/07/lftxncdjrwooblwe9t.jpg', NULL, NULL, NULL, NULL, NULL, NULL, NULL),
(126, 166, 1, 'جامعة الملك خالد', '3.77', 2015, 'بكالوريوس ', 'لغات وترجمه- لغة انجليزيه', 'files/hr/2018/07/90oe1dlhsscpheokmsvsr4kou9.jpg', NULL, NULL, NULL, NULL, NULL, NULL, NULL),
(127, 167, 1, 'كلية التربية', '4.84', 2018, 'بكالوريوس تربوي ', 'علم النفس ', NULL, NULL, NULL, NULL, NULL, NULL, NULL, NULL),
(128, 168, 1, 'جامعة الملك خالد', '3.66', 2018, 'بكالوريس ', 'اللغة الانجليزي', 'files/hr/2018/07/fxdxw0erq4cxyttod29vznaq.pdf', NULL, NULL, NULL, NULL, NULL, NULL, NULL),
(129, 169, 1, 'كلية التربيه للبنات بأبها', '٧١،١٧', 2001, '', 'تاريخ وحضارة', NULL, NULL, NULL, NULL, NULL, NULL, NULL, NULL),
(130, 170, 1, 'جامعة جازان، كلية الآداب والعلوم الإنسانية', '3.61', 2017, 'بكالريوس', 'اللغة العربية وآدابها', 'files/hr/2018/07/o2nfj5hfebg1xyp2orzifxrgtpc.pdf', NULL, NULL, NULL, NULL, NULL, NULL, NULL),
(131, 173, 1, 'جامعة الملك خالد ', '3.23', 2014, 'بكالوريس', 'كيمياء ', NULL, NULL, NULL, NULL, NULL, NULL, NULL, NULL),
(132, 174, 1, 'جامعة الملك خالد ', '3.99', 2016, 'بكالوريوس', 'إدارة أعمال', 'files/hr/2018/07/jw9xq2tpz5klor89cb84jutd.pdf', NULL, NULL, NULL, NULL, NULL, NULL, NULL),
(133, 175, 1, 'كلية التربية للبنات ', '29 . 80', 2006, '100', 'دراسات اسلاميه ', 'files/hr/2018/07/aho54b3z7ygafg2zlhbsy0gmq.jpg', NULL, NULL, NULL, NULL, NULL, NULL, NULL),
(134, 176, 1, 'كلية التربية للبنات بابها', '78.55', 2006, 'البكالوريوس', 'الكيمياء', 'files/hr/2018/07/gly9ui90oikeldrpkl.pdf', NULL, NULL, NULL, NULL, NULL, NULL, NULL),
(135, 177, 1, 'كليه العلوم والاداب بمحايل عسير', '3.16', 2018, 'بكالوريوس انتظام', 'لغه عربيه', 'files/hr/2018/07/hdzcpkyxmzqbxoxsyoxq36q8.jpeg', NULL, NULL, NULL, NULL, NULL, NULL, NULL),
(136, 178, 1, 'كليه العلوم والاداب بمحايل عسير', '2.98', 2018, 'بكالوريوس انتظام', 'لغه انجليزيه', 'files/hr/2018/07/2wsu7ornn2b3dlhkgypeps3c745ue.jpeg', NULL, NULL, NULL, NULL, NULL, NULL, NULL),
(137, 179, 1, 'كلية التربيه للبنات بأبها', '٧١،١٧', 2001, 'بكالوريوس', 'تاريخ وحضاره', 'files/hr/2018/07/z0xe7fxyp1lfht19uuqxb3gdl3dt.jpg', NULL, NULL, NULL, NULL, NULL, NULL, NULL),
(138, 180, 1, 'جامعة جازان، كلية الآداب والعلوم الإنسانية', '3.61', 2017, 'بكالريوس', 'اللغة العربية وآدابها', 'files/hr/2018/07/vkiig8gi19rgwy9akkzqu7.pdf', NULL, NULL, NULL, NULL, NULL, NULL, NULL),
(139, 181, 1, 'جامعة الملك خالد', '3.27', 2018, 'بكالوريس ( تربوي )', 'الشريعة وأصول الدين', 'files/hr/2018/07/i7xsedoklzj1vk8aahbr5lcomt.pdf', NULL, NULL, NULL, NULL, NULL, NULL, NULL),
(140, 182, 1, 'جامعة الملك خالد', '4.02', 2017, 'بكالوريوس', 'تربية خاصة - إعاقة بصرية', 'files/hr/2018/07/qjlvvh6dd6vvpmurpfphylcywkp8.jpeg', NULL, NULL, NULL, NULL, NULL, NULL, NULL),
(141, 183, 1, 'جامعة الملك خالد', '4.02', 2017, 'بكالوريوس', 'تربية خاصة - إعاقة بصرية', 'files/hr/2018/07/mmvdistnvwd4tpnmaruv9.jpeg', NULL, NULL, NULL, NULL, NULL, NULL, NULL),
(142, 184, 1, 'جامعة الملك خالد', '4.02', 2017, 'بكالوريوس', 'تربية خاصة - إعاقة بصرية', 'files/hr/2018/07/yuodaug3j2mdk968.jpeg', NULL, NULL, NULL, NULL, NULL, NULL, NULL),
(143, 185, 1, 'جامعة الملك خالد', '4.02', 2017, 'بكالوريوس', 'تربية خاصة - إعاقة بصرية', NULL, NULL, NULL, NULL, NULL, NULL, NULL, NULL),
(144, 186, 1, 'جامعة الملك خالد', '4.02', 2017, 'بكالوريوس', 'تربية خاصة - إعاقة بصرية', 'files/hr/2018/07/y4o0zpjccb9.jpeg', NULL, NULL, NULL, NULL, NULL, NULL, NULL),
(145, 187, 1, 'جامعة الملك خالد', '4.02', 2017, 'بكالوريوس', 'تربية خاصة - إعاقة بصرية', 'files/hr/2018/07/furaejgud8vzx9.jpeg', NULL, NULL, NULL, NULL, NULL, NULL, NULL),
(146, 188, 1, 'جامعة الملك خالد', '4.02', 2017, 'بكالوريوس', 'تربية خاصة - إعاقة بصرية', 'files/hr/2018/07/mmyazispgctjxr4gib745qrrn4so.jpg', NULL, NULL, NULL, NULL, NULL, NULL, NULL),
(147, 189, 1, 'جامعه الملك خالد', '4,89 من 5', 2017, 'دبلوم عالي تربوي', 'تربوي ', 'files/hr/2018/07/h0krixhtjocq8xo17a5g6eryyixm.jpeg', NULL, NULL, NULL, NULL, NULL, NULL, NULL),
(148, 189, 1, 'جامعه الملك خالد', '٣.٤١ من ٥', 2014, 'بكالوريس', 'كيمياء', 'files/hr/2018/07/xhjtbvwhooi2beid5xvk.jpeg', NULL, NULL, NULL, NULL, NULL, NULL, NULL),
(149, 190, 1, 'جامعه الملك خالد', '4,89 من 5', 2017, 'دبلوم عالي تربوي', 'تربوي ', 'files/hr/2018/07/gjtwgk4imzivs8ial.jpeg', NULL, NULL, NULL, NULL, NULL, NULL, NULL),
(150, 190, 1, 'جامعه الملك خالد', '٣.٤١ من ٥', 2014, 'بكالوريس', 'كيمياء', 'files/hr/2018/07/4oa7m8cf0h.jpeg', NULL, NULL, NULL, NULL, NULL, NULL, NULL),
(151, 191, 1, 'جامعه الملك خالد', '4,89 من 5', 2017, 'دبلوم عالي تربوي', 'تربوي ', 'files/hr/2018/07/huzzae3yt0patxeovmh50cpm.jpeg', NULL, NULL, NULL, NULL, NULL, NULL, NULL),
(152, 191, 1, 'جامعه الملك خالد', '٣.٤١ من ٥', 2014, 'بكالوريس', 'كيمياء', 'files/hr/2018/07/cnhcbnqyck2bvyfzzheep.jpeg', NULL, NULL, NULL, NULL, NULL, NULL, NULL),
(153, 192, 1, 'جامعه الملك خالد', '4,89 من 5', 2017, 'دبلوم عالي تربوي', 'تربوي ', 'files/hr/2018/07/a6hl6elc5r.jpeg', NULL, NULL, NULL, NULL, NULL, NULL, NULL),
(154, 192, 1, 'جامعه الملك خالد', '٣.٤١ من ٥', 2014, 'بكالوريس', 'كيمياء', 'files/hr/2018/07/fm16wiqkooc4mnatbb.jpeg', NULL, NULL, NULL, NULL, NULL, NULL, NULL),
(155, 193, 1, 'جامعه الملك خالد', '4,89 من 5', 2017, 'دبلوم عالي تربوي', 'تربوي ', 'files/hr/2018/07/wpezsnlm1xyvjbflqoka8b.jpeg', NULL, NULL, NULL, NULL, NULL, NULL, NULL),
(156, 193, 1, 'جامعه الملك خالد', '٣.٤١ من ٥', 2014, 'بكالوريس', 'كيمياء', 'files/hr/2018/07/p25e9ualqumvrsv4.jpeg', NULL, NULL, NULL, NULL, NULL, NULL, NULL),
(157, 194, 1, 'كليه التربيه', '٣.٥٧', 2017, 'بكالوريسً تربوي ', 'علم النفس التربوي ', NULL, NULL, NULL, NULL, NULL, NULL, NULL, NULL),
(158, 195, 1, 'كليه التربيه جامعة خالد ', '٣،٥٧', 2017, 'بكالوريس تربوي ', 'علم نفس تربوي ', NULL, NULL, NULL, NULL, NULL, NULL, NULL, NULL),
(159, 196, 1, 'كليه التربيه جامعة خالد ', '٣،٥٧', 2017, 'بكالوريس تربوي ', 'علم نفس تربوي ', NULL, NULL, NULL, NULL, NULL, NULL, NULL, NULL),
(160, 197, 1, 'جامعة الملك خالد', '3.05', 2016, 'بكالوريوس', 'لغة عربية', 'files/hr/2018/07/njylhe0pc9lwackd7nsjbl6tfnif.pdf', NULL, NULL, NULL, NULL, NULL, NULL, NULL),
(161, 198, 1, 'كليه العلوم والآداب', '2.69', 2017, 'بكالوريوس انتظام', 'لغه عربيه', 'files/hr/2018/07/lya9dsmdsf5bsq.jpeg', NULL, NULL, NULL, NULL, NULL, NULL, NULL),
(162, 199, 1, 'كليه التربيه ', '3,1', 2018, 'بكالوريوس ', 'رياض اطفال ', NULL, NULL, NULL, NULL, NULL, NULL, NULL, NULL),
(163, 200, 1, 'كليه التربيه ', '3,1', 2018, 'بكالوريوس ', 'رياض اطفال ', NULL, NULL, NULL, NULL, NULL, NULL, NULL, NULL),
(164, 201, 1, 'كليه التربيه ', '3,1', 2018, 'بكالوريوس ', 'رياض اطفال ', NULL, NULL, NULL, NULL, NULL, NULL, NULL, NULL),
(165, 202, 1, 'كليه التربيه ', '3,1', 2018, 'بكالوريوس ', 'رياض اطفال ', NULL, NULL, NULL, NULL, NULL, NULL, NULL, NULL),
(166, 203, 1, 'كلية العلوم', '4:48', 2015, 'بكالوريوس', 'الكيمياء', 'files/hr/2018/07/el6jb8mbxdf.pdf', NULL, NULL, NULL, NULL, NULL, NULL, NULL),
(167, 203, 1, 'كلية التربية', '4:96', 2017, 'دبلوم تربوي عالي', 'العلوم', 'files/hr/2018/07/uyxtkmvqu3pszz.pdf', NULL, NULL, NULL, NULL, NULL, NULL, NULL),
(168, 204, 1, 'جامعة نجران ', '4.57 ', 2018, 'بكالوريوس ', 'لغة انجليزية تربية', 'files/hr/2018/07/h82cqieiajxxy1mvkvqrmb2zh.jpg', NULL, NULL, NULL, NULL, NULL, NULL, NULL),
(169, 205, 1, 'جامعة الملك خالد ', '4.46', 2017, 'بكالوريس ', 'اللغة الانجليزية ', 'files/hr/2018/07/1iizeb2wclralhuuakbmgpxhdyfzh.jpeg', NULL, NULL, NULL, NULL, NULL, NULL, NULL),
(170, 205, 1, 'جامعة الملك خالد ', '4.77', 2018, 'دبلوم عالي ', 'دبلوم ', 'files/hr/2018/07/42ehgwwcqn.jpeg', NULL, NULL, NULL, NULL, NULL, NULL, NULL),
(171, 206, 1, 'جامعة الملك خالد ', '4.46', 2017, 'بكالوريس ', 'اللغة الانجليزية ', 'files/hr/2018/07/qit6c4cktbezwwnvxxrbnegl2i843m.jpeg', NULL, NULL, NULL, NULL, NULL, NULL, NULL),
(172, 206, 1, 'جامعة الملك خالد ', '4.77', 2018, 'دبلوم عالي ', 'دبلوم ', 'files/hr/2018/07/put8rtues6kgkoo.jpeg', NULL, NULL, NULL, NULL, NULL, NULL, NULL),
(173, 207, 1, 'جامعة الملك خالد ', '4.46', 2017, 'بكالوريس ', 'اللغة الانجليزية ', 'files/hr/2018/07/lnsa3q9pnrz4ypdo0.jpeg', NULL, NULL, NULL, NULL, NULL, NULL, NULL),
(174, 207, 1, 'جامعة الملك خالد ', '4.77', 2018, 'دبلوم عالي ', 'دبلوم ', 'files/hr/2018/07/78mny6chmdldoavmlarwz.jpeg', NULL, NULL, NULL, NULL, NULL, NULL, NULL),
(175, 208, 1, 'جامعة الملك خالد ', '4.46', 2017, 'بكالوريس ', 'اللغة الانجليزية ', 'files/hr/2018/07/2k7vxlifbmicobzc.jpeg', NULL, NULL, NULL, NULL, NULL, NULL, NULL),
(176, 208, 1, 'جامعة الملك خالد ', '4.77', 2018, 'دبلوم عالي ', 'دبلوم تربوي ', 'files/hr/2018/07/yjmiysbprkm8wxutzn4gdhhygadx.jpeg', NULL, NULL, NULL, NULL, NULL, NULL, NULL),
(177, 209, 1, 'جامعة الملك خالد', '4.46', 2017, 'بكالوريس ', 'اللغة الانجليزية ', 'files/hr/2018/07/e9feaysyn7fj.jpeg', NULL, NULL, NULL, NULL, NULL, NULL, NULL),
(178, 209, 1, 'جامعة الملك خالد ', '4.77', 2017, 'دبلوم عالي ', 'دبلوم تربوي', 'files/hr/2018/07/zzhyom19nvwl1scbczf.jpeg', NULL, NULL, NULL, NULL, NULL, NULL, NULL),
(179, 210, 1, 'جامعة الملك خالد', '4.46', 2017, 'بكالوريس ', 'اللغة الانجليزية ', 'files/hr/2018/07/wztwkwctgtd05pkx.jpeg', NULL, NULL, NULL, NULL, NULL, NULL, NULL),
(180, 210, 1, 'جامعة الملك خالد ', '4.77', 2017, 'دبلوم عالي ', 'دبلوم تربوي', 'files/hr/2018/07/9acflvtr5bivwvbcutq09qperusp.jpeg', NULL, NULL, NULL, NULL, NULL, NULL, NULL),
(181, 212, 1, 'جامعة الملك هالد', '3.90', 2017, 'بكالوريوس', 'إدارة الأعمال', 'files/hr/2018/07/0kt5c2ee9deklvj1jii3hoio3lxx.JPG', NULL, NULL, NULL, NULL, NULL, NULL, NULL),
(182, 213, 1, 'جامعة الملك خالد', '٤.٠٦', 2018, 'بكالوريس', 'نظم معلومات', NULL, NULL, NULL, NULL, NULL, NULL, NULL, NULL),
(183, 214, 1, 'جامعة الملك خالد ', '3,41', 2013, 'بكالوريوس تربوي', 'رياضيات ', 'files/hr/2018/07/dv79mamagbjdjuty.jpg', NULL, NULL, NULL, NULL, NULL, NULL, NULL),
(184, 215, 1, 'كلية العلوم و الآداب', '3.54', 2018, 'بكالوريوس جامعي', 'علوم حاسب آلي', 'files/hr/2018/07/unlglucnck2.jpeg', NULL, NULL, NULL, NULL, NULL, NULL, NULL),
(185, 216, 65, 'كلية التربية الرياضية جامعة كفرالشيخ', '72.5', 2012, 'بكالوريوس', 'تدريس التربية الرياضية ', 'files/hr/2018/07/csc5mdyif9slurhe038yhk4mse.jpeg', NULL, NULL, NULL, NULL, NULL, NULL, NULL),
(186, 217, 65, 'كلية التربية الرياضية جامعة كفر الشيخ ', '72.5', 2012, 'بكالوريوس تربية رياضية ', 'تدريسالتربية الرياضية ', 'files/hr/2018/07/uw2qszaruz4mfnnhhvnauynpixwl.jpeg', NULL, NULL, NULL, NULL, NULL, NULL, NULL),
(187, 218, 65, 'كلية التربية الرياضية جامعة كفر الشيخ ', '72.5', 2012, 'بكالوريوس تربية رياضية ', 'تدريسالتربية الرياضية ', 'files/hr/2018/07/vyd8hiail3fkdsbadyb270lxgekyt.jpeg', NULL, NULL, NULL, NULL, NULL, NULL, NULL),
(188, 219, 65, 'كلية التربية الرياضية جامعة كفر الشيخ ', '72.5', 2012, 'بكالوريوس تربية رياضية ', 'تدريسالتربية الرياضية ', 'files/hr/2018/07/mmhvgfk6egubpvewby0wcxgro5j.jpeg', NULL, NULL, NULL, NULL, NULL, NULL, NULL),
(189, 220, 65, 'كلية التربية الرياضية جامعة كفر الشيخ ', '72.5', 2012, 'بكالوريوس تربية رياضية ', 'تدريسالتربية الرياضية ', 'files/hr/2018/07/jrkv9n8rrqtvbsmgpfnv2vqjab.jpeg', NULL, NULL, NULL, NULL, NULL, NULL, NULL),
(190, 221, 65, 'كلية التربية الرياضية جامعة كفر الشيخ ', '72.5', 2012, 'بكالوريوس تربية رياضية ', 'تدريسالتربية الرياضية ', 'files/hr/2018/07/yt0rwpwg2f3i6zihj3h224q0llk.jpeg', NULL, NULL, NULL, NULL, NULL, NULL, NULL),
(191, 222, 1, 'جامعة الملك خالد كلية العلوم', '3.06', 2016, 'بكالوريوس ', 'كيمياء', NULL, NULL, NULL, NULL, NULL, NULL, NULL, NULL),
(192, 223, 1, 'كلية العلوم والاداب', '3.07', 2015, 'بكالوريوس', 'رياضيات', 'files/hr/2018/07/m8ydalos7663dr9zy7w3r6s6qzvi.jpg', NULL, NULL, NULL, NULL, NULL, NULL, NULL),
(193, 224, 1, 'كلية العلوم الانسانية ', '3.46', 2018, 'بكالوريوس', 'اللغة العربية', NULL, NULL, NULL, NULL, NULL, NULL, NULL, NULL),
(194, 225, 1, 'جامعه الملك خال', '3:50', 2013, 'بكالوريس', 'فيزياء', 'files/hr/2018/08/nogyd9hnxzhq1e.jpeg', NULL, NULL, NULL, NULL, NULL, NULL, NULL),
(195, 226, 1, 'كلية العلوم والأداب', '3,55', 2015, 'بكالوريس', 'دراسات اسلاميه ', NULL, NULL, NULL, NULL, NULL, NULL, NULL, NULL),
(196, 227, 1, 'كلية المجتمع', '2.51', 2017, 'دبلوم', 'ادارة أعمال', 'files/hr/2018/08/eq816ck8qwzureh7q.jpg', NULL, NULL, NULL, NULL, NULL, NULL, NULL),
(197, 228, 1, 'كلية العلوم والأداب', '3,55', 2015, 'بكالوريس', 'دراسات اسلاميه ', NULL, NULL, NULL, NULL, NULL, NULL, NULL, NULL),
(198, 229, 1, 'كلية العلوم والأداب', '3,55', 2015, 'بكالوريس', 'دراسات اسلاميه ', NULL, NULL, NULL, NULL, NULL, NULL, NULL, NULL),
(199, 230, 1, 'جامعة الملك خالد ', '3،64', 2018, 'باكالوريوس', 'شريعة', 'files/hr/2018/08/xms7nbepq1rpmu7cnmvjk.pdf', NULL, NULL, NULL, NULL, NULL, NULL, NULL),
(200, 231, 1, 'جامعة الملك خالد', '3.36', 2018, 'بكالوريوس', 'جغرافيا', 'files/hr/2018/08/kspckilicik6a4epnn.pdf', NULL, NULL, NULL, NULL, NULL, NULL, NULL),
(201, 232, 1, 'كلية ابن رشد', '3.36', 2018, 'بكالوريوس', 'ادارة أعمال', 'files/hr/2018/08/mf6asladdo.jpg', NULL, NULL, NULL, NULL, NULL, NULL, NULL),
(202, 233, 1, 'جامعة الملك خالد', '2.86', 2015, 'بكالوريوس تربوي ', 'كيمياء ', 'files/hr/2018/08/v0qni3wrsdnmz4t4dt.jpeg', NULL, NULL, NULL, NULL, NULL, NULL, NULL),
(203, 234, 1, 'كلية التربية ببلقرن', '76.41', 2009, 'بكالوريوس', 'رياضيات', 'files/hr/2018/08/h3xjdz9582uxq.pdf', NULL, NULL, NULL, NULL, NULL, NULL, NULL),
(204, 234, 1, 'جامعة الملك خالد', '4.62', 2014, 'ماجستير', 'مناهج وطرق تدريس عامة', 'files/hr/2018/08/9aahrx2utmm164spc8i.pdf', NULL, NULL, NULL, NULL, NULL, NULL, NULL),
(205, 235, 1, 'جامعة الملك خالد كلية التربية', '3.13', 2017, 'بكالوريوس', 'التعليم الابتدائي الرياضيات', 'files/hr/2018/08/jpxtpneakartwgwn2px0y8j7o.jpg', NULL, NULL, NULL, NULL, NULL, NULL, NULL),
(206, 236, 1, 'جامعة الملك عبدالعزيز ', '3.77', 2016, 'بكالوريوس', 'الشريعة والدراسات الاسلامية', 'files/hr/2018/08/gh8fqks5r3opjnpopwrl.jpg', NULL, NULL, NULL, NULL, NULL, NULL, NULL),
(207, 237, 1, 'كلية التربية بابها', '83.11%', 2007, 'بكالوريوس', 'جغرافيا ', NULL, NULL, NULL, NULL, NULL, NULL, NULL, NULL),
(208, 238, 1, 'كلية التربية للمعلمات', '88.68', 2007, 'درجة البكالوريوس في العلوم والتربية', 'فيزياء', 'files/hr/2018/08/luiyj4mefcfn.jpeg', NULL, NULL, NULL, NULL, NULL, NULL, NULL),
(209, 239, 1, 'جامعة الملك خالد', '3.11', 2018, 'بكالوريوس', 'شريعة واصول الدين', NULL, NULL, NULL, NULL, NULL, NULL, NULL, NULL),
(210, 240, 1, 'جامعة الملك خالد ', '3.46', 2016, 'بكالوريوس', 'دراسات اسلاميه ', 'files/hr/2018/08/hgvq6gbgn4wdqzqfzlnl.jpeg', NULL, NULL, NULL, NULL, NULL, NULL, NULL),
(211, 241, 1, 'جامعة الملك خالد ', '3.46', 2016, 'بكالوريوس', 'دراسات اسلاميه ', 'files/hr/2018/08/oi5ds662ls1z8fp.jpeg', NULL, NULL, NULL, NULL, NULL, NULL, NULL),
(212, 242, 1, 'جامعة الملك خالد ', '3.46', 2016, 'بكالوريوس', 'دراسات اسلاميه ', 'files/hr/2018/08/udwui2iuzwuxtde6q8p.jpeg', NULL, NULL, NULL, NULL, NULL, NULL, NULL),
(213, 243, 1, 'جامعة الملك خالد ', '3.46', 2016, 'بكالوريوس', 'دراسات اسلاميه ', 'files/hr/2018/08/spu5ogspxdezbjiqwtni.jpeg', NULL, NULL, NULL, NULL, NULL, NULL, NULL),
(214, 244, 1, 'جامعة الملك خالد ', '3.46', 2016, 'بكالوريوس', 'دراسات اسلاميه ', 'files/hr/2018/08/sc1zyqha66j1oni9ebtjq57q7mhdx.jpeg', NULL, NULL, NULL, NULL, NULL, NULL, NULL),
(215, 245, 1, 'جامعة الملك خالد ', '3.46', 2016, 'بكالوريوس', 'دراسات اسلاميه ', 'files/hr/2018/08/j1nlhadsjwi1d25aungl9eu0vwiz.jpeg', NULL, NULL, NULL, NULL, NULL, NULL, NULL),
(216, 246, 1, 'جامعة الملك خالد ', '3.46', 2016, 'بكالوريوس', 'دراسات اسلاميه ', 'files/hr/2018/08/shv8r7xl6cw6dy3sruhaeblkuit.jpeg', NULL, NULL, NULL, NULL, NULL, NULL, NULL),
(217, 247, 1, 'جامعة الملك خالد ', '3.46', 2016, 'بكالوريوس', 'دراسات اسلاميه ', 'files/hr/2018/08/ee5qorucxfs.jpeg', NULL, NULL, NULL, NULL, NULL, NULL, NULL),
(218, 248, 1, 'جامعة الملك خالد ', '3.46', 2016, 'بكالوريوس', 'دراسات اسلاميه ', 'files/hr/2018/08/6wtvmfq7gp4ucvtq.jpeg', NULL, NULL, NULL, NULL, NULL, NULL, NULL),
(219, 249, 1, 'جامعة بيشة /كلية العلوم والاداب ', '4,71', 2015, 'بكالريوس', 'رياضيات', 'files/hr/2018/08/sy2j9mco1y5ca3mnzyt0ory.jpeg', NULL, NULL, NULL, NULL, NULL, NULL, NULL),
(220, 250, 1, 'جامعة الملك خالد ', '3.46', 2016, 'بكالوريوس', 'دراسات اسلاميه ', 'files/hr/2018/08/ynzxmmyzbi7uggxmua3m.jpeg', NULL, NULL, NULL, NULL, NULL, NULL, NULL),
(221, 251, 1, 'جامعة الملك خالد ', '3.46', 2016, 'بكالوريوس', 'دراسات اسلاميه ', 'files/hr/2018/08/tqghvlijozqcwurf5go2q.jpeg', NULL, NULL, NULL, NULL, NULL, NULL, NULL),
(222, 252, 1, 'كلية العلوم ', '4.04', 2018, 'بكالوريوس ', 'احياء ', 'files/hr/2018/08/ozhhexv9lphd6ulk5jvg2ffykjj.pdf', NULL, NULL, NULL, NULL, NULL, NULL, NULL),
(223, 253, 1, 'جامعة الملك خالد ', '3.46', 2016, 'بكالوريوس', 'دراسات إسلاميه', 'files/hr/2018/08/z6xvi6qk1hb2r7bxnnkrobd.jpeg', NULL, NULL, NULL, NULL, NULL, NULL, NULL),
(224, 255, 1, 'جامعة الملك خالد ', '3.46', 2018, 'بكالوريوس ', 'دراسات اسلاميه', 'files/hr/2018/08/gjw0sjxfv37cgq3njf5qq9p.jpeg', NULL, NULL, NULL, NULL, NULL, NULL, NULL),
(225, 256, 1, 'جامعة الملك خالد ', '3.46', 2018, 'بكالوريوس ', 'دراسات اسلاميه', 'files/hr/2018/08/2bug7qcp9zcpgias5rrmtbxickbfed.jpeg', NULL, NULL, NULL, NULL, NULL, NULL, NULL),
(226, 257, 1, 'جامعة الملك خالد ', '3.46', 2018, 'بكالوريوس ', 'دراسات اسلاميه', 'files/hr/2018/08/mi7v7vusajdsszuvurcn8c8gj4.jpeg', NULL, NULL, NULL, NULL, NULL, NULL, NULL),
(227, 258, 1, 'جامعة الملك خالد ', '3.46', 2018, 'بكالوريوس ', 'دراسات اسلاميه', 'files/hr/2018/08/hcwssazcfwynawxz35uvkqle.jpeg', NULL, NULL, NULL, NULL, NULL, NULL, NULL),
(228, 259, 1, 'جامعة الملك خالد ', '3.46', 2018, 'بكالوريوس ', 'دراسات اسلاميه', 'files/hr/2018/08/4uicxbw59zsx56mi6.jpeg', NULL, NULL, NULL, NULL, NULL, NULL, NULL),
(229, 260, 1, 'جامعة الملك خالد ', '3.46', 2018, 'بكالوريوس ', 'دراسات اسلاميه', 'files/hr/2018/08/o5h0gtze7fotnjhs5.jpeg', NULL, NULL, NULL, NULL, NULL, NULL, NULL),
(230, 261, 1, 'جامعة الملك خالد ', '3.46', 2018, 'بكالوريوس ', 'دراسات اسلاميه', 'files/hr/2018/08/ikncgnqfdas7wnkixyoyq09vms3j7.jpeg', NULL, NULL, NULL, NULL, NULL, NULL, NULL),
(231, 262, 1, 'جامعة الملك خالد ', '3.46', 2018, 'بكالوريوس ', 'دراسات اسلاميه', NULL, NULL, NULL, NULL, NULL, NULL, NULL, NULL),
(232, 263, 1, 'جامعة الملك خالد ', '3.46', 2018, 'بكالوريوس ', 'دراسات اسلاميه', 'files/hr/2018/08/zly4kop2fhmvbfopswlqobenskn7xz.jpeg', NULL, NULL, NULL, NULL, NULL, NULL, NULL),
(233, 264, 1, 'جامعة الملك خالد ', '3.46', 2018, 'بكالوريوس ', 'دراسات اسلاميه', 'files/hr/2018/08/sfflgkmiehl0ph.jpeg', NULL, NULL, NULL, NULL, NULL, NULL, NULL),
(234, 265, 1, 'جامعة الملك خالد للدراسات العليا ', '3.76', 2016, 'ماجستير', 'تاريخ', 'files/hr/2018/08/h4mwwbbfqmxwl9o6lacb.jpg', NULL, NULL, NULL, NULL, NULL, NULL, NULL),
(235, 266, 1, 'جامعة الملك خالد', '4.21', 2016, 'بكالوريوس', 'شريعة', 'files/hr/2018/08/y267a7kwk5mriek.jpeg', NULL, NULL, NULL, NULL, NULL, NULL, NULL),
(236, 267, 1, 'جامعة الملك خالد', '3.57', 2018, 'بكالوريوس', 'فيزياء', 'files/hr/2018/08/bxpxqxe5tpixy.pdf', NULL, NULL, NULL, NULL, NULL, NULL, NULL),
(237, 268, 1, 'كلية اللغات والترجمة', '٣ من ٥', 2018, 'بكالوريس', 'لغة انجليزية', 'files/hr/2018/08/yzkgsvhlfd77asgi.JPG', NULL, NULL, NULL, NULL, NULL, NULL, NULL),
(238, 269, 1, 'جامعة الملك خالد', '3 من اصل 5', 2002, 'دبلوم', 'علوم إدارية تطبيقية ( إدارة مكتبية )', 'files/hr/2018/08/dhrymoemvvxmif5.pdf', NULL, NULL, NULL, NULL, NULL, NULL, NULL),
(239, 270, 1, 'التربية الادبية للبنات بأبها', '3.9', 2014, 'بكالوريس ', 'لغة عربية', NULL, NULL, NULL, NULL, NULL, NULL, NULL, NULL),
(240, 271, 1, 'كلية الآداب والعلوم - جامعة الأمير سطام بن عبدالعزيز', '4.29', 2016, 'بكالريوس', 'علوم حاسب', 'files/hr/2018/08/pfi59i1umjm5k.pdf', NULL, NULL, NULL, NULL, NULL, NULL, NULL),
(241, 271, 1, 'كلية التربية - جامعة الأمير سطام بن عبدالعزيز', '4.52', 2018, 'الدبلوم العام في التربية', 'تربوي', 'files/hr/2018/08/z2vha200zgnfpg9mydzf8hevv.pdf', NULL, NULL, NULL, NULL, NULL, NULL, NULL),
(242, 272, 1, 'كلية العلوم الادارية والمالية-جامعةالملك خالد', '4.84', 2017, 'بكالوريوس', 'إدارةاعمال /الأعمال', 'files/hr/2018/08/esgm3snohztu8bveq4hhyrbxn9.pdf', NULL, NULL, NULL, NULL, NULL, NULL, NULL),
(243, 273, 247, 'جامعة صنعاء- كلية التر بية', 'جيد جدًا', 2004, 'بكالوريوس', 'كيمياء', 'files/hr/2018/08/f1a4g2xoqycugzbmlxfedkt59gzbk.pdf', NULL, NULL, NULL, NULL, NULL, NULL, NULL),
(244, 273, 247, 'جامعة صنعاء- كلية التربية', 'ممتاز', 2012, 'ماجستير', 'مناهج وطرق تدريس العلوم', 'files/hr/2018/08/27tm0xhan7i.pdf', NULL, NULL, NULL, NULL, NULL, NULL, NULL),
(245, 273, 65, 'جامعة المنصورة - كلية التربية', 'ممتاز', 2016, 'دكتوراه', 'مناهج وطرق تدريس العلوم', 'files/hr/2018/08/tmavdhhydtbwrevwfnf3yk.pdf', NULL, NULL, NULL, NULL, NULL, NULL, NULL),
(246, 274, 1, 'جامعة بيشة للعلوم والآداب بالنماص', '4.57', 2016, 'بكالوريوس تربوي مع مرتبة الشرف الثانية', 'اللغة العربية', 'files/hr/2018/08/uixxr1pcrimt.jpeg', NULL, NULL, NULL, NULL, NULL, NULL, NULL),
(247, 274, 1, 'جامعة بيشة للعلوم والآداب بالنماص', '4.76', 2017, 'دبلوم العام في التربية', '', 'files/hr/2018/08/88kecawzx3yjpdua.jpeg', NULL, NULL, NULL, NULL, NULL, NULL, NULL),
(248, 275, 1, 'جامعه الملك خالد بأبها', '3.23', 2018, 'بكالوريوس', 'لغه عربيه ', 'files/hr/2018/08/ijyeu1xb2g.jpeg', NULL, NULL, NULL, NULL, NULL, NULL, NULL),
(249, 276, 1, 'جامعه الملك خالد بأبها', '3.23', 2018, 'بكالوريوس', 'لغه عربيه ', 'files/hr/2018/08/hth7wawaovdukmmp7huzjq.jpeg', NULL, NULL, NULL, NULL, NULL, NULL, NULL),
(250, 277, 1, 'جامعة الملك خالد', '3.61 من 5', 2018, 'جيد', 'اصول دين', 'files/hr/2018/08/o84ezci1tbz6dyzfnwaok1fk.pdf', NULL, NULL, NULL, NULL, NULL, NULL, NULL),
(251, 278, 1, 'كلية التربيه جامعة الملك خالد', '3.55', 2018, 'باكلوريوس', 'رياض اطفال ', NULL, NULL, NULL, NULL, NULL, NULL, NULL, NULL),
(252, 279, 1, 'كلية التربيه جامعة الملك خالد', '3.55', 2018, 'باكلوريوس', 'رياض اطفال ', NULL, NULL, NULL, NULL, NULL, NULL, NULL, NULL),
(253, 280, 1, 'كلية التربيه جامعة الملك خالد', '3.55', 2018, 'باكلوريوس', 'رياض اطفال ', NULL, NULL, NULL, NULL, NULL, NULL, NULL, NULL),
(254, 281, 1, 'جامعة الملك خالد-كلية اللغات والترجمة ', '3.60 من 5', 2018, 'بكالوريوس', 'اللغة الانجليزية ', 'files/hr/2018/08/e9deiaedovqlxw395amvqwtlixg8e2.jpeg', NULL, NULL, NULL, NULL, NULL, NULL, NULL),
(255, 282, 1, 'جامعة الملك خالد-كلية اللغات والترجمة ', '3.60 من 5', 2018, 'بكالوريوس', 'اللغة الانجليزية ', 'files/hr/2018/08/qtxmy7iwgrbdk.jpeg', NULL, NULL, NULL, NULL, NULL, NULL, NULL),
(256, 283, 1, 'جامعة الملك خالد-كلية اللغات والترجمة ', '3.60 من 5', 2018, 'بكالوريوس', 'اللغة الانجليزية ', 'files/hr/2018/08/wd6pscaxjw.jpeg', NULL, NULL, NULL, NULL, NULL, NULL, NULL),
(257, 284, 1, 'جامعة الملك خالد-كلية اللغات والترجمة ', '3.60 من 5', 2018, 'بكالوريوس', 'اللغة الانجليزية ', 'files/hr/2018/08/6adhj4h0xmr43xc7njhjs7.jpeg', NULL, NULL, NULL, NULL, NULL, NULL, NULL),
(258, 285, 1, 'جامعة الملك خالد-كلية اللغات والترجمة ', '3.60', 2018, 'بكالوريوس ', 'اللغة الانجليزية ', 'files/hr/2018/08/vchnhqi2kqhgvld2ecgoq64dwlfz0c.jpeg', NULL, NULL, NULL, NULL, NULL, NULL, NULL),
(259, 286, 1, 'جامعة الملك خالد-كلية اللغات والترجمة ', '3.60', 2018, 'بكالوريوس ', 'اللغة الانجليزية ', 'files/hr/2018/08/8jewzmvwuj5.jpeg', NULL, NULL, NULL, NULL, NULL, NULL, NULL),
(260, 287, 1, 'جامعة الملك خالد-كلية اللغات والترجمة ', '3.60', 2018, 'بكالوريوس ', 'اللغة الانجليزية ', 'files/hr/2018/08/a7or5y3eexa.jpeg', NULL, NULL, NULL, NULL, NULL, NULL, NULL),
(261, 288, 1, 'جامعة الملك خالد-كلية اللغات والترجمة ', '3.60', 2018, 'بكالوريوس ', 'اللغة الانجليزية ', 'files/hr/2018/08/f0llwrwrgx1p3xvkivpy.jpeg', NULL, NULL, NULL, NULL, NULL, NULL, NULL),
(262, 289, 1, 'جامعة الملك خالد', '4.90', 2015, 'بكالوريوس', 'أحياء', 'files/hr/2018/08/ny0f6kronx0bf1b3wwsu2c.pdf', NULL, NULL, NULL, NULL, NULL, NULL, NULL),
(263, 289, 1, 'جامعة الملك خالد', '5', 2016, 'دبلوم عالي تربوي', 'العلوم', 'files/hr/2018/08/k18cnc6shbo9cejrqjw9o6ixed.pdf', NULL, NULL, NULL, NULL, NULL, NULL, NULL),
(264, 290, 1, 'كلية العلوم / جامعة الملك خالد', '2.69', 2016, 'بكالوريوس', 'فيزياء', 'files/hr/2018/08/dz4jfbefdbg5v.pdf', NULL, NULL, NULL, NULL, NULL, NULL, NULL),
(265, 290, 1, 'عمادة خدمة المجتمع والتعليم المستمر/ جامعة الملك خالد', '5', 2018, 'دبلوم', 'برمجة تطبيقيه', 'files/hr/2018/08/0sqtnhynjxhtvywzm3buoyqe.pdf', NULL, NULL, NULL, NULL, NULL, NULL, NULL),
(266, 291, 1, 'كلية العلوم والاداب بسراة عبيدة', '70.34', 2007, 'بكالوريوس ', 'رياضيات ', 'files/hr/2018/08/vr1pja3rvuz6uu6lhrk083gvpe077x.pdf', NULL, NULL, NULL, NULL, NULL, NULL, NULL),
(267, 292, 1, 'جامعة الملك خالد', '3.70', 2014, 'بكالوريوس', 'لغه عربيه ', 'files/hr/2018/08/yr6nrxqtlt2.jpeg', NULL, NULL, NULL, NULL, NULL, NULL, NULL),
(268, 293, 1, 'جامعة الملك خالد ', '4.06', 2018, 'بكالوريس', 'لغة عربيه', NULL, NULL, NULL, NULL, NULL, NULL, NULL, NULL),
(269, 294, 1, 'جامعة الملك خالد - كلية الاقتصاد المنزلي', '4.68', 2016, 'بكالوريوس', 'اقتصاد منزلي', 'files/hr/2018/08/ldkfosb2lmhtdafrmimxrmwyzw.pdf', NULL, NULL, NULL, NULL, NULL, NULL, NULL),
(270, 294, 1, 'كلية التربية للبنات', '4.22', 2017, 'دبلوم تربوي عالي ', 'دراسات اجتماعية', 'files/hr/2018/08/ev1o614z9fjf.pdf', NULL, NULL, NULL, NULL, NULL, NULL, NULL),
(271, 306, 1, 'جامعة الدمام', '3.86', 2013, 'بكالوريوس', 'أحياء عامة', 'files/hr/2018/08/0mnxwo01e41s0ji0db38slax.jpeg', NULL, NULL, NULL, NULL, NULL, NULL, NULL),
(272, 307, 1, 'كلية', '4,04', 2017, 'بكالوريوس ', 'لغة إنجليزية', 'files/hr/2018/08/dwwugjoqto2irnbm36szncnvjw.jpg', NULL, NULL, NULL, NULL, NULL, NULL, NULL),
(273, 308, 1, 'جامعة الملك خالد', '4.07', 2018, 'بكالرويس', 'لغة انجليزية', 'files/hr/2018/08/ymsfh0wjj5p5y1wogtbaajkad5fk6x.pdf', NULL, NULL, NULL, NULL, NULL, NULL, NULL),
(274, 309, 1, 'جامعة الملك خالد', '3.43', 2013, 'بكالوريوس', 'تاريخ', NULL, NULL, NULL, NULL, NULL, NULL, NULL, NULL),
(275, 310, 1, 'كلية', '2,91', 2017, 'بكالوريوس (تربوي)', 'الشريعة', 'files/hr/2018/08/zlxmcjdjhemrk0c1c.jpg', NULL, NULL, NULL, NULL, NULL, NULL, NULL),
(276, 311, 1, 'جامعة الملك خالد', '3.73', 2016, 'بكالريوس', 'علوم حاسب', 'files/hr/2018/08/hgzqhnhsotyd4khsktm8z6kdm.jpg', NULL, NULL, NULL, NULL, NULL, NULL, NULL),
(277, 312, 65, 'التربية', 'جيد جدا مع مرتبة الشرف', 2008, 'الليسانس', 'لغة انجليزية', NULL, NULL, NULL, NULL, NULL, NULL, NULL, NULL),
(278, 314, 1, 'جامعة الملك خالد', '2.52', 2014, 'بكالوريوس', 'فيزياء', 'files/hr/2018/08/rmpnojtvsur2diu0108.jpg', NULL, NULL, NULL, NULL, NULL, NULL, NULL),
(279, 315, 1, 'كلية العلوم والاداب بالنماص', '٤,٠٤', 2017, 'بكالوريوس', 'اللغة الانجليزية', 'files/hr/2018/08/fpezxboszowjnyv3kgp3v.jpg', NULL, NULL, NULL, NULL, NULL, NULL, NULL),
(280, 316, 1, 'كلية العلوم والاداب بالنماص', '٤,٠٤', 2017, 'بكالوريوس', 'اللغة الانجليزية', 'files/hr/2018/08/qfkjevetygyqssdt31euyuzxfq.jpg', NULL, NULL, NULL, NULL, NULL, NULL, NULL),
(281, 317, 1, 'كلية العلوم والاداب بالنماص', '٤,٠٤', 2017, 'بكالوريوس', 'اللغة الانجليزية', 'files/hr/2018/08/mb2hk7tulq.jpg', NULL, NULL, NULL, NULL, NULL, NULL, NULL),
(282, 318, 1, 'كلية العلوم والاداب بالنماص', '٤,٠٤', 2017, 'بكالوريوس', 'اللغة الانجليزية', 'files/hr/2018/08/hluylsoen1sdeztwombnca1rjs.jpg', NULL, NULL, NULL, NULL, NULL, NULL, NULL),
(283, 319, 1, 'كلية العلوم والاداب بالنماص', '٤,٠٤', 2017, 'بكالوريوس', 'اللغة الانجليزية', 'files/hr/2018/08/knd8vgxnrkit86gokhh7e.jpg', NULL, NULL, NULL, NULL, NULL, NULL, NULL),
(284, 320, 1, 'كلية العلوم والاداب بالنماص', '٤,٠٤', 2017, 'بكالوريوس', 'اللغة الانجليزية', NULL, NULL, NULL, NULL, NULL, NULL, NULL, NULL),
(285, 321, 1, 'جامعة الملك خالد - كلية الشريعة واصول الدين', '4.37 مع مرتبة الشرف الثانية', 2017, 'بكالوريوس', 'شريعة ( تربوي )', 'files/hr/2018/08/bwc10wicmvcq6rgtqfjsrefilmulr.pdf', NULL, NULL, NULL, NULL, NULL, NULL, NULL),
(286, 322, 1, ' جامعة الملك فيصل', '2,42', 2017, 'بكالوريوس', 'إدارة أعمال', 'files/hr/2018/08/ydaaon57pucffkgn2ssswam0yiqu.pdf', NULL, NULL, NULL, NULL, NULL, NULL, NULL),
(287, 322, 1, 'الكلية التقنية', '3,16', 2005, 'دبلوم', 'محاسبة', NULL, NULL, NULL, NULL, NULL, NULL, NULL, NULL),
(288, 323, 1, 'جامعه الملك خالد', '3.86', 2011, 'بكالوريس', 'فيزياء', 'files/hr/2018/08/owghvb0fxwqydlpbxuackk0pa.png', NULL, NULL, NULL, NULL, NULL, NULL, NULL),
(289, 323, 1, 'جامعه الملك خالد', '4.72', 2016, 'ماجستير', 'مناهج وطرق تدريس العلوم ', 'files/hr/2018/08/xkehhxlvnz2vlzzqinaral.png', NULL, NULL, NULL, NULL, NULL, NULL, NULL),
(290, 325, 1, 'الملك خالد', '4.13', 2018, 'جيد جداً', 'الدراسات الإسلامية', 'files/hr/2018/08/0426o4mbhstgnowsewznn.jpg', NULL, NULL, NULL, NULL, NULL, NULL, NULL),
(291, 326, 1, 'جامعة الملك خالد', '2.65', 2018, 'بكالوريوس', 'كيمياء', 'files/hr/2018/08/gvxj5zsi3uhn3a2fttwg.PNG', NULL, NULL, NULL, NULL, NULL, NULL, NULL),
(292, 327, 1, 'بكالوريوس', '2.84', 2013, 'تربوي ', 'دراسات إسلاميه', NULL, NULL, NULL, NULL, NULL, NULL, NULL, NULL),
(293, 328, 1, 'بكالوريوس', '2.84', 2013, 'تربوي ', 'دراسات إسلاميه', NULL, NULL, NULL, NULL, NULL, NULL, NULL, NULL),
(294, 329, 1, 'جامعة الملك خالد', '3.72', 2012, 'بيكالريوس', 'دراسات اسلاميه', 'files/hr/2018/08/jyen2q10gmid3ik8jevdxhgpfhf.pdf', NULL, NULL, NULL, NULL, NULL, NULL, NULL),
(295, 330, 1, 'كلية التربية', '77.70', 2009, 'بكالوريوس', 'لغة عربية', 'files/hr/2018/08/nb5nmsyaivhhtdzehauhkaug3u4u.jpeg', NULL, NULL, NULL, NULL, NULL, NULL, NULL),
(296, 331, 1, 'كلية التربية', '77.70', 2009, 'بكالوريوس', 'لغة عربية', 'files/hr/2018/08/qzzfqpsio4nhvz.jpeg', NULL, NULL, NULL, NULL, NULL, NULL, NULL),
(297, 332, 1, 'كلية التربية', '77.70', 2009, 'بكالوريوس', 'لغة عربية', 'files/hr/2018/08/e2pdtifuwmaarmnprn5rzsa3.jpeg', NULL, NULL, NULL, NULL, NULL, NULL, NULL),
(298, 333, 1, 'كلية التربية', '77.70', 2009, 'بكالوريوس', 'لغة عربية', 'files/hr/2018/08/qzdtgzyatjpm0i1jllzbkle.jpeg', NULL, NULL, NULL, NULL, NULL, NULL, NULL),
(299, 334, 1, 'جامعة الملك خالد -كلية العلوم', '4.45', 2015, 'بكالوريوس', 'رياضيات', 'files/hr/2018/08/suzg3uwzijdmk6v.pdf', NULL, NULL, NULL, NULL, NULL, NULL, NULL),
(300, 334, 1, 'جامعة الملك خالد- كلية التربية', '4.88', 2016, 'دبلوم تربوي', 'رياضيات', 'files/hr/2018/08/fiacr19vtwn.pdf', NULL, NULL, NULL, NULL, NULL, NULL, NULL),
(301, 335, 1, 'كلية العلوم والاداب بتنومة', '3.82', 2018, 'بكالوريوس ', 'علوم حاسب', NULL, NULL, NULL, NULL, NULL, NULL, NULL, NULL),
(302, 336, 1, 'جامعة الملك خالد', '3.61', 2018, 'بكالوريوس ', 'شريعة', 'files/hr/2018/08/uqxnmgaxvgeqovtsuw1w39zfqm0.jpeg', NULL, NULL, NULL, NULL, NULL, NULL, NULL),
(303, 337, 1, 'جامعة الملك خالد', '2.73', 2015, 'بكالوريوس', 'لغات وترجمة', NULL, NULL, NULL, NULL, NULL, NULL, NULL, NULL),
(304, 338, 1, 'جامعة الملك خالد', '2.85', 2018, 'بكالوريوس تربوي', 'احياء', NULL, NULL, NULL, NULL, NULL, NULL, NULL, NULL),
(305, 339, 1, 'جامعة الملك خالد', '3.77', 2014, 'بكالوريوس', 'كيمياء', 'files/hr/2018/08/jllaoc06kzxhqq0vg0tsxi1pb6kqw.pdf', NULL, NULL, NULL, NULL, NULL, NULL, NULL),
(306, 340, 1, 'جامعه', '2.83', 2013, 'بكالوريوس', 'دراسات اسلاميه', 'files/hr/2018/08/wbqoidoig0xxziynhcpz.jpeg', NULL, NULL, NULL, NULL, NULL, NULL, NULL),
(307, 341, 1, 'جامعه', '2.83', 2013, 'بكالوريوس', 'دراسات اسلاميه', NULL, NULL, NULL, NULL, NULL, NULL, NULL, NULL),
(308, 342, 1, 'جامعة جازان /كلية التربية', '3.52', 2018, '', 'تربية بدنية', 'files/hr/2018/08/gwrkeynzjcoofxuvliob0biukgsmf.jpg', NULL, NULL, NULL, NULL, NULL, NULL, NULL),
(309, 343, 1, 'جامعة الملك خالد ', 'جيد ', 2017, 'بكالوريس', 'رياضيات ', 'files/hr/2018/08/jjygsmjxap2amwvcvo1f.jpg', NULL, NULL, NULL, NULL, NULL, NULL, NULL),
(310, 343, 1, 'جامعة الملك خالد ', 'ممتاز ', 2018, 'دبلوم عالي ', 'تربوي ', 'files/hr/2018/08/90oybngqkrkd5y4x8n1hatq.jpg', NULL, NULL, NULL, NULL, NULL, NULL, NULL);
INSERT INTO `hr_employment_applications_qualifications` (`id`, `application_id`, `country`, `school_name`, `grade`, `graduation_year`, `degree`, `major`, `attachment_file`, `is_deleted`, `deleted_by`, `deleted_date`, `Created_by`, `Created_date`, `last_update_by`, `last_update_date`) VALUES
(311, 344, 1, 'جامعة الملك خالد ', 'جيد ', 2017, 'بكالوريس', 'رياضيات ', NULL, NULL, NULL, NULL, NULL, NULL, NULL, NULL),
(312, 345, 1, 'جامعه الملك خالد ', 'جيد ', 2017, 'بكالوريس', 'رياضيات ', 'files/hr/2018/08/noff6yxamd5.jpg', NULL, NULL, NULL, NULL, NULL, NULL, NULL),
(313, 345, 1, 'جامعة الملك خالد ', 'ممتاز ', 2018, 'دبلوم عالي ', 'تربوي ', 'files/hr/2018/08/aam36ioaesp.jpg', NULL, NULL, NULL, NULL, NULL, NULL, NULL),
(314, 346, 1, 'جامعه الملك خالد ', 'جيد ', 2017, 'بكالوريس', 'رياضيات ', 'files/hr/2018/08/atwkficrzb0m.jpg', NULL, NULL, NULL, NULL, NULL, NULL, NULL),
(315, 346, 1, 'جامعة الملك خالد ', 'ممتاز ', 2018, 'دبلوم عالي ', 'تربوي ', NULL, NULL, NULL, NULL, NULL, NULL, NULL, NULL),
(316, 347, 1, 'جامعه الملك خالد ', 'جيد ', 2017, 'بكالوريس', 'رياضيات ', 'files/hr/2018/08/vwtamfssshsr8pde.jpg', NULL, NULL, NULL, NULL, NULL, NULL, NULL),
(317, 347, 1, 'جامعة الملك خالد ', 'ممتاز ', 2018, 'دبلوم عالي ', 'تربوي ', NULL, NULL, NULL, NULL, NULL, NULL, NULL, NULL),
(318, 348, 1, 'جامعه الملك خالد ', '5', 2011, '4.18', 'دراسات اسلاميه ', 'files/hr/2018/08/dxv6m63zxcm1.jpg', NULL, NULL, NULL, NULL, NULL, NULL, NULL),
(319, 349, 1, 'جامعة الملك خالد', '2.52', 2014, 'بكالوريوس', 'فيزياء', 'files/hr/2018/08/gc0p71zbypjabld4ra8pm2.jpg', NULL, NULL, NULL, NULL, NULL, NULL, NULL),
(320, 350, 1, 'كليه التربيه للبنات بمحايل', '4.24', 2014, 'بكالوريوس انتظام', 'كيمياء', 'files/hr/2018/08/uabdarnvfaqgrjytqq3ldvcdayv.jpeg', NULL, NULL, NULL, NULL, NULL, NULL, NULL),
(321, 352, 1, 'جامعة الملك خالد', 'جيد', 2010, 'بكالوريوس', 'فيزياء', 'files/hr/2018/08/5dvtmwwsoqpybasyp701ezptjs3rk1.pdf', NULL, NULL, NULL, NULL, NULL, NULL, NULL),
(322, 353, 1, 'كلية', '4.08', 2017, 'بكالوريوس', 'شريعة', 'files/hr/2018/08/hd1n3j2pwm1bjrghxzokedsyq.pdf', NULL, NULL, NULL, NULL, NULL, NULL, NULL),
(323, 354, 1, 'جامعة تبوك', '2.84', 2017, 'بكالوريوس', 'احياء', 'files/hr/2018/08/dkvhcc7jzeb7rxkssn.pdf', NULL, NULL, NULL, NULL, NULL, NULL, NULL),
(324, 355, 1, 'جامعة الملك خالد', 'جيد', 2016, 'بكالوريوس', 'علوم حاسب آلي', 'files/hr/2018/08/ttardewcamulgqqjm97szken88a.jpg', NULL, NULL, NULL, NULL, NULL, NULL, NULL),
(325, 356, 1, 'كلية التربية بالنماص', '3.16 من 5', 2011, 'بكالوريوس', 'عربي', 'files/hr/2018/08/oillwh57cd8vmy2lxyxtzks7.JPG', NULL, NULL, NULL, NULL, NULL, NULL, NULL),
(326, 357, 1, 'جامعة الملك خالد', '2.97', 2013, 'بكالوريس', 'اللغات والترجمة', 'files/hr/2018/08/mpoiiuc7gxy.jpeg', NULL, NULL, NULL, NULL, NULL, NULL, NULL),
(327, 358, 1, 'جامعة الملك خالد', 'جيد', 2017, 'بكالوريس', 'رياضيات', 'files/hr/2018/08/mnbwnikxz2df6ccizii3ybaf.pdf', NULL, NULL, NULL, NULL, NULL, NULL, NULL),
(328, 358, 1, 'جامعة الملك خالد', 'ممتاز', 2018, '', 'تربوي', 'files/hr/2018/08/dtwb8cmvuwy.pdf', NULL, NULL, NULL, NULL, NULL, NULL, NULL),
(329, 359, 1, 'جامعة الملك خالد', '2.97', 2013, 'بكالوريس', 'اللغات والترجمة', 'files/hr/2018/08/qlamtci1m1oa97g3.jpeg', NULL, NULL, NULL, NULL, NULL, NULL, NULL),
(330, 360, 1, 'جامعة الملك خالد', '2.97', 2013, 'بكالوريس', 'اللغات والترجمة', 'files/hr/2018/08/kxrxrozemljzrg88z.jpeg', NULL, NULL, NULL, NULL, NULL, NULL, NULL),
(331, 361, 1, 'جامعة الملك خالد', '2.97', 2013, 'بكالوريس', 'اللغات والترجمة', NULL, NULL, NULL, NULL, NULL, NULL, NULL, NULL),
(332, 362, 1, 'كليه', '2،33', 2018, 'بكالوريوس ', 'رياضيات', NULL, NULL, NULL, NULL, NULL, NULL, NULL, NULL),
(333, 363, 1, 'كليه', '2،33', 2018, 'بكالوريوس ', 'رياضيات', NULL, NULL, NULL, NULL, NULL, NULL, NULL, NULL),
(334, 364, 1, 'كليه', '2،33', 2018, 'بكالوريوس ', 'رياضيات', NULL, NULL, NULL, NULL, NULL, NULL, NULL, NULL),
(335, 365, 1, 'جامعة الملك خالد', '2.75', 2018, 'بكالوريوس', 'اللغة انجليزية', 'files/hr/2018/08/ax1ngled6i4zn0nygac.jpeg', NULL, NULL, NULL, NULL, NULL, NULL, NULL),
(336, 366, 1, 'جامعة الملك خالد', '3.52', 2012, 'بكالوريس', 'اللغة العربية', 'files/hr/2018/08/th3bixgqjdmoinchfsyc4.JPG', NULL, NULL, NULL, NULL, NULL, NULL, NULL),
(337, 367, 1, 'جامعة الملك خالد كلية التربية', '4.47', 2017, 'بكالوريس', 'عمل نفس', 'files/hr/2018/08/qh6ej9pqu00k0.pdf', NULL, NULL, NULL, NULL, NULL, NULL, NULL),
(338, 368, 1, 'الملك خالد', '3.92', 2012, 'بكالوريوس', 'رياضيات', 'files/hr/2018/08/583ypt4xj2ibd7638gb7bq4jlpxl.jpg', NULL, NULL, NULL, NULL, NULL, NULL, NULL),
(339, 369, 1, 'كلية التربية بجامعة الملك خالد', '4.13', 2016, 'بكالوريوس', 'رياض الأطفال', NULL, NULL, NULL, NULL, NULL, NULL, NULL, NULL),
(340, 370, 1, 'كلية العلوم-جامعة الملك خالد', '2.81', 2017, 'بكالوريوس', 'كيمياء', 'files/hr/2018/09/hnyhw8l6lhwr.jpg', NULL, NULL, NULL, NULL, NULL, NULL, NULL),
(341, 370, 1, 'كلية التربية_جامعة الملك خالد', '3.64', 2017, 'دبلوم العالي', 'تخصص العلوم', 'files/hr/2018/09/e0zsqywyydu.pdf', NULL, NULL, NULL, NULL, NULL, NULL, NULL),
(342, 371, 1, 'جامعة الملك خالد-كليه التربيه بالنماص', '2.46', 2013, 'بكالريوس', 'رياضيات', NULL, NULL, NULL, NULL, NULL, NULL, NULL, NULL),
(343, 372, 1, 'جامعة الملك خالد', '3.30', 2015, 'بكالوريوس', 'ترجمة ( للغة إنجليزية )', 'files/hr/2018/09/of0971bwonc.pdf', NULL, NULL, NULL, NULL, NULL, NULL, NULL),
(344, 373, 1, 'كلية العلوم والاداب', '4.71', 2016, 'بكالوريوس', 'نظم معلومات', 'files/hr/2018/09/rowcindq2gq.pdf', NULL, NULL, NULL, NULL, NULL, NULL, NULL),
(345, 374, 1, 'كلية العلوم ', '3.15', 2017, 'بكالوريوس ', 'أحياء', 'files/hr/2018/09/scbfhdfezn2zku6zgajzw.pdf', NULL, NULL, NULL, NULL, NULL, NULL, NULL),
(346, 375, 1, 'جامعه الملك خالد ', '4.40', 2014, 'دبلوم ', 'حساب الالي ', NULL, NULL, NULL, NULL, NULL, NULL, NULL, NULL),
(347, 376, 1, 'جامعة الملك خالد', '2,92', 2017, 'دبلوم', 'ادارة اعمال', 'files/hr/2018/09/ejku7nitp1lyef1nqvif4hjsi.pdf', NULL, NULL, NULL, NULL, NULL, NULL, NULL),
(348, 377, 1, 'جامعة بيشة ', '3.22', 2017, 'بكالوريوس', 'رياضيات', 'files/hr/2018/09/r18wdwdsw8uzo9xvwg160oyy.pdf', NULL, NULL, NULL, NULL, NULL, NULL, NULL),
(349, 377, 1, 'جامعة بيشة ', '3.98', 2018, 'الدبلوم التربوي ', 'الدبلوم التربوي', 'files/hr/2018/09/0mxmbhim8tvzg5.pdf', NULL, NULL, NULL, NULL, NULL, NULL, NULL),
(350, 378, 1, 'جامعة جازان', '2.96', 2018, 'بكالريوس', 'رياضيات', 'files/hr/2018/09/fysjeedujoohos2u705rcrpxcpx2aq.jpeg', NULL, NULL, NULL, NULL, NULL, NULL, NULL),
(351, 379, 1, 'جامعة جازان', '2.96', 2018, 'بكالريوس ', 'رياضيات ', 'files/hr/2018/09/aqhtnylbi9dheegnwsdnkjrbn.jpeg', NULL, NULL, NULL, NULL, NULL, NULL, NULL),
(352, 381, 1, 'معهد الخليج', '5', 2014, 'دبلوم', 'حاسب الي', 'files/hr/2018/09/8lig5lml9tca7fknezq.png', NULL, NULL, NULL, NULL, NULL, NULL, NULL),
(353, 382, 1, 'جامعة الملك خالد', '3.49', 2013, 'بكالوريوس', 'دراسات إسلامية', 'files/hr/2018/09/spfbe8znicinr.png', NULL, NULL, NULL, NULL, NULL, NULL, NULL),
(354, 383, 1, 'جامعه الملك خالد اداب', '٣.٩١', 2015, 'بكالوريوس ', 'دراسات اسلاميه', 'files/hr/2018/09/pt4smoswya.jpeg', NULL, NULL, NULL, NULL, NULL, NULL, NULL),
(355, 384, 1, 'مدرسه', '2.73', 2004, 'بكالورويس', 'كيمياء', NULL, NULL, NULL, NULL, NULL, NULL, NULL, NULL),
(356, 385, 1, 'مدرسه', '2.73', 2004, 'بكالورويس', 'كيمياء', 'files/hr/2018/09/8376no7anrpn9osp7gd.jpg', NULL, NULL, NULL, NULL, NULL, NULL, NULL),
(357, 386, 1, 'مدرسه', '2.73', 2004, 'بكالورويس', 'كيمياء', 'files/hr/2018/09/iq2pkpyaoe.jpg', NULL, NULL, NULL, NULL, NULL, NULL, NULL),
(358, 387, 1, 'جامعة الملك خالد', '3.85', 2018, 'بكلوريوس', 'رياضيات', NULL, NULL, NULL, NULL, NULL, NULL, NULL, NULL),
(359, 388, 1, 'جامعة الملك خالد', '3.85', 2018, 'بكلوريوس', 'رياضيات', 'files/hr/2018/09/fp91b8mpsbbkcwxlzwd.jpeg', NULL, NULL, NULL, NULL, NULL, NULL, NULL),
(360, 389, 1, 'Ahoud Hussien', '3.9', 2018, 'بكالوريوس ', 'اللغة الانجليزية', 'files/hr/2018/09/qwijwohn6mtrv9z9fgjee2taerfpq.jpeg', NULL, NULL, NULL, NULL, NULL, NULL, NULL),
(361, 390, 1, 'جامعة الملك خالد', '5', 2018, '3,8', 'دراسات أسلامية', 'files/hr/2018/09/hl8qaejbzyvsqgalyb2y5wm.jpeg', NULL, NULL, NULL, NULL, NULL, NULL, NULL),
(362, 391, 1, 'جامعة بيشة', '2.95', 2018, 'بكالوريوس', 'لغة عربيه', NULL, NULL, NULL, NULL, NULL, NULL, NULL, NULL),
(363, 392, 1, 'جامعة بيشة', '2.95', 2018, 'بكالوريوس', 'لغة عربيه', NULL, NULL, NULL, NULL, NULL, NULL, NULL, NULL),
(364, 393, 1, 'جامعة الملك خالد', '4:07', 2016, 'بكالريوس ', 'رياضيات', 'files/hr/2018/09/ypz6xfqeiopdhylsozxzqsp7dn.jpeg', NULL, NULL, NULL, NULL, NULL, NULL, NULL),
(365, 393, 1, 'كليه التربيه', '4:92', 2017, 'تربوي', 'رياضيات ', 'files/hr/2018/09/kv8n4wqirmg8hc28qvdwdvz.jpeg', NULL, NULL, NULL, NULL, NULL, NULL, NULL),
(366, 394, 1, 'جامعة الملك خالد', '4:07', 2016, 'بكالريوس ', 'رياضيات', 'files/hr/2018/09/tomjgwlkaalcl2nrxyk1jy6tt64ct.jpeg', NULL, NULL, NULL, NULL, NULL, NULL, NULL),
(367, 394, 1, 'كليه التربيه', '4:92', 2017, 'تربوي', 'رياضيات ', 'files/hr/2018/09/tl19qqhtf47ywxvioxklyt3.jpeg', NULL, NULL, NULL, NULL, NULL, NULL, NULL),
(368, 395, 1, 'جامعة الملك خالد', '4:07', 2016, 'بكالريوس ', 'رياضيات', 'files/hr/2018/09/f3nczoeiety0hhgd5hdx3ud0d7.jpeg', NULL, NULL, NULL, NULL, NULL, NULL, NULL),
(369, 395, 1, 'كليه التربيه', '4:92', 2017, 'تربوي', 'رياضيات ', 'files/hr/2018/09/ciudsa0ydyq1yj1wuhbhfgqfseklho.jpeg', NULL, NULL, NULL, NULL, NULL, NULL, NULL),
(370, 396, 1, 'جامعة الملك خالد', '4:07', 2016, 'بكالريوس ', 'رياضيات', 'files/hr/2018/09/l31f8mall5rn7.jpeg', NULL, NULL, NULL, NULL, NULL, NULL, NULL),
(371, 396, 1, 'كليه التربيه', '4:92', 2017, 'تربوي', 'رياضيات ', 'files/hr/2018/09/gk4fm9x0s5geo3ss391q1.jpeg', NULL, NULL, NULL, NULL, NULL, NULL, NULL),
(372, 398, 1, 'جامعة الملك خالد / كلية التربية ', '4.76', 2017, 'بكالوريوس ', 'علم نفس ', 'files/hr/2018/10/novjaqxs09nl7i4qtta4lwau.jpeg', NULL, NULL, NULL, NULL, NULL, NULL, NULL),
(373, 399, 1, 'كليه', '2/86', 2018, 'ببكالوريوس', 'اقتصاد منزلي وإدارة منزل ومؤسسات السكن', NULL, NULL, NULL, NULL, NULL, NULL, NULL, NULL),
(374, 400, 1, 'كلية', '3.66', 2018, 'بكالريوس', 'احياء', NULL, NULL, NULL, NULL, NULL, NULL, NULL, NULL),
(375, 401, 1, 'جامعة الملك خالد ', '4.49', 2018, 'بكالوريوس ', 'إدارة أعمال ', NULL, NULL, NULL, NULL, NULL, NULL, NULL, NULL),
(376, 402, 1, 'كليه ', '80.25', 2010, 'بكالوريوس ', 'لغه عربيه ', 'files/hr/2018/10/kuoxbco82wwtaeg8rzh1gbhph.jpeg', NULL, NULL, NULL, NULL, NULL, NULL, NULL),
(377, 403, 1, 'جامعة الملك خالد ', '2.09', 2015, 'دبلوم', 'ادارة اعمال', 'files/hr/2018/12/wuzwilmxr1utp.pdf', NULL, NULL, NULL, NULL, NULL, NULL, NULL),
(378, 404, 1, 'جامعة الملك خالد-كلية التربية', '2.80', 2018, 'بكالوريوس', 'تعليم ابتدائي-العلوم', 'files/hr/2018/10/tj2alxeaowp.jpg', NULL, NULL, NULL, NULL, NULL, NULL, NULL),
(379, 406, 1, 'جامعة الملك خالد ', '3،87', 2018, 'بكالوريوس ', 'تاربخ ', NULL, NULL, NULL, NULL, NULL, NULL, NULL, NULL),
(380, 407, 65, 'جامعه جنوب الوادب', '75', 2009, 'بكالوريوس', 'الخدمة الاجتماعية', NULL, NULL, NULL, NULL, NULL, NULL, NULL, NULL),
(381, 408, 1, 'جامعة الملك خالد', '3.80', 2012, 'بكالوريوس', 'ادب انجليزي', 'files/hr/2018/10/csetzvkqjdxvoypolau6ssfz.pdf', NULL, NULL, NULL, NULL, NULL, NULL, NULL),
(382, 409, 1, 'جامعة الملك خالد', '71.36%', 2003, 'بكالوريوس', 'الدراسات الاسلاميه وعلومها', 'files/hr/2018/10/arnhvdxkrlmcwiokd0gkh0jx.pdf', NULL, NULL, NULL, NULL, NULL, NULL, NULL),
(383, 410, 1, 'كليه المجتمع بأبها  جامعه الملك خالد', '13، 2', 2013, 'دبلوم ', 'إداره اعمال ', 'files/hr/2018/10/ulsmo5lvxyc4h0mpjt9.jpg', NULL, NULL, NULL, NULL, NULL, NULL, NULL),
(384, 411, 1, 'معهد الخليج', '4.5', 2015, 'دبلوم', 'البرمجيات', 'files/hr/2018/10/ko2fidpeblbgqixmnk8fldnuth.jpg', NULL, NULL, NULL, NULL, NULL, NULL, NULL),
(385, 412, 1, 'جامعة طيبة', '3.74', 2009, 'بكالوريس', 'رياضيات ', 'files/hr/2018/10/krmllmyrvpgpl9nn.pdf', NULL, NULL, NULL, NULL, NULL, NULL, NULL),
(386, 413, 1, 'كلية التربية الادبية ', '3.30', 2015, 'بكالوريوس', 'دراسات اسلامية', 'files/hr/2018/10/cufydssqkepp8unhxu.JPG', NULL, NULL, NULL, NULL, NULL, NULL, NULL),
(387, 414, 1, 'جامعة الملك خالد', '3.84', 2017, '', 'اللغة الانجليزية', 'files/hr/2018/10/zbdulgdgc9k4fo3rujly2opi.pdf', NULL, NULL, NULL, NULL, NULL, NULL, NULL),
(388, 415, 1, 'جامعة الملك خالد', '3.65', 2016, 'بكالوريوس', 'تربية خاصة', 'files/hr/2018/10/dyp30butwvlvqbeagfkzz5yx3qhnom.pdf', NULL, NULL, NULL, NULL, NULL, NULL, NULL),
(389, 416, 1, 'جامعة حفرالباطن', '4.30', 2017, 'بكالريوس', 'حاسب آلي', NULL, NULL, NULL, NULL, NULL, NULL, NULL, NULL),
(390, 417, 1, 'جامعة الملك خالد', '3.71', 2018, 'بكالوريوس', 'شريعة واصول الدين', 'files/hr/2018/10/x9aqr0xbpj.pdf', NULL, NULL, NULL, NULL, NULL, NULL, NULL),
(391, 418, 1, 'جامعه الملك خالد ', '4,81', 1982, 'ممتاز مع مرتبه الشرف الاولى', 'الاداره والاقتصاد المنزلي', 'files/hr/2018/10/jvhcb7fmiu3sk4asi.pdf', NULL, NULL, NULL, NULL, NULL, NULL, NULL),
(392, 419, 1, 'جامعة الملك فيصل بالأحساء', '4.57', 2016, 'بكالوريوس', 'اللغة الانجليزية', 'files/hr/2018/10/bjeii1g5hla8lcqa41b48dz4.pdf', NULL, NULL, NULL, NULL, NULL, NULL, NULL),
(393, 420, 1, 'كلية التربية', '4.16', 2018, 'باكلوريوس', 'رياض اطفال', 'files/hr/2018/10/3y5cjrvlmeo1t2.pdf', NULL, NULL, NULL, NULL, NULL, NULL, NULL),
(394, 421, 1, 'جامعة الملك خالد ', '2.57', 2018, 'بكالوريوس', 'اصول الدين', 'files/hr/2018/10/vbnwr8gbyx.jpg', NULL, NULL, NULL, NULL, NULL, NULL, NULL),
(395, 422, 1, 'جامعة الملك خالد', '4.27', 2018, 'بكالوريس', 'التاريخ', 'files/hr/2018/10/zvf1ncjyuu7.pdf', NULL, NULL, NULL, NULL, NULL, NULL, NULL),
(396, 423, 1, 'كليه', '76.42000', 2008, 'بكالوريس', 'الدراسات الاسلامية وعلومها', 'files/hr/2018/10/erwonko8vqvft1peenbadjpr.png', NULL, NULL, NULL, NULL, NULL, NULL, NULL),
(397, 424, 1, 'جامعة الملك خالد', '2.86', 2012, 'بكالوريس', 'رياضيات', NULL, NULL, NULL, NULL, NULL, NULL, NULL, NULL),
(398, 425, 1, 'الثانوية الاولى', 'جيد جداً', 1995, '', 'ثانوية عامة', 'files/hr/2018/10/spq5v8ae50ptcpqwl5ju1.jpg', NULL, NULL, NULL, NULL, NULL, NULL, NULL),
(399, 427, 1, 'جامعه جازان', '2.76', 2017, 'بكالوريوس', 'نظم معلومات ادارية', NULL, NULL, NULL, NULL, NULL, NULL, NULL, NULL),
(400, 428, 1, 'جامعة الأمير سطام بن عبدالعزيز', '4.29', 2016, 'بكالريوس', 'علوم الحاسب', 'files/hr/2018/11/fnqqhdjnms6n8slzx.pdf', NULL, NULL, NULL, NULL, NULL, NULL, NULL),
(401, 428, 1, 'كلية التربية - جامعة الأمير سطام بن عبدالعزيز', '4.52', 2018, 'الدبلوم العام في التربية', 'تربوي', 'files/hr/2018/11/mohbg6qga8la5br.pdf', NULL, NULL, NULL, NULL, NULL, NULL, NULL),
(402, 429, 1, 'الملك خالد', '2.43', 2018, 'البكالوريوس', 'اصول الدين تربوي', 'files/hr/2018/11/xlz18rhi2sfmf9dxie7d8ak.pdf', NULL, NULL, NULL, NULL, NULL, NULL, NULL),
(403, 430, 1, 'جامعه الملك خالد ', '3.30', 2018, 'بكالوريوس', 'نظم المعلومات', 'files/hr/2018/11/x2wo30ex6pjqt5xdldx8juxlsa6r93.jpeg', NULL, NULL, NULL, NULL, NULL, NULL, NULL),
(404, 431, 1, 'الملك خالد', '2.43', 2018, 'البكالوريوس', 'اصول الدين تربوي', 'files/hr/2018/11/gqgv4j24ibmn.pdf', NULL, NULL, NULL, NULL, NULL, NULL, NULL),
(405, 432, 1, 'كلية العلوم والآداب بالداير ', 'جيد جداً (مع مرتبة الشرف الثانية)', 2016, '4.46', 'لغة انجليزية (ترجمة)', 'files/hr/2018/11/2qb5hyjfjggc.pdf', NULL, NULL, NULL, NULL, NULL, NULL, NULL),
(406, 433, 1, 'جامعة الباحة', '2.10', 2013, 'بكالوريس', 'احياء', NULL, NULL, NULL, NULL, NULL, NULL, NULL, NULL),
(407, 434, 1, 'جامعة الملك خالد - كلية التربية', '4.18', 2017, 'بكالوريوس', 'رياض أطفال', 'files/hr/2018/11/wnc26dnz6vfcv6znnc4rydgq3cp.jpeg', NULL, NULL, NULL, NULL, NULL, NULL, NULL),
(408, 435, 1, 'جامعه الملك عبد العزيز', '3.15', 2016, 'باكلوريوس', 'الاجتماع والخدمه الاجتماعيه (الاجتماع)', 'files/hr/2018/11/j3urcruwvbld7gxtsya7mcax.jpg', NULL, NULL, NULL, NULL, NULL, NULL, NULL),
(409, 436, 1, 'كلية الآداب بأبها', '4.05', 2015, 'بكالوريس', 'اللغة العربية', 'files/hr/2018/11/1vhvllsupjx2ei0pnrhwc.pdf', NULL, NULL, NULL, NULL, NULL, NULL, NULL),
(410, 436, 1, 'كلية التربية بأبها', '4.45', 2016, 'دبلوم', 'الدبلوم العالي العام في التربية', 'files/hr/2018/11/7rrgivrirgybpxoa5j.pdf', NULL, NULL, NULL, NULL, NULL, NULL, NULL),
(411, 437, 1, 'كلية العلوم الإدارية والمالية', '4.15', 2017, 'بكالوريوس', 'ادارة اعمال', NULL, NULL, NULL, NULL, NULL, NULL, NULL, NULL),
(412, 438, 1, 'جامعة جازان  كلية التربية ', '2.97', 2018, 'البكالوريوس', 'التربية الفنية ', NULL, NULL, NULL, NULL, NULL, NULL, NULL, NULL);

-- --------------------------------------------------------

--
-- Table structure for table `hr_fines_warnings`
--

CREATE TABLE `hr_fines_warnings` (
  `id` int(11) UNSIGNED NOT NULL,
  `employee` int(10) UNSIGNED DEFAULT NULL COMMENT 'ref to ''hr_employment_applications''',
  `fine_type` int(10) UNSIGNED DEFAULT NULL COMMENT 'ref to ''general_hr_fines_types''',
  `warning_type` int(10) UNSIGNED DEFAULT NULL COMMENT 'ref to ''general_hr_warnings_types''',
  `deduction_type` int(11) DEFAULT NULL COMMENT 'نوع الخصم',
  `type` tinyint(3) UNSIGNED DEFAULT NULL COMMENT '1 Fine | 2 Warning',
  `month` tinyint(3) UNSIGNED DEFAULT NULL,
  `year` year(4) DEFAULT NULL,
  `reason` text COLLATE utf8_bin,
  `status` tinyint(3) UNSIGNED DEFAULT NULL COMMENT '1 approved',
  `approved_date` datetime DEFAULT NULL,
  `approved_by` int(10) UNSIGNED DEFAULT NULL COMMENT 'ref to ''users''',
  `notes` text COLLATE utf8_bin COMMENT 'ملاحظات على الموافقة او الرفض',
  `is_deleted` tinyint(4) UNSIGNED DEFAULT NULL,
  `deleted_by` int(11) UNSIGNED DEFAULT NULL COMMENT 'ref to ''users''',
  `deleted_date` datetime DEFAULT NULL,
  `Created_by` int(11) UNSIGNED DEFAULT NULL COMMENT 'ref to ''users''',
  `Created_date` datetime DEFAULT NULL,
  `last_update_by` int(11) UNSIGNED DEFAULT NULL COMMENT 'ref to ''users''',
  `last_update_date` datetime DEFAULT NULL
) ENGINE=InnoDB DEFAULT CHARSET=utf8 COLLATE=utf8_bin COMMENT='العلاقات بين الموظف والخصومات' ROW_FORMAT=COMPACT;

--
-- Dumping data for table `hr_fines_warnings`
--

INSERT INTO `hr_fines_warnings` (`id`, `employee`, `fine_type`, `warning_type`, `deduction_type`, `type`, `month`, `year`, `reason`, `status`, `approved_date`, `approved_by`, `notes`, `is_deleted`, `deleted_by`, `deleted_date`, `Created_by`, `Created_date`, `last_update_by`, `last_update_date`) VALUES
(1, 111, 2, NULL, NULL, 1, 7, 2018, NULL, 1, '2018-08-16 17:27:56', 79, NULL, 1, 79, '2018-08-19 11:12:36', 79, '2018-08-16 13:48:11', 79, '2018-08-16 17:27:03'),
(2, 111, 2, NULL, NULL, 1, 7, 2018, 'توقيع دخول خروج', 1, '2018-08-19 11:14:34', 79, NULL, 1, 79, '2018-09-29 19:37:39', 79, '2018-08-19 11:14:07', NULL, NULL);

-- --------------------------------------------------------

--
-- Table structure for table `hr_leaverequest`
--

CREATE TABLE `hr_leaverequest` (
  `id` int(11) UNSIGNED NOT NULL,
  `leave_date` date DEFAULT NULL,
  `leave_type` int(10) UNSIGNED DEFAULT NULL,
  `from` time DEFAULT NULL,
  `to` time DEFAULT NULL,
  `reason` text COLLATE utf8_bin,
  `is_deleted` tinyint(4) UNSIGNED DEFAULT NULL,
  `deleted_by` int(11) UNSIGNED DEFAULT NULL COMMENT 'ref to ''users''',
  `deleted_date` datetime DEFAULT NULL,
  `Created_by` int(11) UNSIGNED DEFAULT NULL COMMENT 'ref to ''users''',
  `Created_date` datetime DEFAULT NULL,
  `last_update_by` int(11) UNSIGNED DEFAULT NULL COMMENT 'ref to ''users''',
  `last_update_date` datetime DEFAULT NULL
) ENGINE=InnoDB DEFAULT CHARSET=utf8 COLLATE=utf8_bin ROW_FORMAT=COMPACT;

-- --------------------------------------------------------

--
-- Table structure for table `hr_rewards`
--

CREATE TABLE `hr_rewards` (
  `id` int(11) UNSIGNED NOT NULL,
  `employee` int(10) UNSIGNED DEFAULT NULL COMMENT 'ref to ''hr_employment_applications''',
  `reward_type` int(10) UNSIGNED DEFAULT NULL COMMENT 'ref to ''general_hr_rewards_types''',
  `amount` int(10) UNSIGNED DEFAULT NULL,
  `starting_due_month` tinyint(3) UNSIGNED DEFAULT NULL,
  `starting_due_year` year(4) DEFAULT NULL,
  `reason` text COLLATE utf8_bin,
  `status` tinyint(3) UNSIGNED DEFAULT NULL COMMENT '1 approved',
  `approved_date` datetime DEFAULT NULL,
  `approved_by` int(10) UNSIGNED DEFAULT NULL COMMENT 'ref to ''users''',
  `notes` text COLLATE utf8_bin COMMENT 'ملاحظات على الموافقة او الرفض',
  `is_deleted` tinyint(4) UNSIGNED DEFAULT NULL,
  `deleted_by` int(11) UNSIGNED DEFAULT NULL COMMENT 'ref to ''users''',
  `deleted_date` datetime DEFAULT NULL,
  `Created_by` int(11) UNSIGNED DEFAULT NULL COMMENT 'ref to ''users''',
  `Created_date` datetime DEFAULT NULL,
  `last_update_by` int(11) UNSIGNED DEFAULT NULL COMMENT 'ref to ''users''',
  `last_update_date` datetime DEFAULT NULL
) ENGINE=InnoDB DEFAULT CHARSET=utf8 COLLATE=utf8_bin COMMENT='العلاقات بين الموظف والخصومات' ROW_FORMAT=COMPACT;

--
-- Dumping data for table `hr_rewards`
--

INSERT INTO `hr_rewards` (`id`, `employee`, `reward_type`, `amount`, `starting_due_month`, `starting_due_year`, `reason`, `status`, `approved_date`, `approved_by`, `notes`, `is_deleted`, `deleted_by`, `deleted_date`, `Created_by`, `Created_date`, `last_update_by`, `last_update_date`) VALUES
(1, 33, 5, 300, 1, 2019, 'يعمل وكيل في المرحلة المتوسطة', NULL, NULL, NULL, NULL, 1, 75, '2018-06-06 14:57:03', 75, '2018-06-04 14:27:03', NULL, NULL);

-- --------------------------------------------------------

--
-- Table structure for table `imagescenter`
--

CREATE TABLE `imagescenter` (
  `id` int(11) UNSIGNED NOT NULL,
  `section` varchar(50) COLLATE utf8_bin DEFAULT NULL,
  `ref_id` int(11) UNSIGNED DEFAULT NULL,
  `img` varchar(255) COLLATE utf8_bin DEFAULT NULL,
  `img_thumb` varchar(255) COLLATE utf8_bin DEFAULT NULL,
  `Created_by` int(11) UNSIGNED DEFAULT NULL COMMENT 'ref to ''users''',
  `Created_date` datetime DEFAULT NULL
) ENGINE=InnoDB DEFAULT CHARSET=utf8 COLLATE=utf8_bin;

--
-- Dumping data for table `imagescenter`
--

INSERT INTO `imagescenter` (`id`, `section`, `ref_id`, `img`, `img_thumb`, `Created_by`, `Created_date`) VALUES
(1, 'News', 1, 'files/news/2018/04/ipawrtnbywc3w3w.jpg', 'files/news/2018/04/thumbs/ipawrtnbywc3w3w.jpg', 1, '2018-04-09 10:38:05');

-- --------------------------------------------------------

--
-- Table structure for table `layers`
--

CREATE TABLE `layers` (
  `id` bigint(20) UNSIGNED NOT NULL,
  `slide_id` bigint(20) UNSIGNED DEFAULT NULL COMMENT 'ref to ''slides''',
  `title` varchar(255) DEFAULT NULL,
  `type` tinyint(4) UNSIGNED DEFAULT NULL COMMENT '1 img || 2 text || 3 link',
  `hidden_on_mobile` tinyint(4) UNSIGNED DEFAULT NULL COMMENT '1 hidden || 0 not',
  `Incoming_animation_Classes` varchar(255) DEFAULT NULL,
  `Outgoing_animation_Classes` varchar(255) DEFAULT NULL,
  `data_start` int(11) DEFAULT NULL,
  `data_speed` int(11) DEFAULT NULL,
  `data_x_ar` varchar(255) DEFAULT NULL COMMENT '"left", "center", "right", or any Value between -2500  and 2500.',
  `data_x_en` varchar(255) DEFAULT NULL,
  `data_y_ar` varchar(255) DEFAULT NULL COMMENT '"top", "center", "bottom", or any Value between -2500  and 2500. ',
  `data_y_en` varchar(255) DEFAULT NULL,
  `data_easing` varchar(50) DEFAULT NULL,
  `data_endeasing` varchar(50) DEFAULT NULL,
  `data_end` int(11) DEFAULT NULL,
  `data_endspeed` int(11) DEFAULT NULL,
  `text_ar` varchar(255) DEFAULT NULL,
  `text_en` varchar(255) DEFAULT NULL,
  `href` varchar(255) DEFAULT NULL,
  `target` varchar(255) DEFAULT NULL,
  `img` varchar(255) DEFAULT NULL,
  `img_thumb` varchar(255) DEFAULT NULL,
  `font_color` varchar(255) DEFAULT NULL,
  `bg_color` varchar(255) DEFAULT NULL,
  `font_size` int(11) UNSIGNED DEFAULT NULL,
  `Created_by` int(11) UNSIGNED DEFAULT NULL COMMENT 'ref to ''users''',
  `Created_date` datetime DEFAULT NULL,
  `last_update_by` int(11) UNSIGNED DEFAULT NULL COMMENT 'ref to ''users''',
  `last_update_date` datetime DEFAULT NULL
) ENGINE=InnoDB DEFAULT CHARSET=utf8 ROW_FORMAT=COMPACT;

-- --------------------------------------------------------

--
-- Table structure for table `letters`
--

CREATE TABLE `letters` (
  `id` int(11) UNSIGNED NOT NULL,
  `target` tinyint(4) NOT NULL DEFAULT '1',
  `is_active` tinyint(4) UNSIGNED NOT NULL DEFAULT '1' COMMENT '0 No, 1 Yes',
  `name_en` varchar(255) COLLATE utf8_bin DEFAULT NULL,
  `name_ar` varchar(255) COLLATE utf8_bin DEFAULT NULL,
  `icon` varchar(100) COLLATE utf8_bin DEFAULT 'fa-file-text-o' COMMENT 'fa-icon',
  `is_deleted` tinyint(4) UNSIGNED DEFAULT NULL,
  `deleted_by` int(11) UNSIGNED DEFAULT NULL COMMENT 'ref to ''users''',
  `deleted_date` datetime DEFAULT NULL,
  `Created_by` int(11) UNSIGNED DEFAULT NULL COMMENT 'ref to ''users''',
  `Created_date` datetime DEFAULT NULL,
  `last_update_by` int(11) UNSIGNED DEFAULT NULL COMMENT 'ref to ''users''',
  `last_update_date` datetime DEFAULT NULL
) ENGINE=InnoDB DEFAULT CHARSET=utf8 COLLATE=utf8_bin ROW_FORMAT=COMPACT;

--
-- Dumping data for table `letters`
--

INSERT INTO `letters` (`id`, `target`, `is_active`, `name_en`, `name_ar`, `icon`, `is_deleted`, `deleted_by`, `deleted_date`, `Created_by`, `Created_date`, `last_update_by`, `last_update_date`) VALUES
(4, 1, 0, 'a', 'نموذج استقالة', 'fa-file-text-o', NULL, NULL, NULL, 1, '2017-05-03 19:51:44', 79, '2018-09-08 12:47:15'),
(5, 1, 1, 'Appraisal Request', 'طلبات التقييم', 'fa-file-text-o', 1, 1, '2017-11-01 11:42:38', 1, '2017-05-15 12:23:57', NULL, NULL),
(6, 1, 1, 'Leave Request Form', 'نموذج خروج موظف', 'fa-file-text-o', NULL, NULL, NULL, 1, '2017-07-23 10:48:29', 79, '2018-09-19 09:03:45'),
(7, 1, 0, 'Late of Attendance Questioning Form', 'نموذج استجواب التأخير عن الحضور', 'fa-file-text-o', NULL, NULL, NULL, 1, '2017-07-23 10:57:51', 79, '2018-09-14 13:06:15'),
(8, 1, 0, 'Receipt of Job Description Form', 'نموذج استلام وصف وظيفي', 'fa-file-text-o', NULL, NULL, NULL, 1, '2017-07-23 11:03:30', 79, '2018-09-14 13:05:43'),
(9, 1, 1, 'Salary Certification', 'نموذج مشهد بالراتب ', 'fa-file-text-o', NULL, NULL, NULL, 1, '2017-07-23 11:33:06', 79, '2018-09-19 13:46:10'),
(10, 1, 0, 'New Hire Commencement of Employment Form', 'نموذج مباشرة عمل', 'fa-file-text-o', NULL, NULL, NULL, 1, '2017-10-16 10:49:01', 79, '2018-09-14 13:04:21'),
(11, 1, 0, 'Return From Leave Notice', 'نموذج مباشرة عمل بعد العودة من الاجازة', 'fa-file-text-o', NULL, NULL, NULL, 1, '2017-10-16 11:32:02', 79, '2018-09-14 13:03:14'),
(12, 1, 0, 'Sick Leave Request', 'نموذج طلب تقرير طبي ', 'fa-file-text-o', NULL, NULL, NULL, 1, '2017-11-01 21:54:17', 79, '2018-09-14 13:02:46'),
(13, 1, 0, 'Employee Status Form', 'نموذج عرض حالة موظف', 'fa-file-text-o', NULL, NULL, NULL, 1, '2017-11-01 21:55:14', 79, '2018-09-14 13:02:20'),
(14, 1, 0, 'End of Employment Form', 'نموذج طي القيد ', 'fa-file-text-o', NULL, NULL, NULL, 1, '2017-11-01 21:58:23', 79, '2018-09-14 13:01:53'),
(15, 2, 0, 'Incoming Mail Registration Form Internal', 'نموذج الوارد الداخلي', 'fa-file-text-o', NULL, NULL, NULL, 1, '2017-11-01 21:59:36', 79, '2018-09-14 13:01:25'),
(16, 2, 0, 'Outgoing Mail Registration Form Internal', 'نموذج الصادر الداخلي', 'fa-file-text-o', NULL, NULL, NULL, 1, '2017-11-01 22:00:25', 79, '2018-09-14 12:58:15'),
(17, 1, 0, 'Job Offer', 'نموذج عرض وظيفي', 'fa-file-text-o', NULL, NULL, NULL, 1, '2017-11-01 22:01:09', 79, '2018-09-14 13:00:33'),
(18, 1, 0, 'Staff Performance Appraisal Form', 'نموذج تقييم الاداء الوظيفي', 'fa-file-text-o', NULL, NULL, NULL, 1, '2017-11-01 22:01:56', 79, '2018-09-14 13:00:01'),
(19, 1, 0, 'Clearance', 'نموذج إخلاء طرف', 'fa-file-text-o', NULL, NULL, NULL, 1, '2017-11-01 22:02:27', 79, '2018-09-14 12:59:34'),
(20, 1, 1, 'Staff Under Probation Period Performance Form', 'نموذج تقويم أداء موظف تحت التجربة', 'fa-file-text-o', 1, 1, '2017-11-02 15:30:02', 1, '2017-11-01 22:02:59', NULL, NULL),
(21, 1, 1, 'Leave Request for Non Saudi Faculty Members', 'نموذج طلب إجازة لغير السعوديين منتصف العام الدراسي', 'fa-file-text-o', NULL, NULL, NULL, 1, '2017-11-01 22:03:46', 79, '2018-09-14 13:35:37'),
(22, 1, 0, 'Issuing Tickets OR Allowance Tickets  ', 'طلب تذاكر سفر  أو  بدل تذاكر ', 'fa-file-text-o', NULL, NULL, NULL, 1, '2017-12-20 08:51:21', 79, '2018-09-14 12:57:46'),
(23, 1, 1, 'Cash Advance Request ', 'طلب سلفة مالية ', 'fa-file-text-o', NULL, NULL, NULL, 1, '2017-12-20 09:39:21', 79, '2018-09-16 19:03:21'),
(24, 1, 1, 'Visa Request', 'طلب عمرة', 'fa-file-text-o', NULL, NULL, NULL, 1, '2017-12-20 11:14:52', 79, '2018-09-18 13:30:39'),
(25, 1, 1, 'Faculty Resignation Request', 'طلب إستقالة لمعلم', 'fa-file-text-o', NULL, NULL, NULL, 1, '2017-12-21 08:42:14', 79, '2018-09-14 13:23:31'),
(26, 1, 0, 'Admin Resignation Request ', 'طلب إستقالة لموظف إداري ', 'fa-file-text-o', NULL, NULL, NULL, 1, '2017-12-21 08:49:43', 79, '2018-09-14 12:56:16'),
(27, 1, 0, 'x', 'طلب إنتداب ', 'fa-file-text-o', NULL, NULL, NULL, 1, '2017-12-21 09:49:28', 79, '2018-09-14 13:08:35'),
(28, 1, 0, 'Movement Request ', 'طلب إنتقال ', 'fa-file-text-o', NULL, NULL, NULL, 1, '2017-12-21 10:10:40', 79, '2018-08-27 19:13:35'),
(29, 1, 0, 'sa', 'طلب تكليف ', 'fa-file-text-o', NULL, NULL, NULL, 1, '2017-12-21 10:26:53', 79, '2018-09-13 17:12:16'),
(30, 1, 0, 'Over Time Request by Employee ', 'طلب خارج دوام من الموظف ', 'fa-file-text-o', NULL, NULL, NULL, 1, '2017-12-21 10:43:20', 79, '2018-09-14 12:55:34'),
(31, 1, 0, 'Over Time Request For Employee', 'طلب خارج دوام للموظف ', 'fa-file-text-o', NULL, NULL, NULL, 1, '2017-12-21 10:45:00', 79, '2018-09-14 13:12:56'),
(32, 1, 0, 'Improvement Employee ', 'ترقية موظف ', 'fa-file-text-o', NULL, NULL, NULL, 1, '2017-12-21 10:46:04', 79, '2018-08-27 19:16:25'),
(33, 2, 0, 'X', 'طلب إنتداب موجه للموظف ', 'fa-file-text-o', NULL, NULL, NULL, 1, '2017-12-27 09:56:27', 79, '2018-09-13 17:08:34'),
(34, 1, 1, 'Request a  Complaint', 'طلب شكوى ', 'fa-file-text-o', NULL, NULL, NULL, 1, '2018-01-08 12:23:00', 79, '2018-09-14 13:17:50'),
(35, 2, 0, 'out', 'الصادر الداخلي ', 'fa-file-text-o', NULL, NULL, NULL, 79, '2018-06-08 23:44:19', 79, '2018-09-14 13:09:50'),
(36, 2, 0, 'school t', 'نموذج تقييم معلم ', 'fa-file-text-o', NULL, NULL, NULL, 79, '2018-08-14 17:59:42', 79, '2018-09-14 13:09:14'),
(37, 2, 1, 'pay Accesories', 'طلب مستلزمات مدرسية', 'fa-file-text-o', NULL, NULL, NULL, 3, '2018-09-17 10:59:57', 79, '2018-09-18 13:21:55'),
(38, 1, 1, 'maintenance', 'طلب عمل صيانة للأجهزة او الشبكات', 'fa-file-text-o', NULL, NULL, NULL, 3, '2018-09-17 11:15:02', 79, '2018-09-18 13:24:57'),
(39, 2, 1, 'Fix', 'طلب عمل صيانة بالسباكة أو الكهرباء', 'fa-file-text-o', NULL, NULL, NULL, 3, '2018-09-17 11:20:45', 79, '2018-09-18 13:19:40');

-- --------------------------------------------------------

--
-- Table structure for table `letters_applications`
--

CREATE TABLE `letters_applications` (
  `id` int(11) UNSIGNED NOT NULL,
  `letter` int(10) UNSIGNED DEFAULT NULL COMMENT 'ref to ''letters''',
  `is_deleted` tinyint(4) UNSIGNED DEFAULT NULL,
  `deleted_by` int(11) UNSIGNED DEFAULT NULL COMMENT 'ref to ''users''',
  `deleted_date` datetime DEFAULT NULL,
  `Created_by` int(11) UNSIGNED DEFAULT NULL COMMENT 'ref to ''users''',
  `Created_date` datetime DEFAULT NULL,
  `last_update_by` int(11) UNSIGNED DEFAULT NULL COMMENT 'ref to ''users''',
  `last_update_date` datetime DEFAULT NULL,
  `date1` date DEFAULT NULL,
  `date2` date DEFAULT NULL,
  `date3` date DEFAULT NULL,
  `date4` date DEFAULT NULL,
  `date5` date DEFAULT NULL,
  `time1` varchar(20) COLLATE utf8_bin DEFAULT NULL,
  `time2` varchar(20) COLLATE utf8_bin DEFAULT NULL,
  `number1` int(11) DEFAULT NULL,
  `number2` int(11) DEFAULT NULL,
  `number3` int(11) DEFAULT NULL,
  `number4` int(11) DEFAULT NULL,
  `number5` int(11) DEFAULT NULL,
  `number6` int(11) DEFAULT NULL,
  `varchar1` varchar(255) COLLATE utf8_bin DEFAULT NULL,
  `varchar2` varchar(255) COLLATE utf8_bin DEFAULT NULL,
  `varchar3` varchar(255) COLLATE utf8_bin DEFAULT NULL,
  `varchar4` varchar(255) COLLATE utf8_bin DEFAULT NULL,
  `varchar5` varchar(255) COLLATE utf8_bin DEFAULT NULL,
  `text1` text COLLATE utf8_bin,
  `text2` text COLLATE utf8_bin,
  `text3` text COLLATE utf8_bin,
  `dropdown1` int(11) DEFAULT NULL,
  `dropdown2` int(11) DEFAULT NULL,
  `checkbox1` varchar(150) COLLATE utf8_bin DEFAULT NULL,
  `checkbox2` varchar(150) COLLATE utf8_bin DEFAULT NULL,
  `attachment1` varchar(250) COLLATE utf8_bin DEFAULT NULL
) ENGINE=InnoDB DEFAULT CHARSET=utf8 COLLATE=utf8_bin ROW_FORMAT=COMPACT;

--
-- Dumping data for table `letters_applications`
--

INSERT INTO `letters_applications` (`id`, `letter`, `is_deleted`, `deleted_by`, `deleted_date`, `Created_by`, `Created_date`, `last_update_by`, `last_update_date`, `date1`, `date2`, `date3`, `date4`, `date5`, `time1`, `time2`, `number1`, `number2`, `number3`, `number4`, `number5`, `number6`, `varchar1`, `varchar2`, `varchar3`, `varchar4`, `varchar5`, `text1`, `text2`, `text3`, `dropdown1`, `dropdown2`, `checkbox1`, `checkbox2`, `attachment1`) VALUES
(1, 2, NULL, NULL, NULL, 3, '2018-05-08 11:50:00', NULL, NULL, '2018-05-15', NULL, NULL, NULL, NULL, NULL, NULL, NULL, NULL, NULL, NULL, NULL, NULL, 'تالبل', NULL, NULL, NULL, NULL, NULL, NULL, NULL, NULL, NULL, NULL, NULL, NULL),
(2, 9, 1, 48, '2018-07-25 11:05:53', 48, '2018-06-05 16:43:04', NULL, NULL, NULL, NULL, NULL, NULL, NULL, NULL, NULL, NULL, NULL, NULL, NULL, NULL, NULL, 'البنك الاهلي ', NULL, NULL, NULL, NULL, 'قرض', NULL, NULL, NULL, NULL, NULL, NULL, NULL),
(3, 34, NULL, NULL, NULL, 5, '2018-06-07 00:30:21', NULL, NULL, '2018-06-06', NULL, NULL, NULL, NULL, NULL, NULL, NULL, NULL, NULL, NULL, NULL, NULL, NULL, NULL, NULL, NULL, NULL, 'عمرو', 'محاسب', NULL, NULL, NULL, NULL, NULL, NULL),
(4, 4, NULL, NULL, NULL, 5, '2018-06-07 15:52:01', NULL, NULL, '2018-06-07', NULL, NULL, NULL, NULL, NULL, NULL, 1, NULL, NULL, NULL, NULL, NULL, NULL, NULL, NULL, NULL, NULL, 'تم تعيني فى الحكومه', NULL, NULL, 43, NULL, NULL, NULL, NULL),
(5, 4, 1, 79, '2018-06-08 23:38:42', 79, '2018-06-08 23:37:41', NULL, NULL, '2018-06-10', NULL, NULL, NULL, NULL, NULL, NULL, NULL, NULL, NULL, NULL, NULL, NULL, NULL, NULL, NULL, NULL, NULL, 'لا', NULL, NULL, 42, NULL, NULL, NULL, NULL),
(6, 35, 1, 79, '2018-06-08 23:45:32', 79, '2018-06-08 23:44:55', NULL, NULL, '2018-06-10', NULL, NULL, NULL, NULL, NULL, NULL, 100, NULL, NULL, NULL, NULL, NULL, 'البنك الاهلي ', NULL, NULL, NULL, NULL, NULL, NULL, NULL, 12, NULL, NULL, NULL, NULL),
(7, 4, NULL, NULL, NULL, 94, '2018-07-19 20:25:35', NULL, NULL, '2018-07-19', NULL, NULL, NULL, NULL, NULL, NULL, NULL, NULL, NULL, NULL, NULL, NULL, NULL, NULL, NULL, NULL, NULL, 'لا', 'موافق', NULL, 42, NULL, NULL, NULL, NULL),
(8, 9, NULL, NULL, NULL, 48, '2018-07-25 11:05:39', NULL, NULL, NULL, NULL, NULL, NULL, NULL, NULL, NULL, NULL, NULL, NULL, NULL, NULL, NULL, 'مصرف الراجحي', NULL, NULL, NULL, NULL, 'قرض زواج', NULL, NULL, NULL, NULL, NULL, NULL, NULL),
(9, 4, 1, 111, '2018-08-13 20:29:47', 111, '2018-08-13 20:29:11', NULL, NULL, '2018-09-02', NULL, NULL, NULL, NULL, NULL, NULL, NULL, NULL, NULL, NULL, NULL, NULL, NULL, NULL, NULL, NULL, NULL, 'لا', 'مواغف', 'موتفق', 43, NULL, NULL, NULL, NULL),
(10, 23, NULL, NULL, NULL, 111, '2018-08-13 20:32:25', NULL, NULL, NULL, NULL, NULL, NULL, NULL, NULL, NULL, 500, 500, NULL, NULL, NULL, NULL, NULL, NULL, NULL, NULL, NULL, NULL, NULL, NULL, 5, NULL, NULL, NULL, NULL),
(11, 23, NULL, NULL, NULL, 48, '2018-08-13 20:35:44', NULL, NULL, NULL, NULL, NULL, NULL, NULL, NULL, NULL, 500, 500, NULL, NULL, NULL, NULL, NULL, NULL, NULL, NULL, NULL, NULL, NULL, NULL, 5, NULL, NULL, NULL, NULL),
(12, 4, NULL, NULL, NULL, 48, '2018-08-14 17:26:35', NULL, NULL, '2018-06-15', NULL, NULL, NULL, NULL, NULL, NULL, NULL, NULL, NULL, NULL, NULL, NULL, NULL, NULL, NULL, NULL, NULL, 'لا', 'لا', 'لا', 42, NULL, NULL, NULL, NULL),
(13, 35, NULL, NULL, NULL, 79, '2018-08-14 17:53:25', NULL, NULL, '2018-06-15', NULL, NULL, NULL, NULL, NULL, NULL, 1, NULL, NULL, NULL, NULL, NULL, 'تالبل', NULL, NULL, NULL, NULL, NULL, NULL, NULL, 11, NULL, NULL, NULL, 'files/letters/documents/2018/08/14/ea9onfbu6ftzezqtti2noj.pdf'),
(14, 4, NULL, NULL, NULL, 48, '2018-08-22 16:00:08', NULL, NULL, '2018-01-01', NULL, NULL, NULL, NULL, NULL, NULL, NULL, NULL, NULL, NULL, NULL, NULL, NULL, NULL, NULL, NULL, NULL, '111', '111', '111', 42, NULL, NULL, NULL, 'files/letters/documents/2018/08/22/vtbq6ea5poglchezcfe2wz.pdf'),
(15, 9, NULL, NULL, NULL, 48, '2018-09-08 18:04:41', NULL, NULL, NULL, NULL, NULL, NULL, NULL, NULL, NULL, NULL, NULL, NULL, NULL, NULL, NULL, 'بنك الاهلي ', NULL, NULL, NULL, NULL, 'بطاقة فيزا', NULL, NULL, NULL, NULL, NULL, NULL, NULL),
(16, 23, NULL, NULL, NULL, 48, '2018-09-08 19:19:24', NULL, NULL, NULL, NULL, NULL, NULL, NULL, NULL, NULL, 500, 500, NULL, NULL, NULL, NULL, NULL, NULL, NULL, NULL, NULL, NULL, 'خمسمائة', NULL, 5, NULL, NULL, NULL, NULL),
(17, 23, NULL, NULL, NULL, 27, '2018-09-17 09:11:11', NULL, NULL, NULL, NULL, NULL, NULL, NULL, NULL, NULL, NULL, 2000, NULL, NULL, NULL, NULL, NULL, NULL, NULL, NULL, NULL, NULL, NULL, NULL, 5, NULL, NULL, NULL, NULL),
(18, 9, NULL, NULL, NULL, 48, '2018-09-19 13:45:14', NULL, NULL, '2018-01-01', NULL, NULL, NULL, NULL, NULL, NULL, NULL, NULL, NULL, NULL, NULL, NULL, 'تال', NULL, NULL, NULL, NULL, 'الب', NULL, NULL, NULL, NULL, NULL, NULL, NULL);

-- --------------------------------------------------------

--
-- Table structure for table `letters_applications_approvals`
--

CREATE TABLE `letters_applications_approvals` (
  `id` int(11) UNSIGNED NOT NULL,
  `order` tinyint(3) UNSIGNED DEFAULT NULL,
  `app_status` tinyint(3) UNSIGNED DEFAULT NULL COMMENT '1 accepted || 2 rejected',
  `application_id` int(10) UNSIGNED DEFAULT NULL COMMENT 'ref to ''letters_applications''',
  `department` int(10) UNSIGNED DEFAULT NULL COMMENT 'ref to ''general_hr_departments''',
  `approved_date` datetime DEFAULT NULL,
  `approved_by` int(11) UNSIGNED DEFAULT NULL COMMENT 'ref to ''users''',
  `rejected_date` datetime DEFAULT NULL,
  `rejected_by` int(11) UNSIGNED DEFAULT NULL COMMENT 'ref to ''users''',
  `notes` text COLLATE utf8_bin,
  `is_deleted` tinyint(4) UNSIGNED DEFAULT NULL,
  `deleted_by` int(11) UNSIGNED DEFAULT NULL COMMENT 'ref to ''users''',
  `deleted_date` datetime DEFAULT NULL,
  `Created_by` int(11) UNSIGNED DEFAULT NULL COMMENT 'ref to ''users''',
  `Created_date` datetime DEFAULT NULL,
  `last_update_by` int(11) UNSIGNED DEFAULT NULL COMMENT 'ref to ''users''',
  `last_update_date` datetime DEFAULT NULL
) ENGINE=InnoDB DEFAULT CHARSET=utf8 COLLATE=utf8_bin ROW_FORMAT=COMPACT;

--
-- Dumping data for table `letters_applications_approvals`
--

INSERT INTO `letters_applications_approvals` (`id`, `order`, `app_status`, `application_id`, `department`, `approved_date`, `approved_by`, `rejected_date`, `rejected_by`, `notes`, `is_deleted`, `deleted_by`, `deleted_date`, `Created_by`, `Created_date`, `last_update_by`, `last_update_date`) VALUES
(1, 1, 2, 1, 1, NULL, NULL, '2018-06-06 13:56:41', 79, NULL, NULL, NULL, NULL, 3, '2018-05-08 11:50:01', NULL, NULL),
(2, 1, 1, 3, 1, '2018-06-07 00:31:56', 79, NULL, NULL, NULL, NULL, NULL, NULL, 5, '2018-06-07 00:30:21', NULL, NULL),
(3, 1, 2, 4, 1, NULL, NULL, '2018-06-07 15:53:32', 79, NULL, NULL, NULL, NULL, 5, '2018-06-07 15:52:01', NULL, NULL),
(4, 1, NULL, 5, 1, NULL, NULL, NULL, NULL, NULL, 1, 79, '2018-06-08 23:38:42', 79, '2018-06-08 23:37:41', NULL, NULL),
(5, 1, NULL, 6, 1, NULL, NULL, NULL, NULL, NULL, 1, 79, '2018-06-08 23:45:32', 79, '2018-06-08 23:44:55', NULL, NULL),
(6, 1, 2, 7, 1, NULL, NULL, '2018-07-19 20:26:56', 79, NULL, NULL, NULL, NULL, 94, '2018-07-19 20:25:35', NULL, NULL),
(7, 1, 1, 8, 3, '2018-07-25 11:08:12', 77, NULL, NULL, NULL, NULL, NULL, NULL, 48, '2018-07-25 11:05:39', NULL, NULL),
(8, 2, 2, 8, 1, NULL, NULL, '2018-07-25 11:09:26', 79, NULL, NULL, NULL, NULL, 48, '2018-07-25 11:05:39', NULL, NULL),
(9, 1, NULL, 9, 11, NULL, NULL, NULL, NULL, NULL, 1, 111, '2018-08-13 20:29:47', 111, '2018-08-13 20:29:11', NULL, NULL),
(10, 3, NULL, 9, 12, NULL, NULL, NULL, NULL, NULL, 1, 111, '2018-08-13 20:29:47', 111, '2018-08-13 20:29:11', NULL, NULL),
(11, 4, NULL, 9, 1, NULL, NULL, NULL, NULL, NULL, 1, 111, '2018-08-13 20:29:47', 111, '2018-08-13 20:29:11', NULL, NULL),
(12, 5, NULL, 9, 13, NULL, NULL, NULL, NULL, NULL, 1, 111, '2018-08-13 20:29:47', 111, '2018-08-13 20:29:11', NULL, NULL),
(13, 1, 2, 10, 11, NULL, NULL, '2018-08-14 17:35:09', 111, 'مرفوض', NULL, NULL, NULL, 111, '2018-08-13 20:32:25', NULL, NULL),
(14, 2, 2, 10, 1, NULL, NULL, NULL, NULL, NULL, NULL, NULL, NULL, 111, '2018-08-13 20:32:25', NULL, NULL),
(15, 3, 2, 10, 13, NULL, NULL, NULL, NULL, NULL, NULL, NULL, NULL, 111, '2018-08-13 20:32:25', NULL, NULL),
(16, 1, 1, 11, 3, '2018-08-13 20:37:08', 77, NULL, NULL, NULL, NULL, NULL, NULL, 48, '2018-08-13 20:35:44', NULL, NULL),
(17, 2, 1, 11, 1, '2018-08-13 20:38:57', 79, NULL, NULL, 'تصرف فورا', NULL, NULL, NULL, 48, '2018-08-13 20:35:44', NULL, NULL),
(18, 3, 2, 11, 13, NULL, NULL, '2018-08-13 20:41:05', 5, NULL, NULL, NULL, NULL, 48, '2018-08-13 20:35:44', NULL, NULL),
(19, 1, 1, 12, 3, '2018-08-14 17:32:15', 77, NULL, NULL, 'يستاهل', NULL, NULL, NULL, 48, '2018-08-14 17:26:35', NULL, NULL),
(20, 2, 2, 12, 11, NULL, NULL, '2018-08-14 17:34:17', 111, 'لعدم وجود مرفق', NULL, NULL, NULL, 48, '2018-08-14 17:26:35', NULL, NULL),
(21, 3, 2, 12, 12, NULL, NULL, NULL, NULL, NULL, NULL, NULL, NULL, 48, '2018-08-14 17:26:35', NULL, NULL),
(22, 4, 2, 12, 1, NULL, NULL, NULL, NULL, NULL, NULL, NULL, NULL, 48, '2018-08-14 17:26:35', NULL, NULL),
(23, 5, 2, 12, 13, NULL, NULL, NULL, NULL, NULL, NULL, NULL, NULL, 48, '2018-08-14 17:26:35', NULL, NULL),
(24, 1, 2, 13, 1, NULL, NULL, '2018-08-14 17:54:25', 79, 'عدم توفر الاغراض المطلوبة للتسجيل للطلالب ', NULL, NULL, NULL, 79, '2018-08-14 17:53:25', NULL, NULL),
(25, 1, 1, 14, 3, '2018-08-22 16:01:30', 78, NULL, NULL, 'تمام ', NULL, NULL, NULL, 48, '2018-08-22 16:00:08', NULL, NULL),
(26, 2, 2, 14, 11, NULL, NULL, '2018-08-22 16:02:46', 111, NULL, NULL, NULL, NULL, 48, '2018-08-22 16:00:08', NULL, NULL),
(27, 3, 2, 14, 12, NULL, NULL, NULL, NULL, NULL, NULL, NULL, NULL, 48, '2018-08-22 16:00:08', NULL, NULL),
(28, 4, 2, 14, 1, NULL, NULL, NULL, NULL, NULL, NULL, NULL, NULL, 48, '2018-08-22 16:00:08', NULL, NULL),
(29, 5, 2, 14, 13, NULL, NULL, NULL, NULL, NULL, NULL, NULL, NULL, 48, '2018-08-22 16:00:08', NULL, NULL),
(30, 1, 1, 15, 3, '2018-09-08 18:05:28', 77, NULL, NULL, 'تستاهل', NULL, NULL, NULL, 48, '2018-09-08 18:04:41', NULL, NULL),
(31, 2, 2, 15, 1, NULL, NULL, '2018-09-08 18:06:54', 79, 'لوجود مبلغ سلفة عليك', NULL, NULL, NULL, 48, '2018-09-08 18:04:41', NULL, NULL),
(32, 1, 1, 16, 3, '2018-09-08 19:20:18', 77, NULL, NULL, NULL, NULL, NULL, NULL, 48, '2018-09-08 19:19:24', NULL, NULL),
(33, 2, 2, 16, 1, NULL, NULL, '2018-09-08 19:21:30', 79, 'لدية سلفة سابقة ', NULL, NULL, NULL, 48, '2018-09-08 19:19:24', NULL, NULL),
(34, 3, 2, 16, 13, NULL, NULL, NULL, NULL, NULL, NULL, NULL, NULL, 48, '2018-09-08 19:19:25', NULL, NULL),
(35, 1, NULL, 17, 4, NULL, NULL, NULL, NULL, NULL, NULL, NULL, NULL, 27, '2018-09-17 09:11:11', NULL, NULL),
(36, 3, NULL, 17, 11, NULL, NULL, NULL, NULL, NULL, NULL, NULL, NULL, 27, '2018-09-17 09:11:11', NULL, NULL),
(37, 4, NULL, 17, 10, NULL, NULL, NULL, NULL, NULL, NULL, NULL, NULL, 27, '2018-09-17 09:11:11', NULL, NULL),
(38, 5, NULL, 17, 1, NULL, NULL, NULL, NULL, NULL, NULL, NULL, NULL, 27, '2018-09-17 09:11:11', NULL, NULL),
(39, 6, NULL, 17, 13, NULL, NULL, NULL, NULL, NULL, NULL, NULL, NULL, 27, '2018-09-17 09:11:11', NULL, NULL),
(40, 1, NULL, 18, 3, NULL, NULL, NULL, NULL, NULL, NULL, NULL, NULL, 48, '2018-09-19 13:45:14', NULL, NULL),
(41, 3, NULL, 18, 10, NULL, NULL, NULL, NULL, NULL, NULL, NULL, NULL, 48, '2018-09-19 13:45:14', NULL, NULL),
(42, 4, NULL, 18, 1, NULL, NULL, NULL, NULL, NULL, NULL, NULL, NULL, 48, '2018-09-19 13:45:14', NULL, NULL),
(43, 6, NULL, 18, 13, NULL, NULL, NULL, NULL, NULL, NULL, NULL, NULL, 48, '2018-09-19 13:45:14', NULL, NULL);

-- --------------------------------------------------------

--
-- Table structure for table `letters_approvals`
--

CREATE TABLE `letters_approvals` (
  `id` int(11) UNSIGNED NOT NULL,
  `department_person` tinyint(4) DEFAULT NULL COMMENT '1 director , 2 deputy',
  `order` tinyint(3) UNSIGNED NOT NULL,
  `letter` int(10) UNSIGNED DEFAULT NULL COMMENT 'ref to ''letters''',
  `department` int(10) UNSIGNED DEFAULT NULL COMMENT 'ref to ''general_hr_departments''',
  `is_deleted` tinyint(4) UNSIGNED DEFAULT NULL,
  `deleted_by` int(11) UNSIGNED DEFAULT NULL COMMENT 'ref to ''users''',
  `deleted_date` datetime DEFAULT NULL,
  `Created_by` int(11) UNSIGNED DEFAULT NULL COMMENT 'ref to ''users''',
  `Created_date` datetime DEFAULT NULL,
  `last_update_by` int(11) UNSIGNED DEFAULT NULL COMMENT 'ref to ''users''',
  `last_update_date` datetime DEFAULT NULL
) ENGINE=InnoDB DEFAULT CHARSET=utf8 COLLATE=utf8_bin ROW_FORMAT=COMPACT;

--
-- Dumping data for table `letters_approvals`
--

INSERT INTO `letters_approvals` (`id`, `department_person`, `order`, `letter`, `department`, `is_deleted`, `deleted_by`, `deleted_date`, `Created_by`, `Created_date`, `last_update_by`, `last_update_date`) VALUES
(6, 1, 1, 4, NULL, 1, 79, '2018-09-08 12:46:53', NULL, NULL, 79, '2018-08-22 15:59:25'),
(7, 1, 2, 4, 11, 1, 79, '2018-09-08 12:46:57', NULL, NULL, 79, '2018-08-22 15:59:25'),
(9, 1, 4, 4, NULL, 1, 1, '2017-06-03 04:53:30', 1, '2017-05-20 23:12:35', NULL, NULL),
(10, 2, 1, 6, NULL, NULL, NULL, NULL, 1, '2017-07-23 10:48:29', 79, '2018-09-19 09:03:45'),
(11, 1, 2, 6, NULL, NULL, NULL, NULL, 1, '2017-07-23 10:48:29', 79, '2018-09-19 09:03:45'),
(12, 1, 3, 6, 10, NULL, NULL, NULL, 1, '2017-07-23 10:48:29', 79, '2018-09-19 09:03:45'),
(13, 1, 1, 7, NULL, NULL, NULL, NULL, 1, '2017-07-23 10:57:51', 79, '2018-09-14 13:06:15'),
(14, 1, 2, 7, 2, NULL, NULL, NULL, 1, '2017-07-23 10:57:51', 79, '2018-09-14 13:06:15'),
(15, 1, 3, 7, 4, NULL, NULL, NULL, 1, '2017-07-23 10:57:51', 79, '2018-09-14 13:06:15'),
(16, 1, 4, 7, 5, NULL, NULL, NULL, 1, '2017-07-23 10:57:51', 79, '2018-09-14 13:06:15'),
(17, 1, 1, 8, NULL, NULL, NULL, NULL, 1, '2017-07-23 11:03:30', 79, '2018-09-14 13:05:43'),
(18, 1, 2, 8, 2, NULL, NULL, NULL, 1, '2017-07-23 11:03:30', 79, '2018-09-14 13:05:43'),
(19, 1, 3, 8, 5, NULL, NULL, NULL, 1, '2017-07-23 11:03:30', 79, '2018-09-14 13:05:43'),
(20, 1, 1, 9, 3, 1, 75, '2018-06-05 16:39:32', 1, '2017-07-23 11:33:06', 75, '2018-06-05 16:15:45'),
(21, 1, 2, 9, 1, 1, 75, '2018-06-05 16:39:27', 1, '2017-07-23 11:33:06', 75, '2018-06-05 16:15:45'),
(22, 1, 3, 9, 5, 1, 75, '2018-06-05 15:51:21', 1, '2017-07-23 11:33:06', 1364, '2017-12-26 15:33:17'),
(23, 1, 1, 10, 7, NULL, NULL, NULL, 1374, '2017-10-16 10:49:01', 79, '2018-09-14 13:04:21'),
(24, 1, 1, 11, 2, NULL, NULL, NULL, 1374, '2017-10-16 11:32:02', 79, '2018-09-14 13:03:14'),
(25, 2, 4, 6, 1, NULL, NULL, NULL, 1374, '2017-11-02 11:48:55', 79, '2018-09-19 09:03:45'),
(26, 1, 1, 12, 7, NULL, NULL, NULL, 1374, '2017-11-02 12:13:21', 79, '2018-09-14 13:02:46'),
(27, 1, 1, 13, 2, 1, 1364, '2017-12-27 09:36:19', 1374, '2017-11-02 12:44:26', 1374, '2017-11-02 13:52:04'),
(28, 1, 1, 14, 5, NULL, NULL, NULL, 1374, '2017-11-02 13:56:15', 79, '2018-09-14 13:01:53'),
(29, 1, 1, 15, NULL, NULL, NULL, NULL, 1374, '2017-11-02 14:08:27', 79, '2018-09-14 13:01:25'),
(30, 1, 1, 16, NULL, NULL, NULL, NULL, 1374, '2017-11-02 14:16:17', 79, '2018-09-14 12:58:15'),
(31, 1, 1, 17, 5, NULL, NULL, NULL, 1374, '2017-11-02 14:29:12', 79, '2018-09-14 13:00:33'),
(32, 1, 1, 18, NULL, NULL, NULL, NULL, 1374, '2017-11-02 14:37:05', 79, '2018-09-14 13:00:01'),
(33, 1, 1, 19, NULL, NULL, NULL, NULL, 1374, '2017-11-02 15:00:04', 79, '2018-09-14 12:59:34'),
(34, 1, 2, 19, 11, NULL, NULL, NULL, 1374, '2017-11-02 15:00:04', 79, '2018-09-14 12:59:34'),
(35, 1, 3, 19, 12, NULL, NULL, NULL, 1374, '2017-11-02 15:00:04', 79, '2018-09-14 12:59:34'),
(36, 1, 4, 19, 10, NULL, NULL, NULL, 1374, '2017-11-02 15:00:04', 79, '2018-09-14 12:59:34'),
(37, 1, 5, 19, 13, NULL, NULL, NULL, 1374, '2017-11-02 15:34:18', 79, '2018-09-14 12:59:34'),
(38, 2, 1, 21, NULL, NULL, NULL, NULL, 1374, '2017-11-02 15:58:37', 79, '2018-09-14 13:35:37'),
(39, 1, 2, 21, NULL, NULL, NULL, NULL, 1374, '2017-11-02 15:58:37', 79, '2018-09-14 13:35:37'),
(40, 1, 3, 21, 11, NULL, NULL, NULL, 1374, '2017-11-02 15:58:37', 79, '2018-09-14 13:35:37'),
(41, 1, 4, 21, 13, NULL, NULL, NULL, 1374, '2017-11-02 15:58:37', 79, '2018-09-14 13:35:37'),
(42, 1, 1, 22, 7, NULL, NULL, NULL, 1364, '2017-12-20 08:51:21', 79, '2018-09-14 12:57:46'),
(43, 1, 2, 22, 5, NULL, NULL, NULL, 1364, '2017-12-20 08:51:21', 79, '2018-09-14 12:57:46'),
(44, 1, 3, 22, 7, 1, 1364, '2017-12-20 12:18:21', 1364, '2017-12-20 08:51:21', NULL, NULL),
(45, 2, 1, 23, NULL, NULL, NULL, NULL, 1364, '2017-12-20 09:39:21', 79, '2018-09-16 19:03:21'),
(46, 1, 2, 23, NULL, NULL, NULL, NULL, 1364, '2017-12-20 09:39:21', 79, '2018-09-16 19:03:21'),
(47, 2, 3, 23, 11, NULL, NULL, NULL, 1364, '2017-12-20 09:39:21', 79, '2018-09-16 19:03:21'),
(48, 2, 1, 24, NULL, NULL, NULL, NULL, 1364, '2017-12-20 11:14:52', 79, '2018-09-18 13:30:39'),
(49, 1, 2, 24, NULL, NULL, NULL, NULL, 1364, '2017-12-20 11:14:52', 79, '2018-09-18 13:30:39'),
(50, 1, 3, 24, 11, NULL, NULL, NULL, 1364, '2017-12-20 11:14:52', 79, '2018-09-18 13:30:39'),
(51, 2, 1, 25, NULL, NULL, NULL, NULL, 1364, '2017-12-21 08:42:14', 79, '2018-09-14 13:23:31'),
(52, 1, 2, 25, NULL, NULL, NULL, NULL, 1364, '2017-12-21 08:42:14', 79, '2018-09-14 13:23:31'),
(53, 1, 3, 25, 10, NULL, NULL, NULL, 1364, '2017-12-21 08:42:14', 79, '2018-09-14 13:23:31'),
(54, 1, 1, 26, NULL, NULL, NULL, NULL, 1364, '2017-12-21 08:49:43', 79, '2018-09-14 12:56:16'),
(55, 1, 2, 26, 7, NULL, NULL, NULL, 1364, '2017-12-21 08:49:43', 79, '2018-09-14 12:56:16'),
(56, 1, 3, 26, 5, NULL, NULL, NULL, 1364, '2017-12-21 08:49:43', 79, '2018-09-14 12:56:16'),
(57, 1, 1, 27, NULL, NULL, NULL, NULL, 1364, '2017-12-21 09:49:28', 79, '2018-09-14 13:08:35'),
(58, 1, 2, 27, 11, NULL, NULL, NULL, 1364, '2017-12-21 09:49:28', 79, '2018-09-14 13:08:35'),
(59, 1, 3, 27, 5, NULL, NULL, NULL, 1364, '2017-12-21 09:49:28', 79, '2018-09-14 13:08:35'),
(60, 1, 1, 28, NULL, NULL, NULL, NULL, 1364, '2017-12-21 10:10:40', 79, '2018-08-27 19:13:35'),
(61, 1, 2, 28, 7, NULL, NULL, NULL, 1364, '2017-12-21 10:10:40', 79, '2018-08-27 19:13:35'),
(62, 1, 3, 28, 5, NULL, NULL, NULL, 1364, '2017-12-21 10:10:40', 79, '2018-08-27 19:13:35'),
(63, 1, 1, 33, NULL, NULL, NULL, NULL, 1364, '2017-12-27 09:56:27', 79, '2018-09-13 17:08:34'),
(64, 1, 2, 33, 1, NULL, NULL, NULL, 1364, '2017-12-27 09:56:27', 79, '2018-09-13 17:08:34'),
(65, 2, 1, 34, NULL, NULL, NULL, NULL, 1360, '2018-01-08 12:23:00', 79, '2018-09-14 13:17:50'),
(66, 1, 2, 34, NULL, NULL, NULL, NULL, 1360, '2018-01-08 12:23:00', 79, '2018-09-14 13:17:50'),
(67, 1, 3, 34, 7, 1, 79, '2018-06-07 00:20:20', 1360, '2018-01-08 12:23:00', 1, '2018-03-13 07:53:25'),
(68, 2, 1, 9, NULL, NULL, NULL, NULL, 75, '2018-06-05 16:51:17', 79, '2018-09-19 13:46:10'),
(69, 1, 2, 9, NULL, NULL, NULL, NULL, 75, '2018-06-05 16:51:17', 79, '2018-09-19 13:46:10'),
(70, 1, 1, 35, NULL, 1, 79, '2018-09-08 12:44:31', 79, '2018-06-08 23:44:19', 79, '2018-08-14 17:52:20'),
(71, 1, 2, 35, 1, 1, 79, '2018-09-08 12:44:17', 79, '2018-06-08 23:44:19', 79, '2018-08-14 17:52:20'),
(72, 1, 3, 4, 12, 1, 79, '2018-09-08 12:47:01', 79, '2018-07-19 20:30:32', 79, '2018-08-22 15:59:25'),
(73, 1, 4, 4, 1, 1, 79, '2018-09-08 12:47:05', 79, '2018-07-19 20:30:32', 79, '2018-08-22 15:59:25'),
(74, 1, 5, 4, 13, 1, 79, '2018-09-08 12:47:08', 79, '2018-07-19 20:30:32', 79, '2018-08-22 15:59:25'),
(75, 1, 6, 19, 1, NULL, NULL, NULL, 79, '2018-07-22 17:57:29', 79, '2018-09-14 12:59:34'),
(76, 1, 1, 36, NULL, NULL, NULL, NULL, 79, '2018-08-14 17:59:42', 79, '2018-09-14 13:09:14'),
(77, 1, 2, 36, 1, NULL, NULL, NULL, 79, '2018-08-14 17:59:42', 79, '2018-09-14 13:09:14'),
(78, 1, 3, 34, 1, NULL, NULL, NULL, 79, '2018-09-13 17:08:13', 79, '2018-09-14 13:17:50'),
(79, 1, 1, 31, NULL, NULL, NULL, NULL, 79, '2018-09-13 17:10:38', 79, '2018-09-14 13:12:56'),
(80, 2, 2, 31, 1, NULL, NULL, NULL, 79, '2018-09-13 17:10:38', 79, '2018-09-14 13:12:56'),
(81, 1, 3, 31, 1, NULL, NULL, NULL, 79, '2018-09-13 17:10:38', 79, '2018-09-14 13:12:56'),
(82, 1, 1, 29, NULL, NULL, NULL, NULL, 79, '2018-09-13 17:12:16', NULL, NULL),
(83, 2, 2, 29, 1, NULL, NULL, NULL, 79, '2018-09-13 17:12:16', NULL, NULL),
(84, 1, 3, 29, 1, NULL, NULL, NULL, 79, '2018-09-13 17:12:16', NULL, NULL),
(85, 1, 4, 25, 11, NULL, NULL, NULL, 79, '2018-09-14 13:23:31', NULL, NULL),
(86, 1, 5, 25, 13, NULL, NULL, NULL, 79, '2018-09-14 13:23:31', NULL, NULL),
(87, 1, 5, 25, 1, NULL, NULL, NULL, 79, '2018-09-14 13:23:31', NULL, NULL),
(88, 1, 5, 21, 10, NULL, NULL, NULL, 79, '2018-09-14 13:31:30', 79, '2018-09-14 13:35:37'),
(89, 1, 6, 21, 1, NULL, NULL, NULL, 79, '2018-09-14 13:31:30', 79, '2018-09-14 13:35:37'),
(90, 1, 4, 24, 10, NULL, NULL, NULL, 79, '2018-09-16 18:14:17', 79, '2018-09-18 13:30:40'),
(91, 1, 5, 24, 1, NULL, NULL, NULL, 79, '2018-09-16 18:14:17', 79, '2018-09-18 13:30:40'),
(92, 1, 4, 23, 10, NULL, NULL, NULL, 79, '2018-09-16 19:03:21', NULL, NULL),
(93, 1, 5, 23, 1, NULL, NULL, NULL, 79, '2018-09-16 19:03:21', NULL, NULL),
(94, 1, 6, 23, 13, NULL, NULL, NULL, 79, '2018-09-16 19:03:21', NULL, NULL),
(95, 1, 1, 37, NULL, NULL, NULL, NULL, 3, '2018-09-17 10:59:57', 79, '2018-09-18 13:21:55'),
(96, 1, 2, 37, 1, NULL, NULL, NULL, 3, '2018-09-17 10:59:57', 79, '2018-09-18 13:21:55'),
(97, 1, 3, 37, 13, NULL, NULL, NULL, 3, '2018-09-17 10:59:57', 79, '2018-09-18 13:21:55'),
(98, 2, 1, 38, NULL, NULL, NULL, NULL, 3, '2018-09-17 11:15:02', 79, '2018-09-18 13:24:57'),
(99, 1, 2, 38, NULL, NULL, NULL, NULL, 3, '2018-09-17 11:15:02', 79, '2018-09-18 13:24:57'),
(100, 1, 3, 38, 1, NULL, NULL, NULL, 3, '2018-09-17 11:15:02', 79, '2018-09-18 13:24:57'),
(101, 1, 1, 39, NULL, NULL, NULL, NULL, 3, '2018-09-17 11:20:45', 79, '2018-09-18 13:19:40'),
(102, 2, 2, 39, 1, NULL, NULL, NULL, 3, '2018-09-17 11:20:45', 79, '2018-09-18 13:19:40'),
(103, 1, 3, 39, 1, NULL, NULL, NULL, 3, '2018-09-17 11:20:45', 79, '2018-09-18 13:19:40'),
(104, 1, 4, 39, 10, 1, 79, '2018-09-18 13:18:52', 79, '2018-09-18 13:15:43', NULL, NULL),
(105, 1, 4, 39, 13, NULL, NULL, NULL, 79, '2018-09-18 13:19:40', NULL, NULL),
(106, 1, 4, 37, 10, NULL, NULL, NULL, 79, '2018-09-18 13:21:55', NULL, NULL),
(107, 1, 4, 38, 12, NULL, NULL, NULL, 79, '2018-09-18 13:24:57', NULL, NULL),
(108, 1, 5, 6, 1, NULL, NULL, NULL, 79, '2018-09-19 09:03:45', NULL, NULL),
(109, 1, 6, 6, 13, NULL, NULL, NULL, 79, '2018-09-19 09:03:45', NULL, NULL),
(110, 1, 3, 9, 10, NULL, NULL, NULL, 79, '2018-09-19 09:44:37', 79, '2018-09-19 13:46:10'),
(111, 2, 4, 9, 1, NULL, NULL, NULL, 79, '2018-09-19 09:44:37', 79, '2018-09-19 13:46:10'),
(112, 1, 5, 9, 1, NULL, NULL, NULL, 79, '2018-09-19 09:44:37', 79, '2018-09-19 13:46:10'),
(113, 1, 6, 9, 13, NULL, NULL, NULL, 79, '2018-09-19 09:44:37', 79, '2018-09-19 13:46:10');

-- --------------------------------------------------------

--
-- Table structure for table `letters_dropdowns`
--

CREATE TABLE `letters_dropdowns` (
  `id` int(11) UNSIGNED NOT NULL,
  `source` tinyint(3) UNSIGNED NOT NULL DEFAULT '2' COMMENT '1 System & 2 From Admins',
  `source_data` varchar(50) CHARACTER SET utf8 DEFAULT NULL COMMENT 'وصف معين يساعد المبرمج على جلب البيانات',
  `is_active` tinyint(4) UNSIGNED NOT NULL DEFAULT '1' COMMENT '0 No, 1 Yes',
  `name_en` varchar(255) COLLATE utf8_bin DEFAULT NULL,
  `name_ar` varchar(255) COLLATE utf8_bin DEFAULT NULL,
  `is_deleted` tinyint(4) UNSIGNED DEFAULT NULL,
  `deleted_by` int(11) UNSIGNED DEFAULT NULL COMMENT 'ref to ''users''',
  `deleted_date` datetime DEFAULT NULL,
  `Created_by` int(11) UNSIGNED DEFAULT NULL COMMENT 'ref to ''users''',
  `Created_date` datetime DEFAULT NULL,
  `last_update_by` int(11) UNSIGNED DEFAULT NULL COMMENT 'ref to ''users''',
  `last_update_date` datetime DEFAULT NULL
) ENGINE=InnoDB DEFAULT CHARSET=utf8 COLLATE=utf8_bin ROW_FORMAT=COMPACT;

--
-- Dumping data for table `letters_dropdowns`
--

INSERT INTO `letters_dropdowns` (`id`, `source`, `source_data`, `is_active`, `name_en`, `name_ar`, `is_deleted`, `deleted_by`, `deleted_date`, `Created_by`, `Created_date`, `last_update_by`, `last_update_date`) VALUES
(5, 2, NULL, 1, 'Leave Types', 'نوع المغادرات', NULL, NULL, NULL, 1, '2017-05-03 19:48:22', 1, '2017-08-24 01:09:40'),
(6, 2, NULL, 1, 'Vacation Type ', 'نوع الإجازة', NULL, NULL, NULL, 1, '2017-07-23 10:42:43', 1, '2017-12-26 15:27:16'),
(7, 2, NULL, 1, 'Loan type ', 'أنواع السلف', NULL, NULL, NULL, 1, '2017-07-23 10:50:50', 1, '2017-12-20 09:49:56'),
(8, 2, NULL, 1, 'Departments', 'الأقسام', NULL, NULL, NULL, 1, '2017-07-23 11:00:33', 75, '2018-06-05 17:09:48'),
(9, 2, NULL, 1, 'Yes No', 'نعم لا', NULL, NULL, NULL, 1, '2017-07-23 11:20:48', 1, '2017-12-20 08:53:45'),
(10, 2, NULL, 1, 'City ', 'المدينة', NULL, NULL, NULL, 1, '2017-07-23 11:23:06', 1, '2017-08-24 01:12:28'),
(11, 2, NULL, 1, 'Visa Type', 'نوع التأشيرة ', NULL, NULL, NULL, 1, '2017-12-20 11:24:40', 1, '2017-12-20 12:09:17'),
(12, 2, NULL, 1, 'Beneficiary ', 'المستفيد ', NULL, NULL, NULL, 1, '2017-12-20 12:35:02', NULL, NULL),
(13, 2, NULL, 1, 'Request Type ', 'نوع الطلب ', NULL, NULL, NULL, 1, '2017-12-21 09:36:35', NULL, NULL),
(14, 2, NULL, 1, 'x', 'مقدم الطلب ', NULL, NULL, NULL, 1, '2017-12-21 09:51:15', 79, '2018-09-18 13:20:59'),
(15, 2, NULL, 1, 'Destination To ', 'الجهة المراد الإنتقال إليها ', NULL, NULL, NULL, 1, '2017-12-21 10:16:34', NULL, NULL),
(16, 2, NULL, 1, 'x', 'اسم الموظف المكلف ', NULL, NULL, NULL, 1, '2017-12-21 10:28:30', NULL, NULL),
(17, 2, NULL, 1, 'Department ', 'القسم ', NULL, NULL, NULL, 1, '2017-12-21 10:29:26', 79, '2018-06-07 15:37:08'),
(18, 2, NULL, 1, 'Complaint', 'شكوى ', NULL, NULL, NULL, 1, '2018-01-08 12:05:22', NULL, NULL),
(19, 1, 'All_Employees', 1, 'Employees', 'الموظفين', NULL, NULL, NULL, 1, '2018-03-07 17:23:37', 79, '2018-06-07 15:36:24'),
(20, 2, NULL, 1, 'a', 'الاستقالة', NULL, NULL, NULL, 79, '2018-06-07 15:08:50', NULL, NULL);

-- --------------------------------------------------------

--
-- Table structure for table `letters_dropdowns_options`
--

CREATE TABLE `letters_dropdowns_options` (
  `id` int(11) UNSIGNED NOT NULL,
  `dropdown` int(11) UNSIGNED NOT NULL COMMENT 'ref to ''letters_dropdowns''',
  `name_en` varchar(255) COLLATE utf8_bin DEFAULT NULL,
  `name_ar` varchar(255) COLLATE utf8_bin DEFAULT NULL,
  `salary_affect` tinyint(3) UNSIGNED DEFAULT NULL COMMENT '1 yes هل يؤثر هذا الحقل على الرواتب',
  `is_deleted` tinyint(4) UNSIGNED DEFAULT NULL,
  `deleted_by` int(11) UNSIGNED DEFAULT NULL COMMENT 'ref to ''users''',
  `deleted_date` datetime DEFAULT NULL,
  `Created_by` int(11) UNSIGNED DEFAULT NULL COMMENT 'ref to ''users''',
  `Created_date` datetime DEFAULT NULL,
  `last_update_by` int(11) UNSIGNED DEFAULT NULL COMMENT 'ref to ''users''',
  `last_update_date` datetime DEFAULT NULL
) ENGINE=InnoDB DEFAULT CHARSET=utf8 COLLATE=utf8_bin ROW_FORMAT=COMPACT;

--
-- Dumping data for table `letters_dropdowns_options`
--

INSERT INTO `letters_dropdowns_options` (`id`, `dropdown`, `name_en`, `name_ar`, `salary_affect`, `is_deleted`, `deleted_by`, `deleted_date`, `Created_by`, `Created_date`, `last_update_by`, `last_update_date`) VALUES
(1, 5, 'exit for engagement', 'الخروج في مهمة', NULL, NULL, NULL, NULL, 1, '2017-05-03 19:48:22', 1, '2017-08-24 01:09:40'),
(2, 5, 'exit for personal purpose', 'الخروج لعمل خاص', NULL, NULL, NULL, NULL, 1, '2017-05-03 19:48:22', 1, '2017-08-24 01:09:40'),
(3, 6, 'Annual vacation paid ', 'إجازة سنوية مدفوعة الأجر', NULL, NULL, NULL, NULL, 1, '2017-07-23 10:42:43', 1, '2017-12-26 15:27:16'),
(4, 6, 'Not paid Vacation ', 'إجازة بدون أجر', NULL, NULL, NULL, NULL, 1, '2017-07-23 10:42:43', 1, '2017-12-26 15:27:16'),
(5, 7, 'Cash Advance Short Period (more than two months)', 'سلفة طويلة الأجل ( تزيد عن مدة شهرين )', NULL, NULL, NULL, NULL, 1, '2017-07-23 10:50:50', 1, '2017-12-20 09:49:56'),
(6, 7, 'Cash Advance Short Period (less than two months)', 'سلفة قصيرة الأجل (تقل عن مدة شهرين )', NULL, NULL, NULL, NULL, 1, '2017-07-23 10:50:50', 1, '2017-12-20 09:49:56'),
(7, 8, 'الادارة العامة ', 'الادارة العامة ', NULL, NULL, NULL, NULL, 1, '2017-07-23 11:00:34', 75, '2018-06-05 17:09:48'),
(8, 8, 'ابتدائي بنين', 'ابتدائي بنين', NULL, NULL, NULL, NULL, 1, '2017-07-23 11:00:34', 75, '2018-06-05 17:09:48'),
(9, 8, 'متوسة بنين', 'متوسة بنين', NULL, NULL, NULL, NULL, 1, '2017-07-23 11:00:34', 75, '2018-06-05 17:09:48'),
(10, 8, 'ثانوي بنين', 'ثانوي بنين', NULL, NULL, NULL, NULL, 1, '2017-07-23 11:00:34', 75, '2018-06-05 17:09:48'),
(11, 9, 'Yes ', 'نعم', NULL, NULL, NULL, NULL, 1, '2017-07-23 11:20:48', 1, '2017-12-20 08:53:45'),
(12, 9, 'No', 'لا', NULL, NULL, NULL, NULL, 1, '2017-07-23 11:20:48', 1, '2017-12-20 08:53:45'),
(13, 10, 'Riyadh', 'الرياض', NULL, NULL, NULL, NULL, 1, '2017-07-23 11:23:06', 1, '2017-08-24 01:12:28'),
(14, 10, 'Dammam', 'الدمام ', NULL, NULL, NULL, NULL, 1, '2017-07-23 11:23:06', 1, '2017-08-24 01:12:28'),
(15, 10, 'Al Baha', 'الباحة ', NULL, NULL, NULL, NULL, 1, '2017-07-23 11:23:06', 1, '2017-08-24 01:12:28'),
(16, 10, 'Al Jouf', 'الجوف', NULL, NULL, NULL, NULL, 1, '2017-07-23 11:23:07', 1, '2017-08-24 01:12:28'),
(17, 10, 'Hail ', 'حايل ', NULL, NULL, NULL, NULL, 1, '2017-07-23 11:23:07', 1, '2017-08-24 01:12:29'),
(18, 6, 'sick leave', 'إجازة مرضية', NULL, NULL, NULL, NULL, 1, '2017-08-24 01:04:15', 1, '2017-12-26 15:27:16'),
(19, 6, 'delivery vacation', 'إجازة ولادة', NULL, NULL, NULL, NULL, 1, '2017-08-24 01:04:15', 1, '2017-12-26 15:27:16'),
(20, 6, 'Maternity leave', 'إجازة أمومة', NULL, NULL, NULL, NULL, 1, '2017-08-24 01:04:15', 1, '2017-12-26 15:27:16'),
(21, 5, 'exit for training session', 'الخروج لحضور دورة', NULL, NULL, NULL, NULL, 1, '2017-08-24 01:09:40', NULL, NULL),
(22, 5, 'ثةثقلثىؤغ ثءهف', 'الخروج لظرف طاريء', NULL, NULL, NULL, NULL, 1, '2017-08-24 01:09:40', NULL, NULL),
(23, 10, 'Abha', 'أبها', NULL, NULL, NULL, NULL, 1, '2017-08-24 01:11:39', 1, '2017-08-24 01:12:29'),
(24, 10, 'khamis mushayt', 'خميس مشيط', NULL, NULL, NULL, NULL, 1, '2017-08-24 01:11:39', 1, '2017-08-24 01:12:29'),
(25, 11, 'Re-Entry Visa ', 'تأشيرة خروج وعودة ', NULL, NULL, NULL, NULL, 1, '2017-12-20 11:24:40', 1, '2017-12-20 12:09:17'),
(26, 11, 'Exit Visa ', 'تأشيرة خروج نهائي ', NULL, NULL, NULL, NULL, 1, '2017-12-20 11:24:40', 1, '2017-12-20 12:09:17'),
(27, 12, 'Employee', 'المتعاقد', NULL, NULL, NULL, NULL, 1, '2017-12-20 12:35:02', NULL, NULL),
(28, 12, 'all Dependent', 'جميع التابعين ', NULL, NULL, NULL, NULL, 1, '2017-12-20 12:35:02', NULL, NULL),
(29, 12, 'Some Dependent', 'أحد التابعين ', NULL, NULL, NULL, NULL, 1, '2017-12-20 12:35:02', NULL, NULL),
(30, 12, 'Employee and Dependent ', 'المتعاقد والتابعين', NULL, NULL, NULL, NULL, 1, '2017-12-20 12:35:02', NULL, NULL),
(31, 13, 'Tickets Request', 'طلب تذاكر سفر ', NULL, NULL, NULL, NULL, 1, '2017-12-21 09:36:35', NULL, NULL),
(32, 13, 'Tickets Allowance Request ', 'طلب بدل تذاكر ', NULL, NULL, NULL, NULL, 1, '2017-12-21 09:36:35', NULL, NULL),
(33, 14, 'معلم/ة', 'معلم/ة', NULL, NULL, NULL, NULL, 1, '2017-12-21 09:51:15', 79, '2018-09-18 13:20:59'),
(34, 14, 'xمعلمة', 'معلمة', NULL, 1, 79, '2018-09-18 13:20:33', 1, '2017-12-21 09:51:15', 79, '2018-06-07 15:38:18'),
(35, 17, 'x', 'الخدمات الطلابية ', NULL, 1, 1, '2017-12-21 10:37:14', 1, '2017-12-21 10:31:43', NULL, NULL),
(36, 6, 'Death Leave ', 'إجازة وفاة ', NULL, NULL, NULL, NULL, 1, '2017-12-26 15:27:16', NULL, NULL),
(37, 18, 'Name of complainant', 'اسم مقدم الشكوى ', NULL, NULL, NULL, NULL, 1, '2018-01-08 12:05:22', NULL, NULL),
(38, 8, 'الروضة والابتدائي بنات', 'الروضة والابتدائي بنات', NULL, NULL, NULL, NULL, 75, '2018-06-05 17:09:48', NULL, NULL),
(39, 8, 'متوسطة وثانوي بنات', 'متوسطة وثانوي بنات', NULL, NULL, NULL, NULL, 75, '2018-06-05 17:09:48', NULL, NULL),
(40, 19, 'القسم الذي يتبع له', 'القسم الذي يتبع له', NULL, 1, 79, '2018-06-12 15:25:58', 75, '2018-06-05 17:10:52', 79, '2018-06-07 15:36:24'),
(41, 20, 'اختيارية', 'اختيارية', NULL, NULL, NULL, NULL, 79, '2018-06-07 15:08:50', NULL, NULL),
(42, 20, 'مرضية', 'مرضية', NULL, NULL, NULL, NULL, 79, '2018-06-07 15:08:50', NULL, NULL),
(43, 20, 'الحصول على وظيفة اخرى قطاع حكومي', 'الحصول على وظيفة اخرى قطاع حكومي', NULL, NULL, NULL, NULL, 79, '2018-06-07 15:08:50', NULL, NULL),
(44, 20, 'الحصول على وظيفة اخرى قطاع خاص', 'الحصول على وظيفة اخرى قطاع خاص', NULL, NULL, NULL, NULL, 79, '2018-06-07 15:08:50', NULL, NULL),
(45, 19, 'نائب رئيس القسم', 'نائب رئيس القسم', NULL, 1, 79, '2018-06-12 15:26:02', 79, '2018-06-07 15:36:24', NULL, NULL),
(46, 19, 'مدير القسم ', 'مدير القسم ', NULL, 1, 79, '2018-06-12 15:26:06', 79, '2018-06-07 15:36:24', NULL, NULL),
(47, 17, 'بنين', 'بنين', NULL, NULL, NULL, NULL, 79, '2018-06-07 15:37:08', NULL, NULL),
(48, 17, 'بنات', 'بنات', NULL, NULL, NULL, NULL, 79, '2018-06-07 15:37:08', NULL, NULL),
(49, 14, 'قائد/ ة مرحلة', 'قائد/ ة مرحلة', NULL, NULL, NULL, NULL, 79, '2018-09-18 13:20:59', NULL, NULL);

-- --------------------------------------------------------

--
-- Table structure for table `letters_fields`
--

CREATE TABLE `letters_fields` (
  `id` int(11) UNSIGNED NOT NULL,
  `letter` int(10) UNSIGNED DEFAULT NULL COMMENT 'ref to ''letters''',
  `name_en` varchar(255) COLLATE utf8_bin DEFAULT NULL,
  `name_ar` varchar(255) COLLATE utf8_bin DEFAULT NULL,
  `col_name` varchar(255) COLLATE utf8_bin DEFAULT NULL,
  `extensions_allowed` varchar(255) COLLATE utf8_bin DEFAULT NULL COMMENT 'الامتدادات المسموحة مفصولة ب |',
  `required` tinyint(3) UNSIGNED DEFAULT NULL,
  `type` tinyint(3) UNSIGNED DEFAULT NULL,
  `dropdown` int(10) UNSIGNED DEFAULT NULL COMMENT 'ref to ''letters_dropdowns''',
  `checkbox` int(10) UNSIGNED DEFAULT NULL COMMENT 'ref to ''letters_dropdowns''',
  `lable_width` tinyint(3) UNSIGNED DEFAULT NULL COMMENT '1-12',
  `field_width` tinyint(3) UNSIGNED DEFAULT NULL COMMENT '1-12',
  `order` tinyint(3) UNSIGNED DEFAULT NULL,
  `is_deleted` tinyint(4) UNSIGNED DEFAULT NULL,
  `deleted_by` int(11) UNSIGNED DEFAULT NULL COMMENT 'ref to ''users''',
  `deleted_date` datetime DEFAULT NULL,
  `Created_by` int(11) UNSIGNED DEFAULT NULL COMMENT 'ref to ''users''',
  `Created_date` datetime DEFAULT NULL,
  `last_update_by` int(11) UNSIGNED DEFAULT NULL COMMENT 'ref to ''users''',
  `last_update_date` datetime DEFAULT NULL
) ENGINE=InnoDB DEFAULT CHARSET=utf8 COLLATE=utf8_bin ROW_FORMAT=COMPACT;

--
-- Dumping data for table `letters_fields`
--

INSERT INTO `letters_fields` (`id`, `letter`, `name_en`, `name_ar`, `col_name`, `extensions_allowed`, `required`, `type`, `dropdown`, `checkbox`, `lable_width`, `field_width`, `order`, `is_deleted`, `deleted_by`, `deleted_date`, `Created_by`, `Created_date`, `last_update_by`, `last_update_date`) VALUES
(1, 4, 'Date', 'التاريخ', 'date1', NULL, 1, 1, NULL, NULL, 3, 4, 3, NULL, NULL, NULL, 1, '2017-05-03 19:51:44', 79, '2018-09-08 12:47:15'),
(2, 4, 'From', 'من الساعة', 'time1', NULL, 1, 2, NULL, NULL, 3, 2, 3, 1, 79, '2018-06-07 15:01:36', 1, '2017-05-03 19:51:44', 1, '2017-12-26 15:23:53'),
(3, 4, 'To', 'الى الساعة', 'time2', NULL, 1, 2, NULL, NULL, 3, 2, 4, 1, 79, '2018-06-07 15:01:40', 1, '2017-05-03 19:51:44', 1, '2017-12-26 15:23:53'),
(4, 4, 'اسباب اخرى', 'اسباب اخرى', 'text1', NULL, 1, 5, NULL, NULL, 3, 9, 5, NULL, NULL, NULL, 1, '2017-05-03 19:51:44', 79, '2018-09-08 12:47:15'),
(5, 4, 'Leave Type', 'نوع المغادرة', 'dropdown1', NULL, 1, 6, 5, NULL, 3, 4, 2, 1, 1, '2017-11-02 14:42:12', 1, '2017-05-03 19:51:44', 1, '2017-11-01 22:43:05'),
(6, 6, 'vacation starting', 'تاريخ الاستئذان', 'date1', NULL, 1, 1, NULL, NULL, 2, 2, 2, NULL, NULL, NULL, 1, '2017-07-23 10:48:29', 79, '2018-09-19 09:03:45'),
(7, 6, 'vacation end', 'نهاية الإجازة ', 'date2', NULL, 1, 1, NULL, NULL, 2, 2, 3, 1, 79, '2018-09-19 08:43:03', 1, '2017-07-23 10:48:29', 79, '2018-09-14 13:06:44'),
(8, 6, 'Departure Date', 'تاريخ المغادرة', 'date3', NULL, 1, 1, NULL, NULL, 2, 2, 3, 1, 1, '2017-11-02 11:32:12', 1, '2017-07-23 10:48:29', 1, '2017-11-01 22:08:41'),
(9, 6, 'Return date', 'تاريخ العودة ', 'date4', NULL, 1, 1, NULL, NULL, 2, 2, 4, 1, 1, '2017-11-02 11:32:43', 1, '2017-07-23 10:48:29', 1, '2017-11-01 22:08:41'),
(10, 6, 'Vacation Type', 'نوع الإجازة ', 'dropdown1', NULL, 1, 6, 6, NULL, 3, 4, 5, 1, 79, '2018-09-19 09:02:35', 1, '2017-07-23 10:48:30', 79, '2018-09-14 13:06:44'),
(11, 7, 'Date', 'التاريخ', 'date1', NULL, 1, 1, NULL, NULL, 1, 1, 2, NULL, NULL, NULL, 1, '2017-07-23 10:57:51', 79, '2018-09-14 13:06:16'),
(12, 7, 'Loan Amount', 'قيمة السلفة', 'number1', NULL, 1, 3, NULL, NULL, 3, 4, 1, 1, 1, '2017-11-02 12:06:37', 1, '2017-07-23 10:57:51', 1, '2017-11-01 22:39:55'),
(13, 7, 'Monthly payment', 'الدفعة الشهرية', 'number2', NULL, 1, 3, NULL, NULL, 3, 4, 2, 1, 1, '2017-11-02 12:06:55', 1, '2017-07-23 10:57:52', 1, '2017-11-01 22:39:55'),
(14, 7, 'Reason', 'السبب', 'text1', NULL, 1, 5, NULL, NULL, 2, 9, 3, NULL, NULL, NULL, 1, '2017-07-23 10:57:52', 79, '2018-09-14 13:06:16'),
(15, 7, 'Loan Type', 'نوع السلفة', 'dropdown1', NULL, 1, 6, 7, NULL, 2, 3, 5, 1, 1, '2017-11-02 12:08:20', 1, '2017-07-23 10:57:52', 1, '2017-11-01 22:39:56'),
(16, 8, 'Reason', 'السبب', 'text1', NULL, 1, 5, NULL, NULL, 3, 9, 3, NULL, NULL, NULL, 1, '2017-07-23 11:03:30', 79, '2018-09-14 13:05:43'),
(17, 8, 'From Department ', 'من قسم ', 'dropdown1', NULL, NULL, 6, 8, NULL, 3, 3, 1, NULL, NULL, NULL, 1, '2017-07-23 11:03:30', 79, '2018-09-14 13:05:43'),
(18, 8, 'To Department ', 'إلى قسم', 'dropdown2', NULL, 1, 6, 8, NULL, 3, 3, 2, NULL, NULL, NULL, 1, '2017-07-23 11:03:31', 79, '2018-09-14 13:05:43'),
(19, 9, 'From', 'من ', 'date1', NULL, 1, 1, NULL, NULL, 2, 3, 2, 1, 1, '2017-11-02 11:57:26', 1, '2017-07-23 11:33:06', 1, '2017-11-01 22:06:44'),
(20, 9, 'To', 'إلى ', 'date2', NULL, 1, 1, NULL, NULL, 2, 3, 3, 1, 1, '2017-11-02 11:57:42', 1, '2017-07-23 11:33:06', 1, '2017-11-01 22:06:44'),
(21, 9, 'Daily payment ', 'الكلفة اليومية', 'number1', NULL, 1, 3, NULL, NULL, 3, 3, 5, 1, 1, '2017-11-02 11:54:13', 1, '2017-07-23 11:33:07', 1, '2017-11-01 22:06:44'),
(22, 9, 'Reason', 'السبب', 'text1', NULL, 1, 5, NULL, NULL, 5, 5, 3, NULL, NULL, NULL, 1, '2017-07-23 11:33:07', 79, '2018-09-19 13:46:10'),
(23, 9, 'Task ', 'المهمة ', 'text2', NULL, 1, 5, NULL, NULL, 3, 6, 7, 1, 1, '2017-11-02 11:55:07', 1, '2017-07-23 11:33:07', 1, '2017-11-01 22:06:45'),
(24, 9, 'Employee', 'الموظف ', 'dropdown1', NULL, 1, 6, 9, NULL, 2, 4, 1, 1, 1, '2017-11-02 11:55:26', 1, '2017-07-23 11:33:07', 1, '2017-11-01 22:06:45'),
(25, 9, 'City', 'المدينة', 'dropdown2', NULL, NULL, 6, 10, NULL, 3, 4, 4, 1, 1, '2017-11-02 11:55:47', 1, '2017-07-23 11:33:07', 1, '2017-11-01 22:06:45'),
(26, 10, 'Date', 'تاريخ المباشرة', 'date1', NULL, 1, 1, NULL, NULL, 3, 3, 3, NULL, NULL, NULL, 1, '2017-10-16 10:49:01', 79, '2018-09-14 13:04:21'),
(27, 10, 'Name', 'الاسم', 'varchar1', NULL, 1, 4, NULL, NULL, 3, 5, 1, 1, 1, '2017-12-27 09:28:11', 1, '2017-10-16 10:49:01', 1, '2017-11-01 22:49:14'),
(28, 10, 'Employee Name ', 'اسم الموظف ', 'varchar2', NULL, 1, 4, NULL, NULL, 5, 5, 1, NULL, NULL, NULL, 1, '2017-10-16 10:49:01', 79, '2018-09-14 13:04:22'),
(29, 11, 'Date', 'تاريخ المباشرة', 'date1', NULL, 1, 1, NULL, NULL, 3, 3, 2, NULL, NULL, NULL, 1, '2017-10-16 11:32:02', 79, '2018-09-14 13:03:14'),
(30, 11, 'Name', 'الاسم', 'varchar1', NULL, 1, 4, NULL, NULL, 4, 4, 1, 1, 1, '2017-12-27 09:26:13', 1, '2017-10-16 11:32:02', 1, '2017-11-02 11:19:42'),
(31, 6, 'عدد ساعات الخروج', 'عدد ساعات الخروج', 'number1', NULL, 1, 3, NULL, NULL, 2, 2, 4, NULL, NULL, NULL, 1, '2017-11-02 11:48:56', 79, '2018-09-19 09:03:45'),
(32, 6, 'Name', 'الاسم', 'varchar1', NULL, NULL, 4, NULL, NULL, 2, 4, 1, 1, 1, '2017-12-26 15:24:36', 1, '2017-11-02 11:48:56', NULL, NULL),
(33, 6, 'Signiture', 'توقيع مقدم الطلب', 'varchar2', NULL, 1, 4, NULL, NULL, 2, 1, 5, 1, 1, '2017-12-26 15:25:02', 1, '2017-11-02 11:48:56', NULL, NULL),
(34, 6, 'Name of substitute employee', 'اسم المعلم من يغطي الحصص', 'varchar3', NULL, 1, 4, NULL, NULL, 4, 2, 5, NULL, NULL, NULL, 1, '2017-11-02 11:48:56', 79, '2018-09-19 09:03:45'),
(35, 6, 'Signiture', 'التوقيع ', 'varchar4', NULL, 1, 4, NULL, NULL, 1, 1, 7, 1, 1, '2017-12-26 15:24:43', 1, '2017-11-02 11:48:57', NULL, NULL),
(36, 9, 'ID', 'رقم الهوية أو الإقامة', 'number1', NULL, 1, 3, NULL, NULL, 2, 3, 4, 1, 1, '2017-12-26 15:31:38', 1, '2017-11-02 12:01:06', NULL, NULL),
(37, 9, 'Salary', 'الراتب', 'number2', NULL, 1, 3, NULL, NULL, 1, 1, 5, 1, 1, '2017-12-26 15:31:43', 1, '2017-11-02 12:01:06', NULL, NULL),
(38, 9, 'Name', 'الاسم', 'varchar1', NULL, 1, 4, NULL, NULL, 1, 4, 1, 1, 1, '2017-12-26 15:31:48', 1, '2017-11-02 12:01:06', NULL, NULL),
(39, 9, 'Postion', 'الوظيفة', 'varchar2', NULL, 1, 4, NULL, NULL, 1, 2, 2, 1, 1, '2017-12-26 15:31:56', 1, '2017-11-02 12:01:06', NULL, NULL),
(40, 9, 'Nationality', 'الجنسية', 'varchar3', NULL, 1, 4, NULL, NULL, 1, 1, 3, 1, 1, '2017-12-26 15:32:01', 1, '2017-11-02 12:01:06', NULL, NULL),
(41, 8, 'Date', 'التاريخ', 'date1', NULL, 1, 1, NULL, NULL, 1, 1, 4, NULL, NULL, NULL, 1, '2017-11-02 12:04:40', 79, '2018-09-14 13:05:43'),
(42, 8, 'Name', 'الاسم', 'varchar1', NULL, 1, 4, NULL, NULL, 1, 4, 1, NULL, NULL, NULL, 1, '2017-11-02 12:04:40', 79, '2018-09-14 13:05:43'),
(43, 8, 'Postion', 'المسمى الوظيفي', 'varchar2', NULL, 1, 4, NULL, NULL, 1, 1, 2, NULL, NULL, NULL, 1, '2017-11-02 12:04:41', 79, '2018-09-14 13:05:43'),
(44, 8, 'Signiture', 'التوقيع', 'varchar3', NULL, 1, 4, NULL, NULL, 1, 1, 3, NULL, NULL, NULL, 1, '2017-11-02 12:04:41', 79, '2018-09-14 13:05:43'),
(45, 7, 'Name', 'الاسم', 'varchar1', NULL, 1, 4, NULL, NULL, 1, 4, 1, 1, 1, '2017-12-26 15:30:15', 1, '2017-11-02 12:09:33', NULL, NULL),
(46, 7, 'Signiture', 'التوقيع', 'varchar2', NULL, 1, 4, NULL, NULL, 1, 1, 4, 1, 1, '2017-12-26 15:30:12', 1, '2017-11-02 12:09:33', NULL, NULL),
(47, 12, 'Date', 'التاريخ', 'date1', NULL, 1, 1, NULL, NULL, 1, 1, 3, NULL, NULL, NULL, 1, '2017-11-02 12:13:21', 79, '2018-09-14 13:02:47'),
(48, 12, 'Name', 'الاسم', 'varchar1', NULL, 1, 4, NULL, NULL, 1, 4, 2, NULL, NULL, NULL, 1, '2017-11-02 12:13:22', 79, '2018-09-14 13:02:47'),
(49, 12, 'Organization', 'الجهة أو المؤسسة', 'varchar2', NULL, 1, 4, NULL, NULL, 1, 3, 1, NULL, NULL, NULL, 1, '2017-11-02 12:13:22', 79, '2018-09-14 13:02:47'),
(50, 13, 'Date', 'التاريخ', 'date1', NULL, 1, 1, NULL, NULL, 1, 1, 8, 1, 1, '2017-12-27 09:36:29', 1, '2017-11-02 12:44:26', 1, '2017-11-02 13:52:04'),
(51, 13, ' Contract Start Date', 'تاريخ بداية العقد', 'date2', NULL, 1, 1, NULL, NULL, 1, 1, 2, 1, 1, '2017-12-27 09:36:33', 1, '2017-11-02 12:44:27', 1, '2017-11-02 13:52:04'),
(52, 13, 'Commencemen Date', 'تاريخ المباشرة', 'date3', NULL, 1, 1, NULL, NULL, 1, 1, 3, 1, 1, '2017-12-27 09:36:37', 1, '2017-11-02 12:44:27', 1, '2017-11-02 13:52:05'),
(53, 13, ' Contract expiry Date', 'تاريخ نهاية العقد', 'date4', NULL, 1, 1, NULL, NULL, 1, 1, 4, 1, 1, '2017-12-27 09:36:41', 1, '2017-11-02 12:44:27', 1, '2017-11-02 13:52:05'),
(54, 13, 'End of Employment Date', 'تاريخ طي القيد', 'date5', NULL, 1, 1, NULL, NULL, 1, 1, 5, 1, 1, '2017-12-27 09:36:45', 1, '2017-11-02 12:44:27', 1, '2017-11-02 13:52:05'),
(55, 13, 'Leave Balance', 'رصيد الإجازات', 'number1', NULL, 1, 3, NULL, NULL, 1, 1, 6, 1, 1, '2017-12-27 09:36:51', 1, '2017-11-02 12:44:27', 1, '2017-11-02 13:52:05'),
(56, 13, 'Basic Salary', 'الراتب الأساسي', 'number2', NULL, 1, 3, NULL, NULL, 1, 1, 7, 1, 1, '2017-12-27 09:36:54', 1, '2017-11-02 12:44:27', 1, '2017-11-02 13:52:05'),
(57, 13, 'Housing Allowance', 'بدل سكن شهري', 'number3', NULL, 1, 3, NULL, NULL, 1, 1, 8, 1, 1, '2017-12-27 09:36:57', 1, '2017-11-02 12:44:28', 1, '2017-11-02 13:52:05'),
(58, 13, 'Transportation Allowance', 'بدل مواصلات', 'number4', NULL, 1, 3, NULL, NULL, 11, 1, 9, 1, 1, '2017-12-27 09:37:03', 1, '2017-11-02 12:44:28', 1, '2017-11-02 13:52:05'),
(59, 13, 'Name', 'الاسم', 'varchar1', NULL, 1, 4, NULL, NULL, 1, 4, 1, 1, 1, '2017-12-27 09:37:16', 1, '2017-11-02 12:44:28', 1, '2017-11-02 13:52:05'),
(60, 14, 'Commencement Date', 'تاريخ مباشرة العمل', 'date1', NULL, 1, 1, NULL, NULL, 1, 1, 7, 1, 1, '2017-12-27 09:38:23', 1, '2017-11-02 13:56:15', NULL, NULL),
(61, 14, 'Contract expiry Date', 'تاريخ نهاية العقد', 'date2', NULL, 1, 1, NULL, NULL, 1, 1, 8, 1, 1, '2017-12-27 09:38:27', 1, '2017-11-02 13:56:15', NULL, NULL),
(62, 14, 'End of Employment Date', 'تاريخ طي القيد', 'date3', NULL, 1, 1, NULL, NULL, 1, 1, 1, NULL, NULL, NULL, 1, '2017-11-02 13:56:15', 79, '2018-09-14 13:01:53'),
(63, 14, 'Basic Salary', 'الراتب الأساسي', 'number1', NULL, 1, 3, NULL, NULL, 1, 1, 4, 1, 1, '2017-12-27 09:38:38', 1, '2017-11-02 13:56:15', NULL, NULL),
(64, 14, 'Housing Allounce', 'بدل السكن', 'number2', NULL, 1, 3, NULL, NULL, 1, 1, 5, 1, 1, '2017-12-27 09:38:42', 1, '2017-11-02 13:56:15', NULL, NULL),
(65, 14, 'Tranportation Allounce', 'بدل النقل', 'number3', NULL, 1, 3, NULL, NULL, 1, 1, 6, 1, 1, '2017-12-27 09:38:46', 1, '2017-11-02 13:56:15', NULL, NULL),
(66, 14, 'Name', 'الاسم', 'varchar1', NULL, 1, 4, NULL, NULL, 1, 4, 1, 1, 1, '2017-12-27 09:38:51', 1, '2017-11-02 13:56:15', NULL, NULL),
(67, 14, 'Postion', 'المسمى الوظيفي', 'varchar2', NULL, 1, 4, NULL, NULL, 1, 2, 2, 1, 1, '2017-12-27 09:38:55', 1, '2017-11-02 13:56:16', NULL, NULL),
(68, 14, 'ID', 'رقم الهوية أو الإقامة', 'varchar3', NULL, 1, 4, NULL, NULL, 2, 2, 3, 1, 1, '2017-12-27 09:38:59', 1, '2017-11-02 13:56:16', NULL, NULL),
(69, 15, 'Receipt Date', 'تاريخ الاستلام', 'date1', NULL, 1, 1, NULL, NULL, 1, 1, 3, NULL, NULL, NULL, 1, '2017-11-02 14:08:27', 79, '2018-09-14 13:01:25'),
(70, 15, 'Serial', 'الرقم المتسلسل', 'number1', NULL, 1, 3, NULL, NULL, 1, 1, 1, NULL, NULL, NULL, 1, '2017-11-02 14:08:28', 79, '2018-09-14 13:01:26'),
(71, 15, 'Coding', 'ترميز المراسلة', 'number2', NULL, 1, 3, NULL, NULL, 1, 1, 2, NULL, NULL, NULL, 1, '2017-11-02 14:08:28', 79, '2018-09-14 13:01:26'),
(72, 15, 'Issued From', 'الجهة المرسل منها', 'varchar1', NULL, 1, 4, NULL, NULL, 2, 3, 4, NULL, NULL, NULL, 1, '2017-11-02 14:08:28', 79, '2018-09-14 13:01:26'),
(73, 15, 'Follow Up ', 'نتائج المتابعة', 'varchar2', NULL, 1, 4, NULL, NULL, 2, 5, 6, NULL, NULL, NULL, 1, '2017-11-02 14:08:28', 79, '2018-09-14 13:01:26'),
(74, 15, 'Subject', 'الموضوع', 'text1', NULL, 1, 5, NULL, NULL, 1, 5, 5, NULL, NULL, NULL, 1, '2017-11-02 14:08:28', 79, '2018-09-14 13:01:26'),
(75, 16, 'Receipt Date', 'تاريخ الاستلام', 'date1', NULL, 1, 1, NULL, NULL, 1, 1, 3, NULL, NULL, NULL, 1, '2017-11-02 14:16:17', 79, '2018-09-14 12:58:15'),
(76, 16, 'Serial', 'الرقم المتسلسل', 'number1', NULL, 1, 3, NULL, NULL, 1, 1, 1, NULL, NULL, NULL, 1, '2017-11-02 14:16:18', 79, '2018-09-14 12:58:15'),
(77, 16, 'Coding', 'ترميز المراسلة', 'number2', NULL, 1, 3, NULL, NULL, 1, 1, 2, NULL, NULL, NULL, 1, '2017-11-02 14:16:18', 79, '2018-09-14 12:58:15'),
(78, 16, 'Issued To', 'الجهة المرسل إليها', 'varchar1', NULL, NULL, 4, NULL, NULL, 2, 3, 4, NULL, NULL, NULL, 1, '2017-11-02 14:16:18', 79, '2018-09-14 12:58:15'),
(79, 16, 'Follow Up ', 'نتائج المتابعة', 'varchar2', NULL, 1, 4, NULL, NULL, 2, 5, 6, NULL, NULL, NULL, 1, '2017-11-02 14:16:18', 79, '2018-09-14 12:58:15'),
(80, 16, 'Subject', 'الموضوع', 'text1', NULL, 1, 5, NULL, NULL, 1, 5, 5, NULL, NULL, NULL, 1, '2017-11-02 14:16:18', 79, '2018-09-14 12:58:15'),
(81, 17, 'Effective until', 'تاريخ صلاحية هذا العرض', 'date1', NULL, 1, 1, NULL, NULL, 1, 1, 11, NULL, NULL, NULL, 1, '2017-11-02 14:29:12', 79, '2018-09-14 13:00:33'),
(82, 17, 'Years of Experience ', 'سنوات الخبرة', 'number1', NULL, 1, 3, NULL, NULL, 1, 1, 3, NULL, NULL, NULL, 1, '2017-11-02 14:29:12', 79, '2018-09-14 13:00:33'),
(83, 17, 'Basic Salary', 'الراتب الأساسي', 'number2', NULL, 1, 3, NULL, NULL, 1, 1, 5, NULL, NULL, NULL, 1, '2017-11-02 14:29:12', 79, '2018-09-14 13:00:33'),
(84, 17, 'Transportation Allowance', 'بدل النقل', 'number3', NULL, 1, 3, NULL, NULL, 1, 1, 6, NULL, NULL, NULL, 1, '2017-11-02 14:29:12', 79, '2018-09-14 13:00:33'),
(85, 17, 'Housing Allowance', 'بدل السكن الشهري', 'number4', NULL, 1, 3, NULL, NULL, 1, 1, 7, NULL, NULL, NULL, 1, '2017-11-02 14:29:13', 79, '2018-09-14 13:00:33'),
(86, 17, 'Leave', 'الإجازة', 'number5', NULL, 1, 3, NULL, NULL, 1, 1, 9, NULL, NULL, NULL, 1, '2017-11-02 14:29:13', 79, '2018-09-14 13:00:33'),
(87, 17, 'Total Amount', 'مجموع المبلغ', 'number6', NULL, 1, 3, NULL, NULL, 1, 1, 8, NULL, NULL, NULL, 1, '2017-11-02 14:29:13', 79, '2018-09-14 13:00:33'),
(88, 17, 'Medical Insurance', 'التأمين الصحي', 'varchar1', NULL, 1, 4, NULL, NULL, 1, 1, 10, NULL, NULL, NULL, 1, '2017-11-02 14:29:13', 79, '2018-09-14 13:00:33'),
(89, 17, 'Name', 'الاسم', 'varchar2', NULL, 1, 4, NULL, NULL, 1, 3, 1, NULL, NULL, NULL, 1, '2017-11-02 14:29:13', 79, '2018-09-14 13:00:33'),
(90, 17, 'Qualification', 'المؤهل', 'varchar3', NULL, 1, 4, NULL, NULL, 1, 1, 2, NULL, NULL, NULL, 1, '2017-11-02 14:29:14', 79, '2018-09-14 13:00:33'),
(91, 17, 'Position', 'المسمى الوظيفي', 'varchar4', NULL, 1, 4, NULL, NULL, 1, 1, 4, NULL, NULL, NULL, 1, '2017-11-02 14:29:14', 79, '2018-09-14 13:00:33'),
(92, 18, 'Date', 'التاريخ', 'date1', NULL, 1, 1, NULL, NULL, 1, 1, 9, NULL, NULL, NULL, 1, '2017-11-02 14:37:05', 79, '2018-09-14 13:00:01'),
(93, 18, 'Commencement Date', 'تاريخ مباشرة العمل', 'date2', NULL, 1, 1, NULL, NULL, 1, 1, 4, NULL, NULL, NULL, 1, '2017-11-02 14:37:05', 79, '2018-09-14 13:00:01'),
(94, 18, 'ID', 'رقم الهوية أو الإقامة', 'number1', NULL, 1, 3, NULL, NULL, 1, 1, 2, NULL, NULL, NULL, 1, '2017-11-02 14:37:06', 79, '2018-09-14 13:00:01'),
(95, 18, 'Full Name', 'الاسم الكامل', 'varchar1', NULL, 1, 4, NULL, NULL, 1, 4, 1, NULL, NULL, NULL, 1, '2017-11-02 14:37:06', 79, '2018-09-14 13:00:01'),
(96, 18, 'Postion', 'المسمى الوظيفي', 'varchar2', NULL, 1, 4, NULL, NULL, 1, 1, 3, NULL, NULL, NULL, 1, '2017-11-02 14:37:06', 79, '2018-09-14 13:00:01'),
(97, 18, 'Qualification', 'المؤهل العلمي', 'varchar3', NULL, 1, 4, NULL, NULL, 1, 1, 5, NULL, NULL, NULL, 1, '2017-11-02 14:37:06', 79, '2018-09-14 13:00:01'),
(98, 18, 'Department', 'القسم', 'varchar4', NULL, 1, 4, NULL, NULL, 1, 2, 8, NULL, NULL, NULL, 1, '2017-11-02 14:37:06', 79, '2018-09-14 13:00:01'),
(99, 18, 'Training Courses', 'الدورات التدريبية', 'text1', NULL, 1, 5, NULL, NULL, 1, 5, 6, NULL, NULL, NULL, 1, '2017-11-02 14:37:06', 79, '2018-09-14 13:00:01'),
(100, 4, 'Name', 'الاسم', 'varchar1', NULL, 1, 4, NULL, NULL, 1, 3, 1, 1, 1, '2017-12-26 15:23:39', 1, '2017-11-02 14:44:14', NULL, NULL),
(101, 4, 'Postion', 'المسمى الوظيفي', 'varchar2', NULL, 1, 4, NULL, NULL, 2, 2, 2, 1, 1, '2017-12-26 15:23:44', 1, '2017-11-02 14:44:14', NULL, NULL),
(102, 19, 'Name', 'الاسم', 'varchar1', NULL, 1, 4, NULL, NULL, 2, 4, 1, 1, 1, '2017-12-27 09:40:29', 1, '2017-11-02 15:00:04', 1, '2017-11-02 15:34:18'),
(103, 19, 'Postion', 'المسمى الوظيفي', 'varchar2', NULL, 1, 4, NULL, NULL, 4, 3, 3, 1, 1, '2017-12-27 09:40:39', 1, '2017-11-02 15:00:04', 1, '2017-11-02 15:34:18'),
(104, 19, 'Nationality', 'الجنسية', 'varchar3', NULL, 1, 4, NULL, NULL, 4, 1, 2, 1, 1, '2017-12-27 09:40:47', 1, '2017-11-02 15:00:04', 1, '2017-11-02 15:34:18'),
(105, 19, 'Department', 'القسم', 'varchar4', NULL, 1, 4, NULL, NULL, 2, 2, 4, 1, 1, '2017-12-27 09:40:51', 1, '2017-11-02 15:00:04', 1, '2017-11-02 15:34:18'),
(106, 21, 'Date', 'تاريخ الطلب', 'date1', NULL, 1, 1, NULL, NULL, 3, 2, 6, NULL, NULL, NULL, 1, '2017-11-02 15:58:37', 79, '2018-09-14 13:35:37'),
(107, 21, 'Leave Current Balance', 'الرصيد الحالي من الإجازات الاعتيادية', 'number1', NULL, 1, 3, NULL, NULL, 5, 1, 8, NULL, NULL, NULL, 1, '2017-11-02 15:58:37', 79, '2018-09-14 13:35:37'),
(108, 21, 'Leave Remaining Balance', 'الرصيد المتبقي من الاجازات الاعتيادية', 'number2', NULL, 1, 3, NULL, NULL, 5, 1, 9, NULL, NULL, NULL, 1, '2017-11-02 15:58:37', 79, '2018-09-14 13:35:37'),
(109, 21, 'Name', 'الاسم', 'varchar1', NULL, 1, 4, NULL, NULL, 2, 4, 1, NULL, NULL, NULL, 1, '2017-11-02 15:58:37', 79, '2018-09-14 13:35:37'),
(110, 21, 'Gender', 'الجنس', 'varchar2', NULL, 1, 4, NULL, NULL, 2, 1, 2, NULL, NULL, NULL, 1, '2017-11-02 15:58:38', 79, '2018-09-14 13:35:37'),
(111, 21, 'Nationality', 'الجنسية', 'varchar3', NULL, 1, 4, NULL, NULL, 2, 1, 3, NULL, NULL, NULL, 1, '2017-11-02 15:58:38', 79, '2018-09-14 13:35:37'),
(112, 21, 'Position', 'المسمى الوظيفي', 'varchar4', NULL, 1, 4, NULL, NULL, 2, 3, 4, NULL, NULL, NULL, 1, '2017-11-02 15:58:38', 79, '2018-09-14 13:35:37'),
(113, 21, 'ID', 'رقم هوية مقيم', 'varchar5', NULL, 1, 4, NULL, NULL, 4, 3, 5, NULL, NULL, NULL, 1, '2017-11-02 15:58:38', 79, '2018-09-14 13:35:37'),
(114, 21, 'Leave Type', 'نوع الإجازة', 'dropdown1', NULL, 1, 6, NULL, NULL, 3, 1, 7, NULL, NULL, NULL, 1, '2017-11-02 15:58:38', 79, '2018-09-14 13:35:37'),
(115, 22, 'departure date', 'تاريخ المغادرة', 'date1', NULL, 1, 1, NULL, NULL, 5, 5, 3, NULL, NULL, NULL, 1, '2017-12-20 08:51:21', 79, '2018-09-14 12:57:46'),
(116, 22, 'return date', 'تاريخ العودة', 'date2', NULL, 1, 1, NULL, NULL, 5, 5, 4, NULL, NULL, NULL, 1, '2017-12-20 08:51:21', 79, '2018-09-14 12:57:46'),
(117, 22, 'Resuming date', 'تاريخ المباشرة', 'date3', NULL, 1, 1, NULL, NULL, 5, 5, 5, NULL, NULL, NULL, 1, '2017-12-20 08:51:21', 79, '2018-09-14 12:57:47'),
(118, 22, 'Benefitiary', 'المستفيد ', 'checkbox1', NULL, 1, 7, NULL, NULL, 5, 5, 2, NULL, NULL, NULL, 1, '2017-12-20 08:51:21', 79, '2018-09-14 12:57:47'),
(119, 23, 'Deduction Starting Date ', 'تاريخ بداية الخصم ', 'date1', NULL, 1, 1, NULL, NULL, 5, 5, 3, 1, 79, '2018-08-13 20:30:58', 1, '2017-12-20 09:39:21', 79, '2018-06-12 15:24:04'),
(120, 23, 'Deduction Ending Date', 'تاريخ نهاية الخصم ', 'date2', NULL, 1, 1, NULL, NULL, 5, 5, 4, 1, 79, '2018-08-13 20:31:01', 1, '2017-12-20 09:39:22', 79, '2018-06-12 15:24:04'),
(121, 23, 'Monthly Deduction Amount', 'مبلغ الخصم الشهري رقماً', 'number1', NULL, 1, 3, NULL, NULL, 5, 5, 5, 1, 79, '2018-09-16 19:02:30', 1, '2017-12-20 09:39:22', 79, '2018-09-14 12:57:17'),
(122, 23, 'Cash Advance Type', 'نوع السلفة ', 'dropdown1', NULL, 1, 6, 7, NULL, 5, 5, 6, NULL, NULL, NULL, 1, '2017-12-20 09:39:22', 79, '2018-09-16 19:03:22'),
(123, 23, 'Cash Advance Amount', 'مبلغ السلفة رقماً', 'number2', NULL, 1, 3, NULL, NULL, 5, 5, 1, NULL, NULL, NULL, 1, '2017-12-20 09:45:29', 79, '2018-09-16 19:03:21'),
(124, 23, '(Guarantee Employee(For long period  ', 'الكفيل الضامن (للسلف طويلة الأجل)', 'dropdown2', NULL, 1, 6, 19, NULL, 5, 5, 7, 1, 79, '2018-08-13 20:31:30', 1, '2017-12-20 09:58:57', 79, '2018-06-12 15:24:05'),
(125, 23, 'Cash Advance Amount In Words', 'مبلغ السلفة كتابة ', 'text1', NULL, 1, 5, NULL, NULL, 5, 5, 2, 1, 79, '2018-08-13 20:31:17', 1, '2017-12-20 10:47:44', 79, '2018-06-12 15:24:05'),
(126, 23, 'Monthly Deduction Amount In Words', 'مبلغ الخصم الشهري كتابةً', 'text2', NULL, NULL, 5, NULL, NULL, 5, 5, 5, 1, 79, '2018-09-16 19:02:48', 1, '2017-12-20 10:58:40', 79, '2018-09-14 12:57:17'),
(127, 24, 'Visa Starting Date', 'تاريخ بداية العمرة', 'date1', NULL, 1, 1, NULL, NULL, 5, 5, 2, NULL, NULL, NULL, 1, '2017-12-20 11:14:52', 79, '2018-09-18 13:30:40'),
(128, 24, 'Visa Ending Date', 'تاريخ نهاية العمرة', 'date2', NULL, 1, 1, NULL, NULL, 5, 5, 3, NULL, NULL, NULL, 1, '2017-12-20 11:14:52', 79, '2018-09-18 13:30:40'),
(129, 24, 'Visa Duration', 'مدة العمرة', 'number1', NULL, 1, 3, NULL, NULL, 5, 5, 4, NULL, NULL, NULL, 1, '2017-12-20 11:14:52', 79, '2018-09-18 13:30:40'),
(130, 24, 'Visa Type', 'نوع التأشيرة ', 'dropdown1', NULL, 1, 6, 11, NULL, 5, 5, 1, 1, 79, '2018-09-16 18:13:27', 1, '2017-12-20 11:14:52', 79, '2018-08-27 19:12:16'),
(131, 22, 'Destination', 'وجهة السفر ', 'varchar1', NULL, NULL, 4, NULL, NULL, 5, 5, 6, NULL, NULL, NULL, 1, '2017-12-20 12:32:01', 79, '2018-09-14 12:57:47'),
(132, 25, 'Resignation Starting Date', 'تاريخ بداية الإستقالة ', 'date1', NULL, 1, 1, NULL, NULL, 5, 5, 1, NULL, NULL, NULL, 1, '2017-12-21 08:42:14', 79, '2018-09-14 13:23:31'),
(133, 25, 'Reasons of Resignation', 'أسباب الإستقالة ', 'text1', NULL, 1, 5, NULL, NULL, 5, 5, 2, NULL, NULL, NULL, 1, '2017-12-21 08:42:14', 79, '2018-09-14 13:23:32'),
(134, 26, 'Resignation Starting Date', 'تاريخ بداية الإستقالة ', 'date1', NULL, 1, 1, NULL, NULL, 5, 5, 1, NULL, NULL, NULL, 1, '2017-12-21 08:49:43', 79, '2018-09-14 12:56:16'),
(135, 26, 'Reasons of Resignation', 'أسباب الإستقالة ', 'text1', NULL, NULL, 5, NULL, NULL, 5, 5, 2, NULL, NULL, NULL, 1, '2017-12-21 08:49:43', 79, '2018-09-14 12:56:16'),
(136, 22, 'Request Type', 'نوع الطلب ', 'checkbox2', NULL, 1, 7, NULL, NULL, 5, 5, 1, NULL, NULL, NULL, 1, '2017-12-21 09:22:25', 79, '2018-09-14 12:57:47'),
(137, 27, 'x', 'تاريخ بداية الإنتداب ', 'date1', NULL, 1, 1, NULL, NULL, 5, 5, 3, NULL, NULL, NULL, 1, '2017-12-21 09:49:28', 79, '2018-09-14 13:08:35'),
(138, 27, 'x', 'تاريخ نهاية الإنتداب ', 'date2', NULL, 1, 1, NULL, NULL, 5, 5, 4, NULL, NULL, NULL, 1, '2017-12-21 09:49:28', 79, '2018-09-14 13:08:35'),
(139, 27, 'x', 'مدة الإنتداب ', 'number1', NULL, NULL, 3, NULL, NULL, 5, 5, 5, NULL, NULL, NULL, 1, '2017-12-21 09:49:29', 79, '2018-09-14 13:08:35'),
(140, 27, 'Destination ', 'جهة الإنتداب ', 'varchar1', NULL, NULL, 4, NULL, NULL, 5, 5, 2, NULL, NULL, NULL, 1, '2017-12-21 09:49:29', 79, '2018-09-14 13:08:35'),
(141, 27, 'x', 'مقدم الطلب ', 'checkbox1', NULL, 1, 7, NULL, 14, 5, 5, 1, 1, 1, '2017-12-27 09:42:01', 1, '2017-12-21 09:49:29', 1, '2017-12-21 09:51:47'),
(142, 28, 'Movement Reasons ', 'أسباب الإنتقال ', 'varchar1', NULL, NULL, 4, NULL, NULL, 5, 5, 2, NULL, NULL, NULL, 1, '2017-12-21 10:10:40', 79, '2018-08-27 19:13:35'),
(143, 28, ' Destination To', 'الجهة المراد الإنتقال إليها ', 'dropdown1', NULL, 1, 6, NULL, NULL, 5, 5, 1, NULL, NULL, NULL, 1, '2017-12-21 10:10:40', 79, '2018-08-27 19:13:35'),
(144, 29, 'x', 'المهمة', 'text1', NULL, 1, 5, NULL, NULL, 5, 5, 3, NULL, NULL, NULL, 1, '2017-12-21 10:26:53', 79, '2018-09-13 17:12:16'),
(145, 29, 'x', 'اسم الموظف المكلف ', 'dropdown1', NULL, 1, 6, NULL, NULL, 5, 5, 1, NULL, NULL, NULL, 1, '2017-12-21 10:26:53', 79, '2018-09-13 17:12:16'),
(146, 29, 'x', 'القسم ', 'checkbox1', NULL, 1, 7, NULL, 17, 5, 5, 2, 1, 1, '2017-12-21 10:33:58', 1, '2017-12-21 10:26:53', 1, '2017-12-21 10:30:31'),
(147, 29, 'Department ', 'القسم ', 'dropdown2', NULL, 1, 6, NULL, NULL, 5, 5, 2, NULL, NULL, NULL, 1, '2017-12-21 10:36:53', 79, '2018-09-13 17:12:16'),
(148, 7, 'Late Duration ', 'مدة التأخير ', 'number1', NULL, NULL, 3, NULL, NULL, 5, 5, 3, NULL, NULL, NULL, 1, '2017-12-26 15:30:49', 79, '2018-09-14 13:06:16'),
(149, 9, 'Forwarded To ', 'موجه إلى ', 'varchar1', NULL, 1, 4, NULL, NULL, 5, 5, 2, NULL, NULL, NULL, 1, '2017-12-26 15:33:17', 79, '2018-09-19 13:46:10'),
(150, 11, 'Employee Name ', 'اسم الموظف ', 'dropdown1', NULL, 1, 6, NULL, NULL, 5, 5, 1, NULL, NULL, NULL, 1, '2017-12-27 09:27:13', 79, '2018-09-14 13:03:14'),
(151, 10, 'Employee Name ', 'اسم الموظف ', 'dropdown1', NULL, 1, 6, NULL, NULL, 5, 5, 1, 1, 1, '2017-12-27 09:33:19', 1, '2017-12-27 09:28:37', NULL, NULL),
(152, 10, 'Position ', 'المسمى الوظيفي ', 'varchar2', NULL, NULL, 4, NULL, NULL, 5, 5, 2, NULL, NULL, NULL, 1, '2017-12-27 09:35:06', 79, '2018-09-14 13:04:22'),
(153, 13, 'Employee Name ', 'اسم الموظف ', 'dropdown1', NULL, 1, 6, NULL, NULL, 5, 5, 1, NULL, NULL, NULL, 1, '2017-12-27 09:38:00', 79, '2018-09-14 13:02:21'),
(154, 19, 'Employee Name ', 'اسم الموظف ', 'dropdown1', NULL, 1, 6, NULL, NULL, 5, 5, 1, NULL, NULL, NULL, 1, '2017-12-27 09:41:17', 79, '2018-09-14 12:59:34'),
(155, 27, 'Reason', 'سبب الإنتداب ', 'varchar2', NULL, 1, 4, NULL, NULL, 5, 5, 6, NULL, NULL, NULL, 1, '2017-12-27 09:43:41', 79, '2018-09-14 13:08:35'),
(156, 30, 'From Date ', 'من تاريخ ', 'date1', NULL, 1, 1, NULL, NULL, 5, 5, 1, NULL, NULL, NULL, 1, '2017-12-27 09:48:47', 79, '2018-09-14 12:55:34'),
(157, 30, 'To Date ', 'إلى تاريخ ', 'date2', NULL, NULL, 1, NULL, NULL, 5, 5, 2, NULL, NULL, NULL, 1, '2017-12-27 09:48:47', 79, '2018-09-14 12:55:34'),
(158, 30, 'Start From ', 'من الساعة ', 'time1', NULL, 1, 2, NULL, NULL, 5, 5, 3, NULL, NULL, NULL, 1, '2017-12-27 09:48:47', 79, '2018-09-14 12:55:34'),
(159, 30, 'Up To ', 'إلى الساعة ', 'time2', NULL, 1, 2, NULL, NULL, 5, 5, 4, NULL, NULL, NULL, 1, '2017-12-27 09:48:47', 79, '2018-09-14 12:55:34'),
(160, 30, 'Over Time Type ', 'طبيعة  خارج الدوام ', 'varchar1', NULL, 1, 4, NULL, NULL, 5, 5, 5, NULL, NULL, NULL, 1, '2017-12-27 09:48:47', 79, '2018-09-14 12:55:35'),
(161, 31, 'From Date ', 'من تاريخ ', 'date1', NULL, 1, 1, NULL, NULL, 5, 5, 2, NULL, NULL, NULL, 1, '2017-12-27 09:52:47', 79, '2018-09-14 13:12:56'),
(162, 31, 'Up To ', 'إلى تاريخ ', 'date2', NULL, 1, 1, NULL, NULL, 5, 5, 3, NULL, NULL, NULL, 1, '2017-12-27 09:52:47', 79, '2018-09-14 13:12:56'),
(163, 31, 'Starting Time ', 'من الساعة ', 'time1', NULL, 1, 2, NULL, NULL, 5, 5, 4, NULL, NULL, NULL, 1, '2017-12-27 09:52:47', 79, '2018-09-14 13:12:56'),
(164, 31, 'Up To ', 'إلى الساعة ', 'time2', NULL, 1, 2, NULL, NULL, 5, 5, 5, NULL, NULL, NULL, 1, '2017-12-27 09:52:47', 79, '2018-09-14 13:12:56'),
(165, 31, 'Over Time Type ', 'سبب خارج الدوام ', 'varchar1', NULL, 1, 4, NULL, NULL, 5, 5, 5, NULL, NULL, NULL, 1, '2017-12-27 09:52:47', 79, '2018-09-14 13:12:56'),
(166, 31, 'Employee Name .', 'اسم الموظف ', 'dropdown1', NULL, 1, 6, NULL, NULL, 5, 5, 1, NULL, NULL, NULL, 1, '2017-12-27 09:52:47', 79, '2018-09-14 13:12:56'),
(167, 33, 'X', 'تاريخ بداية الإنتداب ', 'date1', NULL, 1, 1, NULL, NULL, 5, 5, 3, NULL, NULL, NULL, 1, '2017-12-27 09:56:27', 79, '2018-09-13 17:08:34'),
(168, 33, 'x', 'تاريخ نهاية الإنتداب ', 'date2', NULL, 1, 1, NULL, NULL, 5, 5, 4, NULL, NULL, NULL, 1, '2017-12-27 09:56:27', 79, '2018-09-13 17:08:34'),
(169, 33, 'X', 'الجهة المنتدب إليها ', 'varchar1', NULL, 1, 4, NULL, NULL, 5, 5, 2, NULL, NULL, NULL, 1, '2017-12-27 09:56:27', 79, '2018-09-13 17:08:34'),
(170, 33, 'Employee Name ', 'اسم الموظف ', 'dropdown1', NULL, 1, 6, NULL, NULL, 5, 5, 1, NULL, NULL, NULL, 1, '2017-12-27 09:56:27', 79, '2018-09-13 17:08:34'),
(171, 34, 'Date of complaint', 'تاريخ الشكوى ', 'date1', NULL, 1, 1, NULL, NULL, 5, 5, 1, NULL, NULL, NULL, 1, '2018-01-08 12:23:00', 79, '2018-09-14 13:17:50'),
(172, 34, 'Name Of Complainant', 'اسم مقدم الشكوى', 'text1', NULL, 1, 5, NULL, NULL, 5, 5, 2, NULL, NULL, NULL, 1, '2018-01-08 12:23:00', 79, '2018-09-14 13:17:50'),
(173, 34, 'Job', 'الوظيفة ', 'text2', NULL, 1, 5, NULL, NULL, 5, 5, 3, NULL, NULL, NULL, 1, '2018-01-08 12:23:00', 79, '2018-09-14 13:17:50'),
(174, 6, 'replacement employee', 'الموظف البديل', 'dropdown2', NULL, NULL, 6, 19, NULL, 4, 4, 8, 1, 79, '2018-09-19 09:02:55', 1, '2018-02-22 09:31:43', 79, '2018-09-14 13:06:44'),
(175, 34, 'موضوع الشكوى', 'موضوع الشكوى', 'text3', NULL, 1, 5, NULL, NULL, 5, 5, 4, NULL, NULL, NULL, 79, '2018-06-07 00:33:38', 79, '2018-09-14 13:17:50'),
(176, 4, 'اسم الموظف كاملا ', 'اسم الموظف كاملا ', 'number1', NULL, 1, 3, NULL, NULL, 4, 4, 2, 1, 79, '2018-06-08 23:36:33', 79, '2018-06-07 15:04:57', 79, '2018-06-07 15:18:21'),
(177, 4, 'سبب الاستقالة', 'سبب الاستقالة', 'varchar1', NULL, 1, 4, NULL, NULL, 4, 4, 4, 1, 79, '2018-06-07 15:16:04', 79, '2018-06-07 15:04:57', 79, '2018-06-07 15:14:46'),
(178, 4, 'سبب الاستقالة', 'سبب الاستقالة', 'dropdown1', NULL, 1, 6, 20, NULL, 4, 4, 3, NULL, NULL, NULL, 79, '2018-06-07 15:10:31', 79, '2018-09-08 12:47:16'),
(179, 4, 'هل ترغب في الرد عليك ', 'هل ترغب في الرد عليك ', 'checkbox1', NULL, 1, 7, NULL, NULL, 2, 2, 6, 1, 79, '2018-06-07 15:16:43', 79, '2018-06-07 15:12:37', 79, '2018-06-07 15:14:46'),
(180, 4, 'رد المدير المباشر ', 'رد المدير المباشر ', 'text2', NULL, NULL, 5, NULL, NULL, 3, 9, 6, NULL, NULL, NULL, 79, '2018-06-07 15:14:46', 79, '2018-09-08 12:47:15'),
(181, 4, 'رد المدير العام ', 'رد المدير العام ', 'text3', NULL, NULL, 5, NULL, NULL, 3, 9, 7, NULL, NULL, NULL, 79, '2018-06-07 15:14:46', 79, '2018-09-08 12:47:15'),
(182, 35, 'التاريخ', 'التاريخ', 'date1', NULL, 1, 1, NULL, NULL, 4, 4, 1, NULL, NULL, NULL, 79, '2018-06-08 23:44:19', 79, '2018-09-14 13:09:51'),
(183, 35, 'رقم الصادر', 'رقم الصادر', 'number1', NULL, 1, 3, NULL, NULL, 4, 4, 2, NULL, NULL, NULL, 79, '2018-06-08 23:44:19', 79, '2018-09-14 13:09:51'),
(184, 35, 'الموضوع', 'الموضوع', 'varchar1', NULL, 1, 4, NULL, NULL, 4, 4, 3, NULL, NULL, NULL, 79, '2018-06-08 23:44:19', 79, '2018-09-14 13:09:51'),
(185, 35, 'يحتاج متابعة', 'يحتاج متابعة', 'dropdown1', NULL, 1, 6, 9, NULL, 2, 2, 4, NULL, NULL, NULL, 79, '2018-06-08 23:44:19', 79, '2018-09-14 13:09:51'),
(186, 35, 'مرفق', 'مرفق', 'attachment1', 'pdf', NULL, 8, NULL, NULL, 4, 10, 5, NULL, NULL, NULL, 79, '2018-08-14 17:23:06', 79, '2018-09-14 13:09:51'),
(187, 4, 'مرفق', 'مرفق', 'attachment1', 'pdf', NULL, 8, NULL, NULL, 4, 4, 8, NULL, NULL, NULL, 79, '2018-08-14 17:28:12', 79, '2018-09-08 12:47:16'),
(188, 36, 'تاريخ الزيارة', 'تاريخ الزيارة', 'date1', NULL, 1, 1, NULL, NULL, 2, 2, 1, NULL, NULL, NULL, 79, '2018-08-14 17:59:43', 79, '2018-09-14 13:09:14'),
(189, 36, 'الحصة', 'الحصة ', 'time1', NULL, 1, 2, NULL, NULL, 2, 2, 2, NULL, NULL, NULL, 79, '2018-08-14 17:59:43', 79, '2018-09-14 13:09:15'),
(190, 36, 'اسم المعلم ', 'اسم المعلم ', 'varchar1', NULL, 1, 4, NULL, NULL, 4, 2, 3, NULL, NULL, NULL, 79, '2018-08-14 17:59:43', 79, '2018-09-14 13:09:15'),
(191, 36, 'المرحلة', 'المرحلة', 'varchar2', NULL, 1, 4, NULL, NULL, 4, 2, 4, NULL, NULL, NULL, 79, '2018-08-14 17:59:43', 79, '2018-09-14 13:09:15'),
(192, 36, 'التخصص', 'التخصص', 'varchar3', NULL, 1, 4, NULL, NULL, 4, 2, 5, NULL, NULL, NULL, 79, '2018-08-14 17:59:43', 79, '2018-09-14 13:09:15'),
(193, 36, 'الصف الدراسي', 'الصف الدراسي', 'varchar4', NULL, 1, 4, NULL, NULL, 4, 2, 6, NULL, NULL, NULL, 79, '2018-08-14 17:59:43', 79, '2018-09-14 13:09:15'),
(194, 32, 'ارفاق ', 'ارفاق الطلب ', 'attachment1', 'pdf|doc|png|jpeg', 1, 8, NULL, NULL, 2, 2, 1, NULL, NULL, NULL, 79, '2018-08-19 11:18:54', 79, '2018-08-27 19:16:26'),
(195, 34, 'مرفق الشكوى', 'مرفق الشكوى مكتوب يدويا', 'attachment1', 'pdf', 1, 8, NULL, NULL, 5, 4, 5, NULL, NULL, NULL, 79, '2018-09-13 17:08:14', 79, '2018-09-14 13:17:50'),
(196, 31, 'مرفق الانتداب', 'مرفق الانتداب', 'attachment1', 'pdf', NULL, 8, NULL, NULL, 5, 4, 6, NULL, NULL, NULL, 79, '2018-09-13 17:10:38', 79, '2018-09-14 13:12:56'),
(197, 25, 'طلب الاستقالة مكتوبا يدويا', 'طلب الاستقالة مكتوب يدويا', 'attachment1', 'pdf', 1, 8, NULL, NULL, 5, 5, 3, NULL, NULL, NULL, 79, '2018-09-14 13:23:32', NULL, NULL),
(198, 21, 'تاريخ السفر', 'تاريخ السفر', 'date2', NULL, 1, 1, NULL, NULL, 3, 2, 7, NULL, NULL, NULL, 79, '2018-09-14 13:31:30', 79, '2018-09-14 13:35:37'),
(199, 21, 'تاريخ لعودة', 'تاريخ العودة', 'date3', NULL, 1, 1, NULL, NULL, 3, 2, 8, NULL, NULL, NULL, 79, '2018-09-14 13:31:30', 79, '2018-09-14 13:35:37'),
(200, 21, 'طلب الاجازةمكتوب يدويا', 'طلب الاجازةمكتوب يدويا', 'attachment1', 'pdf', 1, 8, NULL, NULL, 4, 4, 5, NULL, NULL, NULL, 79, '2018-09-14 13:31:31', 79, '2018-09-14 13:35:38'),
(201, 24, 'طلب العمرة يدويا', 'طلب العمرة يدويا', 'attachment1', 'pdf', 1, 8, NULL, NULL, 5, 4, 5, NULL, NULL, NULL, 79, '2018-09-16 18:14:17', 79, '2018-09-18 13:30:40'),
(202, 23, 'مرفق الطلب', 'مرفق الطلب', 'attachment1', 'pdf', NULL, 8, NULL, NULL, 5, 4, 5, NULL, NULL, NULL, 79, '2018-09-16 19:03:22', NULL, NULL),
(203, 37, 'date', 'تاريخ تقديم الطلب', 'date1', NULL, 1, 1, NULL, NULL, 5, 5, 3, NULL, NULL, NULL, 3, '2018-09-17 10:59:57', 79, '2018-09-18 13:21:56'),
(204, 37, 'Quantity', 'الكمية المطلوبة', 'number1', NULL, 1, 3, NULL, NULL, 5, 5, 2, NULL, NULL, NULL, 3, '2018-09-17 10:59:57', 79, '2018-09-18 13:21:56'),
(205, 37, 'Name', 'اسم الصنف', 'varchar1', NULL, 1, 4, NULL, NULL, 5, 5, 1, NULL, NULL, NULL, 3, '2018-09-17 10:59:57', 79, '2018-09-18 13:21:56'),
(206, 37, 'Name', 'مقدم الطلب', 'dropdown1', NULL, 1, 6, 14, NULL, 5, 5, 5, NULL, NULL, NULL, 3, '2018-09-17 10:59:57', 79, '2018-09-18 13:21:56'),
(207, 37, 'Attachments', 'المرفقات', 'attachment1', 'doc|docx|jpg|tif|png|pdf', 1, 8, NULL, NULL, 5, 5, 4, NULL, NULL, NULL, 3, '2018-09-17 10:59:57', 79, '2018-09-18 13:21:56'),
(208, 38, 'Date', 'تاريخ تقديم الطلب', 'date1', NULL, 1, 1, NULL, NULL, 5, 5, 4, NULL, NULL, NULL, 3, '2018-09-17 11:15:02', 79, '2018-09-18 13:24:57'),
(209, 38, '  problem', 'الصيانة أو الخدمة المطلوبة', 'text1', NULL, 1, 5, NULL, NULL, 5, 5, 1, NULL, NULL, NULL, 3, '2018-09-17 11:15:03', 79, '2018-09-18 13:24:57'),
(210, 38, 'Name', 'اسم مقدم الطلب', 'checkbox1', NULL, 1, 7, NULL, 13, 5, 5, 2, NULL, NULL, NULL, 3, '2018-09-17 11:15:03', 79, '2018-09-18 13:24:57'),
(211, 38, 'Attachments', 'المرفقات', 'attachment1', 'pdf|jpg|doc|docx', 1, 8, NULL, NULL, 5, 5, 3, NULL, NULL, NULL, 3, '2018-09-17 11:15:03', 79, '2018-09-18 13:24:57'),
(212, 39, 'date', 'تاريخ تقديم الطلب', 'date1', NULL, NULL, 1, NULL, NULL, 5, 5, 4, NULL, NULL, NULL, 3, '2018-09-17 11:20:45', 79, '2018-09-18 13:19:40'),
(213, 39, 'Wanted', 'الصيانة المطلوب عملها', 'text1', NULL, NULL, 5, NULL, NULL, 5, 5, 1, NULL, NULL, NULL, 3, '2018-09-17 11:20:45', 79, '2018-09-18 13:19:40'),
(214, 39, 'Name', 'مقدم الطلب', 'dropdown1', NULL, 1, 6, 14, NULL, 5, 5, 2, NULL, NULL, NULL, 3, '2018-09-17 11:20:45', 79, '2018-09-18 13:19:40'),
(215, 39, 'Attachments', 'المرفقات', 'attachment1', 'pdf|jpg|doc|docx', NULL, 8, NULL, NULL, 5, 5, 3, NULL, NULL, NULL, 3, '2018-09-17 11:20:46', 79, '2018-09-18 13:19:40'),
(216, 6, 'وقت الاستئذان', 'وقت الاستئذان', 'time1', NULL, 1, 2, NULL, NULL, 2, 2, 3, NULL, NULL, NULL, 79, '2018-09-19 09:03:45', NULL, NULL),
(217, 6, 'مرفق الطلب', 'مرفق الطلب', 'attachment1', 'pdf', 1, 8, NULL, NULL, 5, 4, 6, NULL, NULL, NULL, 79, '2018-09-19 09:03:45', NULL, NULL),
(218, 9, 'التاريخ', 'التاريخ', 'date1', NULL, 1, 1, NULL, NULL, 2, 4, 1, NULL, NULL, NULL, 79, '2018-09-19 09:44:37', 79, '2018-09-19 13:46:10'),
(219, 9, 'مرفق الطلب', 'مرفق الطلب', 'attachment1', 'pdf', 1, 8, NULL, NULL, 5, 4, 4, NULL, NULL, NULL, 79, '2018-09-19 09:44:38', 79, '2018-09-19 13:46:10');

-- --------------------------------------------------------

--
-- Table structure for table `library_manager`
--

CREATE TABLE `library_manager` (
  `id` int(11) UNSIGNED NOT NULL,
  `type` tinyint(3) UNSIGNED NOT NULL COMMENT '1 Book || 2 Thesis',
  `name_ar` varchar(255) COLLATE utf8_bin DEFAULT NULL,
  `name_en` varchar(255) COLLATE utf8_bin DEFAULT NULL,
  `shelf` varchar(255) COLLATE utf8_bin DEFAULT NULL,
  `barcode` varchar(255) COLLATE utf8_bin DEFAULT NULL,
  `category` int(10) UNSIGNED DEFAULT NULL COMMENT 'ref to ''general_stores_categories''',
  `unit` int(10) UNSIGNED DEFAULT NULL COMMENT 'ref to ''general_stores_units''',
  `number` int(10) DEFAULT NULL,
  `sales_price` int(10) UNSIGNED DEFAULT NULL,
  `min_qty` int(10) UNSIGNED DEFAULT NULL,
  `max_qty` int(10) UNSIGNED DEFAULT NULL,
  `store` int(10) UNSIGNED DEFAULT NULL COMMENT 'ref to ''general_stores_stores''',
  `cost` int(10) DEFAULT NULL,
  `commision` int(10) DEFAULT NULL,
  `commision_percentage` int(10) UNSIGNED DEFAULT NULL,
  `service_item` tinyint(3) UNSIGNED DEFAULT NULL,
  `description` text COLLATE utf8_bin,
  `Created_by` int(11) UNSIGNED DEFAULT NULL COMMENT 'ref to ''users''',
  `Created_date` datetime DEFAULT NULL,
  `last_update_by` int(11) UNSIGNED DEFAULT NULL COMMENT 'ref to ''users''',
  `last_update_date` datetime DEFAULT NULL,
  `is_deleted` tinyint(4) UNSIGNED DEFAULT NULL,
  `deleted_by` int(11) UNSIGNED DEFAULT NULL COMMENT 'ref to ''users''',
  `deleted_date` datetime DEFAULT NULL
) ENGINE=InnoDB DEFAULT CHARSET=utf8 COLLATE=utf8_bin ROW_FORMAT=COMPACT;

-- --------------------------------------------------------

--
-- Table structure for table `menus`
--

CREATE TABLE `menus` (
  `id` int(11) NOT NULL,
  `order` int(11) DEFAULT NULL,
  `target` int(11) NOT NULL DEFAULT '1' COMMENT '1 same 2 blank',
  `parent` int(11) DEFAULT NULL,
  `name_ar` varchar(255) COLLATE utf8_bin DEFAULT NULL,
  `name_en` varchar(255) COLLATE utf8_bin DEFAULT NULL,
  `internal_link` char(50) COLLATE utf8_bin DEFAULT NULL,
  `link` varchar(255) COLLATE utf8_bin DEFAULT NULL,
  `is_deleted` int(11) DEFAULT NULL,
  `deleted_by` int(11) DEFAULT NULL,
  `Created_by` int(11) DEFAULT NULL,
  `last_update_by` int(11) DEFAULT NULL,
  `Created_date` datetime DEFAULT NULL,
  `last_update_date` datetime DEFAULT NULL
) ENGINE=InnoDB DEFAULT CHARSET=utf8 COLLATE=utf8_bin ROW_FORMAT=COMPACT;

--
-- Dumping data for table `menus`
--

INSERT INTO `menus` (`id`, `order`, `target`, `parent`, `name_ar`, `name_en`, `internal_link`, `link`, `is_deleted`, `deleted_by`, `Created_by`, `last_update_by`, `Created_date`, `last_update_date`) VALUES
(1, 1, 1, NULL, 'الرئيسية', 'Home', '1', 'Home', NULL, NULL, 1, 3, '2017-07-09 06:29:13', '2018-05-05 10:57:21'),
(4, 2, 1, NULL, 'التوظيف', 'Jobs', '1', NULL, NULL, NULL, 1, 3, '2017-07-09 09:43:53', '2018-05-05 10:57:55'),
(5, 1, 1, 4, 'تقديم طلب توظيف جديد', 'New employee application', '1', 'Admission_Employment/App', NULL, NULL, 1, NULL, '2017-07-09 09:45:03', NULL),
(6, 2, 1, 4, 'متابعة/تعديل طلب توظيف', 'Follow up/modify employment application', '1', 'Admission_Employment/AppSec', NULL, NULL, 1, NULL, '2017-07-09 09:45:41', NULL),
(7, 3, 1, NULL, 'القبول', 'Admissions', '1', NULL, 1, 1, 1, 1445, '2017-07-09 09:46:44', '2017-12-07 15:07:51'),
(8, 5, 1, 7, 'متابعة طلب إلتحاقك', 'Check Your application Status ', '1', 'Onlinereg/AppSec', NULL, NULL, 1, 1445, '2017-07-09 09:47:59', '2017-12-06 13:52:01'),
(9, 3, 1, 7, 'طلب إلتحاق لدرجة البكالوريوس', 'Bachelor\'s Degree Application ', '1', 'Onlinereg/New/BA', NULL, NULL, 1, 1445, '2017-07-09 09:48:34', '2017-12-06 13:38:09'),
(10, 4, 1, 7, 'طلب إلتحاق لدرجة الماجستير', 'Master\'s Degree Application ', '1', 'Onlinereg/New/MA', NULL, NULL, 1, 1445, '2017-07-09 09:49:09', '2017-12-06 13:47:49'),
(11, 1, 1, NULL, 'من نحن', 'About us', '1', NULL, NULL, NULL, 1, 1, '2017-07-09 10:47:58', '2018-03-28 09:19:56'),
(12, 1, 1, 11, 'عن المدارس', 'About Us', '1', 'Page/view/1', NULL, NULL, 1, 1, '2017-07-09 11:01:34', '2018-03-28 09:21:15'),
(13, 2, 1, 11, 'البرامج الأكاديمية', 'Academic programs', '1', NULL, 1, 1445, 1, NULL, '2017-07-09 11:06:14', NULL),
(14, 1, 1, 13, 'البكالوريوس', 'BSC', '1', 'Page/view/2', NULL, NULL, 1, NULL, '2017-07-09 11:07:52', NULL),
(15, 2, 1, 13, 'الماجستير', 'Master', '1', 'Page/view/3', NULL, NULL, 1, 1, '2017-07-09 11:08:09', '2017-07-09 11:08:20'),
(16, 3, 1, 11, 'مركز خدمة المجمتع', 'Community Service Center', '1', 'Page/view/4', 1, 1445, 1, NULL, '2017-07-09 11:13:33', NULL),
(17, 7, 2, NULL, 'عن  مدينتنا', 'About our town', '1', NULL, 1, 3, 33, 33, '2017-08-24 00:35:29', '2018-01-02 23:40:18'),
(18, 1, 1, 17, 'نبذة عن مدينتنا', 'breif about our city', '1', NULL, NULL, NULL, 33, 1353, '2017-08-24 00:37:59', '2018-01-02 23:05:00'),
(19, 2, 1, NULL, 'البرامج الأكاديمية ', 'Academic Programs', '1', NULL, 1, 1, 1445, 1445, '2017-12-03 09:44:44', '2017-12-07 15:07:22'),
(20, 1, 2, 19, 'البكالوريوس', 'Undergraduate ', '1', NULL, NULL, NULL, 1445, 1445, '2017-12-03 10:11:41', '2017-12-03 15:53:42'),
(21, 1, 1, 20, 'برامج البكالوريوس ', 'Undergraduate Programs', '1', NULL, 1, 1445, 1445, 1445, '2017-12-03 10:17:50', '2017-12-03 10:44:19'),
(22, 2, 1, 20, 'برامج الماجستير ', 'Postgraduate Programs', '1', NULL, 1, 1445, 1445, NULL, '2017-12-03 10:43:14', NULL),
(23, 2, 1, 19, 'برامج الماجستير ', 'Postgraduate Programs', '1', NULL, NULL, NULL, 1445, 1445, '2017-12-03 10:47:34', '2017-12-03 10:58:37'),
(24, 1, 1, 23, 'ماجستير إدارة الأعمال ', 'Master of Business Administration (MBA)', '1', 'Page/view/10', NULL, NULL, 1445, 1445, '2017-12-03 10:59:37', '2017-12-28 23:37:19'),
(25, 1, 1, 20, 'بكالوريوس إدارة الأعمال ', 'Bachelor\'s Degree in Business Administration ', '1', 'Page/view/7', NULL, NULL, 1445, 1445, '2017-12-03 13:58:08', '2018-02-23 04:41:37'),
(26, 2, 1, 20, 'بكالوريوس نظم المعلومات الإدارية ', 'Bachelor\'s Degree in Management Information Systems ', '1', 'Page/view/9', NULL, NULL, 1445, 1445, '2017-12-03 13:59:40', '2018-03-04 14:17:00'),
(27, 3, 1, 20, 'بكالوريوس إدارة الضيافة ', 'Bachelor\'s Degree in Hospitality ', '1', 'Page/view/13', NULL, NULL, 1445, 1445, '2017-12-03 14:00:30', '2018-03-10 02:08:18'),
(28, 4, 1, 20, 'بكالوريوس إدارة السياحة والسفر ', 'Bachelor\'s Degree in Tourism and Travel Management ', '1', 'Page/view/14', NULL, NULL, 1445, 1445, '2017-12-03 14:01:41', '2018-03-13 14:18:54'),
(29, 5, 1, 20, 'بكالوريوس نظم المعلومات المحاسبية ', 'Bachelor\'s Degree in Accounting Information Systems ', '1', NULL, NULL, NULL, 1445, 1445, '2017-12-03 14:02:47', '2017-12-03 16:25:00'),
(30, 1, 1, 7, 'شروط القبول لمرحلة البكالوريوس', 'Undergraduate Admission Criteria ', '1', 'Page/view/5', NULL, NULL, 1445, 1445, '2017-12-06 13:19:48', '2017-12-06 13:34:49'),
(31, 2, 1, 7, 'شروط القبول لمرحلة الماجستير ', 'Master Admission Criteria ', '1', 'Page/view/3', NULL, NULL, 1445, 1445, '2017-12-06 13:31:25', '2017-12-06 13:34:56'),
(32, 2, 1, 11, 'كلمة الادارة', 'Dean\'s Message', '1', 'Page/view/6', NULL, NULL, 1445, 1, '2017-12-07 15:01:44', '2018-03-28 09:20:57'),
(33, 5, 1, NULL, 'مركز خدمة المجتمع ', 'Community Service Center ', '1', 'Page/view/4', 1, 3, 1445, 1445, '2017-12-07 15:05:56', '2017-12-07 15:07:13'),
(34, 7, 1, NULL, 'اتصل بنا', 'Contact Us', '1', 'Page/view/8', NULL, NULL, 1445, 1445, '2017-12-27 19:04:08', '2017-12-27 23:13:48'),
(35, 2, 1, 18, 'مزايا مدينتنا ', 'advantages of our town', '1', NULL, 1, 33, 1353, NULL, '2018-01-02 22:54:43', NULL),
(36, 3, 1, 35, 'صور من مدينتنا', 'pictures from our town', '1', NULL, NULL, NULL, 1353, NULL, '2018-01-02 22:57:10', NULL),
(37, 3, 1, 17, 'صور من مدينتنا', 'pictures from our town', '1', NULL, NULL, NULL, 1353, 1353, '2018-01-02 23:03:22', '2018-01-02 23:05:20'),
(38, 2, 1, 17, 'مزايا مدينتنا', 'advantages of our town', '1', NULL, NULL, NULL, 1353, 1353, '2018-01-02 23:04:36', '2018-01-02 23:05:10'),
(39, 3, 1, NULL, 'الأقسام الأكاديمية', 'Academic Departments', '1', NULL, 1, 1445, 1445, NULL, '2018-03-04 15:00:09', NULL),
(40, 3, 1, NULL, 'نبذة عن الشركة ', 'Company Profile', '1', NULL, NULL, NULL, 1, 3, '2018-04-03 12:20:47', '2018-10-07 11:43:45'),
(41, 3, 1, NULL, 'القبول', 'Admissions', '1', NULL, NULL, NULL, 1, NULL, '2018-05-19 22:12:44', NULL),
(42, 1, 1, 41, 'متابعة طلب إلتحاقك', 'Check Your application Status ', '1', 'Onlinereg/AppSec', NULL, NULL, 1, NULL, '2018-05-19 23:32:44', NULL),
(43, 2, 1, 41, 'طلب إلتحاق جديد', 'Apply for the new registration', '1', 'Onlinereg/New', NULL, NULL, 1, NULL, '2018-05-19 23:33:48', NULL);

-- --------------------------------------------------------

--
-- Table structure for table `news`
--

CREATE TABLE `news` (
  `id` bigint(20) NOT NULL,
  `view` bigint(20) UNSIGNED DEFAULT NULL,
  `categorie` bigint(20) DEFAULT NULL,
  `field` bigint(20) DEFAULT NULL,
  `img` varchar(255) COLLATE utf8_bin DEFAULT NULL,
  `img_thumb` varchar(255) COLLATE utf8_bin DEFAULT NULL,
  `title_ar` varchar(255) COLLATE utf8_bin DEFAULT NULL,
  `title_en` varchar(255) COLLATE utf8_bin DEFAULT NULL,
  `desc_ar` varchar(255) COLLATE utf8_bin DEFAULT NULL,
  `desc_en` varchar(255) COLLATE utf8_bin DEFAULT NULL,
  `other_details_ar` text COLLATE utf8_bin,
  `other_details_en` text COLLATE utf8_bin,
  `Created_by` int(11) DEFAULT NULL,
  `Created_date` datetime DEFAULT NULL,
  `last_update_by` int(11) DEFAULT NULL,
  `last_update_date` datetime DEFAULT NULL,
  `is_deleted` tinyint(4) DEFAULT NULL,
  `deleted_by` int(11) DEFAULT NULL,
  `deleted_date` datetime DEFAULT NULL
) ENGINE=InnoDB DEFAULT CHARSET=utf8 COLLATE=utf8_bin ROW_FORMAT=COMPACT;

--
-- Dumping data for table `news`
--

INSERT INTO `news` (`id`, `view`, `categorie`, `field`, `img`, `img_thumb`, `title_ar`, `title_en`, `desc_ar`, `desc_en`, `other_details_ar`, `other_details_en`, `Created_by`, `Created_date`, `last_update_by`, `last_update_date`, `is_deleted`, `deleted_by`, `deleted_date`) VALUES
(1, NULL, NULL, NULL, 'files/news/2018/04/djabxzi8d3fjimu9vdtg8wnaspaccl.jpg', 'files/news/2018/04/thumbs/djabxzi8d3fjimu9vdtg8wnaspaccl.jpg', 'القبول', 'القبول', NULL, NULL, NULL, NULL, 1, '2018-04-09 10:38:04', NULL, NULL, 1, 3, '2018-05-05 10:45:37'),
(2, NULL, NULL, NULL, 'files/news/2018/06/wnxgzznudprtjlvlavx0ohx8.jpg', 'files/news/2018/06/thumbs/wnxgzznudprtjlvlavx0ohx8.jpg', 'يمكن تسجيل الطلاب عن طريق الموقع الكترونيا ', 'يمكن تسجيل الطلاب عن طريق الموقع الكترونيا ', 'يمكن تسجيل الطلاب عن طريق الموقع الكترونيا ', 'يمكن تسجيل الطلاب عن طريق الموقع الكترونيا ', NULL, NULL, 1, '2018-04-11 14:30:02', 75, '2018-06-01 15:51:25', 1, 3, '2020-01-01 08:19:56'),
(3, NULL, NULL, NULL, 'files/news/2020/01/nkpmovr5zvojcsoibioqsftnyby.jpg', 'files/news/2020/01/thumbs/nkpmovr5zvojcsoibioqsftnyby.jpg', 'الدخول الى موقع اكتفاء', 'الدخول الى موقع اكتفاء', 'الدخول الى موقع اكتفاء', 'الدخول الى موقع اكتفاء', '<p style=\"text-align:center;\"><strong><span style=\"color:#FF0000;\">للدخول الى اكتفاء اضغط على الرابط التالي</span></strong></p>\n\n<p style=\"text-align:center;\"><span style=\"font-size:18px;\"><strong><a href=\"https://tamezsch.ektefa.sa/\"><span style=\"color:#0000FF;\">https://tamezsch.ektefa.sa</span></a></strong></span></p>\n', NULL, 3, '2018-05-05 10:51:10', 3, '2020-01-19 12:12:37', NULL, NULL, NULL),
(4, NULL, NULL, NULL, 'files/news/2018/10/tumz1y4haktfykf5clfbtmy.jpg', 'files/news/2018/10/thumbs/tumz1y4haktfykf5clfbtmy.jpg', 'تعيين الاستاذ / جبران عايض ال زميع الشهراني نائبا للمدير العام ', '  Appointment of Mr. Gebran Ayed Al-Zaima Al-Shahrani as Deputy Director General', 'تعيين الاستاذ / جبران عايض ال زميع الشهراني نائبا للمدير العام ', '  Appointment of Mr. Gebran Ayed Al-Zaima Al-Shahrani as Deputy Director General', NULL, NULL, 3, '2018-10-07 11:18:32', NULL, NULL, 1, 3, '2018-11-15 08:19:12'),
(5, NULL, NULL, NULL, 'files/news/2018/10/edivcixqq6.jpg', 'files/news/2018/10/thumbs/edivcixqq6.jpg', 'وفاة والدة الاستاذ / عبدالله عضرس مدير عام المدارس', '..', 'وفاة والدة المدير العام للمدارس الاستاذ / عبدالله عضرس نسأل الله ان يتغمدها بواسع رحمته وأن يسكنها فسيح جناته . ', '..', '<p>بخالص الحزن والأسى يتقدم منسوبو مدارس التميز الإبداعي الأهلية  من أعضاء هيئة تدريس وموظفين وطلاب بوافر العزاء في وفاة والدة  الاستاذ / عبدالله عضرس المدير العام للمدارس نسأل الله ان يتغمدها بواسع رحمته وأن يسكنها فسيح جناته . </p>\n', NULL, 3, '2018-10-07 11:29:41', 3, '2018-10-07 12:41:30', 1, 3, '2018-11-15 08:19:10'),
(6, NULL, NULL, NULL, 'files/news/2018/10/j8pceeppu5px6hccg.jpg', 'files/news/2018/10/thumbs/j8pceeppu5px6hccg.jpg', 'إضافة 4 باصات جديدة لنقل الطلاب والطالبات', '..', NULL, NULL, '<p>تم إضافة 4 باصات جديده لنقل الطلاب والطالبات ليصبح إجمالي عدد الباصات 9 باصات وجاء ذلك نظراً لزيادة للإقبال على النقل وثقة أولياء الأمور في منظومتنا بالكامل حيث أننا نستخدم تقنيه متطورة لمراقبة الباصات وتتبع خط السير وكذلك مراقبة السرعة . كما أن لولي الأمر تطبيق على الهاتف الذكي يستطيع من خلاله تتبع حركة الباص الذي ينقل ابنه/ بنته . وأيضاً يتلقى رسائل إلكترونية تفيد بصعود ابنه إلى الباص وكذلك عند النزول . </p>\n', NULL, 3, '2018-10-07 12:21:21', NULL, NULL, 1, 3, '2018-11-15 08:19:08');

-- --------------------------------------------------------

--
-- Table structure for table `pages`
--

CREATE TABLE `pages` (
  `id` int(11) NOT NULL,
  `order` int(10) UNSIGNED DEFAULT NULL,
  `title_ar` varchar(255) COLLATE utf8_bin DEFAULT NULL,
  `title_en` varchar(255) COLLATE utf8_bin DEFAULT NULL,
  `content_ar` text COLLATE utf8_bin,
  `content_en` text COLLATE utf8_bin,
  `Created_by` int(11) DEFAULT NULL,
  `Created_date` datetime DEFAULT NULL,
  `last_update_by` int(11) DEFAULT NULL,
  `last_update_date` datetime DEFAULT NULL,
  `is_deleted` tinyint(4) DEFAULT NULL,
  `deleted_by` int(11) DEFAULT NULL,
  `deleted_date` datetime DEFAULT NULL
) ENGINE=InnoDB DEFAULT CHARSET=utf8 COLLATE=utf8_bin ROW_FORMAT=COMPACT;

--
-- Dumping data for table `pages`
--

INSERT INTO `pages` (`id`, `order`, `title_ar`, `title_en`, `content_ar`, `content_en`, `Created_by`, `Created_date`, `last_update_by`, `last_update_date`, `is_deleted`, `deleted_by`, `deleted_date`) VALUES
(1, 1, 'من نحن', 'About Us', '<p><strong>تعتبر شركة مدارس التميز الابداعي من الشركات الرائدة في المجال التعليمي والتى تأسست عام 1436هـ وتضم قسمي البنين والبنات ابتداء من مرحلة الروضة وحتى المرحلة الثانوية وفيما يتعلّق بمواصفات المبني المدرسي  فهو  مبنياً حسب المعايير والمواصفات التي تناسب العملية التعليمية و مزوّداً بالأجهزة التعليمية، والغرف الصفية الفسيحة التي توفر التهوية والإضاءة الجيدتين، والملاعب المدرسية، وقاعات أنشطة وغرف مصادر التعلم  ومختبرات علمية  ومعامل حاسب آلي ومعامل لغة انجليزية وغرف توعية فكرية ومسبح ومسرح يتسع لـ 400 فرد  ومطعم  يقدم وجبات صحية للطلاب، </strong></p>\n\n<p><strong>فكلّ هذا يساعد الطالب على حبّ التعلّم والتعليم وعدمالضجر منه بسبب عدم الراحة النفسية، فالمتعلم يريد أن تكون بيئته التعليمية ملائمة لعملية التعلم من جميع الجوانب، حتّى يستطيع الطالب أن يمارس العملية التعليمية بكل راحة وتركيز، وولي الأمر كذلك يتطلع الى أن تكون مدرسة أولاده مثالية، تتوفّر فيها جميع الإمكانيات والموارد المادية، والبشرية والتي تساهم في تحقيق أهداف العلم وأهداف المدرسة .</strong></p>\n', '<p>The School of Creative Excellence is one of the leading companies in the field of education and in terms of specifications of the school building, it is built according to the standards and specifications that fit the educational process and equipped with educational devices, and the spacious classrooms that provide ventilation and good lighting, school playgrounds, halls of activities and rooms of learning resources, scientific laboratories and laboratories Computer, English language labs, intellectual awareness rooms, a swimming pool, a theater for 400 people, a restaurant that provides healthy meals for students,</p>\n\n<p>All this helps the student to love learning and education and boredom because of mental discomfort, the learner wants to be an educational environment suitable for the process of learning from all aspects, so that the student can practice the educational process with all the comfort and concentration, and guardian is also looking to be a perfect children\'s school, Which has all the resources and resources, human and that contribute to the achievement of the goals of science and the objectives of the school</p>\n', 1, '2018-03-28 09:41:34', 3, '2018-05-05 11:09:54', NULL, NULL, NULL);

-- --------------------------------------------------------

--
-- Table structure for table `permissions_groups`
--

CREATE TABLE `permissions_groups` (
  `id` int(11) UNSIGNED NOT NULL,
  `name_ar` varchar(255) COLLATE utf8_bin NOT NULL,
  `name_en` varchar(255) COLLATE utf8_bin NOT NULL,
  `is_deleted` tinyint(4) UNSIGNED DEFAULT NULL,
  `deleted_by` int(11) UNSIGNED DEFAULT NULL COMMENT 'ref to ''users''',
  `deleted_date` datetime DEFAULT NULL,
  `Created_by` int(11) UNSIGNED DEFAULT NULL COMMENT 'ref to ''users''',
  `Created_date` datetime DEFAULT NULL,
  `last_update_by` int(11) UNSIGNED DEFAULT NULL COMMENT 'ref to ''users''',
  `last_update_date` datetime DEFAULT NULL
) ENGINE=InnoDB DEFAULT CHARSET=utf8 COLLATE=utf8_bin COMMENT='مجموعات صلاحيات المستخدمين' ROW_FORMAT=COMPACT;

--
-- Dumping data for table `permissions_groups`
--

INSERT INTO `permissions_groups` (`id`, `name_ar`, `name_en`, `is_deleted`, `deleted_by`, `deleted_date`, `Created_by`, `Created_date`, `last_update_by`, `last_update_date`) VALUES
(1, 'عام', 'عام', NULL, NULL, NULL, 75, '2018-06-02 15:49:17', 75, '2018-06-03 14:52:14'),
(2, 'صلاحيات التسجيل', 'صلاحيات التسجيل', NULL, NULL, NULL, 75, '2018-06-02 17:49:16', NULL, NULL),
(3, 'الموارد البشرية', 'الموارد البشرية', NULL, NULL, NULL, 75, '2018-06-03 14:55:24', 79, '2018-08-22 15:43:53'),
(4, 'الدعم الفني', 'الدعم الفني', NULL, NULL, NULL, 79, '2018-08-22 15:48:13', NULL, NULL);

-- --------------------------------------------------------

--
-- Table structure for table `permissions_groups_roles_relations`
--

CREATE TABLE `permissions_groups_roles_relations` (
  `id` int(11) UNSIGNED NOT NULL,
  `groub` int(10) UNSIGNED DEFAULT NULL COMMENT 'ref to ''permissions_groups''',
  `role` int(10) UNSIGNED DEFAULT NULL COMMENT 'ref to ''roles''',
  `is_deleted` tinyint(4) UNSIGNED DEFAULT NULL,
  `deleted_by` int(11) UNSIGNED DEFAULT NULL COMMENT 'ref to ''users''',
  `deleted_date` datetime DEFAULT NULL,
  `Created_by` int(11) UNSIGNED DEFAULT NULL COMMENT 'ref to ''users''',
  `Created_date` datetime DEFAULT NULL,
  `last_update_by` int(11) UNSIGNED DEFAULT NULL COMMENT 'ref to ''users''',
  `last_update_date` datetime DEFAULT NULL
) ENGINE=InnoDB DEFAULT CHARSET=utf8 COLLATE=utf8_bin COMMENT='مجموعات صلاحيات المستخدمين' ROW_FORMAT=COMPACT;

--
-- Dumping data for table `permissions_groups_roles_relations`
--

INSERT INTO `permissions_groups_roles_relations` (`id`, `groub`, `role`, `is_deleted`, `deleted_by`, `deleted_date`, `Created_by`, `Created_date`, `last_update_by`, `last_update_date`) VALUES
(1, 1, 150, NULL, NULL, NULL, 75, '2018-06-02 15:49:17', NULL, NULL),
(2, 1, 196, NULL, NULL, NULL, 75, '2018-06-02 15:50:11', NULL, NULL),
(3, 2, 20, NULL, NULL, NULL, 75, '2018-06-02 17:49:16', NULL, NULL),
(4, 2, 24, NULL, NULL, NULL, 75, '2018-06-02 17:49:16', NULL, NULL),
(5, 2, 25, NULL, NULL, NULL, 75, '2018-06-02 17:49:16', NULL, NULL),
(6, 2, 26, NULL, NULL, NULL, 75, '2018-06-02 17:49:16', NULL, NULL),
(7, 2, 27, NULL, NULL, NULL, 75, '2018-06-02 17:49:16', NULL, NULL),
(8, 2, 28, NULL, NULL, NULL, 75, '2018-06-02 17:49:16', NULL, NULL),
(9, 2, 29, NULL, NULL, NULL, 75, '2018-06-02 17:49:16', NULL, NULL),
(10, 2, 30, NULL, NULL, NULL, 75, '2018-06-02 17:49:16', NULL, NULL),
(11, 2, 31, NULL, NULL, NULL, 75, '2018-06-02 17:49:16', NULL, NULL),
(12, 2, 32, NULL, NULL, NULL, 75, '2018-06-02 17:49:16', NULL, NULL),
(13, 2, 33, NULL, NULL, NULL, 75, '2018-06-02 17:49:16', NULL, NULL),
(14, 2, 34, NULL, NULL, NULL, 75, '2018-06-02 17:49:16', NULL, NULL),
(15, 2, 35, NULL, NULL, NULL, 75, '2018-06-02 17:49:16', NULL, NULL),
(16, 2, 36, NULL, NULL, NULL, 75, '2018-06-02 17:49:16', NULL, NULL),
(17, 2, 37, NULL, NULL, NULL, 75, '2018-06-02 17:49:16', NULL, NULL),
(18, 2, 38, NULL, NULL, NULL, 75, '2018-06-02 17:49:16', NULL, NULL),
(19, 2, 39, NULL, NULL, NULL, 75, '2018-06-02 17:49:16', NULL, NULL),
(20, 2, 40, NULL, NULL, NULL, 75, '2018-06-02 17:49:16', NULL, NULL),
(21, 2, 41, NULL, NULL, NULL, 75, '2018-06-02 17:49:16', NULL, NULL),
(22, 2, 42, NULL, NULL, NULL, 75, '2018-06-02 17:49:16', NULL, NULL),
(23, 2, 43, NULL, NULL, NULL, 75, '2018-06-02 17:49:16', NULL, NULL),
(24, 2, 44, NULL, NULL, NULL, 75, '2018-06-02 17:49:16', NULL, NULL),
(25, 2, 45, NULL, NULL, NULL, 75, '2018-06-02 17:49:16', NULL, NULL),
(26, 2, 46, NULL, NULL, NULL, 75, '2018-06-02 17:49:16', NULL, NULL),
(27, 2, 47, NULL, NULL, NULL, 75, '2018-06-02 17:49:16', NULL, NULL),
(28, 2, 48, NULL, NULL, NULL, 75, '2018-06-02 17:49:16', NULL, NULL),
(29, 2, 49, NULL, NULL, NULL, 75, '2018-06-02 17:49:16', NULL, NULL),
(30, 2, 50, NULL, NULL, NULL, 75, '2018-06-02 17:49:16', NULL, NULL),
(31, 2, 51, NULL, NULL, NULL, 75, '2018-06-02 17:49:16', NULL, NULL),
(32, 2, 52, NULL, NULL, NULL, 75, '2018-06-02 17:49:16', NULL, NULL),
(33, 2, 53, NULL, NULL, NULL, 75, '2018-06-02 17:49:16', NULL, NULL),
(34, 2, 54, NULL, NULL, NULL, 75, '2018-06-02 17:49:16', NULL, NULL),
(35, 2, 55, NULL, NULL, NULL, 75, '2018-06-02 17:49:16', NULL, NULL),
(36, 2, 56, NULL, NULL, NULL, 75, '2018-06-02 17:49:16', NULL, NULL),
(37, 2, 57, NULL, NULL, NULL, 75, '2018-06-02 17:49:16', NULL, NULL),
(38, 2, 58, NULL, NULL, NULL, 75, '2018-06-02 17:49:16', NULL, NULL),
(39, 2, 59, NULL, NULL, NULL, 75, '2018-06-02 17:49:16', NULL, NULL),
(40, 2, 60, NULL, NULL, NULL, 75, '2018-06-02 17:49:16', NULL, NULL),
(41, 2, 61, NULL, NULL, NULL, 75, '2018-06-02 17:49:16', NULL, NULL),
(42, 2, 62, NULL, NULL, NULL, 75, '2018-06-02 17:49:16', NULL, NULL),
(43, 2, 63, NULL, NULL, NULL, 75, '2018-06-02 17:49:16', NULL, NULL),
(44, 2, 64, NULL, NULL, NULL, 75, '2018-06-02 17:49:16', NULL, NULL),
(45, 2, 65, NULL, NULL, NULL, 75, '2018-06-02 17:49:16', NULL, NULL),
(46, 2, 66, NULL, NULL, NULL, 75, '2018-06-02 17:49:16', NULL, NULL),
(47, 2, 67, NULL, NULL, NULL, 75, '2018-06-02 17:49:16', NULL, NULL),
(48, 2, 68, NULL, NULL, NULL, 75, '2018-06-02 17:49:16', NULL, NULL),
(49, 2, 69, NULL, NULL, NULL, 75, '2018-06-02 17:49:16', NULL, NULL),
(50, 2, 70, NULL, NULL, NULL, 75, '2018-06-02 17:49:16', NULL, NULL),
(51, 2, 71, NULL, NULL, NULL, 75, '2018-06-02 17:49:16', NULL, NULL),
(52, 2, 76, NULL, NULL, NULL, 75, '2018-06-02 17:49:16', NULL, NULL),
(53, 2, 77, NULL, NULL, NULL, 75, '2018-06-02 17:49:16', NULL, NULL),
(54, 2, 78, NULL, NULL, NULL, 75, '2018-06-02 17:49:16', NULL, NULL),
(55, 2, 79, NULL, NULL, NULL, 75, '2018-06-02 17:49:16', NULL, NULL),
(56, 2, 112, NULL, NULL, NULL, 75, '2018-06-02 17:49:16', NULL, NULL),
(57, 2, 113, NULL, NULL, NULL, 75, '2018-06-02 17:49:16', NULL, NULL),
(58, 2, 114, NULL, NULL, NULL, 75, '2018-06-02 17:49:16', NULL, NULL),
(59, 2, 115, NULL, NULL, NULL, 75, '2018-06-02 17:49:16', NULL, NULL),
(60, 2, 116, NULL, NULL, NULL, 75, '2018-06-02 17:49:16', NULL, NULL),
(61, 2, 117, NULL, NULL, NULL, 75, '2018-06-02 17:49:16', NULL, NULL),
(62, 2, 118, NULL, NULL, NULL, 75, '2018-06-02 17:49:16', NULL, NULL),
(63, 2, 240, NULL, NULL, NULL, 75, '2018-06-02 17:49:16', NULL, NULL),
(64, 2, 363, NULL, NULL, NULL, 75, '2018-06-02 17:49:16', NULL, NULL),
(65, 2, 364, NULL, NULL, NULL, 75, '2018-06-02 17:49:16', NULL, NULL),
(66, 2, 365, NULL, NULL, NULL, 75, '2018-06-02 17:49:16', NULL, NULL),
(67, 2, 366, NULL, NULL, NULL, 75, '2018-06-02 17:49:16', NULL, NULL),
(68, 2, 367, NULL, NULL, NULL, 75, '2018-06-02 17:49:16', NULL, NULL),
(69, 2, 368, NULL, NULL, NULL, 75, '2018-06-02 17:49:16', NULL, NULL),
(70, 2, 369, NULL, NULL, NULL, 75, '2018-06-02 17:49:16', NULL, NULL),
(71, 2, 370, NULL, NULL, NULL, 75, '2018-06-02 17:49:16', NULL, NULL),
(72, 1, 123, NULL, NULL, NULL, 75, '2018-06-03 14:52:14', NULL, NULL),
(73, 1, 124, NULL, NULL, NULL, 75, '2018-06-03 14:52:14', NULL, NULL),
(74, 1, 125, NULL, NULL, NULL, 75, '2018-06-03 14:52:14', NULL, NULL),
(75, 1, 126, NULL, NULL, NULL, 75, '2018-06-03 14:52:14', NULL, NULL),
(76, 1, 127, NULL, NULL, NULL, 75, '2018-06-03 14:52:14', NULL, NULL),
(77, 1, 128, NULL, NULL, NULL, 75, '2018-06-03 14:52:14', NULL, NULL),
(78, 1, 129, NULL, NULL, NULL, 75, '2018-06-03 14:52:14', NULL, NULL),
(79, 1, 130, NULL, NULL, NULL, 75, '2018-06-03 14:52:14', NULL, NULL),
(80, 1, 131, NULL, NULL, NULL, 75, '2018-06-03 14:52:14', NULL, NULL),
(81, 1, 132, NULL, NULL, NULL, 75, '2018-06-03 14:52:14', NULL, NULL),
(82, 1, 133, NULL, NULL, NULL, 75, '2018-06-03 14:52:14', NULL, NULL),
(83, 1, 134, NULL, NULL, NULL, 75, '2018-06-03 14:52:14', NULL, NULL),
(84, 1, 135, NULL, NULL, NULL, 75, '2018-06-03 14:52:14', NULL, NULL),
(85, 1, 136, NULL, NULL, NULL, 75, '2018-06-03 14:52:14', NULL, NULL),
(86, 1, 137, NULL, NULL, NULL, 75, '2018-06-03 14:52:14', NULL, NULL),
(87, 1, 138, NULL, NULL, NULL, 75, '2018-06-03 14:52:14', NULL, NULL),
(88, 1, 139, NULL, NULL, NULL, 75, '2018-06-03 14:52:14', NULL, NULL),
(89, 1, 140, NULL, NULL, NULL, 75, '2018-06-03 14:52:14', NULL, NULL),
(90, 1, 141, NULL, NULL, NULL, 75, '2018-06-03 14:52:14', NULL, NULL),
(91, 1, 142, NULL, NULL, NULL, 75, '2018-06-03 14:52:14', NULL, NULL),
(92, 1, 143, NULL, NULL, NULL, 75, '2018-06-03 14:52:14', NULL, NULL),
(93, 1, 144, NULL, NULL, NULL, 75, '2018-06-03 14:52:14', NULL, NULL),
(94, 1, 145, NULL, NULL, NULL, 75, '2018-06-03 14:52:14', NULL, NULL),
(95, 1, 146, NULL, NULL, NULL, 75, '2018-06-03 14:52:14', NULL, NULL),
(96, 1, 151, NULL, NULL, NULL, 75, '2018-06-03 14:52:14', NULL, NULL),
(97, 1, 152, NULL, NULL, NULL, 75, '2018-06-03 14:52:14', NULL, NULL),
(98, 1, 153, NULL, NULL, NULL, 75, '2018-06-03 14:52:14', NULL, NULL),
(99, 1, 154, NULL, NULL, NULL, 75, '2018-06-03 14:52:14', NULL, NULL),
(100, 1, 155, NULL, NULL, NULL, 75, '2018-06-03 14:52:14', NULL, NULL),
(101, 1, 156, NULL, NULL, NULL, 75, '2018-06-03 14:52:14', NULL, NULL),
(102, 1, 157, NULL, NULL, NULL, 75, '2018-06-03 14:52:14', NULL, NULL),
(103, 1, 158, NULL, NULL, NULL, 75, '2018-06-03 14:52:14', NULL, NULL),
(104, 1, 160, NULL, NULL, NULL, 75, '2018-06-03 14:52:14', NULL, NULL),
(105, 1, 161, NULL, NULL, NULL, 75, '2018-06-03 14:52:14', NULL, NULL),
(106, 1, 162, NULL, NULL, NULL, 75, '2018-06-03 14:52:14', NULL, NULL),
(107, 1, 163, NULL, NULL, NULL, 75, '2018-06-03 14:52:14', NULL, NULL),
(108, 1, 164, NULL, NULL, NULL, 75, '2018-06-03 14:52:14', NULL, NULL),
(109, 1, 165, NULL, NULL, NULL, 75, '2018-06-03 14:52:14', NULL, NULL),
(110, 1, 166, NULL, NULL, NULL, 75, '2018-06-03 14:52:14', NULL, NULL),
(111, 1, 167, NULL, NULL, NULL, 75, '2018-06-03 14:52:14', NULL, NULL),
(112, 1, 168, NULL, NULL, NULL, 75, '2018-06-03 14:52:14', NULL, NULL),
(113, 1, 169, NULL, NULL, NULL, 75, '2018-06-03 14:52:14', NULL, NULL),
(114, 1, 170, NULL, NULL, NULL, 75, '2018-06-03 14:52:14', NULL, NULL),
(115, 1, 171, NULL, NULL, NULL, 75, '2018-06-03 14:52:14', NULL, NULL),
(116, 1, 172, NULL, NULL, NULL, 75, '2018-06-03 14:52:14', NULL, NULL),
(117, 1, 173, NULL, NULL, NULL, 75, '2018-06-03 14:52:14', NULL, NULL),
(118, 1, 174, NULL, NULL, NULL, 75, '2018-06-03 14:52:14', NULL, NULL),
(119, 1, 175, NULL, NULL, NULL, 75, '2018-06-03 14:52:14', NULL, NULL),
(120, 1, 176, NULL, NULL, NULL, 75, '2018-06-03 14:52:14', NULL, NULL),
(121, 1, 177, NULL, NULL, NULL, 75, '2018-06-03 14:52:14', NULL, NULL),
(122, 1, 178, NULL, NULL, NULL, 75, '2018-06-03 14:52:14', NULL, NULL),
(123, 1, 179, NULL, NULL, NULL, 75, '2018-06-03 14:52:14', NULL, NULL),
(124, 1, 188, NULL, NULL, NULL, 75, '2018-06-03 14:52:14', NULL, NULL),
(125, 1, 189, NULL, NULL, NULL, 75, '2018-06-03 14:52:14', NULL, NULL),
(126, 1, 190, NULL, NULL, NULL, 75, '2018-06-03 14:52:14', NULL, NULL),
(127, 1, 191, NULL, NULL, NULL, 75, '2018-06-03 14:52:14', NULL, NULL),
(128, 1, 230, NULL, NULL, NULL, 75, '2018-06-03 14:52:14', NULL, NULL),
(129, 1, 231, NULL, NULL, NULL, 75, '2018-06-03 14:52:14', NULL, NULL),
(130, 1, 232, NULL, NULL, NULL, 75, '2018-06-03 14:52:14', NULL, NULL),
(131, 1, 233, NULL, NULL, NULL, 75, '2018-06-03 14:52:14', NULL, NULL),
(132, 1, 234, NULL, NULL, NULL, 75, '2018-06-03 14:52:14', NULL, NULL),
(133, 1, 236, NULL, NULL, NULL, 75, '2018-06-03 14:52:14', NULL, NULL),
(134, 1, 237, NULL, NULL, NULL, 75, '2018-06-03 14:52:14', NULL, NULL),
(135, 1, 238, NULL, NULL, NULL, 75, '2018-06-03 14:52:14', NULL, NULL),
(136, 1, 359, NULL, NULL, NULL, 75, '2018-06-03 14:52:14', NULL, NULL),
(137, 1, 360, NULL, NULL, NULL, 75, '2018-06-03 14:52:14', NULL, NULL),
(138, 1, 361, NULL, NULL, NULL, 75, '2018-06-03 14:52:14', NULL, NULL),
(139, 1, 362, NULL, NULL, NULL, 75, '2018-06-03 14:52:14', NULL, NULL),
(140, 3, 147, NULL, NULL, NULL, 75, '2018-06-03 14:55:24', NULL, NULL),
(141, 3, 148, NULL, NULL, NULL, 75, '2018-06-03 14:55:24', NULL, NULL),
(142, 3, 149, NULL, NULL, NULL, 75, '2018-06-03 14:55:24', NULL, NULL),
(143, 3, 150, NULL, NULL, NULL, 75, '2018-06-03 14:55:24', NULL, NULL),
(144, 3, 192, NULL, NULL, NULL, 75, '2018-06-03 14:55:24', NULL, NULL),
(145, 3, 193, NULL, NULL, NULL, 75, '2018-06-03 14:55:24', NULL, NULL),
(146, 3, 194, NULL, NULL, NULL, 75, '2018-06-03 14:55:24', NULL, NULL),
(147, 3, 195, NULL, NULL, NULL, 75, '2018-06-03 14:55:24', NULL, NULL),
(148, 3, 196, NULL, NULL, NULL, 75, '2018-06-03 14:55:24', NULL, NULL),
(149, 3, 197, NULL, NULL, NULL, 75, '2018-06-03 14:55:24', NULL, NULL),
(150, 3, 198, NULL, NULL, NULL, 75, '2018-06-03 14:55:24', NULL, NULL),
(151, 3, 199, NULL, NULL, NULL, 75, '2018-06-03 14:55:24', NULL, NULL),
(152, 3, 200, NULL, NULL, NULL, 75, '2018-06-03 14:55:24', NULL, NULL),
(153, 3, 201, NULL, NULL, NULL, 75, '2018-06-03 14:55:24', NULL, NULL),
(154, 3, 202, NULL, NULL, NULL, 75, '2018-06-03 14:55:24', NULL, NULL),
(155, 3, 203, NULL, NULL, NULL, 75, '2018-06-03 14:55:24', NULL, NULL),
(156, 3, 204, NULL, NULL, NULL, 75, '2018-06-03 14:55:24', NULL, NULL),
(157, 3, 205, NULL, NULL, NULL, 75, '2018-06-03 14:55:24', NULL, NULL),
(158, 3, 206, NULL, NULL, NULL, 75, '2018-06-03 14:55:24', NULL, NULL),
(159, 3, 207, NULL, NULL, NULL, 75, '2018-06-03 14:55:24', NULL, NULL),
(160, 3, 208, NULL, NULL, NULL, 75, '2018-06-03 14:55:24', NULL, NULL),
(161, 3, 209, NULL, NULL, NULL, 75, '2018-06-03 14:55:24', NULL, NULL),
(162, 3, 210, NULL, NULL, NULL, 75, '2018-06-03 14:55:24', NULL, NULL),
(163, 3, 211, NULL, NULL, NULL, 75, '2018-06-03 14:55:24', NULL, NULL),
(164, 3, 212, NULL, NULL, NULL, 75, '2018-06-03 14:55:24', NULL, NULL),
(165, 3, 213, NULL, NULL, NULL, 75, '2018-06-03 14:55:24', NULL, NULL),
(166, 3, 214, NULL, NULL, NULL, 75, '2018-06-03 14:55:24', NULL, NULL),
(167, 3, 215, NULL, NULL, NULL, 75, '2018-06-03 14:55:24', NULL, NULL),
(168, 3, 216, NULL, NULL, NULL, 75, '2018-06-03 14:55:24', NULL, NULL),
(169, 3, 217, NULL, NULL, NULL, 75, '2018-06-03 14:55:24', NULL, NULL),
(170, 3, 218, NULL, NULL, NULL, 75, '2018-06-03 14:55:24', NULL, NULL),
(171, 3, 219, NULL, NULL, NULL, 75, '2018-06-03 14:55:24', NULL, NULL),
(172, 3, 220, NULL, NULL, NULL, 75, '2018-06-03 14:55:24', NULL, NULL),
(173, 3, 221, NULL, NULL, NULL, 75, '2018-06-03 14:55:24', NULL, NULL),
(174, 3, 222, NULL, NULL, NULL, 75, '2018-06-03 14:55:24', NULL, NULL),
(175, 3, 223, NULL, NULL, NULL, 75, '2018-06-03 14:55:24', NULL, NULL),
(176, 3, 224, NULL, NULL, NULL, 75, '2018-06-03 14:55:24', NULL, NULL),
(177, 3, 225, NULL, NULL, NULL, 75, '2018-06-03 14:55:24', NULL, NULL),
(178, 3, 226, NULL, NULL, NULL, 75, '2018-06-03 14:55:24', NULL, NULL),
(179, 3, 227, NULL, NULL, NULL, 75, '2018-06-03 14:55:24', NULL, NULL),
(180, 3, 228, NULL, NULL, NULL, 75, '2018-06-03 14:55:24', NULL, NULL),
(181, 3, 229, NULL, NULL, NULL, 75, '2018-06-03 14:55:24', NULL, NULL),
(182, 3, 267, NULL, NULL, NULL, 75, '2018-06-03 14:55:25', NULL, NULL),
(183, 3, 299, NULL, NULL, NULL, 75, '2018-06-03 14:55:25', NULL, NULL),
(184, 3, 300, NULL, NULL, NULL, 75, '2018-06-03 14:55:25', NULL, NULL),
(185, 3, 301, NULL, NULL, NULL, 75, '2018-06-03 14:55:25', NULL, NULL),
(186, 4, 232, NULL, NULL, NULL, 79, '2018-08-22 15:48:13', NULL, NULL),
(187, 4, 233, NULL, NULL, NULL, 79, '2018-08-22 15:48:13', NULL, NULL),
(188, 4, 234, NULL, NULL, NULL, 79, '2018-08-22 15:48:13', NULL, NULL),
(189, 4, 236, NULL, NULL, NULL, 79, '2018-08-22 15:48:13', NULL, NULL),
(190, 4, 237, NULL, NULL, NULL, 79, '2018-08-22 15:48:13', NULL, NULL),
(191, 4, 238, NULL, NULL, NULL, 79, '2018-08-22 15:48:13', NULL, NULL),
(192, 4, 147, NULL, NULL, NULL, 79, '2018-08-22 15:48:13', NULL, NULL),
(193, 4, 148, NULL, NULL, NULL, 79, '2018-08-22 15:48:13', NULL, NULL),
(194, 4, 150, NULL, NULL, NULL, 79, '2018-08-22 15:48:13', NULL, NULL),
(195, 4, 195, NULL, NULL, NULL, 79, '2018-08-22 15:48:13', NULL, NULL),
(196, 4, 196, NULL, NULL, NULL, 79, '2018-08-22 15:48:13', NULL, NULL),
(197, 4, 242, NULL, NULL, NULL, 79, '2018-08-22 15:48:13', NULL, NULL),
(198, 4, 243, NULL, NULL, NULL, 79, '2018-08-22 15:48:13', NULL, NULL),
(199, 4, 244, NULL, NULL, NULL, 79, '2018-08-22 15:48:13', NULL, NULL),
(200, 4, 245, NULL, NULL, NULL, 79, '2018-08-22 15:48:13', NULL, NULL),
(201, 4, 246, NULL, NULL, NULL, 79, '2018-08-22 15:48:13', NULL, NULL),
(202, 4, 247, NULL, NULL, NULL, 79, '2018-08-22 15:48:13', NULL, NULL),
(203, 4, 248, NULL, NULL, NULL, 79, '2018-08-22 15:48:13', NULL, NULL),
(204, 4, 249, NULL, NULL, NULL, 79, '2018-08-22 15:48:13', NULL, NULL),
(205, 4, 250, NULL, NULL, NULL, 79, '2018-08-22 15:48:13', NULL, NULL),
(206, 4, 251, NULL, NULL, NULL, 79, '2018-08-22 15:48:13', NULL, NULL),
(207, 4, 252, NULL, NULL, NULL, 79, '2018-08-22 15:48:13', NULL, NULL),
(208, 4, 253, NULL, NULL, NULL, 79, '2018-08-22 15:48:13', NULL, NULL),
(209, 4, 254, NULL, NULL, NULL, 79, '2018-08-22 15:48:13', NULL, NULL),
(210, 4, 255, NULL, NULL, NULL, 79, '2018-08-22 15:48:13', NULL, NULL),
(211, 4, 256, NULL, NULL, NULL, 79, '2018-08-22 15:48:13', NULL, NULL),
(212, 4, 257, NULL, NULL, NULL, 79, '2018-08-22 15:48:13', NULL, NULL),
(213, 4, 258, NULL, NULL, NULL, 79, '2018-08-22 15:48:13', NULL, NULL),
(214, 4, 259, NULL, NULL, NULL, 79, '2018-08-22 15:48:13', NULL, NULL),
(215, 4, 260, NULL, NULL, NULL, 79, '2018-08-22 15:48:13', NULL, NULL),
(216, 4, 261, NULL, NULL, NULL, 79, '2018-08-22 15:48:13', NULL, NULL),
(217, 4, 262, NULL, NULL, NULL, 79, '2018-08-22 15:48:13', NULL, NULL),
(218, 4, 263, NULL, NULL, NULL, 79, '2018-08-22 15:48:13', NULL, NULL),
(219, 4, 264, NULL, NULL, NULL, 79, '2018-08-22 15:48:13', NULL, NULL),
(220, 4, 265, NULL, NULL, NULL, 79, '2018-08-22 15:48:13', NULL, NULL),
(221, 4, 266, NULL, NULL, NULL, 79, '2018-08-22 15:48:13', NULL, NULL),
(222, 4, 358, NULL, NULL, NULL, 79, '2018-08-22 15:48:13', NULL, NULL);

-- --------------------------------------------------------

--
-- Table structure for table `permissions_groups_users_relations`
--

CREATE TABLE `permissions_groups_users_relations` (
  `id` int(11) UNSIGNED NOT NULL,
  `groub` int(10) UNSIGNED DEFAULT NULL COMMENT 'ref to ''permissions_groups''',
  `user` int(10) UNSIGNED DEFAULT NULL COMMENT 'ref to ''users''',
  `is_deleted` tinyint(4) UNSIGNED DEFAULT NULL,
  `deleted_by` int(11) UNSIGNED DEFAULT NULL COMMENT 'ref to ''users''',
  `deleted_date` datetime DEFAULT NULL,
  `Created_by` int(11) UNSIGNED DEFAULT NULL COMMENT 'ref to ''users''',
  `Created_date` datetime DEFAULT NULL,
  `last_update_by` int(11) UNSIGNED DEFAULT NULL COMMENT 'ref to ''users''',
  `last_update_date` datetime DEFAULT NULL
) ENGINE=InnoDB DEFAULT CHARSET=utf8 COLLATE=utf8_bin COMMENT='العلاقات بين المستخدمين ومجموعات الصلاحيات' ROW_FORMAT=COMPACT;

--
-- Dumping data for table `permissions_groups_users_relations`
--

INSERT INTO `permissions_groups_users_relations` (`id`, `groub`, `user`, `is_deleted`, `deleted_by`, `deleted_date`, `Created_by`, `Created_date`, `last_update_by`, `last_update_date`) VALUES
(5, 2, 5, NULL, NULL, NULL, 75, '2018-06-03 16:44:44', NULL, NULL),
(6, 3, 5, NULL, NULL, NULL, 75, '2018-06-03 16:44:44', NULL, NULL),
(9, 2, 94, NULL, NULL, NULL, 79, '2018-07-19 20:19:15', NULL, NULL),
(10, 3, 72, NULL, NULL, NULL, 79, '2018-07-22 18:14:22', NULL, NULL),
(11, 1, 77, NULL, NULL, NULL, 79, '2018-07-25 11:07:32', NULL, NULL),
(12, 1, 111, NULL, NULL, NULL, 79, '2018-08-13 20:26:32', NULL, NULL),
(13, 1, 128, NULL, NULL, NULL, 3, '2018-09-15 17:21:38', NULL, NULL),
(14, 1, 129, NULL, NULL, NULL, 3, '2018-09-15 17:23:18', NULL, NULL),
(15, 1, 130, NULL, NULL, NULL, 3, '2018-09-15 17:24:55', NULL, NULL),
(16, 1, 131, NULL, NULL, NULL, 3, '2018-09-15 17:28:18', NULL, NULL),
(17, 1, 132, NULL, NULL, NULL, 3, '2018-09-15 17:31:05', NULL, NULL),
(18, 1, 133, NULL, NULL, NULL, 3, '2018-09-15 17:33:42', NULL, NULL),
(19, 1, 134, NULL, NULL, NULL, 3, '2018-09-15 17:35:03', NULL, NULL),
(20, 1, 135, NULL, NULL, NULL, 3, '2018-09-15 17:36:53', NULL, NULL),
(21, 1, 136, NULL, NULL, NULL, 3, '2018-09-15 17:39:07', NULL, NULL),
(22, 1, 137, NULL, NULL, NULL, 3, '2018-09-15 17:40:35', NULL, NULL),
(23, 1, 67, NULL, NULL, NULL, 3, '2018-09-21 22:45:25', NULL, NULL);

-- --------------------------------------------------------

--
-- Table structure for table `permission_sections`
--

CREATE TABLE `permission_sections` (
  `id` int(11) UNSIGNED NOT NULL,
  `parent` int(11) UNSIGNED DEFAULT NULL,
  `name_ar` varchar(255) COLLATE utf8_bin DEFAULT NULL,
  `name_en` varchar(255) COLLATE utf8_bin DEFAULT NULL,
  `is_deleted` tinyint(4) UNSIGNED DEFAULT NULL,
  `deleted_by` int(11) UNSIGNED DEFAULT NULL COMMENT 'ref to ''users''',
  `deleted_date` datetime DEFAULT NULL,
  `Created_by` int(11) UNSIGNED DEFAULT NULL COMMENT 'ref to ''users''',
  `Created_date` datetime DEFAULT NULL,
  `last_update_by` int(11) UNSIGNED DEFAULT NULL COMMENT 'ref to ''users''',
  `last_update_date` datetime DEFAULT NULL
) ENGINE=InnoDB DEFAULT CHARSET=utf8 COLLATE=utf8_bin ROW_FORMAT=COMPACT;

--
-- Dumping data for table `permission_sections`
--

INSERT INTO `permission_sections` (`id`, `parent`, `name_ar`, `name_en`, `is_deleted`, `deleted_by`, `deleted_date`, `Created_by`, `Created_date`, `last_update_by`, `last_update_date`) VALUES
(1, NULL, 'عام', 'General', NULL, NULL, NULL, NULL, NULL, NULL, NULL),
(2, NULL, 'التسجيل', 'Register', NULL, NULL, NULL, NULL, NULL, NULL, NULL),
(3, NULL, 'المالية', 'Finance', NULL, NULL, NULL, NULL, NULL, NULL, NULL),
(4, NULL, 'الموارد البشرية', 'HR', NULL, NULL, NULL, NULL, NULL, NULL, NULL),
(5, NULL, 'المحاسبة', 'Accounting', NULL, NULL, NULL, NULL, NULL, NULL, NULL),
(6, NULL, 'الموقع - ويب سايت', 'WebSite', NULL, NULL, NULL, NULL, NULL, NULL, NULL),
(7, NULL, 'المخازن', 'Stores', NULL, NULL, NULL, NULL, NULL, NULL, NULL),
(8, NULL, 'النظام', 'System', NULL, NULL, NULL, NULL, NULL, NULL, NULL);

-- --------------------------------------------------------

--
-- Table structure for table `relations`
--

CREATE TABLE `relations` (
  `id` int(11) UNSIGNED NOT NULL,
  `announcements` int(11) UNSIGNED DEFAULT NULL,
  `new` int(11) UNSIGNED DEFAULT NULL,
  `description` varchar(50) COLLATE utf8_bin DEFAULT NULL,
  `tag` int(11) UNSIGNED DEFAULT NULL COMMENT 'ref to ''tags''',
  `lang` varchar(50) COLLATE utf8_bin DEFAULT NULL,
  `Created_date` datetime DEFAULT NULL,
  `last_update_date` datetime DEFAULT NULL,
  `Created_by` int(11) UNSIGNED DEFAULT NULL
) ENGINE=InnoDB DEFAULT CHARSET=utf8 COLLATE=utf8_bin ROW_FORMAT=COMPACT;

-- --------------------------------------------------------

--
-- Table structure for table `roles`
--

CREATE TABLE `roles` (
  `id` int(11) UNSIGNED NOT NULL,
  `section` int(11) UNSIGNED DEFAULT NULL COMMENT 'ref to ''permission_sections''',
  `name` varchar(255) NOT NULL,
  `description` varchar(255) DEFAULT NULL,
  `disables` tinyint(4) DEFAULT NULL,
  `add_hr` varchar(255) DEFAULT NULL
) ENGINE=InnoDB DEFAULT CHARSET=utf8;

--
-- Dumping data for table `roles`
--

INSERT INTO `roles` (`id`, `section`, `name`, `description`, `disables`, `add_hr`) VALUES
(1, NULL, 'login', 'Login privileges, granted after account confirmation', NULL, NULL),
(20, 2, 'E_Registration_Settings', NULL, NULL, NULL),
(24, 2, 'A_Admission_Applications', NULL, NULL, NULL),
(25, 2, 'B_Admission_Applications', NULL, NULL, NULL),
(26, 2, 'E_Admission_Applications', NULL, NULL, NULL),
(27, 2, 'D_Admission_Applications', NULL, NULL, NULL),
(28, 2, 'A_Students_Interviews', NULL, NULL, NULL),
(29, 2, 'B_Students_Interviews', NULL, NULL, NULL),
(30, 2, 'E_Students_Interviews', NULL, NULL, NULL),
(31, 2, 'D_Students_Interviews', NULL, NULL, NULL),
(32, 2, 'A_Colleges', NULL, NULL, NULL),
(33, 2, 'B_Colleges', NULL, NULL, NULL),
(34, 2, 'E_Colleges', NULL, NULL, NULL),
(35, 2, 'D_Colleges', NULL, NULL, NULL),
(36, 2, 'A_Departments', NULL, NULL, NULL),
(37, 2, 'B_Departments', NULL, NULL, NULL),
(38, 2, 'E_Departments', NULL, NULL, NULL),
(39, 2, 'D_Departments', NULL, NULL, NULL),
(40, 2, 'A_Programs', NULL, NULL, NULL),
(41, 2, 'B_Programs', NULL, NULL, NULL),
(42, 2, 'E_Programs', NULL, NULL, NULL),
(43, 2, 'D_Programs', NULL, NULL, NULL),
(44, 2, 'A_Courses', NULL, NULL, NULL),
(45, 2, 'B_Courses', NULL, NULL, NULL),
(46, 2, 'E_Courses', NULL, NULL, NULL),
(47, 2, 'D_Courses', NULL, NULL, NULL),
(48, 2, 'A_Academicyears', NULL, NULL, NULL),
(49, 2, 'B_Academicyears', NULL, NULL, NULL),
(50, 2, 'E_Academicyears', NULL, NULL, NULL),
(51, 2, 'D_Academicyears', NULL, NULL, NULL),
(52, 2, 'A_Terms', NULL, NULL, NULL),
(53, 2, 'B_Terms', NULL, NULL, NULL),
(54, 2, 'E_Terms', NULL, NULL, NULL),
(55, 2, 'D_Terms', NULL, NULL, NULL),
(56, 2, 'A_Sections', NULL, NULL, NULL),
(57, 2, 'B_Sections', NULL, NULL, NULL),
(58, 2, 'E_Sections', NULL, NULL, NULL),
(59, 2, 'D_Sections', NULL, NULL, NULL),
(60, 2, 'A_Levels', NULL, NULL, NULL),
(61, 2, 'B_Levels', NULL, NULL, NULL),
(62, 2, 'E_Levels', NULL, NULL, NULL),
(63, 2, 'D_Levels', NULL, NULL, NULL),
(64, 2, 'A_Rooms', NULL, NULL, NULL),
(65, 2, 'E_Rooms', NULL, NULL, NULL),
(66, 2, 'B_Rooms', NULL, NULL, NULL),
(67, 2, 'D_Rooms', NULL, NULL, NULL),
(68, 2, 'A_Majors', NULL, NULL, NULL),
(69, 2, 'B_Majors', NULL, NULL, NULL),
(70, 2, 'E_Majors', NULL, NULL, NULL),
(71, 2, 'D_Majors', NULL, NULL, NULL),
(72, 3, 'A_Financials_Fees', NULL, NULL, NULL),
(73, 3, 'E_Financials_Fees', NULL, NULL, NULL),
(74, 3, 'B_Financials_Fees', NULL, NULL, NULL),
(75, 3, 'D_Financials_Fees', NULL, NULL, NULL),
(76, 2, 'A_Students_Types', NULL, NULL, NULL),
(77, 2, 'E_Students_Types', NULL, NULL, NULL),
(78, 2, 'B_Students_Types', NULL, NULL, NULL),
(79, 2, 'D_Students_Types', NULL, NULL, NULL),
(80, 3, 'A_Discount_Management', NULL, NULL, NULL),
(81, 3, 'E_Discount_Management', NULL, NULL, NULL),
(82, 3, 'B_Discount_Management', NULL, NULL, NULL),
(83, 3, 'D_Discount_Management', NULL, NULL, NULL),
(84, 3, 'A_Manminpayment', NULL, NULL, NULL),
(85, 3, 'E_Manminpayment', NULL, NULL, NULL),
(86, 3, 'B_Manminpayment', NULL, NULL, NULL),
(87, 3, 'D_Manminpayment', NULL, NULL, NULL),
(88, 3, 'A_Fines_Management', NULL, NULL, NULL),
(89, 3, 'E_Fines_Management', NULL, NULL, NULL),
(90, 3, 'B_Fines_Management', NULL, NULL, NULL),
(91, 3, 'D_Fines_Management', NULL, NULL, NULL),
(96, 3, 'A_financials_sponsors', NULL, NULL, NULL),
(97, 3, 'E_financials_sponsors', NULL, NULL, NULL),
(98, 3, 'B_financials_sponsors', NULL, NULL, NULL),
(99, 3, 'D_financials_sponsors', NULL, NULL, NULL),
(100, 3, 'A_Financials_sponsorships', NULL, NULL, NULL),
(101, 3, 'E_Financials_sponsorships', NULL, NULL, NULL),
(102, 3, 'B_Financials_sponsorships', NULL, NULL, NULL),
(103, 3, 'D_Financials_sponsorships', NULL, NULL, NULL),
(104, 3, 'A_Financials_Payments', NULL, NULL, NULL),
(105, 3, 'E_Financials_Payments', NULL, NULL, NULL),
(106, 3, 'B_Financials_Payments', NULL, NULL, NULL),
(107, 3, 'D_Financials_Payments', NULL, NULL, NULL),
(108, 3, 'A_Manminpayment_Custom', NULL, NULL, NULL),
(109, 3, 'E_Manminpayment_Custom', NULL, NULL, NULL),
(110, 3, 'B_Manminpayment_Custom', NULL, NULL, NULL),
(111, 3, 'D_Manminpayment_Custom', NULL, NULL, NULL),
(112, 2, 'A_Students', NULL, NULL, NULL),
(113, 2, 'B_Students', NULL, NULL, NULL),
(114, 2, 'E_Students', NULL, NULL, NULL),
(115, 2, 'D_Students', NULL, NULL, NULL),
(116, 2, 'Browse_Current_class_schedule', NULL, NULL, NULL),
(117, 2, 'Approve_nonReg_Section_For_Student', 'الموافقة على الشعب في الارشاد', NULL, NULL),
(118, 2, 'Delete_section_prior_to_the_adoption', 'حذف الشعب عند الارشاد', NULL, NULL),
(119, 3, 'A_Discount_Students', NULL, NULL, NULL),
(120, 3, 'E_Discount_Students', NULL, NULL, NULL),
(121, 3, 'B_Discount_Students', NULL, NULL, NULL),
(122, 3, 'D_Discount_Students', NULL, NULL, NULL),
(123, 1, 'A_Edulevels', NULL, NULL, NULL),
(124, 1, 'E_Edulevels', NULL, NULL, NULL),
(125, 1, 'B_Edulevels', NULL, NULL, NULL),
(126, 1, 'D_Edulevels', NULL, NULL, NULL),
(127, 1, 'A_Genders', NULL, NULL, NULL),
(128, 1, 'E_Genders', NULL, NULL, NULL),
(129, 1, 'B_Genders', NULL, NULL, NULL),
(130, 1, 'D_Genders', NULL, NULL, NULL),
(131, 1, 'A_Hscertypes', NULL, NULL, NULL),
(132, 1, 'E_Hscertypes', NULL, NULL, NULL),
(133, 1, 'B_Hscertypes', NULL, NULL, NULL),
(134, 1, 'D_Hscertypes', NULL, NULL, NULL),
(135, 1, 'A_Legalforms', NULL, NULL, NULL),
(136, 1, 'E_Legalforms', NULL, NULL, NULL),
(137, 1, 'B_Legalforms', NULL, NULL, NULL),
(138, 1, 'D_Legalforms', NULL, NULL, NULL),
(139, 1, 'A_Countries', NULL, NULL, NULL),
(140, 1, 'E_Countries', NULL, NULL, NULL),
(141, 1, 'B_Countries', NULL, NULL, NULL),
(142, 1, 'D_Countries', NULL, NULL, NULL),
(143, 1, 'A_Sprelations', NULL, NULL, NULL),
(144, 1, 'E_Sprelations', NULL, NULL, NULL),
(145, 1, 'B_Sprelations', NULL, NULL, NULL),
(146, 1, 'D_Sprelations', NULL, NULL, NULL),
(147, 4, 'A_Employment_Applications', NULL, NULL, NULL),
(148, 4, 'E_Employment_Applications', NULL, NULL, NULL),
(149, 4, 'B_Employment_Applications', NULL, NULL, NULL),
(150, 4, 'D_Employment_Applications', NULL, NULL, NULL),
(151, 1, 'A_Maritalstatus', NULL, NULL, NULL),
(152, 1, 'E_Maritalstatus', NULL, NULL, NULL),
(153, 1, 'B_Maritalstatus', NULL, NULL, NULL),
(154, 1, 'D_Maritalstatus', NULL, NULL, NULL),
(155, 1, 'A_Religions', NULL, NULL, NULL),
(156, 1, 'E_Religions', NULL, NULL, NULL),
(157, 1, 'B_Religions', NULL, NULL, NULL),
(158, 1, 'D_Religions', NULL, NULL, NULL),
(160, 1, 'A_Hr_Sections', NULL, NULL, NULL),
(161, 1, 'B_Hr_Sections', NULL, NULL, NULL),
(162, 1, 'E_Hr_Sections', NULL, NULL, NULL),
(163, 1, 'D_Hr_Sections', NULL, NULL, NULL),
(164, 1, 'A_Hr_Employee_Types', NULL, NULL, NULL),
(165, 1, 'E_Hr_Employee_Types', NULL, NULL, NULL),
(166, 1, 'B_Hr_Employee_Types', NULL, NULL, NULL),
(167, 1, 'D_Hr_Employee_Types', NULL, NULL, NULL),
(168, 1, 'A_Hr_Departments', NULL, NULL, NULL),
(169, 1, 'E_Hr_Departments', NULL, NULL, NULL),
(170, 1, 'B_Hr_Departments', NULL, NULL, NULL),
(171, 1, 'D_Hr_Departments', NULL, NULL, NULL),
(172, 1, 'A_Hr_Positions', NULL, NULL, NULL),
(173, 1, 'E_Hr_Positions', NULL, NULL, NULL),
(174, 1, 'B_Hr_Positions', NULL, NULL, NULL),
(175, 1, 'D_Hr_Positions', NULL, NULL, NULL),
(176, 1, 'A_Banks', NULL, NULL, NULL),
(177, 1, 'E_Banks', NULL, NULL, NULL),
(178, 1, 'B_Banks', NULL, NULL, NULL),
(179, 1, 'D_Banks', NULL, NULL, NULL),
(188, 1, 'A_Cities', NULL, NULL, NULL),
(189, 1, 'E_Cities', NULL, NULL, NULL),
(190, 1, 'B_Cities', NULL, NULL, NULL),
(191, 1, 'D_Cities', NULL, NULL, NULL),
(192, 4, 'Accept_Employment_Applications', NULL, NULL, NULL),
(193, 4, 'Reject_Employment_Applications', NULL, NULL, NULL),
(194, 4, 'B_Hr_Employment_Administration', NULL, NULL, NULL),
(195, 4, 'E_Hr_Employment_Administration', NULL, NULL, NULL),
(196, 4, 'D_Hr_Employment_Administration', NULL, NULL, NULL),
(197, 4, 'A_Allowances_Types', NULL, NULL, NULL),
(198, 4, 'E_Allowances_Types', NULL, NULL, NULL),
(199, 4, 'B_Allowances_Types', NULL, NULL, NULL),
(200, 4, 'D_Allowances_Types', NULL, NULL, NULL),
(201, 4, 'A_Deductions_Types', NULL, NULL, NULL),
(202, 4, 'E_Deductions_Types', NULL, NULL, NULL),
(203, 4, 'B_Deductions_Types', NULL, NULL, NULL),
(204, 4, 'D_Deductions_Types', NULL, NULL, NULL),
(205, 4, 'Add_Allowances_To_Employee', NULL, NULL, NULL),
(206, 4, 'Add_Deductions_To_Employee', NULL, NULL, NULL),
(207, 4, 'A_Fines_Warnings', NULL, NULL, NULL),
(208, 4, 'E_Fines_Warnings', NULL, NULL, NULL),
(209, 4, 'B_Fines_Warnings', NULL, NULL, NULL),
(210, 4, 'D_Fines_Warnings', NULL, NULL, NULL),
(211, 4, 'A_Hr_Fines_Types', NULL, NULL, NULL),
(212, 4, 'E_Hr_Fines_Types', NULL, NULL, NULL),
(213, 4, 'B_Hr_Fines_Types', NULL, NULL, NULL),
(214, 4, 'D_Hr_Fines_Types', NULL, NULL, NULL),
(215, 4, 'A_Hr_Warnings_Types', NULL, NULL, NULL),
(216, 4, 'E_Hr_Warnings_Types', NULL, NULL, NULL),
(217, 4, 'B_Hr_Warnings_Types', NULL, NULL, NULL),
(218, 4, 'D_Hr_Warnings_Types', NULL, NULL, NULL),
(219, 4, 'Accept_HR_Fines', NULL, NULL, NULL),
(220, 4, 'Accept_HR_Warnings', NULL, NULL, NULL),
(221, 4, 'A_hr_rewards', NULL, NULL, NULL),
(222, 4, 'B_hr_rewards', NULL, NULL, NULL),
(223, 4, 'E_hr_rewards', NULL, NULL, NULL),
(224, 4, 'D_hr_rewards', NULL, NULL, NULL),
(225, 4, 'Accept_HR_Rewards', NULL, NULL, NULL),
(226, 4, 'A_HR_Rewards_Types', NULL, NULL, NULL),
(227, 4, 'E_HR_Rewards_Types', NULL, NULL, NULL),
(228, 4, 'B_HR_Rewards_Types', NULL, NULL, NULL),
(229, 4, 'D_HR_Rewards_Types', NULL, NULL, NULL),
(230, 1, 'A_Request_letters', NULL, NULL, NULL),
(231, 1, 'E_Request_letters', NULL, NULL, NULL),
(232, 1, 'B_Request_letters', NULL, NULL, NULL),
(233, 1, 'D_Request_letters', NULL, NULL, NULL),
(234, 1, 'A_Letters_Dropdowns', NULL, NULL, NULL),
(236, 1, 'E_Letters_Dropdowns', NULL, NULL, NULL),
(237, 1, 'B_Letters_Dropdowns', NULL, NULL, NULL),
(238, 1, 'D_Letters_Dropdowns', NULL, NULL, NULL),
(239, 3, 'ShowTermsCost', NULL, NULL, NULL),
(240, 2, 'Reject_Student_Applications', NULL, NULL, NULL),
(241, 5, 'Link_Accounts', NULL, NULL, NULL),
(242, 6, 'E_WebSite_Settings', 'التحكم في اعدادات الموقع', NULL, NULL),
(243, 6, 'A_Slides', NULL, NULL, NULL),
(244, 6, 'B_Slides', NULL, NULL, NULL),
(245, 6, 'E_Slides', NULL, NULL, NULL),
(246, 6, 'D_Slides', NULL, NULL, NULL),
(247, 6, 'A_Home_Icons', NULL, NULL, NULL),
(248, 6, 'B_Home_Icons', NULL, NULL, NULL),
(249, 6, 'E_Home_Icons', NULL, NULL, NULL),
(250, 6, 'D_Home_Icons', NULL, NULL, NULL),
(251, 6, 'A_Site_Menus', NULL, NULL, NULL),
(252, 6, 'E_Site_Menus', NULL, NULL, NULL),
(253, 6, 'B_Site_Menus', NULL, NULL, NULL),
(254, 6, 'D_Site_Menus', NULL, NULL, NULL),
(255, 6, 'A_Pages', NULL, NULL, NULL),
(256, 6, 'E_Pages', NULL, NULL, NULL),
(257, 6, 'B_Pages', NULL, NULL, NULL),
(258, 6, 'D_Pages', NULL, NULL, NULL),
(259, 6, 'A_News', NULL, NULL, NULL),
(260, 6, 'E_News', NULL, NULL, NULL),
(261, 6, 'D_News', NULL, NULL, NULL),
(262, 6, 'B_News', NULL, NULL, NULL),
(263, 6, 'A_Announcements', NULL, NULL, NULL),
(264, 6, 'E_Announcements', NULL, NULL, NULL),
(265, 6, 'B_Announcements', NULL, NULL, NULL),
(266, 6, 'D_Announcements', NULL, NULL, NULL),
(267, 4, 'E_hr_Settings', NULL, NULL, NULL),
(268, 7, 'A_Inventory_Item', NULL, NULL, NULL),
(269, 7, 'B_Inventory_Item', NULL, NULL, NULL),
(270, 7, 'E_Inventory_Item', NULL, NULL, NULL),
(271, 7, 'D_Inventory_Item', NULL, NULL, NULL),
(272, 7, 'A_Stores_Categories', NULL, NULL, NULL),
(273, 7, 'E_Stores_Categories', NULL, NULL, NULL),
(274, 7, 'B_Stores_Categories', NULL, NULL, NULL),
(275, 7, 'D_Stores_Categories', NULL, NULL, NULL),
(276, 7, 'A_Stores_Stores', NULL, NULL, NULL),
(277, 7, 'B_Stores_Stores', NULL, NULL, NULL),
(278, 7, 'E_Stores_Stores', NULL, NULL, NULL),
(279, 7, 'D_Stores_Stores', NULL, NULL, NULL),
(280, 7, 'A_Stores_Units', NULL, NULL, NULL),
(281, 7, 'E_Stores_Units', NULL, NULL, NULL),
(282, 7, 'B_Stores_Units', NULL, NULL, NULL),
(283, 7, 'D_Stores_Units', NULL, NULL, NULL),
(284, 5, 'A_Accounting_Accounts', NULL, NULL, NULL),
(285, 5, 'E_Accounting_Accounts', NULL, NULL, NULL),
(286, 5, 'B_Accounting_Accounts', NULL, NULL, NULL),
(287, 5, 'D_Accounting_Accounts', NULL, NULL, NULL),
(288, 5, 'A_Daily_Constraints', NULL, NULL, NULL),
(289, 5, 'E_Daily_Constraints', NULL, NULL, NULL),
(290, 5, 'B_Daily_Constraints', NULL, NULL, NULL),
(291, 5, 'D_Daily_Constraints', NULL, NULL, NULL),
(292, 5, 'P_Daily_Constraints', NULL, NULL, NULL),
(293, 5, 'I_Daily_Constraints', NULL, NULL, NULL),
(294, 5, 'Payments', NULL, NULL, NULL),
(295, 5, 'Payables', NULL, NULL, NULL),
(296, 5, 'Receivable', NULL, NULL, NULL),
(297, 5, 'Calculation_of_salaries', NULL, NULL, NULL),
(298, 5, 'Post_Salaries_To_Accounts', NULL, NULL, NULL),
(299, 4, 'Review_attendance_and_departure', NULL, NULL, NULL),
(300, 4, 'Import_attendance_and_departure', NULL, NULL, NULL),
(301, 4, 'Export_attendance_and_departure', NULL, NULL, NULL),
(302, 8, 'General_Settings_Control', NULL, NULL, NULL),
(303, 8, 'Read_Contact_Messages', NULL, NULL, NULL),
(304, 8, 'Delete_Contact_Messages', NULL, NULL, NULL),
(305, 8, 'Browse_System_Users', NULL, NULL, NULL),
(306, 8, 'Add_System_Users', NULL, NULL, NULL),
(307, 8, 'Edit_System_Users', NULL, NULL, NULL),
(308, 8, 'Delete_System_Users', NULL, NULL, NULL),
(309, 8, 'Browse_Dictionary', NULL, NULL, NULL),
(310, 8, 'Add_Dictionary', NULL, NULL, NULL),
(311, 8, 'Edit_Dictionary', NULL, NULL, NULL),
(312, 8, 'Delete_Dictionary', NULL, NULL, NULL),
(313, 8, 'Browse_permissions_groups', NULL, NULL, NULL),
(314, 8, 'Add_permissions_groups', NULL, NULL, NULL),
(315, 8, 'Edit_permissions_groups', NULL, NULL, NULL),
(316, 8, 'Delete_permissions_groups', NULL, NULL, NULL),
(317, 8, 'give_delete_permissions', NULL, NULL, NULL),
(318, 8, 'Browse_System_Reports', NULL, NULL, NULL),
(321, 5, 'A_Payables', NULL, NULL, NULL),
(322, 5, 'E_Payables', NULL, NULL, NULL),
(323, 5, 'B_Payables', NULL, NULL, NULL),
(324, 5, 'D_Payables', NULL, NULL, NULL),
(325, 5, 'A_Receivables', NULL, NULL, NULL),
(326, 5, 'E_Receivables', NULL, NULL, NULL),
(327, 5, 'B_Receivables', NULL, NULL, NULL),
(328, 5, 'D_Receivables', NULL, NULL, NULL),
(329, 7, 'Stores_itransfer', NULL, NULL, NULL),
(330, 7, 'A_Goods_Receipts_Voucher', NULL, NULL, NULL),
(331, 7, 'E_Goods_Receipts_Voucher', NULL, NULL, NULL),
(332, 7, 'B_Goods_Receipts_Voucher', NULL, NULL, NULL),
(333, 7, 'D_Goods_Receipts_Voucher', NULL, NULL, NULL),
(334, 7, 'A_Goods_Delivery_Voucher', NULL, NULL, NULL),
(335, 7, 'E_Goods_Delivery_Voucher', NULL, NULL, NULL),
(336, 7, 'B_Goods_Delivery_Voucher', NULL, NULL, NULL),
(337, 7, 'D_Goods_Delivery_Voucher', NULL, NULL, NULL),
(338, 7, 'A_Elimination_Voucher', NULL, NULL, NULL),
(339, 7, 'E_Elimination_Voucher', NULL, NULL, NULL),
(340, 7, 'B_Elimination_Voucher', NULL, NULL, NULL),
(341, 7, 'D_Elimination_Voucher', NULL, NULL, NULL),
(342, 7, 'A_Continuous_Stocktaking', NULL, NULL, NULL),
(343, 7, 'E_Continuous_Stocktaking', NULL, NULL, NULL),
(344, 7, 'B_Continuous_Stocktaking', NULL, NULL, NULL),
(345, 7, 'D_Continuous_Stocktaking', NULL, NULL, NULL),
(346, 7, 'A_Periodic_Stocktaking', NULL, NULL, NULL),
(347, 7, 'E_Periodic_Stocktaking', NULL, NULL, NULL),
(348, 7, 'B_Periodic_Stocktaking', NULL, NULL, NULL),
(349, 7, 'D_Periodic_Stocktaking', NULL, NULL, NULL),
(350, 7, 'A_Sales_Invoice', NULL, NULL, NULL),
(351, 7, 'E_Sales_Invoice', NULL, NULL, NULL),
(352, 7, 'B_Sales_Invoice', NULL, NULL, NULL),
(353, 7, 'D_Sales_Invoice', NULL, NULL, NULL),
(354, 7, 'A_Sales_Return', NULL, NULL, NULL),
(355, 7, 'E_Sales_Return', NULL, NULL, NULL),
(356, 7, 'B_Sales_Return', NULL, NULL, NULL),
(357, 7, 'D_Sales_Return', NULL, NULL, NULL),
(358, 6, 'Journal_Control', NULL, NULL, NULL),
(359, 1, 'A_General_Languages', NULL, NULL, NULL),
(360, 1, 'E_General_Languages', NULL, NULL, NULL),
(361, 1, 'B_General_Languages', NULL, NULL, NULL),
(362, 1, 'D_General_Languages', NULL, NULL, NULL),
(363, 2, 'A_Registration_Preclasses', NULL, NULL, NULL),
(364, 2, 'E_Registration_Preclasses', NULL, NULL, NULL),
(365, 2, 'B_Registration_Preclasses', NULL, NULL, NULL),
(366, 2, 'D_Registration_Preclasses', NULL, NULL, NULL),
(367, 2, 'A_Registration_Classes', NULL, NULL, NULL),
(368, 2, 'E_Registration_Classes', NULL, NULL, NULL),
(369, 2, 'D_Registration_Classes', NULL, NULL, NULL),
(370, 2, 'B_Registration_Classes', NULL, NULL, NULL);

-- --------------------------------------------------------

--
-- Table structure for table `roles_users`
--

CREATE TABLE `roles_users` (
  `user_id` int(10) UNSIGNED NOT NULL,
  `role_id` int(10) UNSIGNED NOT NULL
) ENGINE=InnoDB DEFAULT CHARSET=utf8;

--
-- Dumping data for table `roles_users`
--

INSERT INTO `roles_users` (`user_id`, `role_id`) VALUES
(1, 1),
(3, 1),
(4, 1),
(5, 1),
(5, 196),
(6, 1),
(7, 1),
(9, 1),
(10, 1),
(11, 1),
(13, 1),
(14, 1),
(15, 1),
(17, 1),
(18, 1),
(19, 1),
(21, 1),
(22, 1),
(23, 1),
(24, 1),
(25, 1),
(27, 1),
(29, 1),
(30, 1),
(31, 1),
(32, 1),
(33, 1),
(34, 1),
(35, 1),
(36, 1),
(37, 1),
(38, 1),
(39, 1),
(40, 1),
(41, 1),
(42, 1),
(43, 1),
(44, 1),
(45, 1),
(46, 1),
(47, 1),
(48, 1),
(50, 1),
(51, 1),
(52, 1),
(55, 1),
(56, 1),
(59, 1),
(62, 1),
(63, 1),
(64, 1),
(65, 1),
(66, 1),
(67, 1),
(68, 1),
(69, 1),
(70, 1),
(71, 1),
(72, 1),
(73, 1),
(74, 1),
(75, 1),
(77, 1),
(78, 1),
(79, 1),
(80, 1),
(81, 1),
(82, 1),
(83, 1),
(84, 1),
(85, 1),
(86, 1),
(87, 1),
(88, 1),
(89, 1),
(90, 1),
(91, 1),
(92, 1),
(93, 1),
(94, 1),
(95, 1),
(96, 1),
(97, 1),
(98, 1),
(99, 1),
(100, 1),
(101, 1),
(102, 1),
(103, 1),
(104, 1),
(105, 1),
(106, 1),
(107, 1),
(108, 1),
(109, 1),
(110, 1),
(111, 1),
(112, 1),
(113, 1),
(114, 1),
(115, 1),
(116, 1),
(117, 1),
(118, 1),
(119, 1),
(120, 1),
(121, 1),
(122, 1),
(123, 1),
(124, 1),
(125, 1),
(126, 1),
(127, 1),
(128, 1),
(129, 1),
(130, 1),
(131, 1),
(132, 1),
(133, 1),
(134, 1),
(135, 1),
(136, 1),
(137, 1);

-- --------------------------------------------------------

--
-- Table structure for table `slides`
--

CREATE TABLE `slides` (
  `id` bigint(20) UNSIGNED NOT NULL,
  `Show_for_Visitors` tinyint(4) UNSIGNED DEFAULT NULL,
  `title` varchar(255) COLLATE utf8_bin DEFAULT NULL,
  `href` varchar(255) COLLATE utf8_bin DEFAULT NULL,
  `order` int(11) UNSIGNED DEFAULT NULL,
  `img` varchar(255) COLLATE utf8_bin DEFAULT NULL,
  `img_thumb` varchar(255) COLLATE utf8_bin DEFAULT NULL,
  `Created_by` int(11) UNSIGNED DEFAULT NULL COMMENT 'ref to ''users''',
  `Created_date` datetime DEFAULT NULL,
  `last_update_by` int(11) UNSIGNED DEFAULT NULL COMMENT 'ref to ''users''',
  `last_update_date` datetime DEFAULT NULL
) ENGINE=InnoDB DEFAULT CHARSET=utf8 COLLATE=utf8_bin ROW_FORMAT=COMPACT;

--
-- Dumping data for table `slides`
--

INSERT INTO `slides` (`id`, `Show_for_Visitors`, `title`, `href`, `order`, `img`, `img_thumb`, `Created_by`, `Created_date`, `last_update_by`, `last_update_date`) VALUES
(7, 1, NULL, NULL, 12, 'files/slides/2019/01/uwb35iytpackzev.jpg', 'files/slides/2019/01/thumbs/uwb35iytpackzev.jpg', 3, '2018-10-07 11:05:45', 3, '2019-12-09 07:54:05'),
(9, 1, NULL, NULL, 17, 'files/slides/2019/01/qwlnyyv1mrusssqwnxwpl15p.jpg', 'files/slides/2019/01/thumbs/qwlnyyv1mrusssqwnxwpl15p.jpg', 3, '2018-10-07 11:07:35', 3, '2019-12-09 07:55:06'),
(12, 1, NULL, NULL, 5, 'files/slides/2019/10/sly9sbp68hfpofo7mhoq9dxequ.jpg', 'files/slides/2019/10/thumbs/sly9sbp68hfpofo7mhoq9dxequ.jpg', 3, '2018-11-29 08:42:31', 3, '2019-11-26 11:38:11'),
(13, 1, NULL, NULL, 7, 'files/slides/2019/01/obqylrazahm4alauh4sckkbq8ks1wh.jpg', 'files/slides/2019/01/thumbs/obqylrazahm4alauh4sckkbq8ks1wh.jpg', 3, '2018-11-29 08:48:35', 3, '2019-11-26 11:38:29'),
(14, 0, NULL, NULL, 16, 'files/slides/2018/11/d78ngzvypiijrfzmu38o6fzv7jr.jpg', 'files/slides/2018/11/thumbs/d78ngzvypiijrfzmu38o6fzv7jr.jpg', 3, '2018-11-29 09:21:52', 3, '2019-12-09 07:54:52'),
(15, 0, NULL, NULL, 15, 'files/slides/2019/09/yxw4njjbxieo0.jpg', 'files/slides/2019/09/thumbs/yxw4njjbxieo0.jpg', 3, '2018-11-29 11:29:04', 3, '2019-12-09 07:54:41'),
(16, 1, NULL, NULL, 10, 'files/slides/2019/12/czuxstirft79u0bva5eq.jpg', 'files/slides/2019/12/thumbs/czuxstirft79u0bva5eq.jpg', 3, '2018-12-05 07:24:55', 3, '2019-12-09 07:53:48'),
(17, 0, NULL, NULL, 14, 'files/slides/2018/12/7gvr1zmmlomzsxdqytlhzxdw.jpg', 'files/slides/2018/12/thumbs/7gvr1zmmlomzsxdqytlhzxdw.jpg', 3, '2018-12-06 09:29:39', 3, '2019-12-09 07:54:26'),
(18, 0, NULL, NULL, 2, 'files/slides/2019/02/sjyd9d24bxh5uusu9yzqfnjgvyy5.jpg', 'files/slides/2019/02/thumbs/sjyd9d24bxh5uusu9yzqfnjgvyy5.jpg', 3, '2019-02-03 10:25:18', 3, '2019-09-01 10:03:20'),
(19, 1, NULL, NULL, 8, 'files/slides/2019/09/rkjuhu8wlmp.jpg', 'files/slides/2019/09/thumbs/rkjuhu8wlmp.jpg', 3, '2019-09-15 09:24:06', 3, '2019-11-26 11:40:18'),
(20, 0, NULL, NULL, 11, 'files/slides/2019/11/petu6fjqnn2xn6.jpg', 'files/slides/2019/11/thumbs/petu6fjqnn2xn6.jpg', 3, '2019-11-02 15:40:08', 3, '2019-12-09 07:53:06'),
(21, 1, NULL, NULL, 9, 'files/slides/2019/11/bm7noratoxu.jpg', 'files/slides/2019/11/thumbs/bm7noratoxu.jpg', 3, '2019-11-26 11:35:42', 3, '2019-12-09 07:51:34'),
(22, 1, NULL, NULL, 1, 'files/slides/2020/01/zls005xeudne3c2h5ajo9zknhmj.jpg', 'files/slides/2020/01/thumbs/zls005xeudne3c2h5ajo9zknhmj.jpg', 3, '2019-11-26 11:36:02', 3, '2020-01-01 08:21:52'),
(23, 1, NULL, NULL, 4, 'files/slides/2019/11/v2unc6custv1splb5pup6zio3505w.jpg', 'files/slides/2019/11/thumbs/v2unc6custv1splb5pup6zio3505w.jpg', 3, '2019-11-26 11:36:25', 3, '2019-11-26 11:39:11'),
(24, 1, NULL, NULL, 3, 'files/slides/2019/11/pfumab9adqh2.jpg', 'files/slides/2019/11/thumbs/pfumab9adqh2.jpg', 3, '2019-11-26 11:36:48', 3, '2019-12-09 07:48:57'),
(25, 1, NULL, NULL, 4, 'files/slides/2019/12/ckgzne3hfblyt4p.jpg', 'files/slides/2019/12/thumbs/ckgzne3hfblyt4p.jpg', 3, '2019-12-01 10:19:27', 3, '2019-12-09 07:49:11'),
(26, 1, NULL, NULL, 2, 'files/slides/2019/12/foxy52xouw2i1.jpg', 'files/slides/2019/12/thumbs/foxy52xouw2i1.jpg', 3, '2019-12-09 07:45:54', 3, '2019-12-09 07:48:44'),
(27, 1, NULL, NULL, 6, 'files/slides/2019/12/eoc5bkqtccnktoxzotegiuvkbu8i.jpg', 'files/slides/2019/12/thumbs/eoc5bkqtccnktoxzotegiuvkbu8i.jpg', 3, '2019-12-09 07:46:20', 3, '2019-12-09 07:49:42'),
(28, 1, NULL, NULL, 10, 'files/slides/2019/12/jx6tteykkqotwxjtot.jpg', 'files/slides/2019/12/thumbs/jx6tteykkqotwxjtot.jpg', 3, '2019-12-09 07:46:43', 3, '2019-12-22 07:35:26'),
(29, 1, NULL, NULL, 7, 'files/slides/2019/12/s2fymsguivy.jpg', 'files/slides/2019/12/thumbs/s2fymsguivy.jpg', 3, '2019-12-22 07:33:44', 3, '2020-01-01 08:21:40');

-- --------------------------------------------------------

--
-- Table structure for table `stores_goods_delivery_voucher`
--

CREATE TABLE `stores_goods_delivery_voucher` (
  `id` int(11) UNSIGNED NOT NULL,
  `type_of_recipient` tinyint(3) UNSIGNED NOT NULL COMMENT '1 Customer || 2 Employee',
  `store` int(10) UNSIGNED DEFAULT NULL COMMENT 'ref to ''general_stores_stores''',
  `customer` int(11) UNSIGNED DEFAULT NULL COMMENT 'ref to ''accounting_accounts''',
  `employee` int(11) UNSIGNED DEFAULT NULL COMMENT 'ref to ''hr_employment_applications''',
  `Created_by` int(11) UNSIGNED DEFAULT NULL COMMENT 'ref to ''users''',
  `Created_date` datetime DEFAULT NULL,
  `last_update_by` int(11) UNSIGNED DEFAULT NULL COMMENT 'ref to ''users''',
  `last_update_date` datetime DEFAULT NULL,
  `is_deleted` tinyint(4) UNSIGNED DEFAULT NULL,
  `deleted_by` int(11) UNSIGNED DEFAULT NULL COMMENT 'ref to ''users''',
  `deleted_date` datetime DEFAULT NULL
) ENGINE=InnoDB DEFAULT CHARSET=utf8 COLLATE=utf8_bin ROW_FORMAT=COMPACT;

-- --------------------------------------------------------

--
-- Table structure for table `stores_goods_delivery_voucher_items`
--

CREATE TABLE `stores_goods_delivery_voucher_items` (
  `id` int(11) UNSIGNED NOT NULL,
  `voucher_id` int(10) UNSIGNED DEFAULT NULL COMMENT 'ref to ''stores_goods_delivery_voucher''',
  `item` int(10) UNSIGNED DEFAULT NULL COMMENT 'ref to ''stores_inventory''',
  `quantity` int(11) UNSIGNED DEFAULT NULL,
  `Created_by` int(11) UNSIGNED DEFAULT NULL COMMENT 'ref to ''users''',
  `Created_date` datetime DEFAULT NULL,
  `last_update_by` int(11) UNSIGNED DEFAULT NULL COMMENT 'ref to ''users''',
  `last_update_date` datetime DEFAULT NULL,
  `is_deleted` tinyint(4) UNSIGNED DEFAULT NULL,
  `deleted_by` int(11) UNSIGNED DEFAULT NULL COMMENT 'ref to ''users''',
  `deleted_date` datetime DEFAULT NULL
) ENGINE=InnoDB DEFAULT CHARSET=utf8 COLLATE=utf8_bin ROW_FORMAT=COMPACT;

-- --------------------------------------------------------

--
-- Table structure for table `stores_goods_elimination_voucher`
--

CREATE TABLE `stores_goods_elimination_voucher` (
  `id` int(11) UNSIGNED NOT NULL,
  `Created_by` int(11) UNSIGNED DEFAULT NULL COMMENT 'ref to ''users''',
  `Created_date` datetime DEFAULT NULL,
  `last_update_by` int(11) UNSIGNED DEFAULT NULL COMMENT 'ref to ''users''',
  `last_update_date` datetime DEFAULT NULL,
  `is_deleted` tinyint(4) UNSIGNED DEFAULT NULL,
  `deleted_by` int(11) UNSIGNED DEFAULT NULL COMMENT 'ref to ''users''',
  `deleted_date` datetime DEFAULT NULL
) ENGINE=InnoDB DEFAULT CHARSET=utf8 COLLATE=utf8_bin ROW_FORMAT=COMPACT;

-- --------------------------------------------------------

--
-- Table structure for table `stores_goods_elimination_voucher_items`
--

CREATE TABLE `stores_goods_elimination_voucher_items` (
  `id` int(11) UNSIGNED NOT NULL,
  `voucher_id` int(10) UNSIGNED DEFAULT NULL COMMENT 'ref to ''stores_goods_elimination_voucher_items''',
  `item` int(10) UNSIGNED DEFAULT NULL COMMENT 'ref to ''stores_inventory''',
  `quantity` int(11) UNSIGNED DEFAULT NULL,
  `Created_by` int(11) UNSIGNED DEFAULT NULL COMMENT 'ref to ''users''',
  `Created_date` datetime DEFAULT NULL,
  `last_update_by` int(11) UNSIGNED DEFAULT NULL COMMENT 'ref to ''users''',
  `last_update_date` datetime DEFAULT NULL,
  `is_deleted` tinyint(4) UNSIGNED DEFAULT NULL,
  `deleted_by` int(11) UNSIGNED DEFAULT NULL COMMENT 'ref to ''users''',
  `deleted_date` datetime DEFAULT NULL
) ENGINE=InnoDB DEFAULT CHARSET=utf8 COLLATE=utf8_bin ROW_FORMAT=COMPACT;

-- --------------------------------------------------------

--
-- Table structure for table `stores_goods_receipts_voucher`
--

CREATE TABLE `stores_goods_receipts_voucher` (
  `id` int(11) UNSIGNED NOT NULL,
  `store` int(10) UNSIGNED DEFAULT NULL COMMENT 'ref to ''general_stores_stores''',
  `supplier` int(11) UNSIGNED DEFAULT NULL COMMENT 'ref to ''accounting_accounts''',
  `Created_by` int(11) UNSIGNED DEFAULT NULL COMMENT 'ref to ''users''',
  `Created_date` datetime DEFAULT NULL,
  `last_update_by` int(11) UNSIGNED DEFAULT NULL COMMENT 'ref to ''users''',
  `last_update_date` datetime DEFAULT NULL,
  `is_deleted` tinyint(4) UNSIGNED DEFAULT NULL,
  `deleted_by` int(11) UNSIGNED DEFAULT NULL COMMENT 'ref to ''users''',
  `deleted_date` datetime DEFAULT NULL
) ENGINE=InnoDB DEFAULT CHARSET=utf8 COLLATE=utf8_bin ROW_FORMAT=COMPACT;

-- --------------------------------------------------------

--
-- Table structure for table `stores_goods_receipts_voucher_items`
--

CREATE TABLE `stores_goods_receipts_voucher_items` (
  `id` int(11) UNSIGNED NOT NULL,
  `voucher_id` int(10) UNSIGNED DEFAULT NULL COMMENT 'ref to ''stores_goods_receipts_voucher''',
  `item` int(10) UNSIGNED DEFAULT NULL COMMENT 'ref to ''stores_inventory''',
  `quantity` int(11) UNSIGNED DEFAULT NULL,
  `Created_by` int(11) UNSIGNED DEFAULT NULL COMMENT 'ref to ''users''',
  `Created_date` datetime DEFAULT NULL,
  `last_update_by` int(11) UNSIGNED DEFAULT NULL COMMENT 'ref to ''users''',
  `last_update_date` datetime DEFAULT NULL,
  `is_deleted` tinyint(4) UNSIGNED DEFAULT NULL,
  `deleted_by` int(11) UNSIGNED DEFAULT NULL COMMENT 'ref to ''users''',
  `deleted_date` datetime DEFAULT NULL
) ENGINE=InnoDB DEFAULT CHARSET=utf8 COLLATE=utf8_bin ROW_FORMAT=COMPACT;

-- --------------------------------------------------------

--
-- Table structure for table `stores_inventory`
--

CREATE TABLE `stores_inventory` (
  `id` int(11) UNSIGNED NOT NULL,
  `name_ar` varchar(255) COLLATE utf8_bin DEFAULT NULL,
  `name_en` varchar(255) COLLATE utf8_bin DEFAULT NULL,
  `shelf` varchar(255) COLLATE utf8_bin DEFAULT NULL,
  `barcode` varchar(255) COLLATE utf8_bin DEFAULT NULL,
  `category` int(10) UNSIGNED DEFAULT NULL COMMENT 'ref to ''general_stores_categories''',
  `unit` int(10) UNSIGNED DEFAULT NULL COMMENT 'ref to ''general_stores_units''',
  `number` int(10) DEFAULT NULL,
  `sales_price` int(10) UNSIGNED DEFAULT NULL,
  `min_qty` int(10) UNSIGNED DEFAULT NULL,
  `max_qty` int(10) UNSIGNED DEFAULT NULL,
  `store` int(10) UNSIGNED DEFAULT NULL COMMENT 'ref to ''general_stores_stores''',
  `cost` int(10) DEFAULT NULL,
  `commision` int(10) DEFAULT NULL,
  `commision_percentage` int(10) UNSIGNED DEFAULT NULL,
  `service_item` tinyint(3) UNSIGNED DEFAULT NULL,
  `description` text COLLATE utf8_bin,
  `Created_by` int(11) UNSIGNED DEFAULT NULL COMMENT 'ref to ''users''',
  `Created_date` datetime DEFAULT NULL,
  `last_update_by` int(11) UNSIGNED DEFAULT NULL COMMENT 'ref to ''users''',
  `last_update_date` datetime DEFAULT NULL,
  `is_deleted` tinyint(4) UNSIGNED DEFAULT NULL,
  `deleted_by` int(11) UNSIGNED DEFAULT NULL COMMENT 'ref to ''users''',
  `deleted_date` datetime DEFAULT NULL
) ENGINE=InnoDB DEFAULT CHARSET=utf8 COLLATE=utf8_bin ROW_FORMAT=COMPACT;

-- --------------------------------------------------------

--
-- Table structure for table `stores_purchase`
--

CREATE TABLE `stores_purchase` (
  `id` int(11) UNSIGNED NOT NULL,
  `type` varchar(10) COLLATE utf8_bin DEFAULT NULL COMMENT 'IPO,PO,PI',
  `quotation` int(11) UNSIGNED DEFAULT NULL,
  `Created_by` int(11) UNSIGNED DEFAULT NULL COMMENT 'ref to ''users''',
  `Created_date` datetime DEFAULT NULL,
  `last_update_by` int(11) UNSIGNED DEFAULT NULL COMMENT 'ref to ''users''',
  `last_update_date` datetime DEFAULT NULL,
  `is_deleted` tinyint(4) UNSIGNED DEFAULT NULL,
  `deleted_by` int(11) UNSIGNED DEFAULT NULL COMMENT 'ref to ''users''',
  `deleted_date` datetime DEFAULT NULL
) ENGINE=InnoDB DEFAULT CHARSET=utf8 COLLATE=utf8_bin ROW_FORMAT=COMPACT;

-- --------------------------------------------------------

--
-- Table structure for table `stores_purchase_elements`
--

CREATE TABLE `stores_purchase_elements` (
  `id` int(11) UNSIGNED NOT NULL,
  `purchase_number` int(11) UNSIGNED DEFAULT NULL COMMENT 'ref to ''stores_purchase''',
  `item` int(10) UNSIGNED DEFAULT NULL COMMENT 'ref to ''stores_inventory''',
  `quantity` int(10) UNSIGNED DEFAULT NULL,
  `Created_by` int(11) UNSIGNED DEFAULT NULL COMMENT 'ref to ''users''',
  `Created_date` datetime DEFAULT NULL,
  `last_update_by` int(11) UNSIGNED DEFAULT NULL COMMENT 'ref to ''users''',
  `last_update_date` datetime DEFAULT NULL,
  `is_deleted` tinyint(4) UNSIGNED DEFAULT NULL,
  `deleted_by` int(11) UNSIGNED DEFAULT NULL COMMENT 'ref to ''users''',
  `deleted_date` datetime DEFAULT NULL
) ENGINE=InnoDB DEFAULT CHARSET=utf8 COLLATE=utf8_bin ROW_FORMAT=COMPACT;

-- --------------------------------------------------------

--
-- Table structure for table `stores_sales_invoice`
--

CREATE TABLE `stores_sales_invoice` (
  `id` int(11) UNSIGNED NOT NULL,
  `type_of_recipient` tinyint(3) UNSIGNED NOT NULL COMMENT '1 Customer || 2 Employee',
  `store` int(10) UNSIGNED DEFAULT NULL COMMENT 'ref to ''general_stores_stores''',
  `customer` int(11) UNSIGNED DEFAULT NULL COMMENT 'ref to ''accounting_accounts''',
  `student` int(11) UNSIGNED DEFAULT NULL COMMENT 'ref to ''students_applications''',
  `employee` int(11) UNSIGNED DEFAULT NULL COMMENT 'ref to ''hr_employment_applications''',
  `Created_by` int(11) UNSIGNED DEFAULT NULL COMMENT 'ref to ''users''',
  `Created_date` datetime DEFAULT NULL,
  `last_update_by` int(11) UNSIGNED DEFAULT NULL COMMENT 'ref to ''users''',
  `last_update_date` datetime DEFAULT NULL,
  `is_deleted` tinyint(4) UNSIGNED DEFAULT NULL,
  `deleted_by` int(11) UNSIGNED DEFAULT NULL COMMENT 'ref to ''users''',
  `deleted_date` datetime DEFAULT NULL
) ENGINE=InnoDB DEFAULT CHARSET=utf8 COLLATE=utf8_bin ROW_FORMAT=COMPACT;

-- --------------------------------------------------------

--
-- Table structure for table `stores_sales_invoice_items`
--

CREATE TABLE `stores_sales_invoice_items` (
  `id` int(11) UNSIGNED NOT NULL,
  `voucher_id` int(10) UNSIGNED DEFAULT NULL COMMENT 'ref to ''stores_sales_invoice''',
  `item` int(10) UNSIGNED DEFAULT NULL COMMENT 'ref to ''stores_inventory''',
  `quantity` int(11) UNSIGNED DEFAULT NULL,
  `price` int(11) UNSIGNED DEFAULT NULL,
  `Created_by` int(11) UNSIGNED DEFAULT NULL COMMENT 'ref to ''users''',
  `Created_date` datetime DEFAULT NULL,
  `last_update_by` int(11) UNSIGNED DEFAULT NULL COMMENT 'ref to ''users''',
  `last_update_date` datetime DEFAULT NULL,
  `is_deleted` tinyint(4) UNSIGNED DEFAULT NULL,
  `deleted_by` int(11) UNSIGNED DEFAULT NULL COMMENT 'ref to ''users''',
  `deleted_date` datetime DEFAULT NULL
) ENGINE=InnoDB DEFAULT CHARSET=utf8 COLLATE=utf8_bin ROW_FORMAT=COMPACT;

-- --------------------------------------------------------

--
-- Table structure for table `stores_stocktaking_process`
--

CREATE TABLE `stores_stocktaking_process` (
  `id` int(11) UNSIGNED NOT NULL,
  `type` varchar(10) COLLATE utf8_bin DEFAULT NULL COMMENT 'IPO,PO,PI',
  `quotation` int(11) UNSIGNED DEFAULT NULL,
  `Created_by` int(11) UNSIGNED DEFAULT NULL COMMENT 'ref to ''users''',
  `Created_date` datetime DEFAULT NULL,
  `last_update_by` int(11) UNSIGNED DEFAULT NULL COMMENT 'ref to ''users''',
  `last_update_date` datetime DEFAULT NULL,
  `is_deleted` tinyint(4) UNSIGNED DEFAULT NULL,
  `deleted_by` int(11) UNSIGNED DEFAULT NULL COMMENT 'ref to ''users''',
  `deleted_date` datetime DEFAULT NULL
) ENGINE=InnoDB DEFAULT CHARSET=utf8 COLLATE=utf8_bin ROW_FORMAT=COMPACT;

-- --------------------------------------------------------

--
-- Table structure for table `students_applications`
--

CREATE TABLE `students_applications` (
  `id` int(11) UNSIGNED NOT NULL,
  `cancelled_date` datetime DEFAULT NULL,
  `id_can_order_other` tinyint(3) UNSIGNED DEFAULT NULL COMMENT '1 yes',
  `S_Type` int(11) UNSIGNED DEFAULT NULL COMMENT 'ref to ''students_study_state''',
  `Grade` tinyint(3) UNSIGNED DEFAULT NULL,
  `rejected` tinyint(3) UNSIGNED DEFAULT NULL COMMENT '1 rejected',
  `rejected_date` datetime DEFAULT NULL,
  `rejected_by` int(10) UNSIGNED DEFAULT NULL COMMENT 'ref to ''users'' table',
  `rejected_notes` text COLLATE utf8_bin,
  `finished` tinyint(3) UNSIGNED DEFAULT NULL,
  `app_id` varchar(50) COLLATE utf8_bin DEFAULT NULL,
  `app_password` varchar(50) COLLATE utf8_bin DEFAULT NULL,
  `student_id` int(11) UNSIGNED DEFAULT NULL COMMENT 'ref to ''users'' table',
  `study_type` int(11) UNSIGNED DEFAULT NULL COMMENT 'ref to ''study_types''',
  `student_type` int(11) UNSIGNED DEFAULT NULL COMMENT 'ref to ''students_types''',
  `degree` int(11) UNSIGNED DEFAULT NULL COMMENT 'ref to ''study_degrees''',
  `level` int(11) UNSIGNED DEFAULT NULL COMMENT 'ref to ''study_levels''',
  `password` varchar(100) COLLATE utf8_bin DEFAULT NULL,
  `app_type` varchar(10) COLLATE utf8_bin DEFAULT NULL COMMENT 'ma or ba',
  `amount_to_pay` int(11) NOT NULL DEFAULT '0',
  `amount_paid` tinyint(4) NOT NULL DEFAULT '1' COMMENT '1 No, 2 Yes',
  `Cash` int(11) NOT NULL DEFAULT '0',
  `Bank_Transfer` int(11) NOT NULL DEFAULT '0',
  `ATM` int(11) NOT NULL DEFAULT '0',
  `Cheque` int(11) NOT NULL DEFAULT '0',
  `check_bank` varchar(255) COLLATE utf8_bin DEFAULT NULL,
  `check_number` varchar(255) COLLATE utf8_bin DEFAULT NULL,
  `check_maturity_date` date DEFAULT NULL,
  `Discount` int(11) NOT NULL DEFAULT '0',
  `current_class` int(11) UNSIGNED DEFAULT NULL COMMENT 'ref to ''general_registration_classes''',
  `academic_supervisor` int(11) UNSIGNED DEFAULT NULL COMMENT 'ref to ''users''',
  `Initial_Approval` tinyint(4) UNSIGNED NOT NULL DEFAULT '1' COMMENT '1 No, 2 Yes',
  `interview_date` datetime DEFAULT NULL,
  `interview_state` varchar(10) COLLATE utf8_bin DEFAULT NULL COMMENT 'accept,reject',
  `interview_notes` text COLLATE utf8_bin,
  `ip_of_application` varchar(40) COLLATE utf8_bin DEFAULT NULL,
  `need_to_review` tinyint(4) UNSIGNED DEFAULT NULL COMMENT '1 Yes, NULL No',
  `Full_Name_Arabic` varchar(255) COLLATE utf8_bin DEFAULT NULL,
  `Full_Name_English` varchar(255) COLLATE utf8_bin DEFAULT NULL,
  `Place_of_birth` varchar(255) COLLATE utf8_bin DEFAULT NULL,
  `Date_of_Birth` date DEFAULT NULL,
  `Date_of_Birth_higri` varchar(50) COLLATE utf8_bin DEFAULT NULL,
  `Gender` tinyint(4) UNSIGNED DEFAULT NULL,
  `Academic_Number` varchar(50) COLLATE utf8_bin DEFAULT NULL,
  `Nationality` int(11) UNSIGNED DEFAULT NULL COMMENT 'ref to ''general_countries''',
  `native_language` int(11) UNSIGNED DEFAULT NULL COMMENT 'ref to ''general_languages''',
  `religion` int(11) UNSIGNED DEFAULT NULL COMMENT 'ref to ''general_religions''',
  `ID_No` varchar(50) COLLATE utf8_bin DEFAULT NULL,
  `ID_Place_iss` varchar(150) COLLATE utf8_bin DEFAULT NULL,
  `ID_Expiry_Date` date DEFAULT NULL,
  `ID_Expiry_Date_higri` varchar(50) COLLATE utf8_bin DEFAULT NULL,
  `passport_number` varchar(50) COLLATE utf8_bin DEFAULT NULL,
  `passport_expiration_date` date DEFAULT NULL,
  `passport_expiration_date_higri` varchar(50) COLLATE utf8_bin DEFAULT NULL,
  `passport_name_ar` varchar(255) COLLATE utf8_bin DEFAULT NULL,
  `passport_name_en` varchar(255) COLLATE utf8_bin DEFAULT NULL,
  `passport_place_issuance` varchar(255) COLLATE utf8_bin DEFAULT NULL,
  `Mobile` varchar(50) COLLATE utf8_bin DEFAULT NULL,
  `Phone` varchar(50) COLLATE utf8_bin DEFAULT NULL,
  `Office_Phone` varchar(50) COLLATE utf8_bin DEFAULT NULL,
  `Email` varchar(255) COLLATE utf8_bin DEFAULT NULL,
  `Address` tinytext COLLATE utf8_bin,
  `Sponsor_Full_Name_Arabic` varchar(255) COLLATE utf8_bin DEFAULT NULL,
  `Sponsor_Full_Name_English` varchar(255) COLLATE utf8_bin DEFAULT NULL,
  `Sponsor_Mobile` varchar(255) COLLATE utf8_bin DEFAULT NULL,
  `Sponsor_Office_number` varchar(255) COLLATE utf8_bin DEFAULT NULL,
  `Sponsor_Email` varchar(255) COLLATE utf8_bin DEFAULT NULL,
  `Sponsor_Legal_Form` int(10) UNSIGNED DEFAULT NULL,
  `Sponsor_Address` varchar(255) COLLATE utf8_bin DEFAULT NULL,
  `pre_School_Name` varchar(255) COLLATE utf8_bin DEFAULT NULL,
  `pre_grade` int(11) UNSIGNED DEFAULT NULL COMMENT 'ref to ''general_registration_preclasses''',
  `pre_grade_Country` int(11) UNSIGNED DEFAULT NULL COMMENT 'ref to ''general_countries''',
  `pre_Graduation_Year` year(4) DEFAULT NULL,
  `pre_grade_scores` varchar(50) COLLATE utf8_bin DEFAULT NULL,
  `g_Full_Name_Arabic` varchar(255) COLLATE utf8_bin DEFAULT NULL,
  `g_Full_Name_English` varchar(255) COLLATE utf8_bin DEFAULT NULL,
  `g_Nationality` varchar(255) COLLATE utf8_bin DEFAULT NULL,
  `g_email` varchar(255) COLLATE utf8_bin DEFAULT NULL,
  `g_job_title` varchar(255) COLLATE utf8_bin DEFAULT NULL,
  `g_Residency_No_Expiry_Date` varchar(255) COLLATE utf8_bin DEFAULT NULL,
  `g_Address` varchar(255) COLLATE utf8_bin DEFAULT NULL,
  `g_id_number` varchar(255) COLLATE utf8_bin DEFAULT NULL,
  `g_mobile` varchar(255) COLLATE utf8_bin DEFAULT NULL,
  `g_relation` int(10) UNSIGNED DEFAULT NULL COMMENT 'ref to ''general_student_parent_relation''',
  `g_home_number` varchar(255) COLLATE utf8_bin DEFAULT NULL,
  `g_employer` varchar(255) COLLATE utf8_bin DEFAULT NULL,
  `g_study_level` int(10) UNSIGNED DEFAULT NULL COMMENT 'ref to ''general_education_levels''',
  `E_Employeed` varchar(10) COLLATE utf8_bin DEFAULT NULL COMMENT 'no,yes',
  `E_Eapproval` varchar(10) COLLATE utf8_bin DEFAULT NULL,
  `E_Employer` varchar(255) COLLATE utf8_bin DEFAULT NULL,
  `E_Location` varchar(255) COLLATE utf8_bin DEFAULT NULL,
  `E_Experience_level` tinyint(3) UNSIGNED DEFAULT NULL,
  `E_Occupation` varchar(255) COLLATE utf8_bin DEFAULT NULL,
  `E_work_tel_number` varchar(255) COLLATE utf8_bin DEFAULT NULL,
  `E_Salary` varchar(255) COLLATE utf8_bin DEFAULT NULL,
  `E_Level` varchar(255) COLLATE utf8_bin DEFAULT NULL,
  `Starting_Date` varchar(255) COLLATE utf8_bin DEFAULT NULL,
  `E_Organization_ID` varchar(255) COLLATE utf8_bin DEFAULT NULL,
  `browser` varchar(50) COLLATE utf8_bin DEFAULT NULL,
  `os` varchar(50) COLLATE utf8_bin DEFAULT NULL,
  `device` varchar(50) COLLATE utf8_bin DEFAULT NULL,
  `is_deleted` tinyint(4) UNSIGNED DEFAULT NULL,
  `deleted_by` int(11) UNSIGNED DEFAULT NULL COMMENT 'ref to ''users''',
  `deleted_date` datetime DEFAULT NULL,
  `Created_by` int(11) UNSIGNED DEFAULT NULL COMMENT 'ref to ''users''',
  `last_update_by` int(11) UNSIGNED DEFAULT NULL COMMENT 'ref to ''users''',
  `Created_date` datetime DEFAULT NULL,
  `last_update_date` datetime DEFAULT NULL
) ENGINE=InnoDB DEFAULT CHARSET=utf8 COLLATE=utf8_bin ROW_FORMAT=COMPACT;

--
-- Dumping data for table `students_applications`
--

INSERT INTO `students_applications` (`id`, `cancelled_date`, `id_can_order_other`, `S_Type`, `Grade`, `rejected`, `rejected_date`, `rejected_by`, `rejected_notes`, `finished`, `app_id`, `app_password`, `student_id`, `study_type`, `student_type`, `degree`, `level`, `password`, `app_type`, `amount_to_pay`, `amount_paid`, `Cash`, `Bank_Transfer`, `ATM`, `Cheque`, `check_bank`, `check_number`, `check_maturity_date`, `Discount`, `current_class`, `academic_supervisor`, `Initial_Approval`, `interview_date`, `interview_state`, `interview_notes`, `ip_of_application`, `need_to_review`, `Full_Name_Arabic`, `Full_Name_English`, `Place_of_birth`, `Date_of_Birth`, `Date_of_Birth_higri`, `Gender`, `Academic_Number`, `Nationality`, `native_language`, `religion`, `ID_No`, `ID_Place_iss`, `ID_Expiry_Date`, `ID_Expiry_Date_higri`, `passport_number`, `passport_expiration_date`, `passport_expiration_date_higri`, `passport_name_ar`, `passport_name_en`, `passport_place_issuance`, `Mobile`, `Phone`, `Office_Phone`, `Email`, `Address`, `Sponsor_Full_Name_Arabic`, `Sponsor_Full_Name_English`, `Sponsor_Mobile`, `Sponsor_Office_number`, `Sponsor_Email`, `Sponsor_Legal_Form`, `Sponsor_Address`, `pre_School_Name`, `pre_grade`, `pre_grade_Country`, `pre_Graduation_Year`, `pre_grade_scores`, `g_Full_Name_Arabic`, `g_Full_Name_English`, `g_Nationality`, `g_email`, `g_job_title`, `g_Residency_No_Expiry_Date`, `g_Address`, `g_id_number`, `g_mobile`, `g_relation`, `g_home_number`, `g_employer`, `g_study_level`, `E_Employeed`, `E_Eapproval`, `E_Employer`, `E_Location`, `E_Experience_level`, `E_Occupation`, `E_work_tel_number`, `E_Salary`, `E_Level`, `Starting_Date`, `E_Organization_ID`, `browser`, `os`, `device`, `is_deleted`, `deleted_by`, `deleted_date`, `Created_by`, `last_update_by`, `Created_date`, `last_update_date`) VALUES
(1, NULL, NULL, NULL, NULL, NULL, NULL, NULL, NULL, NULL, '1844526254', '194861', NULL, NULL, NULL, NULL, NULL, NULL, NULL, 0, 1, 0, 0, 0, 0, NULL, NULL, NULL, 0, NULL, NULL, 1, NULL, NULL, NULL, '95.185.94.227', 1, 'محمد احمد', 'ajjwwgwg', 'خميس', '1987-11-23', '1408-4-2', 1, NULL, 1, 3, 2, '1011561097', 'خم', '2021-11-11', '1443-4-6', NULL, NULL, NULL, NULL, NULL, NULL, NULL, '966172375999', NULL, 'abdullahsaeed3109@hotmail.com', 'abah', NULL, NULL, NULL, NULL, NULL, NULL, NULL, NULL, 3, 1, 2017, NULL, 'احمد ىعلي', NULL, '1', NULL, NULL, NULL, 'خميس مشيط', '1011561048', '966555493180', 2, '9661769999', 'وزارة', 2, NULL, NULL, NULL, NULL, NULL, NULL, NULL, NULL, NULL, NULL, NULL, 'Chrome', 'Windows 8.1', 'computer', NULL, NULL, NULL, 75, NULL, '2018-06-01 00:53:21', NULL),
(2, NULL, NULL, NULL, NULL, NULL, NULL, NULL, NULL, NULL, '1856998435', '5113', NULL, NULL, NULL, NULL, NULL, NULL, NULL, 0, 1, 0, 0, 0, 0, NULL, NULL, NULL, 0, NULL, NULL, 1, NULL, NULL, NULL, '51.253.245.192', 1, 'ببببببب بببببب ببب', 'afjfj jrrj erjerjrj jerjerj', NULL, '1986-07-26', '1406-11-19', 2, NULL, 1, 3, 2, '1015604224', NULL, '2022-07-18', '1443-12-19', NULL, NULL, NULL, NULL, NULL, NULL, NULL, NULL, NULL, NULL, NULL, NULL, NULL, NULL, NULL, NULL, NULL, NULL, NULL, NULL, NULL, NULL, NULL, NULL, NULL, NULL, NULL, NULL, NULL, NULL, NULL, NULL, NULL, NULL, NULL, NULL, NULL, NULL, NULL, NULL, NULL, NULL, NULL, NULL, NULL, NULL, NULL, 'Chrome', 'Windows 10', 'computer', NULL, NULL, NULL, NULL, NULL, '2018-06-04 14:44:08', NULL),
(3, NULL, NULL, NULL, NULL, NULL, NULL, NULL, NULL, NULL, '1841378859', '844247', NULL, NULL, NULL, NULL, NULL, NULL, NULL, 0, 1, 0, 0, 0, 0, NULL, NULL, NULL, 0, NULL, NULL, 1, NULL, NULL, NULL, '129.208.35.42', 1, 'عبدالمجيد عبدالله سعيد ال عضرس', 'ABDALMAJED ABDULLAH', NULL, '2000-07-12', '1421-4-10', 1, NULL, 1, 3, NULL, '1108205707', NULL, '2020-08-08', '1441-12-18', NULL, NULL, NULL, NULL, NULL, NULL, NULL, NULL, NULL, NULL, NULL, NULL, NULL, NULL, NULL, NULL, NULL, NULL, NULL, NULL, NULL, NULL, NULL, NULL, NULL, NULL, NULL, NULL, NULL, NULL, NULL, NULL, NULL, NULL, NULL, NULL, NULL, NULL, NULL, NULL, NULL, NULL, NULL, NULL, NULL, NULL, NULL, 'Chrome', 'Windows 10', 'computer', NULL, NULL, NULL, NULL, NULL, '2018-06-26 10:42:40', NULL),
(4, NULL, NULL, NULL, NULL, NULL, NULL, NULL, NULL, NULL, '1855291512', '6598377', NULL, NULL, NULL, NULL, NULL, NULL, NULL, 0, 1, 0, 0, 0, 0, NULL, NULL, NULL, 0, NULL, NULL, 1, NULL, NULL, NULL, '129.208.35.42', 1, 'عبدالمجيد عبدالله سعيد ال عضرس', 'ABDALMAJED ABDULLAH', 'خميس', '1988-04-26', '1408-9-10', 1, NULL, 1, 3, 2, '1108205707', 'خميس مشيط', '2019-08-17', '1440-12-16', 'A17722029', '2020-09-15', '1442-11-18', 'عبدالمجيد', 'ABDALMAJED ABDULLAH', 'خميس مشيط', '966555357969', '966172376999', '966172375999', 'amr2abdallah27@gmail.com', 'خميس مشيط', NULL, NULL, NULL, NULL, NULL, NULL, NULL, NULL, NULL, NULL, NULL, NULL, NULL, NULL, NULL, NULL, NULL, NULL, NULL, NULL, NULL, NULL, NULL, NULL, NULL, NULL, NULL, NULL, NULL, NULL, NULL, NULL, NULL, NULL, NULL, NULL, 'Chrome', 'Windows 10', 'computer', NULL, NULL, NULL, NULL, NULL, '2018-06-26 10:45:07', NULL),
(5, NULL, NULL, NULL, NULL, NULL, NULL, NULL, NULL, NULL, '1891294812', '48695', NULL, NULL, NULL, NULL, NULL, NULL, NULL, 0, 1, 0, 0, 0, 0, NULL, NULL, NULL, 0, NULL, NULL, 1, NULL, NULL, NULL, '46.43.92.110', 1, 'طارق زياد ', 'Tareqd', 'الرياض', '1992-10-07', '1413-4-11', 1, NULL, 1, 3, 2, '1019891090', NULL, '2017-10-22', '1439-2-2', NULL, NULL, NULL, NULL, NULL, NULL, NULL, NULL, NULL, NULL, NULL, NULL, NULL, NULL, NULL, NULL, NULL, NULL, 'sda', 4, 8, 2018, 'asd', 'شسيسش', 'asd', '1', NULL, NULL, NULL, 'asdasd', '1088198781', '966598123456', 2, '966176666666', 'asd', 3, NULL, NULL, NULL, NULL, NULL, NULL, NULL, NULL, NULL, NULL, NULL, 'Firefox', 'Windows 10', 'computer', NULL, NULL, NULL, NULL, NULL, '2018-06-26 11:24:10', NULL),
(6, NULL, NULL, NULL, NULL, NULL, NULL, NULL, NULL, NULL, '1898185753', '589689', NULL, NULL, NULL, NULL, NULL, NULL, NULL, 0, 1, 0, 0, 0, 0, NULL, NULL, NULL, 0, NULL, NULL, 1, NULL, NULL, NULL, '51.36.218.226', 1, 'بستهاييذ', 'Tscgssdt', NULL, '1990-12-31', '1411-6-14', 1, NULL, 1, NULL, 2, '1119055687', NULL, '2031-07-25', '1453-4-5', NULL, NULL, NULL, NULL, NULL, NULL, NULL, NULL, NULL, NULL, NULL, NULL, NULL, NULL, NULL, NULL, NULL, NULL, NULL, NULL, NULL, NULL, NULL, 'قتاللا', NULL, '1', NULL, NULL, NULL, 'مكه', '1116855238', '050348562996', 2, '282654', 'عاطل', 2, NULL, NULL, NULL, NULL, NULL, NULL, NULL, NULL, NULL, NULL, NULL, 'Handheld Browser', 'iPhone', 'mobile', NULL, NULL, NULL, NULL, NULL, '2018-06-28 16:17:34', NULL),
(7, NULL, NULL, NULL, NULL, NULL, NULL, NULL, NULL, 1, '1847415589', '91612', NULL, NULL, NULL, NULL, NULL, NULL, NULL, 0, 1, 0, 0, 0, 0, NULL, NULL, NULL, 0, NULL, NULL, 1, NULL, NULL, NULL, '129.208.7.156', 1, 'عبدالله سعيد غانم الشهراني', 'abdullah', NULL, '2001-08-02', '1422-5-12', 1, NULL, 1, NULL, NULL, '1011561048', NULL, '2019-12-01', '1441-4-4', NULL, NULL, NULL, NULL, NULL, NULL, NULL, NULL, NULL, NULL, NULL, NULL, NULL, NULL, NULL, NULL, NULL, NULL, 'حراء', 13, 1, 2018, 'جيد', 'سعيد غانم الشهراني', NULL, '1', NULL, NULL, NULL, 'خميس', '1011561097', '966555357969', 2, '966172375999', 'شركة', 3, NULL, NULL, NULL, NULL, NULL, NULL, NULL, NULL, NULL, NULL, NULL, 'Firefox', 'Windows 8.1', 'computer', 1, 79, '2018-07-22 18:00:45', NULL, NULL, '2018-07-21 09:46:06', NULL),
(8, NULL, NULL, NULL, NULL, NULL, NULL, NULL, NULL, NULL, '1845394548', '8456', NULL, NULL, NULL, NULL, NULL, NULL, NULL, 0, 1, 0, 0, 0, 0, NULL, NULL, NULL, 0, NULL, NULL, 1, NULL, NULL, NULL, '188.225.178.6', 1, 'محمد خالد', 'Asd Asd', NULL, '1994-08-17', '1415-3-10', 1, NULL, 1, NULL, NULL, '1019891090', NULL, '2019-02-07', '1440-6-2', NULL, NULL, NULL, NULL, NULL, NULL, NULL, NULL, NULL, NULL, NULL, NULL, NULL, NULL, NULL, NULL, NULL, NULL, NULL, NULL, NULL, NULL, NULL, 'يسش', NULL, '1', NULL, NULL, NULL, 'asd', '1088198781', '966598123456', 2, '966176666666', 'awd', 2, NULL, NULL, NULL, NULL, NULL, NULL, NULL, NULL, NULL, NULL, NULL, 'Firefox', 'Windows 10', 'computer', NULL, NULL, NULL, NULL, NULL, '2018-07-30 17:34:22', NULL),
(9, NULL, NULL, NULL, NULL, NULL, NULL, NULL, NULL, NULL, '1851976412', '499346', NULL, NULL, NULL, NULL, NULL, NULL, NULL, 0, 1, 0, 0, 0, 0, NULL, NULL, NULL, 0, NULL, NULL, 1, NULL, NULL, NULL, '129.208.113.66', 1, 'ماجد سعد محمد ابوملجه', 'MAJID SAAD M ABUMELHA', 'خميس مشيط', '1982-09-19', '1402-12-2', 1, NULL, 1, 3, 2, '1001687670', 'خميس مشيط', '2024-03-28', '1445-9-18', NULL, NULL, NULL, NULL, NULL, NULL, '966504747405', '966172204511', NULL, 'majidsaad@hotmail.com', NULL, NULL, NULL, NULL, NULL, NULL, NULL, NULL, NULL, NULL, NULL, NULL, NULL, NULL, NULL, NULL, NULL, NULL, NULL, NULL, NULL, NULL, NULL, NULL, NULL, NULL, NULL, NULL, NULL, NULL, NULL, NULL, NULL, NULL, NULL, NULL, NULL, 'Chrome', 'Windows 7', 'computer', NULL, NULL, NULL, NULL, NULL, '2018-08-25 08:31:42', NULL),
(10, NULL, NULL, NULL, NULL, NULL, NULL, NULL, NULL, NULL, '1916167668', '21187', NULL, NULL, NULL, NULL, NULL, NULL, NULL, 0, 1, 0, 0, 0, 0, NULL, NULL, NULL, 0, NULL, NULL, 1, NULL, NULL, NULL, '51.253.249.109', 1, 'عبدالرحمن سعيد ناصر الاسمري', 'eabdalrhamin saeid nasir alasmry', 'الرياض', '2002-01-11', '1422-10-27', 1, NULL, 1, 3, 2, '1119055687', NULL, '2022-07-28', '1443-12-29', NULL, NULL, NULL, NULL, NULL, NULL, '966545274508', NULL, NULL, 'D7ome.454@icloud.com', NULL, NULL, NULL, NULL, NULL, NULL, NULL, NULL, 'ثانوية الامير نايف', 13, 1, 2018, NULL, 'سعيد ناصر الاسمري', ' saeid nasir alasmry', '1', NULL, NULL, NULL, 'خميس مشيط', '1044675161', '966506730484', 2, '966545274508', 'عسكري', 2, NULL, NULL, NULL, NULL, NULL, NULL, NULL, NULL, NULL, NULL, NULL, 'Handheld Browser', 'Android', 'mobile', NULL, NULL, NULL, NULL, NULL, '2019-01-02 23:42:49', NULL),
(11, NULL, NULL, NULL, NULL, NULL, NULL, NULL, NULL, NULL, '1914949654', '3271', NULL, NULL, NULL, NULL, NULL, NULL, NULL, 0, 1, 0, 0, 0, 0, NULL, NULL, NULL, 0, NULL, NULL, 1, NULL, NULL, NULL, '188.55.214.55', 1, 'افنان نجم خلف السيالي', 'afnan kalef najeem alsayyale', NULL, '1987-04-23', '1407-8-25', 2, NULL, 1, NULL, NULL, '1043478187', 'الطائف', '2023-02-08', '1444-7-17', NULL, NULL, NULL, NULL, NULL, NULL, NULL, NULL, NULL, NULL, NULL, NULL, NULL, NULL, NULL, NULL, NULL, NULL, NULL, NULL, NULL, NULL, NULL, NULL, NULL, NULL, NULL, NULL, NULL, NULL, NULL, NULL, NULL, NULL, NULL, NULL, NULL, NULL, NULL, NULL, NULL, NULL, NULL, NULL, NULL, NULL, NULL, 'Chrome', 'Windows 7', 'computer', NULL, NULL, NULL, NULL, NULL, '2019-03-08 01:32:27', NULL),
(12, NULL, NULL, NULL, NULL, NULL, NULL, NULL, NULL, 1, '1942994651', '5592565', NULL, NULL, NULL, NULL, NULL, NULL, NULL, 0, 1, 0, 0, 0, 0, NULL, NULL, NULL, 0, NULL, NULL, 1, NULL, NULL, NULL, '188.51.229.234', 1, 'باسم علي أحمد يحيى عسيري', 'basem ali ahmed yahya assiri', NULL, '2002-02-06', '1422-11-23', 1, NULL, 1, 3, 2, '1128025341', NULL, '2019-11-14', '1441-3-17', NULL, NULL, NULL, NULL, NULL, NULL, '966544441178', NULL, NULL, NULL, NULL, NULL, NULL, NULL, NULL, NULL, NULL, NULL, 'النموذجية', 11, 1, 2018, NULL, 'علي أحمد يحيى عسيري', 'ali ahmed yahya assiri', '1', NULL, NULL, NULL, 'أبها', '1021356389', '966544441178', 2, '966544441178', 'موظف حكومي', 3, NULL, NULL, NULL, NULL, NULL, NULL, NULL, NULL, NULL, NULL, NULL, 'Chrome', 'Windows 7', 'computer', NULL, NULL, NULL, NULL, NULL, '2019-07-23 12:38:15', NULL);

-- --------------------------------------------------------

--
-- Table structure for table `students_applications_documents`
--

CREATE TABLE `students_applications_documents` (
  `id` int(11) UNSIGNED NOT NULL,
  `student_application_id` int(11) UNSIGNED NOT NULL COMMENT 'ref to ''students_applications''',
  `document_type` int(11) UNSIGNED NOT NULL COMMENT 'ref to ''students_applications_documents_types''',
  `file_path` varchar(255) COLLATE utf8_bin NOT NULL,
  `Created_by` int(11) UNSIGNED DEFAULT NULL COMMENT 'ref to ''users''',
  `Created_date` datetime DEFAULT NULL,
  `last_update_by` int(11) UNSIGNED DEFAULT NULL COMMENT 'ref to ''users''',
  `last_update_date` datetime DEFAULT NULL,
  `is_deleted` tinyint(4) UNSIGNED DEFAULT NULL,
  `deleted_by` int(11) UNSIGNED DEFAULT NULL COMMENT 'ref to ''users''',
  `deleted_date` datetime DEFAULT NULL
) ENGINE=InnoDB DEFAULT CHARSET=utf8 COLLATE=utf8_bin ROW_FORMAT=COMPACT;

--
-- Dumping data for table `students_applications_documents`
--

INSERT INTO `students_applications_documents` (`id`, `student_application_id`, `document_type`, `file_path`, `Created_by`, `Created_date`, `last_update_by`, `last_update_date`, `is_deleted`, `deleted_by`, `deleted_date`) VALUES
(1, 7, 5, 'files/students/documents/2018/07/21/m1x77t3mqzxhijkx157njh.jpg', NULL, '2018-07-21 09:51:57', NULL, NULL, NULL, NULL, NULL),
(2, 7, 6, 'files/students/documents/2018/07/21/uuheptfuct8hoki2mm0u78.jpg', NULL, '2018-07-21 09:51:57', NULL, NULL, NULL, NULL, NULL),
(3, 7, 17, 'files/students/documents/2018/07/21/7q6xzlhi9ovi041ribxhtx.jpg', NULL, '2018-07-21 09:51:57', NULL, NULL, NULL, NULL, NULL),
(4, 7, 18, 'files/students/documents/2018/07/21/k20h67ozxr5bcvvpu5py3y.jpg', NULL, '2018-07-21 09:51:57', NULL, NULL, NULL, NULL, NULL),
(5, 12, 5, 'files/students/documents/2019/07/23/ekhxtirbojnzt8ingt8b96.jpg', NULL, '2019-07-23 12:43:59', NULL, NULL, NULL, NULL, NULL),
(6, 12, 6, 'files/students/documents/2019/07/23/a8fzoo0dbz9vyp05tqrnqp.png', NULL, '2019-07-23 12:43:59', NULL, NULL, NULL, NULL, NULL);

-- --------------------------------------------------------

--
-- Table structure for table `students_applications_documents_types`
--

CREATE TABLE `students_applications_documents_types` (
  `id` int(11) UNSIGNED NOT NULL,
  `name_ar` varchar(255) COLLATE utf8_bin NOT NULL,
  `name_en` varchar(255) COLLATE utf8_bin NOT NULL,
  `max_file_size` tinyint(3) UNSIGNED NOT NULL COMMENT 'MB',
  `allow_file_ext` varchar(255) COLLATE utf8_bin NOT NULL,
  `required` tinyint(3) UNSIGNED NOT NULL COMMENT '0 no, 1 Yes',
  `is_deleted` tinyint(3) UNSIGNED DEFAULT NULL
) ENGINE=InnoDB DEFAULT CHARSET=utf8 COLLATE=utf8_bin ROW_FORMAT=COMPACT;

--
-- Dumping data for table `students_applications_documents_types`
--

INSERT INTO `students_applications_documents_types` (`id`, `name_ar`, `name_en`, `max_file_size`, `allow_file_ext`, `required`, `is_deleted`) VALUES
(5, 'صورة بطاقة الأحوال / الإقامة', 'ID photo / Residence', 5, 'pdf,jpg,jpeg,png,gif', 1, NULL),
(6, 'صورة شخصية', 'Personal photo', 5, 'pdf,jpg,jpeg,png,gif', 1, NULL),
(17, 'شهادة اخر صف دراسي انهيته', 'Certificate of last grade', 5, 'pdf,jpg,jpeg,png,gif', 0, NULL),
(18, 'صورة التحويل البنكي', 'Bank Transfare Image', 5, 'pdf,jpg,jpeg,png,gif', 0, NULL);

-- --------------------------------------------------------

--
-- Table structure for table `students_applications_steps`
--

CREATE TABLE `students_applications_steps` (
  `id` int(11) UNSIGNED NOT NULL,
  `student_application_id` int(11) UNSIGNED NOT NULL COMMENT 'ref to ''students_applications''',
  `step` char(50) COLLATE utf8_bin NOT NULL,
  `Created_by` int(11) UNSIGNED DEFAULT NULL COMMENT 'ref to ''users''',
  `Created_date` datetime DEFAULT NULL,
  `last_update_by` int(11) UNSIGNED DEFAULT NULL COMMENT 'ref to ''users''',
  `last_update_date` datetime DEFAULT NULL,
  `is_deleted` tinyint(4) UNSIGNED DEFAULT NULL,
  `deleted_by` int(11) UNSIGNED DEFAULT NULL COMMENT 'ref to ''users''',
  `deleted_date` datetime DEFAULT NULL
) ENGINE=InnoDB DEFAULT CHARSET=utf8 COLLATE=utf8_bin ROW_FORMAT=COMPACT;

--
-- Dumping data for table `students_applications_steps`
--

INSERT INTO `students_applications_steps` (`id`, `student_application_id`, `step`, `Created_by`, `Created_date`, `last_update_by`, `last_update_date`, `is_deleted`, `deleted_by`, `deleted_date`) VALUES
(1, 1, 'A', 75, '2018-06-01 00:53:21', NULL, NULL, NULL, NULL, NULL),
(2, 1, 'C', 75, '2018-06-01 00:53:54', NULL, NULL, NULL, NULL, NULL),
(3, 1, 'D', 75, '2018-06-01 00:55:13', NULL, NULL, NULL, NULL, NULL),
(4, 2, 'A', NULL, '2018-06-04 14:44:08', NULL, NULL, NULL, NULL, NULL),
(5, 3, 'A', NULL, '2018-06-26 10:42:40', NULL, NULL, NULL, NULL, NULL),
(6, 4, 'A', NULL, '2018-06-26 10:45:07', NULL, NULL, NULL, NULL, NULL),
(7, 5, 'A', NULL, '2018-06-26 11:24:10', NULL, NULL, NULL, NULL, NULL),
(8, 5, 'C', NULL, '2018-06-26 11:28:08', NULL, NULL, NULL, NULL, NULL),
(9, 5, 'D', NULL, '2018-06-26 11:34:38', NULL, NULL, NULL, NULL, NULL),
(10, 6, 'A', NULL, '2018-06-28 16:17:34', NULL, NULL, NULL, NULL, NULL),
(11, 6, 'C', NULL, '2018-06-28 16:17:51', NULL, '2018-06-28 16:19:14', NULL, NULL, NULL),
(12, 6, 'D', NULL, '2018-06-28 16:21:41', NULL, NULL, NULL, NULL, NULL),
(13, 7, 'A', NULL, '2018-07-21 09:46:06', NULL, NULL, NULL, NULL, NULL),
(14, 7, 'C', NULL, '2018-07-21 09:46:52', NULL, NULL, NULL, NULL, NULL),
(15, 7, 'D', NULL, '2018-07-21 09:49:55', NULL, NULL, NULL, NULL, NULL),
(16, 7, 'F', NULL, '2018-07-21 09:51:57', NULL, NULL, NULL, NULL, NULL),
(17, 8, 'A', NULL, '2018-07-30 17:34:22', NULL, NULL, NULL, NULL, NULL),
(18, 8, 'C', NULL, '2018-07-30 17:34:25', NULL, NULL, NULL, NULL, NULL),
(19, 8, 'D', NULL, '2018-07-30 17:34:50', NULL, NULL, NULL, NULL, NULL),
(20, 9, 'A', NULL, '2018-08-25 08:31:42', NULL, NULL, NULL, NULL, NULL),
(21, 10, 'A', NULL, '2019-01-02 23:42:49', NULL, NULL, NULL, NULL, NULL),
(22, 10, 'C', NULL, '2019-01-02 23:44:21', NULL, NULL, NULL, NULL, NULL),
(23, 10, 'D', NULL, '2019-01-02 23:47:14', NULL, NULL, NULL, NULL, NULL),
(24, 11, 'A', NULL, '2019-03-08 01:32:28', NULL, NULL, NULL, NULL, NULL),
(25, 12, 'A', NULL, '2019-07-23 12:38:15', NULL, NULL, NULL, NULL, NULL),
(26, 12, 'C', NULL, '2019-07-23 12:39:06', NULL, NULL, NULL, NULL, NULL),
(27, 12, 'D', NULL, '2019-07-23 12:40:27', NULL, NULL, NULL, NULL, NULL),
(28, 12, 'F', NULL, '2019-07-23 12:43:59', NULL, NULL, NULL, NULL, NULL);

-- --------------------------------------------------------

--
-- Table structure for table `students_logs`
--

CREATE TABLE `students_logs` (
  `id` int(11) UNSIGNED NOT NULL,
  `operation` int(11) UNSIGNED DEFAULT NULL COMMENT 'ref to ''students_operations''',
  `old_int_val` int(11) DEFAULT NULL,
  `new_int_val` int(11) DEFAULT NULL,
  `ref_id` int(11) UNSIGNED DEFAULT NULL COMMENT '1 not paid | 2 paid',
  `ref1_id` int(11) UNSIGNED DEFAULT NULL,
  `Created_by` int(11) UNSIGNED DEFAULT NULL COMMENT 'ref to ''users''',
  `Created_date` datetime DEFAULT NULL,
  `last_update_by` int(11) UNSIGNED DEFAULT NULL COMMENT 'ref to ''users''',
  `last_update_date` datetime DEFAULT NULL,
  `is_deleted` tinyint(4) UNSIGNED DEFAULT NULL,
  `deleted_by` int(11) UNSIGNED DEFAULT NULL COMMENT 'ref to ''users''',
  `deleted_date` datetime DEFAULT NULL
) ENGINE=InnoDB DEFAULT CHARSET=utf8 COLLATE=utf8_bin ROW_FORMAT=COMPACT;

-- --------------------------------------------------------

--
-- Table structure for table `students_operations`
--

CREATE TABLE `students_operations` (
  `id` int(11) UNSIGNED NOT NULL,
  `title_ar` varchar(255) COLLATE utf8_bin DEFAULT NULL,
  `title_en` varchar(255) COLLATE utf8_bin DEFAULT NULL,
  `ref_id` varchar(255) COLLATE utf8_bin DEFAULT NULL,
  `ref1_id` varchar(255) COLLATE utf8_bin DEFAULT NULL
) ENGINE=InnoDB DEFAULT CHARSET=utf8 COLLATE=utf8_bin ROW_FORMAT=COMPACT;

--
-- Dumping data for table `students_operations`
--

INSERT INTO `students_operations` (`id`, `title_ar`, `title_en`, `ref_id`, `ref1_id`) VALUES
(1, 'تعيين رسوم التسجيل لطلب التحاق مدفوعة', 'Set the registration fee paid to a request enrollment', 'students_applications', NULL),
(2, 'تعيين رسوم التسجيل لطلب التحاق ك غير مدفوعة', 'Set the registration fee paid to a request as non-paid', 'students_applications', NULL),
(3, 'الموافقة على الطالب ومنحه عضوية اسم مستخدم وكلمة مرور', 'Approval of the student and give him a membership user name and password', 'students_applications', 'users'),
(4, 'تعيين موعد مقابلة جديد لطالب', 'Set a date for a new interview students', 'students_applications', NULL),
(5, 'رفض طالب في مقابلة', 'Student refused, in an interview', 'students_applications', NULL),
(6, 'قبول طالب في مقابلة', 'Student accept, in an interview', 'students_applications', 'users'),
(7, 'تعديل نسبة خصم على طلب التحاق', 'تعديل نسبة خصم على طلب التحاق', 'students_applications', NULL),
(8, 'تعديل كاش طلب التحاق', 'تعديل كاش طلب التحاق', 'students_applications', NULL),
(9, 'تعديل حوالة بنكية على طلب التحاق', 'تعديل حوالة بنكية على طلب التحاق', 'students_applications', NULL),
(10, 'تعديل ATM على طلب التحاق', 'تعديل ATM على طلب التحاق', 'students_applications', NULL),
(11, 'تعديل شيك على طلب التحاق', 'تعديل شيك على طلب التحاق', 'students_applications', NULL),
(12, 'تعديل نوع الخصم في سند قبض للطالب', 'تعديل نوع الخصم في سند قبض للطالب', 'financials_payments', NULL),
(13, 'تعديل كاش سند قبض للطالب', 'تعديل كاش سند قبض للطالب', 'financials_payments', NULL),
(14, 'تعديل حوالة بنكية سند قبض للطالب', 'تعديل حوالة بنكية سند قبض للطالب', 'financials_payments', NULL),
(15, 'تعديل ATM سند قبض للطالب', 'تعديل ATM سند قبض للطالب', 'financials_payments', NULL),
(16, 'تعديل شيك سند قبض للطالب', 'تعديل شيك سند قبض للطالب', 'financials_payments', NULL),
(17, 'حذف موعد المقابلة والغاء الموافقة المبدأية عن طلب الالتحاق للطالب', 'حذف موعد المقابلة والغاء الموافقة المبدأية عن طلب الالتحاق للطالب', 'students_applications', NULL);

-- --------------------------------------------------------

--
-- Table structure for table `students_sections`
--

CREATE TABLE `students_sections` (
  `id` bigint(20) UNSIGNED NOT NULL,
  `term` int(11) UNSIGNED DEFAULT NULL COMMENT 'ref to ''study_terms''',
  `student` int(11) UNSIGNED DEFAULT NULL COMMENT 'ref to ''users''',
  `section` int(11) UNSIGNED DEFAULT NULL COMMENT 'ref to ''study_sections''',
  `state` tinyint(4) UNSIGNED DEFAULT NULL COMMENT '1 need advisor accept',
  `Created_by` int(11) UNSIGNED DEFAULT NULL COMMENT 'ref to ''users''',
  `Created_date` datetime DEFAULT NULL,
  `last_update_by` int(11) UNSIGNED DEFAULT NULL COMMENT 'ref to ''users''',
  `last_update_date` datetime DEFAULT NULL,
  `is_deleted` tinyint(4) UNSIGNED DEFAULT NULL,
  `deleted_by` int(11) UNSIGNED DEFAULT NULL COMMENT 'ref to ''users''',
  `deleted_date` datetime DEFAULT NULL
) ENGINE=InnoDB DEFAULT CHARSET=utf8 COLLATE=utf8_bin ROW_FORMAT=COMPACT;

-- --------------------------------------------------------

--
-- Table structure for table `students_study_state`
--

CREATE TABLE `students_study_state` (
  `id` int(10) UNSIGNED NOT NULL,
  `name_ar` varchar(255) COLLATE utf8_bin DEFAULT NULL,
  `name_en` varchar(255) COLLATE utf8_bin DEFAULT NULL,
  `Created_by` int(11) UNSIGNED DEFAULT NULL COMMENT 'ref to ''users''',
  `Created_date` datetime DEFAULT NULL,
  `last_update_by` int(11) UNSIGNED DEFAULT NULL COMMENT 'ref to ''users''',
  `last_update_date` datetime DEFAULT NULL,
  `is_deleted` tinyint(4) UNSIGNED DEFAULT NULL,
  `deleted_by` int(11) UNSIGNED DEFAULT NULL COMMENT 'ref to ''users''',
  `deleted_date` datetime DEFAULT NULL
) ENGINE=InnoDB DEFAULT CHARSET=utf8 COLLATE=utf8_bin COMMENT='الحالة الاكاديمية للطالب' ROW_FORMAT=COMPACT;

--
-- Dumping data for table `students_study_state`
--

INSERT INTO `students_study_state` (`id`, `name_ar`, `name_en`, `Created_by`, `Created_date`, `last_update_by`, `last_update_date`, `is_deleted`, `deleted_by`, `deleted_date`) VALUES
(1, 'المنتظمين والمنتظمات ماجستير', 'Regular Master', 1, '2017-08-10 05:24:11', NULL, NULL, NULL, NULL, NULL),
(2, 'الخريجين والخريجات ماجستير', 'Graduates Master', 1, '2017-08-10 05:24:12', NULL, NULL, NULL, NULL, NULL),
(3, 'المنتظمين والمنتظمات بكالوريوس', 'Regular in Bachelor', 1, '2017-08-10 05:24:16', NULL, NULL, NULL, NULL, NULL),
(4, 'الخريجين والخريجات بكالوريوس', 'Graduated Bachelor', 1, '2017-08-10 05:24:18', NULL, NULL, NULL, NULL, NULL);

-- --------------------------------------------------------

--
-- Table structure for table `students_terms`
--

CREATE TABLE `students_terms` (
  `id` bigint(20) UNSIGNED NOT NULL,
  `term` int(11) UNSIGNED DEFAULT NULL COMMENT 'ref to ''study_terms''',
  `student` int(11) UNSIGNED DEFAULT NULL COMMENT 'ref to ''users''',
  `cost` int(11) DEFAULT NULL,
  `Created_by` int(11) UNSIGNED DEFAULT NULL COMMENT 'ref to ''users''',
  `Created_date` datetime DEFAULT NULL,
  `last_update_by` int(11) UNSIGNED DEFAULT NULL COMMENT 'ref to ''users''',
  `last_update_date` datetime DEFAULT NULL,
  `is_deleted` tinyint(4) UNSIGNED DEFAULT NULL,
  `deleted_by` int(11) UNSIGNED DEFAULT NULL COMMENT 'ref to ''users''',
  `deleted_date` datetime DEFAULT NULL
) ENGINE=InnoDB DEFAULT CHARSET=utf8 COLLATE=utf8_bin COMMENT='تسجيل الطلبة للفصول' ROW_FORMAT=COMPACT;

-- --------------------------------------------------------

--
-- Table structure for table `students_types`
--

CREATE TABLE `students_types` (
  `id` int(11) UNSIGNED NOT NULL,
  `study_type` int(11) UNSIGNED DEFAULT NULL COMMENT 'ref to ''study_types''',
  `name_ar` varchar(255) COLLATE utf8_bin DEFAULT NULL,
  `name_en` varchar(255) COLLATE utf8_bin DEFAULT NULL,
  `Created_by` int(11) UNSIGNED DEFAULT NULL COMMENT 'ref to ''users''',
  `Created_date` datetime DEFAULT NULL,
  `last_update_by` int(11) UNSIGNED DEFAULT NULL COMMENT 'ref to ''users''',
  `last_update_date` datetime DEFAULT NULL,
  `is_deleted` tinyint(4) UNSIGNED DEFAULT NULL,
  `deleted_by` int(11) UNSIGNED DEFAULT NULL COMMENT 'ref to ''users''',
  `deleted_date` datetime DEFAULT NULL
) ENGINE=InnoDB DEFAULT CHARSET=utf8 COLLATE=utf8_bin ROW_FORMAT=COMPACT;

--
-- Dumping data for table `students_types`
--

INSERT INTO `students_types` (`id`, `study_type`, `name_ar`, `name_en`, `Created_by`, `Created_date`, `last_update_by`, `last_update_date`, `is_deleted`, `deleted_by`, `deleted_date`) VALUES
(1, 2, 'عادي', 'Normal', NULL, NULL, NULL, NULL, NULL, NULL, NULL);

-- --------------------------------------------------------

--
-- Table structure for table `study_academicyears`
--

CREATE TABLE `study_academicyears` (
  `id` int(11) UNSIGNED NOT NULL,
  `name_ar` varchar(255) COLLATE utf8_bin DEFAULT NULL,
  `name_en` varchar(255) COLLATE utf8_bin DEFAULT NULL,
  `Created_by` int(11) UNSIGNED DEFAULT NULL COMMENT 'ref to ''users''',
  `Created_date` datetime DEFAULT NULL,
  `last_update_by` int(11) UNSIGNED DEFAULT NULL COMMENT 'ref to ''users''',
  `last_update_date` datetime DEFAULT NULL,
  `is_deleted` tinyint(4) UNSIGNED DEFAULT NULL,
  `deleted_by` int(11) UNSIGNED DEFAULT NULL COMMENT 'ref to ''users''',
  `deleted_date` datetime DEFAULT NULL
) ENGINE=InnoDB DEFAULT CHARSET=utf8 COLLATE=utf8_bin ROW_FORMAT=COMPACT;

-- --------------------------------------------------------

--
-- Table structure for table `study_colleges`
--

CREATE TABLE `study_colleges` (
  `id` int(11) UNSIGNED NOT NULL,
  `name_ar` varchar(255) COLLATE utf8_bin DEFAULT NULL,
  `name_en` varchar(255) COLLATE utf8_bin DEFAULT NULL,
  `desc_ar` text COLLATE utf8_bin,
  `desc_en` text COLLATE utf8_bin,
  `Created_by` int(11) UNSIGNED DEFAULT NULL COMMENT 'ref to ''users''',
  `Created_date` datetime DEFAULT NULL,
  `last_update_by` int(11) UNSIGNED DEFAULT NULL COMMENT 'ref to ''users''',
  `last_update_date` datetime DEFAULT NULL,
  `is_deleted` tinyint(4) UNSIGNED DEFAULT NULL,
  `deleted_by` int(11) UNSIGNED DEFAULT NULL COMMENT 'ref to ''users''',
  `deleted_date` datetime DEFAULT NULL
) ENGINE=InnoDB DEFAULT CHARSET=utf8 COLLATE=utf8_bin ROW_FORMAT=COMPACT;

-- --------------------------------------------------------

--
-- Table structure for table `study_courses`
--

CREATE TABLE `study_courses` (
  `id` int(11) UNSIGNED NOT NULL,
  `name_ar` varchar(255) COLLATE utf8_bin DEFAULT NULL,
  `name_en` varchar(255) COLLATE utf8_bin DEFAULT NULL,
  `description` text COLLATE utf8_bin,
  `major` int(11) UNSIGNED DEFAULT NULL COMMENT 'ref to ''study_majors''',
  `program` int(11) UNSIGNED DEFAULT NULL COMMENT 'ref to ''study_programs''',
  `degree` int(11) UNSIGNED DEFAULT NULL COMMENT 'ref to ''study_degrees''',
  `course_code` varchar(255) COLLATE utf8_bin DEFAULT NULL,
  `course_number` varchar(255) COLLATE utf8_bin DEFAULT NULL,
  `credit_hours` tinyint(4) UNSIGNED DEFAULT NULL,
  `attending_hours` tinyint(4) UNSIGNED DEFAULT NULL,
  `elective_course` tinyint(4) UNSIGNED DEFAULT NULL,
  `Created_by` int(11) UNSIGNED DEFAULT NULL COMMENT 'ref to ''users''',
  `Created_date` datetime DEFAULT NULL,
  `last_update_by` int(11) UNSIGNED DEFAULT NULL COMMENT 'ref to ''users''',
  `last_update_date` datetime DEFAULT NULL,
  `is_deleted` tinyint(4) UNSIGNED DEFAULT NULL,
  `deleted_by` int(11) UNSIGNED DEFAULT NULL COMMENT 'ref to ''users''',
  `deleted_date` datetime DEFAULT NULL
) ENGINE=InnoDB DEFAULT CHARSET=utf8 COLLATE=utf8_bin ROW_FORMAT=COMPACT;

-- --------------------------------------------------------

--
-- Table structure for table `study_courses_prerequisite`
--

CREATE TABLE `study_courses_prerequisite` (
  `id` int(11) UNSIGNED NOT NULL,
  `course` int(11) UNSIGNED DEFAULT NULL COMMENT 'ref to ''study_courses''',
  `prerequisite_course` int(11) UNSIGNED DEFAULT NULL COMMENT 'ref to ''study_courses''',
  `Created_by` int(11) UNSIGNED DEFAULT NULL COMMENT 'ref to ''users''',
  `Created_date` datetime DEFAULT NULL
) ENGINE=InnoDB DEFAULT CHARSET=utf8 COLLATE=utf8_bin COMMENT='جدول المتطلبات السابق للمساقات، يربط بين المساق والمتطلب السابق له' ROW_FORMAT=COMPACT;

-- --------------------------------------------------------

--
-- Table structure for table `study_degrees`
--

CREATE TABLE `study_degrees` (
  `id` int(11) UNSIGNED NOT NULL,
  `name_ar` varchar(255) COLLATE utf8_bin DEFAULT NULL,
  `name_en` varchar(255) COLLATE utf8_bin DEFAULT NULL,
  `Created_by` int(11) UNSIGNED DEFAULT NULL COMMENT 'ref to ''users''',
  `Created_date` datetime DEFAULT NULL,
  `last_update_by` int(11) UNSIGNED DEFAULT NULL COMMENT 'ref to ''users''',
  `last_update_date` datetime DEFAULT NULL,
  `is_deleted` tinyint(4) UNSIGNED DEFAULT NULL,
  `deleted_by` int(11) UNSIGNED DEFAULT NULL COMMENT 'ref to ''users''',
  `deleted_date` datetime DEFAULT NULL
) ENGINE=InnoDB DEFAULT CHARSET=utf8 COLLATE=utf8_bin ROW_FORMAT=COMPACT;

--
-- Dumping data for table `study_degrees`
--

INSERT INTO `study_degrees` (`id`, `name_ar`, `name_en`, `Created_by`, `Created_date`, `last_update_by`, `last_update_date`, `is_deleted`, `deleted_by`, `deleted_date`) VALUES
(1, 'بكالوريوس', 'Bachelors', NULL, NULL, NULL, NULL, NULL, NULL, NULL),
(2, 'ماجستير', 'Master', NULL, NULL, NULL, NULL, NULL, NULL, NULL),
(3, 'سنة تحضيرية - بكالوريوس', 'Pre-Bachelors', NULL, NULL, NULL, NULL, NULL, NULL, NULL),
(4, 'سنة تحضيرية - ماجستير', 'Pre-Master', NULL, NULL, NULL, NULL, NULL, NULL, NULL),
(5, 'دبلوم', 'Diploma', NULL, NULL, NULL, NULL, NULL, NULL, NULL),
(6, 'دكتوراه', 'Ph.D.', NULL, NULL, NULL, NULL, NULL, NULL, NULL);

-- --------------------------------------------------------

--
-- Table structure for table `study_departments`
--

CREATE TABLE `study_departments` (
  `id` int(11) UNSIGNED NOT NULL,
  `college` int(11) UNSIGNED DEFAULT NULL COMMENT 'ref to ''study_colleges''',
  `name_ar` varchar(255) COLLATE utf8_bin DEFAULT NULL,
  `name_en` varchar(255) COLLATE utf8_bin DEFAULT NULL,
  `desc_ar` text COLLATE utf8_bin,
  `desc_en` text COLLATE utf8_bin,
  `Created_by` int(11) UNSIGNED DEFAULT NULL COMMENT 'ref to ''users''',
  `Created_date` datetime DEFAULT NULL,
  `last_update_by` int(11) UNSIGNED DEFAULT NULL COMMENT 'ref to ''users''',
  `last_update_date` datetime DEFAULT NULL,
  `is_deleted` tinyint(4) UNSIGNED DEFAULT NULL,
  `deleted_by` int(11) UNSIGNED DEFAULT NULL COMMENT 'ref to ''users''',
  `deleted_date` datetime DEFAULT NULL
) ENGINE=InnoDB DEFAULT CHARSET=utf8 COLLATE=utf8_bin ROW_FORMAT=COMPACT;

-- --------------------------------------------------------

--
-- Table structure for table `study_levels`
--

CREATE TABLE `study_levels` (
  `id` int(11) UNSIGNED NOT NULL,
  `name_ar` varchar(255) COLLATE utf8_bin DEFAULT NULL,
  `name_en` varchar(255) COLLATE utf8_bin DEFAULT NULL,
  `degree` int(11) UNSIGNED DEFAULT NULL COMMENT 'ref to ''study_degrees''',
  `Created_by` int(11) UNSIGNED DEFAULT NULL COMMENT 'ref to ''users''',
  `Created_date` datetime DEFAULT NULL,
  `last_update_by` int(11) UNSIGNED DEFAULT NULL COMMENT 'ref to ''users''',
  `last_update_date` datetime DEFAULT NULL,
  `is_deleted` tinyint(4) UNSIGNED DEFAULT NULL,
  `deleted_by` int(11) UNSIGNED DEFAULT NULL COMMENT 'ref to ''users''',
  `deleted_date` datetime DEFAULT NULL
) ENGINE=InnoDB DEFAULT CHARSET=utf8 COLLATE=utf8_bin ROW_FORMAT=COMPACT;

-- --------------------------------------------------------

--
-- Table structure for table `study_levels_courses`
--

CREATE TABLE `study_levels_courses` (
  `id` int(11) UNSIGNED NOT NULL,
  `course` int(11) UNSIGNED DEFAULT NULL COMMENT 'ref to ''study_courses''',
  `level` int(11) UNSIGNED DEFAULT NULL COMMENT 'ref to ''study_levels''',
  `Created_by` int(11) UNSIGNED DEFAULT NULL COMMENT 'ref to ''users''',
  `Created_date` datetime DEFAULT NULL
) ENGINE=InnoDB DEFAULT CHARSET=utf8 COLLATE=utf8_bin ROW_FORMAT=COMPACT;

-- --------------------------------------------------------

--
-- Table structure for table `study_majors`
--

CREATE TABLE `study_majors` (
  `id` int(11) UNSIGNED NOT NULL,
  `college` int(11) UNSIGNED DEFAULT NULL COMMENT 'ref to ''study_colleges'' table',
  `name_ar` varchar(255) COLLATE utf8_bin DEFAULT NULL,
  `name_en` varchar(255) COLLATE utf8_bin DEFAULT NULL,
  `desc_ar` text COLLATE utf8_bin,
  `desc_en` text COLLATE utf8_bin,
  `Created_by` int(11) UNSIGNED DEFAULT NULL COMMENT 'ref to ''users''',
  `Created_date` datetime DEFAULT NULL,
  `last_update_by` int(11) UNSIGNED DEFAULT NULL COMMENT 'ref to ''users''',
  `last_update_date` datetime DEFAULT NULL,
  `is_deleted` tinyint(4) UNSIGNED DEFAULT NULL,
  `deleted_by` int(11) UNSIGNED DEFAULT NULL COMMENT 'ref to ''users''',
  `deleted_date` datetime DEFAULT NULL
) ENGINE=InnoDB DEFAULT CHARSET=utf8 COLLATE=utf8_bin ROW_FORMAT=COMPACT;

-- --------------------------------------------------------

--
-- Table structure for table `study_programs`
--

CREATE TABLE `study_programs` (
  `id` int(11) UNSIGNED NOT NULL,
  `major` int(11) UNSIGNED DEFAULT NULL COMMENT 'ref to ''study_majors''',
  `name_ar` varchar(255) COLLATE utf8_bin DEFAULT NULL,
  `name_en` varchar(255) COLLATE utf8_bin DEFAULT NULL,
  `desc_ar` text COLLATE utf8_bin,
  `desc_en` text COLLATE utf8_bin,
  `Created_by` int(11) UNSIGNED DEFAULT NULL COMMENT 'ref to ''users''',
  `Created_date` datetime DEFAULT NULL,
  `last_update_by` int(11) UNSIGNED DEFAULT NULL COMMENT 'ref to ''users''',
  `last_update_date` datetime DEFAULT NULL,
  `is_deleted` tinyint(4) UNSIGNED DEFAULT NULL,
  `deleted_by` int(11) UNSIGNED DEFAULT NULL COMMENT 'ref to ''users''',
  `deleted_date` datetime DEFAULT NULL
) ENGINE=InnoDB DEFAULT CHARSET=utf8 COLLATE=utf8_bin ROW_FORMAT=COMPACT;

-- --------------------------------------------------------

--
-- Table structure for table `study_rooms`
--

CREATE TABLE `study_rooms` (
  `id` int(11) UNSIGNED NOT NULL,
  `name` varchar(255) COLLATE utf8_bin DEFAULT NULL,
  `Created_by` int(11) UNSIGNED DEFAULT NULL COMMENT 'ref to ''users''',
  `Created_date` datetime DEFAULT NULL,
  `last_update_by` int(11) UNSIGNED DEFAULT NULL COMMENT 'ref to ''users''',
  `last_update_date` datetime DEFAULT NULL,
  `is_deleted` tinyint(4) UNSIGNED DEFAULT NULL,
  `deleted_by` int(11) UNSIGNED DEFAULT NULL COMMENT 'ref to ''users''',
  `deleted_date` datetime DEFAULT NULL
) ENGINE=InnoDB DEFAULT CHARSET=utf8 COLLATE=utf8_bin ROW_FORMAT=COMPACT;

-- --------------------------------------------------------

--
-- Table structure for table `study_sections`
--

CREATE TABLE `study_sections` (
  `id` int(11) UNSIGNED NOT NULL,
  `major` int(11) UNSIGNED DEFAULT NULL COMMENT 'ref to ''study_majors''',
  `term` int(11) UNSIGNED DEFAULT NULL COMMENT 'ref to ''study_terms''',
  `course` int(11) UNSIGNED DEFAULT NULL COMMENT 'ref to ''study_courses''',
  `room` int(11) UNSIGNED DEFAULT NULL COMMENT 'ref to ''study_rooms''',
  `teacher` int(11) UNSIGNED DEFAULT NULL COMMENT 'ref to ''users''',
  `Created_by` int(11) UNSIGNED DEFAULT NULL COMMENT 'ref to ''users''',
  `Created_date` datetime DEFAULT NULL,
  `last_update_by` int(11) UNSIGNED DEFAULT NULL COMMENT 'ref to ''users''',
  `last_update_date` datetime DEFAULT NULL,
  `is_deleted` tinyint(4) UNSIGNED DEFAULT NULL,
  `deleted_by` int(11) UNSIGNED DEFAULT NULL COMMENT 'ref to ''users''',
  `deleted_date` datetime DEFAULT NULL
) ENGINE=InnoDB DEFAULT CHARSET=utf8 COLLATE=utf8_bin ROW_FORMAT=COMPACT;

-- --------------------------------------------------------

--
-- Table structure for table `study_sections_dates`
--

CREATE TABLE `study_sections_dates` (
  `id` int(11) UNSIGNED NOT NULL,
  `section` int(11) UNSIGNED DEFAULT NULL COMMENT 'ref to ''study_sections'' table',
  `day` varchar(20) COLLATE utf8_bin DEFAULT NULL,
  `start` time DEFAULT NULL,
  `end` time DEFAULT NULL,
  `Created_date` datetime DEFAULT NULL,
  `Created_by` int(11) UNSIGNED DEFAULT NULL COMMENT 'ref to ''users'''
) ENGINE=InnoDB DEFAULT CHARSET=utf8 COLLATE=utf8_bin ROW_FORMAT=COMPACT;

-- --------------------------------------------------------

--
-- Table structure for table `study_terms`
--

CREATE TABLE `study_terms` (
  `id` int(11) UNSIGNED NOT NULL,
  `academicyear` int(11) UNSIGNED DEFAULT NULL COMMENT 'ref to ''study_academicyears'' table',
  `name_ar` varchar(255) COLLATE utf8_bin DEFAULT NULL,
  `name_en` varchar(255) COLLATE utf8_bin DEFAULT NULL,
  `min_hours` tinyint(4) UNSIGNED DEFAULT NULL,
  `max_hours` tinyint(4) UNSIGNED DEFAULT NULL,
  `beginning_term` date DEFAULT NULL,
  `end_term` date DEFAULT NULL,
  `reg_date_start` date DEFAULT NULL,
  `reg_date_end` date DEFAULT NULL,
  `fine_reg_date_start` date DEFAULT NULL,
  `fine_reg_date_end` date DEFAULT NULL,
  `drag_add_date_start` date DEFAULT NULL,
  `drag_add_date_end` date DEFAULT NULL,
  `Created_by` int(11) UNSIGNED DEFAULT NULL COMMENT 'ref to ''users''',
  `Created_date` datetime DEFAULT NULL,
  `last_update_by` int(11) UNSIGNED DEFAULT NULL COMMENT 'ref to ''users''',
  `last_update_date` datetime DEFAULT NULL,
  `is_deleted` tinyint(4) UNSIGNED DEFAULT NULL,
  `deleted_by` int(11) UNSIGNED DEFAULT NULL COMMENT 'ref to ''users''',
  `deleted_date` datetime DEFAULT NULL
) ENGINE=InnoDB DEFAULT CHARSET=utf8 COLLATE=utf8_bin ROW_FORMAT=COMPACT;

-- --------------------------------------------------------

--
-- Table structure for table `study_terms_degree_hours`
--

CREATE TABLE `study_terms_degree_hours` (
  `id` int(11) UNSIGNED NOT NULL,
  `term` int(11) UNSIGNED DEFAULT NULL COMMENT 'ref to ''study_terms''',
  `degree` int(11) UNSIGNED DEFAULT NULL COMMENT 'ref to ''study_degrees''',
  `min_hours` tinyint(4) UNSIGNED DEFAULT NULL,
  `max_hours` tinyint(4) UNSIGNED DEFAULT NULL,
  `Created_by` int(11) UNSIGNED DEFAULT NULL COMMENT 'ref to ''users''',
  `Created_date` datetime DEFAULT NULL,
  `last_update_by` int(11) UNSIGNED DEFAULT NULL COMMENT 'ref to ''users''',
  `last_update_date` datetime DEFAULT NULL,
  `is_deleted` tinyint(4) UNSIGNED DEFAULT NULL,
  `deleted_by` int(11) UNSIGNED DEFAULT NULL COMMENT 'ref to ''users''',
  `deleted_date` datetime DEFAULT NULL
) ENGINE=InnoDB DEFAULT CHARSET=utf8 COLLATE=utf8_bin ROW_FORMAT=COMPACT;

-- --------------------------------------------------------

--
-- Table structure for table `study_types`
--

CREATE TABLE `study_types` (
  `id` int(11) UNSIGNED NOT NULL,
  `name_ar` varchar(255) COLLATE utf8_bin DEFAULT NULL,
  `name_en` varchar(255) COLLATE utf8_bin DEFAULT NULL,
  `Created_by` int(11) UNSIGNED DEFAULT NULL COMMENT 'ref to ''users''',
  `Created_date` datetime DEFAULT NULL,
  `last_update_by` int(11) UNSIGNED DEFAULT NULL COMMENT 'ref to ''users''',
  `last_update_date` datetime DEFAULT NULL,
  `is_deleted` tinyint(4) UNSIGNED DEFAULT NULL,
  `deleted_by` int(11) UNSIGNED DEFAULT NULL COMMENT 'ref to ''users''',
  `deleted_date` datetime DEFAULT NULL
) ENGINE=InnoDB DEFAULT CHARSET=utf8 COLLATE=utf8_bin ROW_FORMAT=COMPACT;

--
-- Dumping data for table `study_types`
--

INSERT INTO `study_types` (`id`, `name_ar`, `name_en`, `Created_by`, `Created_date`, `last_update_by`, `last_update_date`, `is_deleted`, `deleted_by`, `deleted_date`) VALUES
(2, 'دراسة عادية', 'Normal Study', NULL, NULL, NULL, NULL, NULL, NULL, NULL);

-- --------------------------------------------------------

--
-- Table structure for table `tags`
--

CREATE TABLE `tags` (
  `id` int(11) UNSIGNED NOT NULL,
  `name_ar` varchar(255) COLLATE utf8_bin DEFAULT NULL,
  `name_en` varchar(255) COLLATE utf8_bin DEFAULT NULL,
  `is_deleted` int(11) UNSIGNED DEFAULT NULL,
  `deleted_by` int(11) UNSIGNED DEFAULT NULL COMMENT 'ref to ''users''',
  `Created_by` int(11) UNSIGNED DEFAULT NULL COMMENT 'ref to ''users''',
  `Created_date` datetime DEFAULT NULL,
  `last_update_by` int(11) UNSIGNED DEFAULT NULL COMMENT 'ref to ''users''',
  `last_update_date` datetime DEFAULT NULL
) ENGINE=InnoDB DEFAULT CHARSET=utf8 COLLATE=utf8_bin ROW_FORMAT=COMPACT;

-- --------------------------------------------------------

--
-- Table structure for table `users`
--

CREATE TABLE `users` (
  `id` int(11) UNSIGNED NOT NULL,
  `email` varchar(127) DEFAULT NULL,
  `username` varchar(32) NOT NULL DEFAULT '',
  `password` varchar(64) NOT NULL,
  `mobile` varchar(127) DEFAULT NULL,
  `user_groub` int(11) UNSIGNED DEFAULT NULL COMMENT 'ref to ''users_group''',
  `name_ar` varchar(255) DEFAULT NULL,
  `name_en` varchar(255) DEFAULT NULL,
  `img` varchar(255) DEFAULT NULL,
  `img_thumb` varchar(255) DEFAULT NULL,
  `logins` int(10) UNSIGNED NOT NULL DEFAULT '0',
  `last_login` datetime DEFAULT NULL,
  `last_active` datetime DEFAULT NULL,
  `Created_by` int(11) UNSIGNED DEFAULT NULL COMMENT 'ref to ''users''',
  `Created_date` datetime DEFAULT NULL,
  `last_update_by` int(11) UNSIGNED DEFAULT NULL COMMENT 'ref to ''users''',
  `last_update_date` datetime DEFAULT NULL,
  `is_deleted` tinyint(4) UNSIGNED DEFAULT NULL
) ENGINE=InnoDB DEFAULT CHARSET=utf8;

--
-- Dumping data for table `users`
--

INSERT INTO `users` (`id`, `email`, `username`, `password`, `mobile`, `user_groub`, `name_ar`, `name_en`, `img`, `img_thumb`, `logins`, `last_login`, `last_active`, `Created_by`, `Created_date`, `last_update_by`, `last_update_date`, `is_deleted`) VALUES
(1, 'anasisafi@gmail.com', 'Admin', '2b0ca4b0a334bae16642414f04a3a5324944b3bcd4a86365b754dfc27dd6de6f', '0598654657', 1, 'شركة البرمجة والتعلم', 'EduSoft Company', 'files/users/2016/04/k57qnqtv5z16jzgojsuekqigts.jpg', 'files/users/2016/04/thumbs/k57qnqtv5z16jzgojsuekqigts.jpg', 676, '2019-01-17 09:45:31', '2019-01-17 09:52:03', NULL, '2015-12-31 19:51:30', 1, '2018-05-23 07:30:20', NULL),
(2, 'I-thamra@hotmail.com', 'E1800055', '51395f4a697f4921ee0357fae6d4b376958b57fa9721294a123e57ebdfc1385c', NULL, 5, 'ثمراء محمد عبدالله حاضر آل التوم ثمراء محمد  عبدالله', 'Thmraa muhammad abdullah hadher al toom Thmraa Muhammad Abdullah', NULL, NULL, 1, '2018-03-08 09:16:16', '2018-03-08 09:16:33', 1, '2018-03-08 09:13:59', NULL, NULL, 1),
(3, 'mostafa01231@yahoo.com', '14', '36fe9c346a255583d2a70f4f76d5778c9456b87282a40add538fbf2fdf692e22', '966509307632', 1, 'مصطفي أحمد غرباوي أحمد', 'Mostafa Ahmed Ghrabawy Ahmed', 'files/users/2018/05/hpeggorvyrum38noiact.jpg', 'files/users/2018/05/thumbs/hpeggorvyrum38noiact.jpg', 90, '2020-01-19 12:11:55', '2020-01-19 12:14:21', 1, '2018-03-11 19:33:32', 79, '2018-09-10 18:11:41', NULL),
(4, 'roody4449@hotmail.com', '504', '07c3f0a4a27cb95c1d39486947c3a8140ea79979af39eeec111105759d3b9ac4', '966565084449', 5, 'فلوه سفر سعيد الشهراني', 'FALWAH SAFR SAEED Al shahrani', NULL, NULL, 1, '2018-07-31 11:08:39', '2018-07-31 11:08:41', 1, '2018-03-15 21:24:48', 79, '2018-07-28 17:19:12', NULL),
(5, 'tamezsch@gmail.com', '13', 'c9da0fcda242e821f2b7b8f3c4b016a8de4de133a92db87247f4930f3858d64f', '966556128146', 5, 'عمرو محمد أحمد عبدالله', 'amr mohamed ahmed abdallah', NULL, NULL, 18, '2018-08-13 20:40:39', '2018-08-13 20:41:07', 1, '2018-03-26 13:12:00', 79, '2018-08-13 20:40:25', NULL),
(6, 'quiet-girl-2011@hotmail.com', '401', '6bb90541a9039386dcaa18a9bceced84e58f0571c1f5104d9f2b6475f40f2e23', '966546333006', 5, 'هند  محمد سلطان الشهري', 'Hend Mohammed Sultan Alshehri', NULL, NULL, 2, '2018-06-04 14:22:32', '2018-06-04 15:05:47', 1, '2018-03-26 13:16:30', 79, '2018-07-28 17:14:54', NULL),
(7, 'hh14372017@gmail.com', '407', '4891359169a7f4e45ed0846aa1bbe742e621832941307c1fb7827fe239aaca0a', '966548045454', 5, 'الهنوف سعد سفر الاحمري', 'ALHNOOF SAAD SAFAR ALAHMARI', NULL, NULL, 0, NULL, NULL, 1, '2018-03-26 13:16:43', 79, '2018-07-28 17:15:22', NULL),
(8, 'fatima1413000@gmail.com', 'E1800068', '03bae29d7dc137dee1f1a8f4049e62ce0cc146a9c9d40ff6e1b013e0e226c76b', NULL, 5, 'فاطمه حاسن عبدالله الشهري', 'Fatima Haseen Abdullah Alshehri', NULL, NULL, 0, NULL, NULL, 1, '2018-03-26 13:17:00', NULL, NULL, 1),
(9, 'abo.youssef24@yahoo.com', '104', 'f37c1777077a2af70aacc6ca4f021c1e867a784605a0f813ee6fa4d17016f6cf', '966504601216', 5, 'محمد محمود محمد الفلاحجي', 'mohamed mahmoud mohamed al falahgy', NULL, NULL, 1, '2018-09-16 22:03:01', '2018-09-16 22:07:52', 1, '2018-03-26 13:17:13', 3, '2018-09-13 07:09:20', NULL),
(10, 'Soso.882233@gmail.com', '505', '640671d1bc4ba1e4b6402473d4e6ce328857d48e442647a498f91719ce3992eb', '966552119114', 5, 'سميره سعد عبدالله الشهراني', 'Samira  Saad Abdullah Alshranu', NULL, NULL, 0, NULL, NULL, 1, '2018-03-26 13:17:29', 79, '2018-07-28 17:15:48', NULL),
(11, 'L7nN1411th@hotmail.com', '409', 'f05d8cd084d2c1707fb5a2c912d1fd2a5538655eab35bba34f46a5b81470226c', '966557712926', 5, 'ثمراء دبيس سعيد  القحطاني', 'Thamra Dbies Saeed Alqahtani', NULL, NULL, 0, NULL, NULL, 1, '2018-03-26 13:17:44', 79, '2018-07-28 17:16:10', NULL),
(12, 'Sherlock0044@gmail.com', 'E1800064', '059cd6924390a300cb6ac61c4f3a090de5fed8a8211c1ba325fce718a57f9d00', NULL, 5, 'نوره ناصر ذيبان القحطاني  نوره ناصر ذيبان ', 'Norah Nasser Deban Al Qhtani  Norah  Nasser Deban ', NULL, NULL, 0, NULL, NULL, 1, '2018-03-26 13:17:59', NULL, NULL, 1),
(13, 'sumeah1990@gmail.com', '507', '98d475dc15a78f5f6261d355bb66c42e7726fde6685936bd15fabfa371f0f4e9', '966558110042', 5, 'سميه عبدالله علي الشهري', 'Sumeah Abdullah Ali Alshehri', NULL, NULL, 0, NULL, NULL, 1, '2018-03-26 13:18:16', 79, '2018-07-28 17:17:06', NULL),
(14, 'L.oo.l909@hotmail.com', '511', '1c7bde16644efff38c9bbd60bb66a0d41345b8a2514d115bae500c3b6588e777', '966552551101', 5, 'أثير  أحمد عبدالوهاب أبو ملحة', 'Atheer Ahmad Abdullwahab Abumilhah', NULL, NULL, 0, NULL, NULL, 1, '2018-03-26 13:18:47', 79, '2018-07-28 17:17:29', NULL),
(15, 'zoozalamri8@gmail.com', '510', '6a61f4b100f262f2c797f2e6c652277a36db26fc9b98394d76e950280fa2cb62', '966557111067', 5, 'زينه علي محمد العمري', 'Zainh Ali Mohmed Alamri', NULL, NULL, 0, NULL, NULL, 1, '2018-03-26 13:19:03', 79, '2018-07-28 17:17:58', NULL),
(16, 'ahm-1407@hotmail.com', 'E1800059', 'b16dff24ed1b1cbdb1c617523e91228cf26da1b9e04c8a235cfce65b76127f07', NULL, 5, 'أحلام عبدالله محمد آل معبر', 'Ahlam Abdullah Mohammed AlMoaber', NULL, NULL, 0, NULL, NULL, 1, '2018-03-26 13:19:17', NULL, NULL, 1),
(17, 'joharah_a@hotmail.com', '508', '9627f5c2bb0e3fbdf17d87802f27b64dd8996c9da2d7261c786c96bb639f236d', '966554135885', 5, 'جوهرة عبدالله محمد آل معبر', 'Joharah Abdullah Mohammed AlMoaber', NULL, NULL, 0, NULL, NULL, 1, '2018-03-26 13:19:33', 79, '2018-07-28 17:18:25', NULL),
(18, 'dfghj986@icloud.com', '509', 'b4422f8eae80260b58a7078461942a00c9c1dc13bee05b090efe11d4e526fbd7', '966532143710', 5, 'أمجاد  محمد  سعد  الشهراني ', 'Amjad Mohammad Saad AL shahrani', NULL, NULL, 0, NULL, NULL, 1, '2018-03-26 13:19:45', 79, '2018-07-28 17:18:48', NULL),
(19, 'amalshq64@gmail.com', '501', 'bbbb3ee21e6fbb4bf60114a60eba2b46709570feda4ad67dd9c576aaca554447', '966508833834', 5, 'أمل  سعيد حلاص القحطاني', 'AmaL                                                    Saeed Helas AlQahtani', NULL, NULL, 0, NULL, NULL, 1, '2018-03-26 13:20:20', 79, '2018-07-28 17:19:36', NULL),
(20, 'amalshq64@gmail.com', 'E1800053', 'd119afe29d046ff608c3fddd69a4cf029c7f9f8491ee2af3200546312ca76ee2', NULL, 5, 'أمل  سعيد حلاص القحطاني', 'AmaL                                                    Saeed Helas AlQahtani', NULL, NULL, 0, NULL, NULL, 1, '2018-03-26 13:20:32', NULL, NULL, 1),
(21, 'Sad00bird07@hotmail.com', '502', '89721ce3d740d0759ed7bef70d87a557df26208f68dc83ec1cf4312ebc2e535e', '966550788927', 5, 'سهام  مرزوق محمد الشهراني ', 'Seham Marzouq Mohammad Alshahrani', NULL, NULL, 0, NULL, NULL, 1, '2018-03-26 13:20:48', 79, '2018-07-28 17:19:57', NULL),
(22, 'l.ooo.l1410@hotmail.com', '512', 'd32b5ec367674f4c1c527e6b758a24a4c7ae15fdbd63404cba869863463eaf7b', '966557692378', 5, 'حليمة  محمد سعيد آل خازم  ', 'HALIMA MOHAMMED SAEED ALSHEHRANI', NULL, NULL, 0, NULL, NULL, 1, '2018-03-26 13:21:07', 79, '2018-07-28 17:20:17', NULL),
(23, 'monabargan@gmail.com', '506', '95182e67c5abb24829a6aa7c50a25bf764a7d7c3f393e6ce7ec77a84cbf06bd6', '966500888382', 5, 'منى  خالد سليمان البرقان ', 'Mona Khalid Suleman Albargan', NULL, NULL, 0, NULL, NULL, 1, '2018-03-26 13:21:18', 79, '2018-07-28 17:20:35', NULL),
(24, 'Alanoodshahrani@gmail.com', 'E1800048', 'b025b9de6fe22eca3a344986f45209aa609ae4fd806c07f1cd2dcd66d6667370', NULL, 5, 'العنود  سفر عايض الشهراني', 'Alanoud Safar Ayed Alshahrani', NULL, NULL, 0, NULL, NULL, 1, '2018-03-26 13:31:28', NULL, NULL, NULL),
(25, 'Fatimamas1405@gmail.com', '408', '758e28a08a48850354c2786f6164d73277f19be6b6544208235f0c3bf0ff608e', '966503736809', 5, 'فاطمه  محمد  سعد  الشهراني ', 'Fatimah Mohamad Saad Shahrani', NULL, NULL, 0, NULL, NULL, 1, '2018-03-27 10:24:34', 79, '2018-07-28 17:16:32', NULL),
(26, 'hany1999hany@yahoo.com', 'E1800042', 'e11298e8dc510f109c906e352612a287663811117dc0a77b5cc8fe176e637c3a', NULL, 5, 'هاني عبد الموجود محمود محمد', 'Hany Abdalmawgoud Mahmoud Mohammed', NULL, NULL, 0, NULL, NULL, 1, '2018-03-27 10:28:53', NULL, NULL, 1),
(27, 'mf.art123456@gmail.com', '207', '5833ca47785083eb74c6886737c7cf214c6575bb0a55d4d5e1b842aeb8eab249', '96656528165', 5, 'محمد  فوزى محمد محمود', 'mohamed fawzy mohamed mahmoud', NULL, NULL, 11, '2018-10-01 09:32:58', '2018-10-01 09:37:10', 1, '2018-03-27 10:29:03', 3, '2018-09-13 07:43:03', NULL),
(28, 'mohammed22728@yahoo.com', 'E1800044', '50498e23a963e6850aff7e38487f694fdf3a071add3cbb03965f6dbb48a0b6bc', NULL, 5, 'محمد عبدالجواد أحمد عثمان', 'osman ahmed abdelgawed mohaed', NULL, NULL, 0, NULL, NULL, 1, '2018-03-27 10:29:17', NULL, NULL, 1),
(29, 'mf.art123456@gmail.com', '300', '9e31dc160784d224e53da87acb49e02656751acbdcedc440eaa7faf5cc89cff2', '966503750019', 2, 'فهد سعيد سعد ال دعرم الشهراني', NULL, NULL, NULL, 0, NULL, NULL, 1, '2018-03-27 10:29:29', 79, '2018-07-28 17:07:11', NULL),
(30, '01065014876mm@gmail.com', '310', 'a2af0d3910d9b29508fe19e8fcaa2f3bb4030dd5e67e4fc1759c5cb4ab4e06ca', '966540078416', 5, 'محمود  محمد ابراهيم  السيد', 'mahmoud mohamed ibrahim elsayed', NULL, NULL, 3, '2018-09-18 09:31:47', '2018-09-18 09:36:16', 1, '2018-03-27 10:29:41', 3, '2018-09-13 07:28:19', NULL),
(31, 'alasergroup@yahoo.com', '301', '37b3a2f0a67ff528bd408387ed33eb9fd52cf1a1a377bb48644708cc9a068209', '966535003190', 5, 'أحمد  عبد الرحمن زكي سيد', 'ahmed abdalrahman zaki sayed', NULL, NULL, 0, NULL, NULL, 1, '2018-03-27 10:30:11', 79, '2018-07-28 16:41:52', NULL),
(32, 'wejdanlaslomm@gmail.com', '514', 'f2fbb7bbfbbe69acf2d3818a0cd462756e95074f22f64802c9e68087bae12361', '966509073130', 5, 'وجدان سعيد صالح لسلوم', 'wejdan saeed saleh lasloom', NULL, NULL, 1, '2018-07-31 11:09:50', '2018-07-31 11:10:39', 1, '2018-03-27 10:30:46', 79, '2018-07-28 17:20:51', NULL),
(33, 'brbryaamer@gmail.com', '206', '5ceafacaf8203d9075914bc366a8dc29afb36445701554af827373ab2794b027', '966530417689', 5, 'بربري فرج محمد عامر بربري فرج عامر', 'Brbry Farg Mohammed Aamer Barbry Farg Aamer', NULL, NULL, 1, '2018-09-08 19:18:28', '2018-09-08 20:51:40', 1, '2018-03-27 10:31:24', 3, '2018-09-13 07:42:38', NULL),
(34, 'walidawad280@gmail.com', '201', '008aeb6d01217ffe4812a92a21f7f48291fb32fb67ec25484f06dc91e9ff1be7', '966502707920', 5, 'وليد  عوض  عبد الجواد الشافعي', 'walid awad abdelgwad elshvey', NULL, NULL, 8, '2018-10-02 09:00:20', '2018-10-02 09:01:12', 1, '2018-03-27 10:31:32', 79, '2018-09-16 18:54:23', NULL),
(35, 'x8111975@gmail.com', '307', '7361fcdd1fd23cf11e8aae1c372f2a059d0457c1c6508909bc0b3ecb0a7db6da', '966594876932', 5, 'عبد القادر حامد محمود البقري', 'abdelkader hamed mahmoud elbakary', NULL, NULL, 0, NULL, NULL, 1, '2018-03-27 10:31:42', 3, '2018-09-13 07:26:16', NULL),
(36, 'as00800@yahoo.com', '111', '655eb0764baf08f4408b843c52fd58baf809cb26ffba6536655cfa9caa5e050c', '9665403363310', 5, 'العطافي  محي الدين  محمد رزق', 'ELATTAFY MOHIELDIN MOHAMED REZK', NULL, NULL, 0, NULL, NULL, 1, '2018-03-27 10:31:54', 3, '2018-09-13 07:16:10', NULL),
(37, 'hassan.habib19@yahoo.com', '110', 'f6d2ffeb610fa3e58f2142afcb07cca01f846e97b38e16eac456ba4d1c382127', '9665530650134', 5, 'حسن رسمي عبد الحليم  حبيب', 'Hassan Rasmy Abd alhlam Habib', NULL, NULL, 5, '2018-09-17 09:57:35', '2018-09-17 10:00:22', 1, '2018-03-27 10:32:14', 3, '2018-09-13 07:15:39', NULL),
(38, 'abdelalgaber2016@gmail.com', '115', 'b417c48eda3cf71cdaf7a8ad735b02463e2c0e455d693cb1470f906cd5122480', '966563525461', 5, 'عبدالعال جابر جادالحق على', 'abdelaal gaber gad elhak ali', NULL, NULL, 0, NULL, NULL, 1, '2018-03-27 10:32:25', 3, '2018-09-13 07:19:02', NULL),
(39, 'h.ma30@yahoo.com', '108', 'd4731a5ff97b37a5680c38d635e64aa946caacd4ad30e9f71b0b70bd9dda689c', '966595105629', 5, 'الحسن محمود إبراهيم سليمان', 'Elhassan Mahmoud Ibrahim Soliman', NULL, NULL, 0, NULL, NULL, 1, '2018-03-27 10:32:40', 3, '2018-09-13 07:14:23', NULL),
(40, 'mahamadsalah.2018@gmail.com', '122', '603633fc38aaf61eff8f96bd572befeda8f1aa803130ea9cd51ece886933e58e', '966509314956', 5, 'محمد صلاح عبد الحميد الصاحى', 'Mohammed Salah Abd Alhamed Alsahy', NULL, NULL, 0, NULL, NULL, 1, '2018-03-27 10:32:52', 3, '2018-09-13 07:23:45', NULL),
(41, 'mohamedelyamni76@gmai.com', '112', 'ab64a224e31b4fbd4383f7eae7b272829420f5cb0d9554e237e82906e00857bb', '966592198253', 5, 'محمد السعيد عبدالجيد الطنطاوي', 'Mohamed Elsaid Abdelgayed Eltantawi', NULL, NULL, 1, '2018-10-01 09:01:14', '2018-10-01 09:01:38', 1, '2018-03-27 10:33:11', 3, '2018-09-13 07:16:41', NULL),
(42, 'mounir8578@gmail.com', '113', 'ff1fadfbe7595c6a94c5e0856d0fa33e51b651d6c14c256d94387a0f770db708', '966562596741', 5, 'منير  عبدالمجيد  عبد المعطي غالي', 'ghealy abd el moaty abd el megeed mounir', NULL, NULL, 1, '2018-09-16 22:11:24', '2018-09-17 06:24:29', 1, '2018-03-27 10:33:23', 3, '2018-09-13 07:17:13', NULL),
(43, 'mokhtarkarawan@gmail.com', '107', '08431f1c77756214b6283336b67bc1af38d311068568792c06420bdf437c3a94', '966582474674', 5, 'مختار سامي عزوز كروان', 'mokhttar samy azouz krawan', NULL, NULL, 0, NULL, NULL, 1, '2018-03-27 10:33:40', 3, '2018-09-13 07:12:10', NULL),
(44, 'sreh_74@yahoo.com', '102', '2610b8017ffdb873442d08ab1b3604ed10eb461164f6de82356ff875b21edacd', '9665355006026', 5, 'السيد رشيد إبراهيم حمزه', 'sayed rashied ebrahiem hamza', NULL, NULL, 0, NULL, NULL, 1, '2018-03-27 10:33:50', 79, '2018-07-28 12:20:44', NULL),
(45, 'mokhtarkarwan@gmail.com', 'E1800024', '73c6fde6f7bb6700d39206d45108be0cdae030c0912782f6ff948ce1eb0513cb', NULL, 5, 'حاتم  فهمي محمد عامر', 'hatem  fahmy mohamed amer', NULL, NULL, 0, NULL, NULL, 1, '2018-03-27 10:34:04', NULL, NULL, NULL),
(46, 'elgindy.2014@gmail.com', '316', '511a8ec592f34f63ce095b33dc72982712b189af314f80679d3a5e9f8e016d2d', '966582693318', 5, 'علاء   عمر  عبد الحليم الجندي أغا', 'Alaa Omar Abdelhaleem Elgendy ', NULL, NULL, 0, NULL, NULL, 1, '2018-03-27 10:34:16', 3, '2018-09-13 07:32:49', NULL),
(47, 'e_tnt2011@yahoo.com', '305', '1626af8da11f5f3b34147840eab4b7d745c39bf3500bb6bbd4345360ccbe6543', '966547314420', 5, 'علي عبدالرحمن عبدالظاهر عبدالرحمن', 'ali abdelrahman abdelzaher abdelrahman', NULL, NULL, 0, NULL, NULL, 1, '2018-03-27 10:34:28', 3, '2018-09-13 07:25:11', NULL),
(48, 'asd565814@gmail.com', '103', '688c52631965d45237d0bb41138289381521131ad71eb3d624dbb7e595620d7e', '966507713943', 5, 'محمد علي محمد علي عبدالله', 'Mohamed Ali Mohamed Ali', NULL, NULL, 42, '2018-09-19 13:44:57', '2018-09-19 13:45:17', 1, '2018-03-27 10:34:40', 79, '2018-08-22 15:50:32', NULL),
(49, 'omrelmokhtar25121983@gmail.com', 'E1800028', 'ae097e05f72651b2d5360f32baf8c12a3a550fa58464a6442f9cc538815511e5', NULL, 5, 'محمد رمضان أبواليزيد حسن', 'MOHAMED RAMADAN ABOUELYAZED HASSAN', NULL, NULL, 0, NULL, NULL, 1, '2018-03-27 10:34:54', NULL, NULL, 1),
(50, 'toha511511511@gamail.com', '109', '8aa129c39818264dbe01cc9ff513c4d3e89cb8bcf047efaa6b784cf63ab3ae73', '966545721434', 5, 'عبدالفتاح إبراهيم عبدالفتاح عبدالله', 'abdelfatah ibrahim abdelfatah abdalla', NULL, NULL, 0, NULL, NULL, 1, '2018-03-27 10:35:09', 3, '2018-09-13 07:15:09', NULL),
(51, 'ahmed.gamal931987@gmail.com', '204', 'c9da0fcda242e821f2b7b8f3c4b016a8de4de133a92db87247f4930f3858d64f', '9665562675384', 5, 'رجب جمال محمد اسماعيل', 'Rajab Jamal Mohammed Ismail', NULL, NULL, 9, '2018-11-19 00:01:22', '2018-11-19 00:02:18', 1, '2018-03-27 10:35:33', 79, '2018-09-16 18:59:02', NULL),
(52, 'omrelmokhtar25121983@gmail.com', '106', '678bc76a14ce0a9fc6e1aeb7f3972c736be6834b5172ee4f9bed1c2b28cc56de', '966501839775', 5, 'محمد رمضان أبواليزيد حسن', 'MOHAMED RAMADAN ABOUELYAZED HASSAN', NULL, NULL, 0, NULL, NULL, 1, '2018-03-27 10:35:48', 3, '2018-09-13 07:11:12', NULL),
(53, 'em.em010em@gmail.com', 'E1800012', '72d945c3ebdfcf8e6110482ceed1d8a865aaa8178bbf6e4f9e6ba1d803cba9b3', NULL, 5, 'عماد  عبدالحميد احمد الزيدي', 'emad abdelhamid ahmed mohamed', NULL, NULL, 0, NULL, NULL, 1, '2018-03-27 10:36:16', NULL, NULL, 1),
(54, 'em.em010em@gamil.com', 'E1800013', '384aea61eec15719f2b32daf831d8551fbbaebd67a78d47df57fa54f11214eab', NULL, 5, 'طاهر  محمد موسى علي', 'taher mohamed moussa ali', NULL, NULL, 0, NULL, NULL, 1, '2018-03-27 10:36:26', NULL, NULL, 1),
(55, 'ashrafab1980@gmail.com', '209', '4c54840ccb826c6cdc4ca7036f27e296317bb706765f79dfdfe77b3948c19fa7', '966557106397', 5, 'أشرف محمود احمد حمدالله', 'ashraf mahmoud ahmed hamdalla', NULL, NULL, 0, NULL, NULL, 1, '2018-03-27 10:36:45', 3, '2018-09-13 07:43:49', NULL),
(56, 'mostafa1king@yahoo.com', '325', '8705351769cd8d25fd1c6ef1af870c3fca9cebd26644a817b3efb212bdd4235e', '966560525366', 5, 'مصطفي محمد احمد  عبد الله', 'mostafa mohamed ahmed abdallah', NULL, NULL, 0, NULL, NULL, 1, '2018-03-27 10:36:59', 3, '2018-09-13 07:36:33', NULL),
(57, 'ahmed.nono883@yahoo.com', 'E1800016', '6d6fe8a2ae94425459fa381d4141a941d557c9bb67c05379b19e3c38c8116f85', NULL, 5, 'محمد عبد الباقى عويس عبدالباقي', 'Mohamed Abdelbaky awais abdelbaky', NULL, NULL, 0, NULL, NULL, 1, '2018-03-27 10:37:10', NULL, NULL, 1),
(58, 'mohammedshemy19@gmail.com', 'E1800017', 'b793c7368b369a56d37a75257cdb83db2e142e575e869610e7b5ab1823c7ed80', NULL, 5, 'محمد محمود سيد احمد', 'mohammed mahmoued sayed ahmed', NULL, NULL, 0, NULL, NULL, 1, '2018-03-27 10:37:22', NULL, NULL, 1),
(59, 'm.a370@hotmail.com', 'E1800018', 'b39d6e711e8d5501cb3d3c9f756cfe22d257cf88462679cbba0d558c794f7cde', NULL, 5, 'مازن  أحمد  معرف ال عليه ', 'Mazen Ahmad Muarrif Al Alyah', NULL, NULL, 0, NULL, NULL, 1, '2018-03-27 10:37:34', NULL, NULL, NULL),
(60, 'lotfimaher3@gmail.com', 'E1800019', '141de5ae0aac9426f1feb7ee4752e8b4218974bff88edebdb61763d5acb5fb8d', NULL, 5, 'لطفي  ماهر عبدالله حسانين', 'lotfi  maher abdallah hassanien', NULL, NULL, 0, NULL, NULL, 1, '2018-03-27 10:37:45', NULL, NULL, 1),
(61, 'saeed1967086@yahoo.com', 'E1800020', '76b04a6c3a7755987e7a72fac7c149450121c24790b82e39657870778726e05b', NULL, 5, 'سعيد سليمان يس عبد الناصر', 'SAEED SULAIMAN YASEN ABDULNASSSER', NULL, NULL, 0, NULL, NULL, 1, '2018-03-27 10:37:56', NULL, NULL, 1),
(62, 'ibrahimshawky393@gmail.com', '313', '0f90aa1f02a5c14023b9938b1d539727fd9f442b08532b54fd52ba12e23653aa', '966557591807', 5, 'إبراهيم  شوقي إبراهيم الحبيشي', 'Ibrahim Shawky Ibrahim Elhebishy', NULL, NULL, 0, NULL, NULL, 1, '2018-03-27 10:39:03', 3, '2018-09-13 07:29:45', NULL),
(63, 'hmea1988@yahoo.com', '117', 'ba154d7053f2208458ec957dfaba3e7ecd9faf4969edf71482a9088af644010d', '966557607217', 5, 'حسين مختار إبراهيم عبدالفتاح', 'Hussein Mokhtar Ibrahim Abdelfattah', NULL, NULL, 14, '2019-02-04 09:05:23', '2019-02-04 09:09:48', 1, '2018-03-27 10:39:33', 3, '2018-09-13 07:20:39', NULL),
(64, 'Mahmoudsalh@yahoo.com', '210', '182f50f4084ed039c397a389be590c1315c85d5dbadaacbe0c4e6582a81e3ab8', '966557641805', 5, 'محمود  صالح ماضي السيد', 'Mahmoud Saleh Mady Elsayd', NULL, NULL, 0, NULL, NULL, 1, '2018-03-27 10:39:48', 3, '2018-09-13 07:44:21', NULL),
(65, 'Tarek31886@gmail.com', '119', '24b8514c4cc57d206fd2588ad67f4aa6c15dcddb7ca8958946f00bd284c0a8dd', '9665575633237', 5, 'طارق  شعبان إبراهيم  موسى خليل', 'Tarek  Shaban Ebrahim  Mousa khalil', NULL, NULL, 0, NULL, NULL, 1, '2018-03-27 10:40:00', 3, '2018-09-13 07:21:45', NULL),
(66, 'hatemel79@gmail.com', '315', 'ba154d7053f2208458ec957dfaba3e7ecd9faf4969edf71482a9088af644010d', '966540428519', 5, 'حاتم عبد الخالق حمودة البهنسي', 'Hatem Abdelkhalek Hamouda Elbahnasy', NULL, NULL, 2, '2018-09-18 23:30:56', '2018-09-18 23:32:14', 1, '2018-03-27 10:40:13', 3, '2018-09-13 07:32:15', NULL),
(67, 'Alymahmoud191@gmail.com', '314', 'cfbb4d622c167cadfca445d9ac4cd1b88165d597608e2b2384605ffa6359aaf3', '966557628760', 5, 'محمود على عبدالحميد حسانين', 'Mahmoud Aly Abdel hammed Hassanien', NULL, NULL, 3, '2018-09-21 23:05:36', '2018-09-21 23:05:50', 1, '2018-03-27 10:40:25', 3, '2018-09-21 22:45:25', NULL),
(68, 'mhmshm77@gmail.com', '321', '98912fcbe010cbff8dc56068814d41e4a1a7ce5f09a0d80852b0404bdb57353e', '966583230496', 5, 'سعد محمد الشربيني محمد', 'saad mohamed Elsherbini mohamed', NULL, NULL, 2, '2018-09-18 08:03:39', '2018-09-18 08:03:43', 1, '2018-03-27 10:40:38', 3, '2018-09-16 09:01:25', NULL),
(69, 'hussingomaamohamed@gmail.com', '116', 'aa7c3fa90ef7c47e46a2dfe1a2cdfaab2f266e437845078dcca0b6303323e15b', '966557514532', 5, 'حسين جمعة محمد محمد', 'hussein gomaa mohamed mohamed', NULL, NULL, 6, '2019-02-18 21:03:03', '2019-02-18 23:06:37', 1, '2018-03-27 10:40:51', 3, '2018-09-13 07:19:32', NULL),
(70, 'ahmedsaidalimando@gmail.com', '312', '01b7c72aca3af87b5b914340a64feed73cf3af8bbff600322df9c8ee96240981', '9665577585424', 5, 'أحمد سعيد محمد علي', 'Ahmed Said Mohammed Ali', NULL, NULL, 0, NULL, NULL, 1, '2018-03-27 10:41:09', 3, '2018-09-13 07:29:20', NULL),
(71, 'abujihad609@gmail.com', '208', '1ee67c5e91cfc145d6f84f264da59040ac3ec8e1d87c44442430682ccdbcff66', '966557605978', 5, 'منتصر النقراشى على عبدالرحمن', 'montasar elnukrashy ali abdelrahman', NULL, NULL, 0, NULL, NULL, 1, '2018-03-27 10:41:19', 3, '2018-09-13 07:43:25', NULL),
(72, 'waliedscience@gmail.com', '118', '1ef68a67e26e03a8df4e6af8d396386b0a3518588c9440ebc6a3d099f2b9965e', '966557611415', 5, 'وليد  محمد سيد محمد', 'walid mohamed sayed mohamed', NULL, NULL, 2, '2018-11-15 10:05:26', '2018-11-15 10:06:20', 1, '2018-03-27 10:41:34', 3, '2018-09-13 07:21:08', NULL),
(73, 'Pink-flower28@hotmail.com', '406', 'faa2b4f2627fe9cc27ece1e0e6d87141a919d1235f712ea0b96cb878736653af', '966566043940', 4, 'منيرة فيصل عوظه الدرار', 'Munira Faisal Ouda Al derer', NULL, NULL, 3, '2018-06-04 13:53:45', '2018-06-04 14:20:09', 1, '2018-03-27 10:47:25', 79, '2018-07-28 17:14:20', NULL),
(74, 'tareq@gmail.com', 'TareqSafi', 'c9da0fcda242e821f2b7b8f3c4b016a8de4de133a92db87247f4930f3858d64f', NULL, 1, 'طارق صافي', 'Tareq Safi', NULL, NULL, 4, '2018-06-07 12:32:52', '2018-06-07 12:34:40', 1, '2018-03-28 10:18:16', NULL, NULL, NULL),
(75, 'tameez@gmail.com', 'adharas3109', 'c98b8aecb9f97882ff85cf97de4c2f3e23800963bfc4d15db446a5cbb5d91870', '0555493180', 1, 'عبدالله عضرس', 'عبدالله عضرس', NULL, NULL, 41, '2018-06-06 14:48:33', '2018-06-06 14:57:13', 1, '2018-05-16 13:08:50', 75, '2018-06-06 14:51:54', NULL),
(77, 'znevr1@gmail.com', '100', 'c9da0fcda242e821f2b7b8f3c4b016a8de4de133a92db87247f4930f3858d64f', '966503734103', 2, 'متعب عوضه سعد ال بوزنيفر الشهراني', 'metab owda saad al boznevr elshhrany', NULL, NULL, 5, '2018-09-08 19:19:56', '2018-09-08 19:20:20', 75, '2018-06-05 16:34:28', 79, '2018-08-13 20:36:34', NULL),
(78, 'loveesraa50@yahoo.com', '101', '2a7306473ab2396f4d84c84f784980c967f57859e4062db88fab39a9b41a3b65', NULL, 5, 'عبدالوهاب محمد  سعد ال طزاء الشهراني', 'abdelwhab mohamed saed el tyzaa elshhrany', NULL, NULL, 2, '2018-08-22 16:01:05', '2018-08-22 16:01:32', 75, '2018-06-05 16:36:09', 79, '2018-08-22 16:00:52', NULL),
(79, 'tamezsch@gmail.com', '1011561089', 'ca08cf4716e1c2a654ab114cd6931303ba2d75fe287036364164d4e25012bfd8', '1011561089', 1, 'عبدالله  سعيد غانم الشهراني', 'abdallah saed ghanm elshhrany', NULL, NULL, 156, '2019-09-30 16:38:18', '2019-09-30 16:57:25', 75, '2018-06-05 16:44:20', 79, '2018-06-07 00:19:29', NULL),
(80, 'ahmedaliisa50@gmail.com', '303', '1ee67c5e91cfc145d6f84f264da59040ac3ec8e1d87c44442430682ccdbcff66', '966562687782', 5, 'أحمد  علي فتحي عيسى', 'ahmed ali fathy issa', NULL, NULL, 1, '2018-06-06 15:05:49', '2018-06-06 15:06:06', 79, '2018-06-06 15:04:03', 3, '2018-09-13 07:24:40', NULL),
(81, 'loveesraa50@yahoo.com', '2', '162389876ed1e34bbbf560a6485f34b0eec7e94d61092b30624445cc9b9a1eca', '966541397333', 5, 'علي محمد علي مبشر القرني', 'ali mohamed ali mobashr elkarny', NULL, NULL, 0, NULL, NULL, 79, '2018-06-06 15:15:37', 79, '2018-07-28 11:57:15', NULL),
(82, 'loveesraa50@yahoo.com', '24', '26b59831dedd9b974aded390e9102b684d45f98da26a1dbbdcc73201edd1de35', '966572274657', 5, 'اطهر كمال اطهر عينن الحسن', 'athar kamal athar aen elhasn', NULL, NULL, 0, NULL, NULL, 79, '2018-06-06 15:18:15', 79, '2018-07-28 12:10:24', NULL),
(83, 'loveesraa50@ayhoo.com', '20', '1118f7c79753e58acb141d10026579295c1f03e5edb4d540c0064018db9f18f6', '966570486348', 5, 'محمد عزام محمد احمد', 'mohamed azam mohamed ahmed', NULL, NULL, 2, '2018-09-11 08:24:58', '2018-09-11 08:25:13', 79, '2018-06-06 15:19:58', 79, '2018-07-28 12:07:12', NULL),
(84, 'loveesraa50@yahoo.com', '23', '7d8b175f54643ca7e4cb02c2cfcd351a69c8aa050b1fa16a2e49043d92b09d14', '966599881580', 5, 'محمد زبير محمد هارون', 'mohamed zober mohamed haron', NULL, NULL, 0, NULL, NULL, 79, '2018-06-06 15:23:18', 79, '2018-07-28 12:09:36', NULL),
(85, 'loveesraa50@yahoo.com', '26', '0324ffd3046773f46854c842fbbe4fe6cd3cf20f2343d71e14fc3081bfb913de', '966590074179', 5, 'جيانغير اكتار اكتار حسين', 'geyangher aktar aktar husen', NULL, NULL, 1, '2018-07-28 17:24:51', '2018-07-28 17:25:05', 79, '2018-06-06 15:24:53', 79, '2018-07-28 12:12:32', NULL),
(86, 'loveesraa50@yahoo.com', '25', '5bb8490aafe1c8bc8abb66d7b7e5b25c95e0085f99e947523701c4290826fcd2', '966570904252', 5, 'سعيد عاشور عاشور عاشور', 'saed ashour ashour ashour', NULL, NULL, 0, NULL, NULL, 79, '2018-06-06 15:26:21', 79, '2018-07-28 12:11:40', NULL),
(87, 'loveesraa50@yahoo.com', '21', '4b7b629fbb85d6ff2794c2a20317b3eabb2a17e82e2af59353b3185bfcd9f506', '966593546397', 5, 'محمد احمد محمد صديق', 'mohamed ahmed mohamed sdek', NULL, NULL, 1, '2018-09-11 08:25:37', '2018-09-11 08:25:38', 79, '2018-06-06 15:30:14', 79, '2018-07-28 12:07:59', NULL),
(88, 'loveesraa50@yahoo.com', '28', '5cc48e3b05dded6a058f0f31af3dbbdf4e0fddd88970cc546f13348a980e59e0', '966594197729', 5, 'شكيل احمد عبدالحميد عبدالحميد', 'shakel ahmed abdelhamid abdelhamid', NULL, NULL, 0, NULL, NULL, 79, '2018-06-06 15:31:44', 79, '2018-07-28 12:14:34', NULL),
(89, 'loveesraa50@yahoo.com', '29', '18e01a8acaabf1d530f724a14fee581ab201e54122a016dada7bfe58aa677437', '966598781574', 5, 'فايز محمد دوست دوست', 'fayz mohamed dost dost', NULL, NULL, 1, '2018-09-11 08:12:05', '2018-09-11 08:13:17', 79, '2018-06-06 15:33:08', 79, '2018-07-28 12:15:15', NULL),
(90, 'loveesraa50@yahoo.com', '30', '36926463b832dd0e292602ffbb9bc74a7dc4e813c64d01b4c5a7ea82445a764a', '966597446344', 5, 'بخيت  زاد صوابت خان', 'bakhet zad swabt khan', NULL, NULL, 1, '2018-09-11 08:14:11', '2018-09-11 08:14:36', 79, '2018-06-06 15:35:01', 79, '2018-07-28 12:15:49', NULL),
(91, 'loveesraa50@yahoo.com', '31', '20cb496325752cdf28a84ce1ab4819ff4b8aaa085ac31da6dce5ac6904ae6012', '966554170509', 5, 'ريفول مياه عبدالغفار عبدالغفار', 'refoul meyah abdelghfuor abdelghfuo', NULL, NULL, 0, NULL, NULL, 79, '2018-06-06 15:39:38', 79, '2018-07-28 12:16:26', NULL),
(92, 'loveesraa50@yahoo.com', '32', '8f36c2be66e0cc914a3e5f066f4ccd7a0394e85cc7341a74ae4466d17d598fd8', '966530967557', 5, 'مصباح الرحمن الرحمن الرحمن', 'mesbah elrahman elrhman elrhman', NULL, NULL, 0, NULL, NULL, 79, '2018-06-06 15:41:45', 79, '2018-07-28 12:17:03', NULL),
(93, 'loveesraa50@yahoo.com', '22', 'ac7d9efd69b66872438acf63f03f03e35eedb6fd9e37427767fc55d7ae0b7dac', '966501298291', 5, 'محمد عبدالفضيل عبدالرحيم احمد', 'mohamed abdelfadel abdelrhem ahmed', NULL, NULL, 0, NULL, NULL, 79, '2018-06-06 15:43:42', 79, '2018-07-28 12:08:58', NULL),
(94, 'loveesraa50@yahoo.com', '12', 'ed2718bcb482f28d16afa66b9adc79497dc0524af60f6f7b9c3e55e7acdc5331', '966542052734', 5, 'مصطفي حسن عبدالنبي متولي', 'mosafa hasan abd elnaby mtwly', NULL, NULL, 7, '2018-09-19 09:48:46', '2018-09-19 09:50:04', 79, '2018-06-06 15:50:18', 79, '2018-09-19 09:48:42', NULL),
(95, 'loveesraa50@yahoo.com', '513', '440d42157bd1d1606797e5ac58b3a7866b06427c199b2428214b9fd3e2c41dcb', '966557090326', 5, 'اسماء علي عبدالله ال سحيم', 'asmaa ali abdallah el sehm', NULL, NULL, 0, NULL, NULL, 79, '2018-06-06 15:52:39', 79, '2018-07-28 17:08:56', NULL),
(96, 'loveesraa50@yahoo.com', '311', 'cfca9ba038b837e3ce7dcf735a027a286cb707a87660c6ac65ef1a26e2ee3c19', '966557376009', 5, 'رضا عيد عبدالعزيز الحسيني', 'reda eid abdelaziz elhosyny', NULL, NULL, 0, NULL, NULL, 79, '2018-06-06 15:54:11', 3, '2018-09-13 07:28:49', NULL),
(97, 'loveesraa50@yahoo.com', '15', 'b05e0fb42c243b201eb28d65277c7b645daa20af2912282dc99013db6865362b', '966550802706', 5, 'معاويه محمد حسان سيد', 'mawya mohmed hasan sayd', NULL, NULL, 1, '2018-09-11 08:23:42', '2018-09-11 08:23:43', 79, '2018-06-06 16:12:02', 79, '2018-07-28 12:05:39', NULL),
(98, 'loveesraa50@yahoo.com', '410', '6e8e4d03b5f76584a7ca504ef12b962bd0d753b047442ebbf1b5988763833388', '966502236273', 5, 'مرام  سعيد ال زميع الشهراني', 'maram saed el zmea elshrany', NULL, NULL, 0, NULL, NULL, 79, '2018-06-06 16:14:30', 79, '2018-07-28 17:09:17', NULL),
(99, 'loveesraa50@yahoo.com', '413', 'a756575029c4ea5fb55f0ffe6626da7127e30d2dd12d0be7a6e9ea6937b10915', '966538856953', 5, 'اروي محمد ناصر ال منصور العلياني', 'arwa mohamed nasr al mansor elaleyany', NULL, NULL, 0, NULL, NULL, 79, '2018-06-06 16:16:30', 79, '2018-07-28 17:09:41', NULL),
(100, 'loveesraa50@yahoo.com', '412', '38ac4afe6537ea43ce5d15da262fa801c521233d0f9cd6698e36c073352a5db7', '966565131954', 5, 'مرام محمد شبيلى فراج الشهري', 'mram mohamed shbely frag elshhry', NULL, NULL, 0, NULL, NULL, 79, '2018-06-06 16:20:20', 79, '2018-07-28 17:10:02', NULL),
(101, 'loveesraa50@yahoo.com', '212', '5f741edaa1eb449d29bc6e46ec18de5ce06dbdff582280dbeef75b2d04013452', '966535379685', 5, 'احمد محمد ابراهيم الصبيحي الهلالي', 'ahmed mohamed ebrahim elsbehy elhalaly', NULL, NULL, 0, NULL, NULL, 79, '2018-06-06 16:24:27', 3, '2018-09-13 07:54:41', NULL),
(102, 'loveesraa50@yahoo.com', '411', 'e28252f98c7dd715698b99a037996007c1b06ca229178339be1c44d86431576f', '966532588820', 5, 'صباح محمد محمد عبدالله', 'sabah mohamed mohamed abdallah', NULL, NULL, 0, NULL, NULL, 79, '2018-06-06 16:28:50', 79, '2018-07-28 17:10:21', NULL),
(103, 'loveesraa50@yahoo.com', '503', 'c027681c601a4738d97aa96048143193e43e25b4d3077e80586b9e8b3ece434b', '966542392220', 5, 'العنود سفر زميع الشهراني', 'elanod safr zmea elshahrany', NULL, NULL, 1, '2018-07-31 11:09:01', '2018-07-31 11:09:05', 79, '2018-06-06 16:31:12', 79, '2018-07-28 17:10:49', NULL),
(104, 'loveesraa50@yahoo.com', '322', '61d83caf142d4d36ecb0c354fe4ce4ea941b741039b0dadd7524f93fc8c376f9', '966558221134', 5, 'عبدالاله فهد محمد الشهري', 'abdaleah fahd mohamed elshhry', NULL, NULL, 0, NULL, NULL, 79, '2018-06-06 16:32:56', 3, '2018-09-13 07:35:42', NULL),
(105, 'loveesraa50@yahoo.com', '211', 'ec6f73bb5f8ec4a846cd4cd80db37e612ad1c5ec395e32b6e83353701627ffd5', '966559393470', 5, 'ياسر حمدي ناصر الشهراني', 'yaser hamy nasr elsharany', NULL, NULL, 0, NULL, NULL, 79, '2018-06-06 16:34:27', 3, '2018-09-13 07:44:50', NULL),
(106, 'lovesraa50@yahoo.com', '309', '1c3f8dd4dd93183aa9e14be67747e950323e1560f66f41b43d0e9ae0527c3b4d', '966541967509', 5, 'محمد عابدين حسين محمد', 'mohamed abden hesen mohamed', NULL, NULL, 0, NULL, NULL, 79, '2018-06-06 16:37:05', 3, '2018-09-13 07:27:48', NULL),
(107, 'loveesraa50@yahoo.com', '320', 'e172a6dee5bb2282e8de70bfdb0512265107906b9aa23ba7c317e239e10bd7a6', '966532392536', 5, 'علي مفلح علي الشهراني', 'ali meflh ali elshahrany', NULL, NULL, 0, NULL, NULL, 79, '2018-06-06 16:38:26', 3, '2018-09-13 07:34:19', NULL),
(108, 'loveesraa50@yahoo.com', '306', '86797a26c4eacff2eedfacdba17999dc9173715eb40d08c6c1f656f90bda5e2f', '966583176042', 5, 'حاتم فهمي محمد متولي', 'hatem fahmy mohamed metwly', NULL, NULL, 2, '2018-09-19 08:00:38', '2018-09-19 08:00:48', 79, '2018-06-06 16:39:56', 3, '2018-09-13 07:25:42', NULL),
(109, 'loveesraa50@yahoo.com', '105', '56ac20e617f86d3a9e213121d94c6f8d26e0f33f614b9b7e0e94818b2f231a67', '966543914749', 5, 'ويده سالم علي سليمان', 'weda salm ali sleman', NULL, NULL, 1, '2018-09-16 22:09:57', '2018-09-16 22:10:34', 79, '2018-06-06 16:42:16', 3, '2018-09-13 07:10:25', NULL),
(110, 'loveesraa50@yahoo.com', '202', '96ff94f23a948ff8d6090d4a7dbe0317626f16bfb42a78c05ab696f3b1a632d7', '966556554143', 5, 'احمد سعيد عوض الاحمري', 'ahmed saed awed elahmry', NULL, NULL, 2, '2018-11-04 07:11:05', '2018-11-04 07:12:24', 79, '2018-06-06 16:45:00', 79, '2018-09-10 09:50:16', NULL),
(111, 'loveesraa50@yahoo.com', '11', 'c9da0fcda242e821f2b7b8f3c4b016a8de4de133a92db87247f4930f3858d64f', '966508019150', 5, 'مجدي عبدالعزيز عفيفي جودة', 'magdy abdelazyz afify goda', NULL, NULL, 7, '2018-09-18 13:27:01', '2018-09-18 13:28:33', 79, '2018-06-06 16:47:36', 79, '2018-08-13 20:26:32', NULL),
(112, 'loveesraa50@yahoo.com', '304', '64f32d8535731924315409a6fad541ddc460469920941196ddb4809c5e61672a', '966557355099', 5, 'يحي غرامة يحي عسيري', 'yheha ghrama yheha asery', NULL, NULL, 0, NULL, NULL, 79, '2018-06-06 16:49:31', 79, '2018-07-28 16:49:10', NULL),
(113, 'loveesraa50@yahoo.com', '302', 'fdc178d7d938e9433f46c623463051f4d4ec5bb15a04764d3bea0d681010b613', '966502178947', 5, 'عبدالرحمن  خالد سعيد ال مناع الشهراني', 'abdelrhman khaled saed el manaa elsharany', NULL, NULL, 0, NULL, NULL, 79, '2018-06-06 16:52:14', 79, '2018-07-28 16:47:33', NULL),
(114, 'loveesraa50@yahoo.com', '318', '78b0691b2c14a08feb3fb35aadb5cf6047522356fd740d400bb73dcd9950d20f', '966583755572', 5, 'عبدالاله سعيد محمد زهدم', 'abdalelah saed mohamed zhdom', NULL, NULL, 0, NULL, NULL, 79, '2018-06-06 16:57:11', 3, '2018-09-13 07:33:43', NULL),
(115, 'loveesraa50@yahoo.com', '308', '0cfd8604e2fd21b9c95045d81dd482d49b7fec98d96ae073bd54ca4c343b7e96', '966593680289', 5, 'كامل صلاح عبدالحميد عبدالمجيد', 'kamel salah abd elhmied abd elmaged', NULL, NULL, 0, NULL, NULL, 79, '2018-06-06 22:50:32', 3, '2018-09-13 07:26:45', NULL),
(116, 'loveesraa50@yahoo.com', '3', '7b3154c2aa6e5f3beb87aa45536cd98a4c84c6a1227e34124f4a7b13e17a1fc1', '966556582849', 5, 'سلمان عويض عمير الشهري', 'salman awed amer alshry', NULL, NULL, 0, NULL, NULL, 79, '2018-06-06 22:58:38', 79, '2018-07-28 11:58:22', NULL),
(117, 'loveesraa50@yahoo.com', '403', '8298ac652a628dc030fd0d384c14829f766a4d82311fe1d592aa0917be31cd9d', '966501649612', 5, 'أسماء مبارك على ال صقر', 'asmaa moubark ali al saker', NULL, NULL, 0, NULL, NULL, 79, '2018-06-06 23:07:37', 79, '2018-07-28 17:12:40', NULL),
(118, 'loveesraa50@yahoo.com', '404', 'd9df78b82f432cc277715159d097204b973aa44028bc1e84844ea5fa35feb729', '966551185658', 5, 'عهود   سعيد محمد النعيمي', 'ahod saed mohamed el naaemy', NULL, NULL, 1, '2018-08-13 20:48:33', '2018-08-13 20:48:47', 79, '2018-06-06 23:11:51', 79, '2018-07-28 17:13:01', NULL),
(119, 'loveesraa@yahoo.com', '405', '169bef2a38ffac379ef5e32e7e696c27c412b0e949952ad87ab97a4ec7f232b5', '966500216271', 5, 'زهراء سالم محمد القحطاني', 'zahra salem mohamed elkahtany', NULL, NULL, 0, NULL, NULL, 79, '2018-06-06 23:14:16', 79, '2018-07-28 17:13:31', NULL),
(120, 'loveesraa50@yahoo.com', '319', '873dfda577f32bc4bf44cd24c3e0e72a125e77a84acd7a3e5d2e9ac8e7d57f11', '966557516334', 5, 'ابراهيم  سعيد  جافل الشهراني', 'ebrahim saed gafel elsharany', NULL, NULL, 0, NULL, NULL, 79, '2018-06-06 23:17:04', 79, '2018-07-28 16:54:33', NULL),
(121, 'loveesraa50@yahoo.com', '205', 'fd9dc1ed1f247a169263a323aa23f460f39e202c541a8f375e023dd157ea34d8', '9665595676810', 5, 'عبدالله  محمد  محمود ابراهيم ', 'abdallah mohamed mahmoud ebrahim', NULL, NULL, 0, NULL, NULL, 79, '2018-06-06 23:21:18', 3, '2018-09-13 07:41:31', NULL),
(122, 'loveesraa50@yahoo.com', '50', 'a5b97935f74cd5b934a0fb82a3859c59c61a8e0bff6136267b14cf5e8d3cc0d5', '966505493180', 5, 'زينة  علي علي أبو سحيم', 'zena ali ali abo sehem', NULL, NULL, 0, NULL, NULL, 79, '2018-06-06 23:32:19', 79, '2018-07-28 12:17:54', NULL),
(123, 'loveesraa50@yahoo.com', '500', '4b390fa0b639dfc5303c6af56d0d6c007f1f182a4d40e943d5123b974e554466', '966582979888', 5, 'أسماء  سفر  عايض  زميع', 'asmaa safar ayid zmea', NULL, NULL, 0, NULL, NULL, 79, '2018-06-06 23:35:46', 79, '2018-07-28 17:13:59', NULL),
(124, 'loveesraa50@yahoo.com', '51', 'ae23a72eb2f032dbdb58a72b6def09ed602b9031c4f09bb5e1a93a44e610cf01', '966536675444', 5, 'أمل  سفر عايض زميع', 'aml safar ayid zmea', NULL, NULL, 1, '2018-08-22 15:49:31', '2018-08-22 15:49:54', 79, '2018-06-06 23:42:47', 79, '2018-08-22 15:49:13', NULL),
(125, 'dsfdsf@yahoo.com', '4545', '2fdabe6cad5515e326c7a692949a5b163314be0480e740563c5fd13f4645de99', '966444555666', 5, 'محمود لالبي', 'abd elr mohamed', NULL, NULL, 0, NULL, NULL, 3, '2018-09-10 19:21:07', 3, '2018-09-13 07:18:23', NULL),
(126, 'adawdA@YAHOO.COM', 'ksdfrsde', '19000fe4edcbed86c1eb289841772b8ac2b1d0598d9d76c85cf91f7d0446ce66', '0966555555555', 5, 'يباسلابل', 'ahmed salah ebd elghany', NULL, NULL, 0, NULL, NULL, 3, '2018-09-10 19:23:16', 79, '2018-09-11 07:26:16', NULL),
(127, 'hamesa.2017@gmail.com', '120', '2c9b90ff4c6b759592704b1a4dfce894bb793ce9a1cb331d88dce57d8f49d6f6', NULL, 5, 'احمد صلاح عبدالغنى هميسه', 'AHMED SAHAH ABDEHGNY HAMESA', NULL, NULL, 4, '2018-09-18 11:04:06', '2018-09-18 11:16:05', 79, '2018-09-11 07:25:03', 3, '2018-09-13 07:22:44', NULL),
(128, 'lovejesraa50@yahoo.com', '114', '2b192e7a3b83731d5fd8445036280fac7e848cbeacd2fa49613fe354c890e72f', '0966555555555', 5, 'عبد الكريم محمد جابر محمد', 'abd elkreem mohamed gaber mohamed', NULL, NULL, 2, '2018-09-17 10:15:04', '2018-09-17 10:15:27', 3, '2018-09-15 17:21:38', NULL, NULL, NULL),
(129, 'loveesriuaa50@yahoo.com', '121', '663fe03fabdf8a3a638e8cdc9ab7c912d7c46b8bf0a02516479f763cafe53e93', '966550000900', 5, 'محمد جمعه سنوسي محمد', 'mohamed gomaa snosy mohamed', NULL, NULL, 10, '2019-03-03 08:47:23', '2019-03-03 08:47:27', 3, '2018-09-15 17:23:18', NULL, NULL, NULL),
(130, 'ashrafa4b1980@gmail.com', '123', '7361fcdd1fd23cf11e8aae1c372f2a059d0457c1c6508909bc0b3ecb0a7db6da', '966557000000', 5, 'علي عبده حيدان الأسمري', 'ali abdo hedan', NULL, NULL, 1, '2018-10-20 14:23:52', '2018-10-20 14:25:05', 3, '2018-09-15 17:24:55', NULL, NULL, NULL),
(131, 'ashrakfab1980@gmail.com', '124', 'f7906ec83d9203bf9e2d8d02b37cfcace9ef8a56ee78131d2e88395b368135f5', '96656528100', 5, 'عبدالله سويلم فايز الشهري', 'abdalla swailam fayez', NULL, NULL, 0, NULL, NULL, 3, '2018-09-15 17:28:18', NULL, NULL, NULL),
(132, 'ashra2fab1980@gmail.com', '317', 'a2af0d3910d9b29508fe19e8fcaa2f3bb4030dd5e67e4fc1759c5cb4ab4e06ca', '966560500366', 5, 'محم علي محمد آل حبشان', 'mohamed ali mohamed', NULL, NULL, 0, NULL, NULL, 3, '2018-09-15 17:31:05', NULL, NULL, NULL),
(133, 'lov1eesraa50@yahoo.com', '323', '066a504b6c685257b84ba8f4a9cc54d1c0c1d6041dbe3d71b2252dbf9eddbc05', '966550006397', 5, 'رامي بسيوني فتح الله الجباري', 'ramy basyouny', NULL, NULL, 4, '2018-12-20 06:57:11', '2018-12-20 06:57:28', 3, '2018-09-15 17:33:42', NULL, NULL, NULL),
(134, 'ashraf2ab1980@gmail.com', '324', '4c56268a368fca93def39e3d1eecd370f5f497d09afaba29633d801d556dc7bc', '966530000689', 5, 'عبدالرحمن ربيع محمد محمد', 'abd elrahman rabeea mohamed', NULL, NULL, 0, NULL, NULL, 3, '2018-09-15 17:35:03', NULL, NULL, NULL),
(135, 'loveesra1a50@yahoo.com', '326', 'ac28831c6ff50c17321d32b466342ee9855b021f0618b58f414ae1a2ac6083ee', '966557106000', 5, 'اسلام جمال عبدالله حسن', 'islam gamal abdallah hassan', NULL, NULL, 0, NULL, NULL, 3, '2018-09-15 17:36:53', NULL, NULL, NULL),
(136, 'loveesr4450@yahoo.com', '327', '4cbe1b36a5148e79d4864ba099fa99b73dd2358156d01698bff10cd614d921de', '966557100000', 5, 'فهد عويض عمير الاثلي الشهري', 'fahd awid alasly', NULL, NULL, 0, NULL, NULL, 3, '2018-09-15 17:39:07', NULL, NULL, NULL),
(137, 'loveesraa500@yahoo.com', '328', 'fd9dc1ed1f247a169263a323aa23f460f39e202c541a8f375e023dd157ea34d8', '966547106397', 5, 'السيد فضل سليمان عبدالحافظ', 'elsaid fadl soliman', NULL, NULL, 2, '2018-09-19 11:03:55', '2018-09-19 11:05:03', 3, '2018-09-15 17:40:35', NULL, NULL, NULL);

-- --------------------------------------------------------

--
-- Table structure for table `users_files`
--

CREATE TABLE `users_files` (
  `id` int(11) UNSIGNED NOT NULL,
  `file_path` varchar(255) DEFAULT NULL,
  `description_ar` varchar(255) DEFAULT NULL,
  `description_en` varchar(255) DEFAULT NULL,
  `date_to_delete` date DEFAULT NULL,
  `Created_by` int(11) UNSIGNED DEFAULT NULL COMMENT 'ref to ''users''',
  `Created_date` datetime DEFAULT NULL,
  `last_update_by` int(11) UNSIGNED DEFAULT NULL COMMENT 'ref to ''users''',
  `last_update_date` datetime DEFAULT NULL,
  `is_deleted` tinyint(4) UNSIGNED DEFAULT NULL
) ENGINE=InnoDB DEFAULT CHARSET=utf8 COMMENT='محفظة الملفات الخاصة بالمستخدمين' ROW_FORMAT=COMPACT;

-- --------------------------------------------------------

--
-- Table structure for table `users_group`
--

CREATE TABLE `users_group` (
  `id` int(11) UNSIGNED NOT NULL,
  `name_ar` varchar(255) DEFAULT NULL,
  `name_en` varchar(255) DEFAULT NULL,
  `shortcut` char(50) DEFAULT NULL
) ENGINE=InnoDB DEFAULT CHARSET=utf8;

--
-- Dumping data for table `users_group`
--

INSERT INTO `users_group` (`id`, `name_ar`, `name_en`, `shortcut`) VALUES
(1, 'مدير عام', 'General Manger', 'G'),
(2, 'مدير محدود الصلاحيات', 'Limited permissions user', 'L'),
(3, 'طالب', 'Student', 'S'),
(4, 'معلم', 'Teacher', 'T'),
(5, 'موظف', 'Employee', 'E');

-- --------------------------------------------------------

--
-- Table structure for table `user_tokens`
--

CREATE TABLE `user_tokens` (
  `id` int(11) UNSIGNED NOT NULL,
  `user_id` int(11) UNSIGNED DEFAULT NULL COMMENT 'ref to ''users''',
  `user_agent` varchar(40) DEFAULT NULL,
  `token` varchar(40) DEFAULT NULL,
  `type` varchar(100) DEFAULT NULL,
  `created` int(10) UNSIGNED DEFAULT NULL,
  `expires` int(10) UNSIGNED DEFAULT NULL
) ENGINE=InnoDB DEFAULT CHARSET=utf8;

--
-- Dumping data for table `user_tokens`
--

INSERT INTO `user_tokens` (`id`, `user_id`, `user_agent`, `token`, `type`, `created`, `expires`) VALUES
(32, 1, 'e4e5902fc42ad5e198b207d76af1d82e7056cb82', '3c2b5b5a21930826ac1db05170ce36008f2585e6', NULL, 1502021963, 1524117963),
(33, 1, 'e4e5902fc42ad5e198b207d76af1d82e7056cb82', '13307be9241d4fa9856d5c58e3235d96f37dd3ec', NULL, 1502021965, 1524117965),
(35, 1, 'b08bb497760becaba0e3a08ca5036a12a3ff58c9', '65c5515e3f938ad61a9249a28ac4047de11fbabf', NULL, 1502783124, 1524879124),
(60, 1, '016d425a301ffee20ddbbf2e8fbe5dc4b840177c', '1aedbd0ee08ae07c1b9a350fbc519ef82df83cdc', NULL, 1513876112, 1535972112),
(61, 1, '8114f38f8b9fcdd904000300ade79a67b873316d', '3fef6e73b8ee94482bb22d7a3b7405f73332eca8', NULL, 1520502693, 1542598693),
(62, 1, '93ae55da8e62f12a0fcb899c87fec65a9a7e7b3d', '00c6dca0acbda71cc9b877f32e1f1720034a5e24', NULL, 1521565775, 1543661775),
(63, 1, '4095a3f8cd8d8cdca3022adf1992be3133aea95d', 'c32f1e0b9e3ced9ced4b9ef4e98f2811a171777c', NULL, 1534053063, 1556149063),
(64, 79, '5cf825c17f370b703aafba385b8f23cc31447935', 'd8cbb57ebe69e8cb70e847b5c87c8755f11df1dc', NULL, 1535527086, 1557623086),
(65, 33, '45a086d8d2815d1e5697137d61433e318763b532', '8f2bb7d1665e265f8a83eb1c548c6acaffca635c', NULL, 1536423508, 1558519508),
(67, 3, '5cf825c17f370b703aafba385b8f23cc31447935', '909648389c279db8cd69840551ce8df324c5c130', NULL, 1536811617, 1558907617),
(69, 37, '9268d6676ae17b0ad7c575ae1c88b258d270e618', 'db90018e56e48fc80c3f91d0a34ee11f7f9076a3', NULL, 1537161471, 1559257471),
(70, 37, '5cf825c17f370b703aafba385b8f23cc31447935', '3b596bc6cecdb4988c794ffb740062f2a047f5a6', NULL, 1537161726, 1559257726),
(71, 27, 'cc032be14477ea206b4f1f50ab9ca5b31f449ba1', '8ab5ac0b6737aa624aebe7b9ce48de47ed25e8c6', NULL, 1537162081, 1559258081),
(72, 51, 'f89688380f162addd43fa6ff3e64dda3e89224c5', '60fcecdad8a0ecf3ee9df45c69121afb59add575', NULL, 1537173690, 1559269690),
(73, 133, '204d168c27d86d21f09d94c819f799a07ecafe79', 'a407c22e6e76484ad94bfcb1291fd7ea007fe9c7', NULL, 1537249465, 1559345465),
(74, 137, '06b58e7538d388686a8a1d344d26bef2338c6d63', 'b196de51f772a0c7ccb73a3ebaba382d73f54fa9', NULL, 1537252716, 1559348716),
(75, 66, '5cf825c17f370b703aafba385b8f23cc31447935', '013b57f4688dce4a12943234576e8659247f522c', NULL, 1537302656, 1559398656),
(76, 27, 'acc4966b71a11770ae1eaf25b4d0fdeb573e995d', '1bec76a611e66980e797033b70b51e9b4e30916e', NULL, 1537347169, 1559443169),
(77, 129, '4bae2729b3586f54aae316c7ced7252fdd3ec57a', '0e7f4d1056a6759f7131280f73587307caffe3e4', NULL, 1537559752, 1559655752),
(78, 129, '4bae2729b3586f54aae316c7ced7252fdd3ec57a', '616b4bb6f43add8bab67650e469ca1ffe3722a7a', NULL, 1537559754, 1559655754),
(79, 1, '3ec3903e1c4e9c517d08c76e9284eebbd98dec85', '2865b35204a0a467380bf51e5c89b7ea3f46b3bd', NULL, 1542529470, 1564625470),
(80, 3, '521e757227147e38de15fb2ad69ecebd8bc22c1b', '0566f66ea163561e97337c128e8ddd0d7433a4eb', NULL, 1543465634, 1565561634),
(81, 3, '521e757227147e38de15fb2ad69ecebd8bc22c1b', '18f2a2af60c426969728b4490fb736c6d5f7e773', NULL, 1543508724, 1565604724),
(82, 63, 'bba7804186a0722aed4e39171b5adb1898c6e66a', 'f3f44e3ea72e90d698f781ee1b927ba03949836f', NULL, 1544987724, 1567083724),
(83, 1, '526c128160b99bde962deaec266d3dfbb4fd2ce3', 'e5b7f49cde33cb7095e09e49b1d017c84cbaed06', NULL, 1545012598, 1567108598),
(84, 3, '12d3253598fc9814a29234b1c08c48fa1ebada46', 'bea9034bb1725965f7ff5c241d5c7b96115fe146', NULL, 1545109944, 1567205944);

-- --------------------------------------------------------

--
-- Table structure for table `variables`
--

CREATE TABLE `variables` (
  `id` bigint(20) UNSIGNED NOT NULL,
  `descriptions` varchar(255) DEFAULT NULL,
  `value` varchar(255) DEFAULT NULL,
  `value_ar` varchar(255) DEFAULT NULL,
  `value_en` varchar(255) DEFAULT NULL,
  `img` varchar(255) DEFAULT NULL,
  `text_ar` text,
  `text_en` text
) ENGINE=InnoDB DEFAULT CHARSET=utf8 ROW_FORMAT=COMPACT;

--
-- Dumping data for table `variables`
--

INSERT INTO `variables` (`id`, `descriptions`, `value`, `value_ar`, `value_en`, `img`, `text_ar`, `text_en`) VALUES
(1, 'Logo', 'files/0ioojsi24pbzvylamdoq.png', NULL, NULL, NULL, NULL, NULL),
(2, 'title', '', 'مدارس التميز الإبداعي الأهلية', 'مدارس التميز الإبداعي الأهلية', NULL, NULL, NULL),
(4, 'Phone', '+966 172375999', NULL, NULL, NULL, NULL, NULL),
(5, 'Fax', '+966 17 2376999', NULL, NULL, NULL, NULL, NULL),
(6, 'SMTP_Username', 'info@wyanbu.com', NULL, NULL, NULL, NULL, NULL),
(7, 'SMTP_Password', 'c5&amp;)5lzNs)ae', NULL, NULL, NULL, NULL, NULL),
(8, 'SMTP_Host', 'gator3103.hostgator.com', NULL, NULL, NULL, NULL, NULL),
(9, 'SMTP_Port', '465', NULL, NULL, NULL, NULL, NULL),
(10, 'whatsapp', '0508019150', NULL, NULL, NULL, NULL, NULL),
(11, 'بريد الاشعارات', 'tamezsch@gmail.com', NULL, NULL, NULL, NULL, NULL),
(12, 'site_URL', 'http://tamez-sa.com/', NULL, NULL, NULL, NULL, NULL),
(13, 'Default Language', 'ar', NULL, NULL, NULL, NULL, NULL),
(14, 'keywords', NULL, 'اهلاً وسهلاً بكم', 'اهلاً وسهلاً بكم', NULL, NULL, NULL),
(15, 'Description', NULL, '', '', NULL, NULL, NULL),
(16, 'ساعات الدوام', NULL, 'السبت - الخميس 7 صباحا - 9 مساء', 'Satarday- Thursday 7:00 - 21:00', NULL, NULL, NULL),
(17, 'ساعات الاغلاق', NULL, 'الجمعة  - مغلق', 'Friday - Closed', NULL, NULL, NULL),
(18, 'instagram', 'https://instagram.com/tamezsch11', NULL, NULL, NULL, NULL, NULL),
(19, 'Email', 'tamezsch@gmail.com', NULL, NULL, NULL, NULL, NULL),
(20, '111111111', NULL, NULL, NULL, NULL, NULL, NULL),
(21, 'من نحن بشكل مختصر', NULL, NULL, NULL, NULL, 'مواصفات مدارسنا: المبني المدرسي مبنياً حسب المعايير والمواصفات التي تناسب العملية التعليمية ، و مزوّداً بالأجهزة التعليمية، والغرف الصفية الفسيحة التي توفر التهوية والإضاءة الجيدتين، والملاعب المدرسية، وقاعات أنشطة وغرف مصادر التعلم  ومختبرات علمية  ومعامل حاسب آلي ومعامل لغة انجليزية وغرف توعية فكرية ومسبح ومسرح يتسع لـ 500 فرد  ومطعم  يقد م وجبات صحية للطلاب ، فكلّ هذا يساعد الطالب على حبّ التعلّم والتعليم وعدم الضجر منه بسبب عدم الراحة النفسية، فالمتعلم يريد أن تكون بيئته التعليمية ملائمة لعملية التعلم من جميع الجوانب، حتّى يستطيع الطالب أن يمارس العملية التعليمية بكل راحة وتركيز، وولي الأمر كذلك يتطلع الى أن تكون مدرسة أولاده مثالية، تتوفّر فيها جميع الإمكانيات والموارد المادية، والبشرية والتي تساهم في تحقيق أهداف العلم وأهداف المدرسة .', 'The School of Innovative Excellence is one of the leading companies in the field of education. The School of Innovative Excellence is one of the leading companies in the field of education. Leading Companies in the Field of Education The School of Innovative Excellence is one of the leading companies in the field of education. A pioneer in the field of education The School of Innovative Excellence is one of the leading companies in the field of education. The School of Innovative Excellence is one of the leading companies in the field of education. The School of Innovative Excellence is one of the leading companies in the field of education.'),
(22, '111111111111111', NULL, NULL, NULL, NULL, NULL, NULL),
(23, 'Full Address', NULL, 'خميس مشيط-حي الإسكان', 'خميس مشيط-حي الإسكان', NULL, NULL, NULL),
(24, 'city', NULL, 'عمان', 'Amman', NULL, NULL, NULL),
(25, 'street', NULL, 'صرح الشهيد', 'Str', NULL, '        <h2 class=\"center heading-secondary\">بسم   <strong>الله</strong> الرحمن الرحيم</h2>\n        <h4 class=\"center heading-tertiary\"> \" وأوفوا بعهد الله إذا عاهدتم ولا تنقضوا الأيمان بعد توكيدها وقد جعلتم الله عليكم كفيلا\"</h4>\n        <div class=\"row\">\n            <div class=\"col-md-12\">\n                <p class=\"lead\">\n                    يخضع زوار ومستخدمي موقع وسطاء ينبع للقوانين التالية:\n                </p>\n            </div>\n        </div>', NULL),
(26, 'Building', NULL, 'بناية رقم ..', 'Bu', NULL, NULL, NULL),
(27, 'Text_In_Footer', NULL, '', NULL, NULL, 'نص في الفوتر يمكن تغييره من لوحة التحكم ... الاعدادات', 'Text in the footer can be changed from the control panel settings ...'),
(28, 'questions desc', NULL, '', NULL, NULL, NULL, NULL),
(29, 'terms title', NULL, 'شروط الموقع', NULL, NULL, NULL, NULL),
(30, 'terms kw', NULL, '', NULL, NULL, NULL, NULL),
(31, 'terms des', NULL, '', NULL, NULL, NULL, NULL),
(32, 'terms html begin', NULL, NULL, NULL, NULL, '<p>مرحبا بكم في موقع وسيط ينبع للإعلانات الالكترونية ، وهو موقع خاص بالبيع والشراء. و يعتبر هذا الموقع سوقا إلكترونية متخصصة للبائعين والمشترين، و يتم استخدامه وفقاً للشروط و البنود التالية:</p>', NULL),
(33, 'contact title', NULL, 'اتصل بنا', NULL, NULL, NULL, NULL),
(34, 'contact kw', NULL, 'رشد،كلية،جامعة،أبها،تعليم،،تدريب،دورات،دورة،نظم، معلومات،إدارية، أعمال،إدارة،ـسويق،مالية،محاسبة،موارد،بشرية،عقارات،سياحة،ضيافة', NULL, NULL, NULL, NULL),
(35, 'contact desc', NULL, 'هذا القسم يساعد الزائر على الوصول لموقع كلية ابن رشد بيسر وسهولة والحصول على المعلومات الضرورية', NULL, NULL, NULL, NULL),
(36, 'contact p title', NULL, 'ابق بالقرب', NULL, NULL, NULL, NULL),
(37, 'contact p text', NULL, NULL, NULL, NULL, 'وسيط ينبع يتيح لكم التواصل المباشر مع فريق العمل...', NULL),
(38, 'facebook', 'https://www.facebook.com/tamezsch2018/', NULL, NULL, NULL, NULL, NULL),
(39, 'twitter', 'https://twitter.com/tamezsch11', NULL, NULL, NULL, NULL, NULL),
(40, '1111111111', NULL, NULL, NULL, NULL, NULL, NULL),
(41, 'توضيح المؤهلات', NULL, NULL, NULL, NULL, 'نحتاج للبكالريوس  التربوي في الوظائف التعليمية', 'نحتاج للبكالريوس  التربوي في الوظائف التعليمية'),
(42, 'توضيح الشهادات', NULL, NULL, NULL, NULL, 'صورة المؤهل + صورة الهوية الوطنية', ''),
(43, 'توضيخ الخبرات', NULL, NULL, NULL, NULL, 'غير مطلوب للسعوديين', 'The minimum experience required is two years in a considerable entity.'),
(44, '1111111111111', NULL, NULL, NULL, NULL, NULL, NULL),
(45, 'صورة 1 عنوان 1', NULL, NULL, NULL, 'files/xz7xpbujbzrnjumimsfa.jpg', NULL, NULL),
(46, 'صورة 2 عنوان 1', NULL, NULL, NULL, 'files/yr9rv8tdrgtzhonfazk9.jpg', NULL, NULL),
(47, 'صورة 3 عنوان 1', NULL, NULL, NULL, 'files/rtngwzrcdrh4mgfzqxda.jpg', NULL, NULL),
(48, 'صورة 1 عنوان 2', NULL, NULL, NULL, 'files/mz4fadytfaw28aw4kazs.jpg', NULL, NULL),
(49, 'صورة 1 عنوان 3', NULL, NULL, NULL, 'files/pzenqrtotfr90yrlkjdm.jpg', NULL, NULL),
(50, 'صورة 1 عنوان 4', NULL, NULL, NULL, 'files/wyjtprcyy8ol1qialbyi.jpg', NULL, NULL),
(51, 'رابط 1', 'http://wyanbu.com/v2/Cars/ShowAll?Cat=7', NULL, NULL, NULL, NULL, NULL),
(52, 'رابط 2', 'http://wyanbu.com/v2/Aqar/ShowAll?Cat=10', NULL, NULL, NULL, NULL, NULL),
(53, 'رابط 3', 'http://wyanbu.com/v2/Souq/ShowAll?Cat=5', NULL, NULL, NULL, NULL, NULL),
(54, 'رابط 4', 'http://wyanbu.com/v2/Dalel/ShowAll?Cat=1', NULL, NULL, NULL, NULL, NULL),
(55, 'مقدمة لنص متحرك', NULL, 'كل ما يخص مدينة ينبع من', NULL, NULL, NULL, NULL),
(56, 'الكلمات المتحركة', NULL, 'اعلانات$خدمات$عقارات$بيع$شراء', NULL, NULL, NULL, NULL),
(57, 'نهاية كلمات متحركة', NULL, 'تجده في موقع واحد', NULL, NULL, NULL, NULL),
(58, 'سطر اسفل الكلمات المتحركة', NULL, 'وصول سريع للمحتوى المطلوب من خلال وسطاء ينبع، اما من خلال صندوق البحث في الاعلى أو من خلال الأقسام', NULL, NULL, NULL, NULL),
(59, 'ظهور النص المتحرك؟', '1', NULL, NULL, NULL, NULL, NULL),
(60, 'عنوان القائمة البريدية', NULL, 'القائمة البريدية', NULL, NULL, NULL, NULL),
(61, 'كلمات دليلة القائمة البريدية', NULL, 'القائمة،البريدية،وسطاء', NULL, NULL, NULL, NULL),
(62, 'Whatsapp Username', '972598654657', NULL, NULL, NULL, NULL, NULL),
(63, 'Whatsapp Password', 'YYKLWtpie1RHPGHYRVcXB/Ya8Uk=', NULL, NULL, NULL, NULL, NULL),
(64, 'Whatsapp Name', 'وسطاء ينبع', NULL, NULL, NULL, NULL, NULL),
(65, 'عنوان طلب الالتحاق', NULL, 'تسجيل الطلبة للعام الدراسي 2018/2019', 'Registration of students for the academic year 2018/2019', NULL, NULL, NULL),
(67, 'الاتفاقية - لطلب التحاق الطلبة', NULL, NULL, NULL, NULL, '<h4 style=\"text-align:center;\"><u><span style=\"color:rgb(255,0,0);\"><span style=\"font-size:18px;\">إقرار بصحة المعلومات</span></span></u></h4>\n\n<h4><br />\n<span style=\"font-size:18px;\">أقر أنا المتقدم الموضحة بياناتي  التالية بأن كافة المعلومات التي دونتها في هذه الأستمارة كاملة وصحيحة وأتحمل<br />\nشخصياً مسؤولية ذلك, وأن جميع المستندات الرسمية المرفقة بالملف تخصني وهي صحيحة ومعتمدة من جهة<br />\nإصدارها , وأتحمل كافة العواقب المترتبة في حال كانت هناك أي بيانات غير مكتملة أو غير صحيحة في إستمارة<br />\nالتسجيل أو ملف التسجيل . .</span></h4>\n\n<h4><strong><span style=\"font-size:18px;\">علما ان هذة الخدمه متاحة فقط للدفع النقدي فقط لكل مرحلة ويتم تحويل المبلغ الى حساب المدارس التالية وارفاق صورة التحويل </span></strong></h4>\n\n<p><strong><span style=\"font-size:18px;\">البنك الاهلي <span style=\"color:#FF0000;\"><span class=\"marker\">42292520000103</span></span></span></strong></p>\n\n<p><strong><span style=\"font-size:18px;\">مصرف الراجحي <span style=\"color:#FF0000;\"><span class=\"marker\">209608011412805</span></span></span></strong></p>\n\n<h5> </h5>\n', '<h4 style=\"text-align:center;\"><u><span style=\"color:rgb(255,0,0);\"><span style=\"font-size:18px;\">إقرار بصحة المعلومات</span></span></u></h4>\n\n<h4><br />\n<span style=\"font-size:18px;\"><span style=\"color:rgb(0,0,0);\">أقر أنا المتقدم الموضحة بياناتي  التالية بأن كافة المعلومات التي دونتها في هذه الأستمارة كاملة وصحيحة وأتحمل<br />\nشخصياً مسؤولية ذلك, وأن جميع المستندات الرسمية المرفقة بالملف تخصني وهي صحيحة ومعتمدة من جهة<br />\nإصدارها , وأتحمل كافة العواقب المترتبة في حال كانت هناك أي بيانات غير مكتملة أو غير صحيحة في إستمارة</span></span><br />\n<span style=\"font-size:18px;\"><span style=\"color:rgb(0,0,0);\">التسجيل أو ملف التسجيل . .</span></span></h4>\n\n<h4><strong><span style=\"font-size:18px;\">علما ان هذة الخدمة متاحة فقط للدفع النقدي فقط لكل مرحلة ويتم تحويل المبلغ الى حساب المدارس التالية وارفاق صورة التحويل </span></strong></h4>\n\n<p><strong><span style=\"font-size:18px;\">البنك الاهلي <span style=\"color:#FF0000;\"><span class=\"marker\">42292520000103</span></span></span></strong></p>\n\n<p><strong><span style=\"font-size:18px;\">مصرف الراجحي <span style=\"color:#FF0000;\"><span class=\"marker\">209608011412805</span></span></span></strong></p>\n\n<h5> </h5>\n'),
(69, 'حالة طلبات الالتحاق', 'Open', NULL, NULL, NULL, NULL, NULL),
(70, 'حالة التسجيل للماجستير', 'Open', NULL, NULL, NULL, NULL, NULL),
(71, 'رسالة نجاح التسجيل للبكالوريوس', NULL, NULL, NULL, NULL, '<p>تم التقدم بنجاح </p>\n', '<p><span style=\"font-size:13px;\">تم التقدم بنجاح </span></p>\n'),
(72, 'رسالة نجاح التسجيل للماجستير', NULL, NULL, NULL, NULL, '<p>هنا رسالة يمكن تغييرها من لوحة التحكم ...</p>\r\n\r\n<p>التسجيل</p>\r\n\r\n<p>اعدادات التسجيل<br />\r\n </p>\r\n', '<p>هنا رسالة يمكن تغييرها من لوحة التحكم ...</p>\r\n\r\n<p>التسجيل</p>\r\n\r\n<p>اعدادات التسجيل<br />\r\n </p>\r\n'),
(73, 'رسوم طلب التحاق الطلبة', '0', NULL, NULL, NULL, NULL, NULL),
(74, 'رسوم التسجيل للماجستير', '0', NULL, NULL, NULL, NULL, NULL),
(75, 'هل المقابلة مطلوبة عند التحاق الطلبة', 'no', NULL, NULL, NULL, NULL, NULL),
(76, 'هل المقابلة مطلوبة عند التحاق الماجستير', 'yes', NULL, NULL, NULL, NULL, NULL),
(77, 'حالة النسجيل للطلبة', 'Open', NULL, NULL, NULL, NULL, NULL),
(78, 'فتح باب التسجيل للفصل', '2', NULL, NULL, NULL, NULL, NULL),
(79, 'المستوى الأول - بكالوريوس', '', NULL, NULL, NULL, NULL, NULL),
(80, 'المستوى الأول - ماجستير', '', NULL, NULL, NULL, NULL, NULL),
(81, 'شعار اعتماد الوزارة', 'files/hkuqwpeuymip55wsrxti.png', NULL, NULL, NULL, NULL, NULL),
(82, ' الشعار الثاني عاليسار', 'files/do2mi67snzpwo5ajq3oz.png', NULL, NULL, NULL, NULL, NULL),
(83, 'رابط يوتيوب في رئيسية الموقع', 'https://www.youtube.com/watch?v=k6HBfkgC8JU', NULL, NULL, NULL, NULL, NULL),
(84, 'رابط اعتماد الوزارة', 'https://www.moe.gov.sa', NULL, NULL, NULL, NULL, NULL),
(85, 'رابط الشعار الثاني عاليسار', 'http://vision2030.gov.sa', NULL, NULL, NULL, NULL, NULL),
(86, 'حالة تقديم طلبات التوظيف', 'Closed', NULL, NULL, NULL, NULL, NULL),
(87, 'رسالة اغلاق طلبات التوظيف', NULL, NULL, NULL, NULL, 'انتهت فترة التقديم على الوظائف ', 'Sorry, no recruitment now.'),
(88, 'مجلة الكلية', 'files/journal/2018/01/g4n6chpgu1wfg4blymyqna.pdf', NULL, NULL, NULL, NULL, NULL),
(89, 'youtube', 'https://www.youtube.com/watch?v=k6HBfkgC8JU', NULL, NULL, NULL, NULL, NULL),
(90, 'snapchat', 'https://www.snapchat.com/tamezsch11', NULL, NULL, NULL, NULL, NULL);

--
-- Indexes for dumped tables
--

--
-- Indexes for table `accounting_accounts`
--
ALTER TABLE `accounting_accounts`
  ADD PRIMARY KEY (`id`),
  ADD KEY `FK_accounting_accounts_accounting_accounts` (`ParentNo`),
  ADD KEY `FK_accounting_accounts_users` (`Created_by`);

--
-- Indexes for table `accounting_accounts_trans`
--
ALTER TABLE `accounting_accounts_trans`
  ADD PRIMARY KEY (`id`);

--
-- Indexes for table `accounting_accounts_transdetail`
--
ALTER TABLE `accounting_accounts_transdetail`
  ADD PRIMARY KEY (`id`);

--
-- Indexes for table `accounting_employees_salary`
--
ALTER TABLE `accounting_employees_salary`
  ADD PRIMARY KEY (`id`),
  ADD KEY `FK_financials_payments_users_2` (`Created_by`),
  ADD KEY `FK_financials_payments_users_3` (`last_update_by`),
  ADD KEY `FK_financials_payments_users_4` (`deleted_by`);

--
-- Indexes for table `accounting_links`
--
ALTER TABLE `accounting_links`
  ADD PRIMARY KEY (`id`),
  ADD KEY `FK_financials_payments_users_2` (`Created_by`),
  ADD KEY `FK_financials_payments_users_3` (`last_update_by`),
  ADD KEY `FK_financials_payments_users_4` (`deleted_by`);

--
-- Indexes for table `accounting_payments`
--
ALTER TABLE `accounting_payments`
  ADD PRIMARY KEY (`id`),
  ADD KEY `FK_financials_payments_users` (`student`),
  ADD KEY `FK_financials_payments_study_terms` (`term`),
  ADD KEY `FK_financials_payments_financials_discounts` (`Discount`),
  ADD KEY `FK_financials_payments_users_2` (`Created_by`),
  ADD KEY `FK_financials_payments_users_3` (`last_update_by`),
  ADD KEY `FK_financials_payments_users_4` (`deleted_by`);

--
-- Indexes for table `accounting_receivable`
--
ALTER TABLE `accounting_receivable`
  ADD PRIMARY KEY (`id`);

--
-- Indexes for table `announcements`
--
ALTER TABLE `announcements`
  ADD PRIMARY KEY (`id`);

--
-- Indexes for table `contact`
--
ALTER TABLE `contact`
  ADD PRIMARY KEY (`id`),
  ADD KEY `Created_by` (`Created_by`),
  ADD KEY `last_update_by` (`last_update_by`);

--
-- Indexes for table `counters`
--
ALTER TABLE `counters`
  ADD PRIMARY KEY (`id`),
  ADD KEY `deleted_by` (`deleted_by`),
  ADD KEY `last_update_by` (`last_update_by`),
  ADD KEY `Created_by` (`Created_by`);

--
-- Indexes for table `dictionary`
--
ALTER TABLE `dictionary`
  ADD PRIMARY KEY (`id`),
  ADD UNIQUE KEY `token` (`token`);

--
-- Indexes for table `financials_costcenter`
--
ALTER TABLE `financials_costcenter`
  ADD PRIMARY KEY (`id`);

--
-- Indexes for table `financials_courses_fees`
--
ALTER TABLE `financials_courses_fees`
  ADD PRIMARY KEY (`id`),
  ADD KEY `student_type` (`student_type`),
  ADD KEY `level` (`level`),
  ADD KEY `major` (`major`),
  ADD KEY `college` (`college`),
  ADD KEY `course` (`course`),
  ADD KEY `department` (`department`),
  ADD KEY `degree` (`degree`),
  ADD KEY `deleted_by` (`deleted_by`),
  ADD KEY `Created_by` (`Created_by`),
  ADD KEY `FK_financials_courses_fees_users` (`last_update_by`);

--
-- Indexes for table `financials_discounts`
--
ALTER TABLE `financials_discounts`
  ADD PRIMARY KEY (`id`),
  ADD KEY `student_type` (`student_type`),
  ADD KEY `term` (`term`),
  ADD KEY `major` (`major`),
  ADD KEY `degree` (`degree`),
  ADD KEY `Created_by` (`Created_by`),
  ADD KEY `last_update_by` (`last_update_by`),
  ADD KEY `deleted_by` (`deleted_by`);

--
-- Indexes for table `financials_discount_students`
--
ALTER TABLE `financials_discount_students`
  ADD PRIMARY KEY (`id`),
  ADD KEY `FK_financials_discount_students_users` (`student`),
  ADD KEY `FK_financials_discount_students_study_terms` (`term`),
  ADD KEY `FK_financials_discount_students_users_2` (`Created_by`),
  ADD KEY `FK_financials_discount_students_users_3` (`last_update_by`),
  ADD KEY `FK_financials_discount_students_users_4` (`deleted_by`);

--
-- Indexes for table `financials_fines_management`
--
ALTER TABLE `financials_fines_management`
  ADD PRIMARY KEY (`id`),
  ADD KEY `FK_financials_fines_management_study_terms` (`term`),
  ADD KEY `FK_financials_fines_management_users_3` (`Created_by`),
  ADD KEY `FK_financials_fines_management_users_2` (`last_update_by`),
  ADD KEY `FK_financials_fines_management_users` (`deleted_by`);

--
-- Indexes for table `financials_mandatory_min_payment`
--
ALTER TABLE `financials_mandatory_min_payment`
  ADD PRIMARY KEY (`id`),
  ADD KEY `FK_financials_mandatory_min_payment_study_terms` (`term`),
  ADD KEY `FK_financials_mandatory_min_payment_study_majors` (`major`),
  ADD KEY `FK_financials_mandatory_min_payment_study_degrees` (`degree`),
  ADD KEY `FK_financials_mandatory_min_payment_users_3` (`Created_by`),
  ADD KEY `FK_financials_mandatory_min_payment_users_2` (`last_update_by`),
  ADD KEY `FK_financials_mandatory_min_payment_users` (`deleted_by`);

--
-- Indexes for table `financials_mandatory_min_payment_custom`
--
ALTER TABLE `financials_mandatory_min_payment_custom`
  ADD PRIMARY KEY (`id`),
  ADD KEY `FK_financials_mandatory_min_payment_custom_users` (`student`),
  ADD KEY `FK_financials_mandatory_min_payment_custom_study_terms` (`term`),
  ADD KEY `FK_financials_mandatory_min_payment_custom_users_2` (`Created_by`),
  ADD KEY `FK_financials_mandatory_min_payment_custom_users_3` (`last_update_by`),
  ADD KEY `FK_financials_mandatory_min_payment_custom_users_4` (`deleted_by`);

--
-- Indexes for table `financials_payments`
--
ALTER TABLE `financials_payments`
  ADD PRIMARY KEY (`id`),
  ADD KEY `FK_financials_payments_users` (`student`),
  ADD KEY `FK_financials_payments_study_terms` (`term`),
  ADD KEY `FK_financials_payments_financials_discounts` (`Discount`),
  ADD KEY `FK_financials_payments_users_2` (`Created_by`),
  ADD KEY `FK_financials_payments_users_3` (`last_update_by`),
  ADD KEY `FK_financials_payments_users_4` (`deleted_by`);

--
-- Indexes for table `financials_sponsors`
--
ALTER TABLE `financials_sponsors`
  ADD PRIMARY KEY (`id`),
  ADD KEY `FK_financials_sponsors_general_legalforms` (`legalform`),
  ADD KEY `FK_financials_sponsors_financials_sponsors_types` (`sponsor_type`),
  ADD KEY `FK_financials_sponsors_users` (`Created_by`),
  ADD KEY `FK_financials_sponsors_users_2` (`last_update_by`),
  ADD KEY `FK_financials_sponsors_users_3` (`deleted_by`);

--
-- Indexes for table `financials_sponsorships`
--
ALTER TABLE `financials_sponsorships`
  ADD PRIMARY KEY (`id`),
  ADD KEY `FK_financials_sponsorships_users` (`student`),
  ADD KEY `FK_financials_sponsorships_users_2` (`Created_by`),
  ADD KEY `FK_financials_sponsorships_users_3` (`last_update_by`),
  ADD KEY `FK_financials_sponsorships_users_4` (`deleted_by`),
  ADD KEY `FK_financials_sponsorships_study_terms` (`term`),
  ADD KEY `FK_financials_sponsorships_financials_sponsors` (`sponsor`);

--
-- Indexes for table `financials_sponsors_types`
--
ALTER TABLE `financials_sponsors_types`
  ADD PRIMARY KEY (`id`),
  ADD KEY `FK_financials_sponsors_types_users` (`Created_by`),
  ADD KEY `FK_financials_sponsors_types_users_2` (`last_update_by`),
  ADD KEY `FK_financials_sponsors_types_users_3` (`deleted_by`);

--
-- Indexes for table `general_banks`
--
ALTER TABLE `general_banks`
  ADD PRIMARY KEY (`id`),
  ADD KEY `FK_general_legalforms_users` (`deleted_by`),
  ADD KEY `FK_general_legalforms_users_2` (`Created_by`),
  ADD KEY `FK_general_legalforms_users_3` (`last_update_by`);

--
-- Indexes for table `general_cities`
--
ALTER TABLE `general_cities`
  ADD PRIMARY KEY (`id`),
  ADD KEY `FK_general_nationalities_users` (`deleted_by`),
  ADD KEY `FK_general_nationalities_users_2` (`Created_by`),
  ADD KEY `FK_general_nationalities_users_3` (`last_update_by`),
  ADD KEY `FK_general_cities_general_religions` (`country_id`);

--
-- Indexes for table `general_countries`
--
ALTER TABLE `general_countries`
  ADD PRIMARY KEY (`id`),
  ADD KEY `FK_general_nationalities_users` (`deleted_by`),
  ADD KEY `FK_general_nationalities_users_2` (`Created_by`),
  ADD KEY `FK_general_nationalities_users_3` (`last_update_by`);

--
-- Indexes for table `general_education_levels`
--
ALTER TABLE `general_education_levels`
  ADD PRIMARY KEY (`id`),
  ADD KEY `FK_general_legalforms_users` (`deleted_by`),
  ADD KEY `FK_general_legalforms_users_2` (`Created_by`),
  ADD KEY `FK_general_legalforms_users_3` (`last_update_by`);

--
-- Indexes for table `general_fields`
--
ALTER TABLE `general_fields`
  ADD PRIMARY KEY (`id`),
  ADD KEY `FK_general_legalforms_users` (`deleted_by`),
  ADD KEY `FK_general_legalforms_users_2` (`Created_by`),
  ADD KEY `FK_general_legalforms_users_3` (`last_update_by`),
  ADD KEY `FK_general_fields_general_generally` (`gennerally_id`);

--
-- Indexes for table `general_genders`
--
ALTER TABLE `general_genders`
  ADD PRIMARY KEY (`id`),
  ADD KEY `FK_general_legalforms_users` (`deleted_by`),
  ADD KEY `FK_general_legalforms_users_2` (`Created_by`),
  ADD KEY `FK_general_legalforms_users_3` (`last_update_by`);

--
-- Indexes for table `general_generally`
--
ALTER TABLE `general_generally`
  ADD PRIMARY KEY (`id`),
  ADD KEY `FK_general_legalforms_users` (`deleted_by`),
  ADD KEY `FK_general_legalforms_users_2` (`Created_by`),
  ADD KEY `FK_general_legalforms_users_3` (`last_update_by`),
  ADD KEY `FK_general_generally_general_generally` (`parent`),
  ADD KEY `FK_general_generally_permission_sections` (`section`);

--
-- Indexes for table `general_hr_departments`
--
ALTER TABLE `general_hr_departments`
  ADD PRIMARY KEY (`id`),
  ADD KEY `FK_general_legalforms_users` (`deleted_by`),
  ADD KEY `FK_general_legalforms_users_2` (`Created_by`),
  ADD KEY `FK_general_legalforms_users_3` (`last_update_by`),
  ADD KEY `FK_general_hr_departments_general_hr_positions` (`director`),
  ADD KEY `FK_general_hr_departments_general_hr_positions_2` (`deputy_director`);

--
-- Indexes for table `general_hr_employee_types`
--
ALTER TABLE `general_hr_employee_types`
  ADD PRIMARY KEY (`id`),
  ADD KEY `FK_general_legalforms_users` (`deleted_by`),
  ADD KEY `FK_general_legalforms_users_2` (`Created_by`),
  ADD KEY `FK_general_legalforms_users_3` (`last_update_by`);

--
-- Indexes for table `general_hr_fines_types`
--
ALTER TABLE `general_hr_fines_types`
  ADD PRIMARY KEY (`id`),
  ADD KEY `FK_general_legalforms_users` (`deleted_by`),
  ADD KEY `FK_general_legalforms_users_2` (`Created_by`),
  ADD KEY `FK_general_legalforms_users_3` (`last_update_by`);

--
-- Indexes for table `general_hr_leavetypes`
--
ALTER TABLE `general_hr_leavetypes`
  ADD PRIMARY KEY (`id`),
  ADD KEY `FK_general_legalforms_users` (`deleted_by`),
  ADD KEY `FK_general_legalforms_users_2` (`Created_by`),
  ADD KEY `FK_general_legalforms_users_3` (`last_update_by`);

--
-- Indexes for table `general_hr_positions`
--
ALTER TABLE `general_hr_positions`
  ADD PRIMARY KEY (`id`),
  ADD KEY `FK_general_legalforms_users` (`deleted_by`),
  ADD KEY `FK_general_legalforms_users_2` (`Created_by`),
  ADD KEY `FK_general_legalforms_users_3` (`last_update_by`),
  ADD KEY `FK4` (`department`);

--
-- Indexes for table `general_hr_rewards_types`
--
ALTER TABLE `general_hr_rewards_types`
  ADD PRIMARY KEY (`id`),
  ADD KEY `FK_general_legalforms_users` (`deleted_by`),
  ADD KEY `FK_general_legalforms_users_2` (`Created_by`),
  ADD KEY `FK_general_legalforms_users_3` (`last_update_by`);

--
-- Indexes for table `general_hr_sections`
--
ALTER TABLE `general_hr_sections`
  ADD PRIMARY KEY (`id`),
  ADD KEY `FK_general_legalforms_users` (`deleted_by`),
  ADD KEY `FK_general_legalforms_users_2` (`Created_by`),
  ADD KEY `FK_general_legalforms_users_3` (`last_update_by`);

--
-- Indexes for table `general_hr_warnings_types`
--
ALTER TABLE `general_hr_warnings_types`
  ADD PRIMARY KEY (`id`),
  ADD KEY `FK_general_legalforms_users` (`deleted_by`),
  ADD KEY `FK_general_legalforms_users_2` (`Created_by`),
  ADD KEY `FK_general_legalforms_users_3` (`last_update_by`);

--
-- Indexes for table `general_hs_certificate_type`
--
ALTER TABLE `general_hs_certificate_type`
  ADD PRIMARY KEY (`id`),
  ADD KEY `FK_general_legalforms_users` (`deleted_by`),
  ADD KEY `FK_general_legalforms_users_2` (`Created_by`),
  ADD KEY `FK_general_legalforms_users_3` (`last_update_by`);

--
-- Indexes for table `general_languages`
--
ALTER TABLE `general_languages`
  ADD PRIMARY KEY (`id`),
  ADD KEY `FK_general_legalforms_users` (`deleted_by`),
  ADD KEY `FK_general_legalforms_users_2` (`Created_by`),
  ADD KEY `FK_general_legalforms_users_3` (`last_update_by`);

--
-- Indexes for table `general_legalforms`
--
ALTER TABLE `general_legalforms`
  ADD PRIMARY KEY (`id`),
  ADD KEY `FK_general_legalforms_users` (`deleted_by`),
  ADD KEY `FK_general_legalforms_users_2` (`Created_by`),
  ADD KEY `FK_general_legalforms_users_3` (`last_update_by`);

--
-- Indexes for table `general_marital_status`
--
ALTER TABLE `general_marital_status`
  ADD PRIMARY KEY (`id`),
  ADD KEY `FK_general_legalforms_users` (`deleted_by`),
  ADD KEY `FK_general_legalforms_users_2` (`Created_by`),
  ADD KEY `FK_general_legalforms_users_3` (`last_update_by`);

--
-- Indexes for table `general_registration_classes`
--
ALTER TABLE `general_registration_classes`
  ADD PRIMARY KEY (`id`),
  ADD KEY `FK_general_legalforms_users` (`deleted_by`),
  ADD KEY `FK_general_legalforms_users_2` (`Created_by`),
  ADD KEY `FK_general_legalforms_users_3` (`last_update_by`);

--
-- Indexes for table `general_registration_preclasses`
--
ALTER TABLE `general_registration_preclasses`
  ADD PRIMARY KEY (`id`),
  ADD KEY `FK_general_legalforms_users` (`deleted_by`),
  ADD KEY `FK_general_legalforms_users_2` (`Created_by`),
  ADD KEY `FK_general_legalforms_users_3` (`last_update_by`);

--
-- Indexes for table `general_religions`
--
ALTER TABLE `general_religions`
  ADD PRIMARY KEY (`id`),
  ADD KEY `FK_general_legalforms_users` (`deleted_by`),
  ADD KEY `FK_general_legalforms_users_2` (`Created_by`),
  ADD KEY `FK_general_legalforms_users_3` (`last_update_by`);

--
-- Indexes for table `general_stores_categories`
--
ALTER TABLE `general_stores_categories`
  ADD PRIMARY KEY (`id`),
  ADD KEY `FK_general_legalforms_users` (`deleted_by`),
  ADD KEY `FK_general_legalforms_users_2` (`Created_by`),
  ADD KEY `FK_general_legalforms_users_3` (`last_update_by`),
  ADD KEY `FK_general_stores_categories_general_stores_categories` (`parent_id`);

--
-- Indexes for table `general_stores_stores`
--
ALTER TABLE `general_stores_stores`
  ADD PRIMARY KEY (`id`),
  ADD KEY `FK_general_legalforms_users` (`deleted_by`),
  ADD KEY `FK_general_legalforms_users_2` (`Created_by`),
  ADD KEY `FK_general_legalforms_users_3` (`last_update_by`),
  ADD KEY `FK_general_stores_stores_general_generally` (`parent_id`);

--
-- Indexes for table `general_stores_units`
--
ALTER TABLE `general_stores_units`
  ADD PRIMARY KEY (`id`),
  ADD KEY `FK_general_legalforms_users` (`deleted_by`),
  ADD KEY `FK_general_legalforms_users_2` (`Created_by`),
  ADD KEY `FK_general_legalforms_users_3` (`last_update_by`);

--
-- Indexes for table `general_student_parent_relation`
--
ALTER TABLE `general_student_parent_relation`
  ADD PRIMARY KEY (`id`),
  ADD KEY `FK_general_legalforms_users` (`deleted_by`),
  ADD KEY `FK_general_legalforms_users_2` (`Created_by`),
  ADD KEY `FK_general_legalforms_users_3` (`last_update_by`);

--
-- Indexes for table `home_icons`
--
ALTER TABLE `home_icons`
  ADD PRIMARY KEY (`id`),
  ADD KEY `FK_slides_users` (`Created_by`),
  ADD KEY `FK_slides_users_2` (`last_update_by`);

--
-- Indexes for table `hr_allowances_relations`
--
ALTER TABLE `hr_allowances_relations`
  ADD PRIMARY KEY (`id`),
  ADD KEY `FK_general_legalforms_users` (`deleted_by`),
  ADD KEY `FK_general_legalforms_users_2` (`Created_by`),
  ADD KEY `FK_general_legalforms_users_3` (`last_update_by`),
  ADD KEY `FK_hr_allowances_employee_hr_allowances_types` (`type`),
  ADD KEY `FK_hr_allowances_employee_hr_employment_applications` (`employee`);

--
-- Indexes for table `hr_allowances_types`
--
ALTER TABLE `hr_allowances_types`
  ADD PRIMARY KEY (`id`),
  ADD KEY `FK_general_legalforms_users` (`deleted_by`),
  ADD KEY `FK_general_legalforms_users_2` (`Created_by`),
  ADD KEY `FK_general_legalforms_users_3` (`last_update_by`);

--
-- Indexes for table `hr_attendance`
--
ALTER TABLE `hr_attendance`
  ADD PRIMARY KEY (`id`),
  ADD KEY `FK_general_legalforms_users` (`deleted_by`),
  ADD KEY `FK_general_legalforms_users_2` (`Created_by`),
  ADD KEY `FK_general_legalforms_users_3` (`last_update_by`),
  ADD KEY `FK_hr_attendance_hr_employment_applications` (`employee`),
  ADD KEY `FK_hr_attendance_users` (`reviewed_by`);

--
-- Indexes for table `hr_deductions_relations`
--
ALTER TABLE `hr_deductions_relations`
  ADD PRIMARY KEY (`id`),
  ADD KEY `FK_general_legalforms_users` (`deleted_by`),
  ADD KEY `FK_general_legalforms_users_2` (`Created_by`),
  ADD KEY `FK_general_legalforms_users_3` (`last_update_by`),
  ADD KEY `FK_hr_allowances_employee_hr_allowances_types` (`type`),
  ADD KEY `FK_hr_allowances_employee_hr_employment_applications` (`employee`);

--
-- Indexes for table `hr_deductions_types`
--
ALTER TABLE `hr_deductions_types`
  ADD PRIMARY KEY (`id`),
  ADD KEY `FK_general_legalforms_users` (`deleted_by`),
  ADD KEY `FK_general_legalforms_users_2` (`Created_by`),
  ADD KEY `FK_general_legalforms_users_3` (`last_update_by`);

--
-- Indexes for table `hr_employment_applications`
--
ALTER TABLE `hr_employment_applications`
  ADD PRIMARY KEY (`id`),
  ADD UNIQUE KEY `app_id` (`app_id`),
  ADD KEY `FK_general_legalforms_users` (`deleted_by`),
  ADD KEY `FK_general_legalforms_users_2` (`Created_by`),
  ADD KEY `FK_general_legalforms_users_3` (`last_update_by`),
  ADD KEY `FK_hr_employment_applications_general_marital_status` (`marital_status`),
  ADD KEY `FK_hr_employment_applications_general_religions` (`religion`),
  ADD KEY `FK_hr_employment_applications_general_genders` (`gender`),
  ADD KEY `FK_hr_employment_applications_general_hr_sections` (`hr_section`),
  ADD KEY `FK_hr_employment_applications_general_hr_employee_types` (`employee_type`),
  ADD KEY `FK_hr_employment_applications_general_hr_departments` (`department`),
  ADD KEY `FK_hr_employment_applications_general_hr_positions` (`hr_position`),
  ADD KEY `FK_hr_employment_applications_general_banks` (`bank`),
  ADD KEY `FK_hr_employment_applications_general_nationalities` (`nationality`),
  ADD KEY `users` (`approved_by`),
  ADD KEY `FK_hr_employment_applications_users` (`rejected_by`),
  ADD KEY `FK_hr_employment_applications_users_2` (`user_id`),
  ADD KEY `account_id` (`account_id`),
  ADD KEY `FK_hr_employment_applications_study_colleges` (`college`);

--
-- Indexes for table `hr_employment_applications_certificates`
--
ALTER TABLE `hr_employment_applications_certificates`
  ADD PRIMARY KEY (`id`),
  ADD KEY `FK_general_legalforms_users` (`deleted_by`),
  ADD KEY `FK_general_legalforms_users_2` (`Created_by`),
  ADD KEY `FK_general_legalforms_users_3` (`last_update_by`),
  ADD KEY `FK_hr_employment_applications_qualifications_hr_empl_app` (`application_id`),
  ADD KEY `FK_hr_employment_applications_certificates_general_countries` (`country`);

--
-- Indexes for table `hr_employment_applications_experiances`
--
ALTER TABLE `hr_employment_applications_experiances`
  ADD PRIMARY KEY (`id`),
  ADD KEY `FK_general_legalforms_users` (`deleted_by`),
  ADD KEY `FK_general_legalforms_users_2` (`Created_by`),
  ADD KEY `FK_general_legalforms_users_3` (`last_update_by`),
  ADD KEY `FK_hr_employment_applications_qualifications_hr_empl_app` (`application_id`);

--
-- Indexes for table `hr_employment_applications_qualifications`
--
ALTER TABLE `hr_employment_applications_qualifications`
  ADD PRIMARY KEY (`id`),
  ADD KEY `FK_general_legalforms_users` (`deleted_by`),
  ADD KEY `FK_general_legalforms_users_2` (`Created_by`),
  ADD KEY `FK_general_legalforms_users_3` (`last_update_by`),
  ADD KEY `FK_hr_employment_applications_qualifications_hr_empl_app` (`application_id`),
  ADD KEY `FK_hr_employment_applications_qualifications_general_countries` (`country`);

--
-- Indexes for table `hr_fines_warnings`
--
ALTER TABLE `hr_fines_warnings`
  ADD PRIMARY KEY (`id`),
  ADD KEY `FK_general_legalforms_users` (`deleted_by`),
  ADD KEY `FK_general_legalforms_users_2` (`Created_by`),
  ADD KEY `FK_general_legalforms_users_3` (`last_update_by`),
  ADD KEY `FK_hr_allowances_employee_hr_employment_applications` (`employee`),
  ADD KEY `FK_hr_fines_warnings_general_hr_fines_types` (`fine_type`),
  ADD KEY `FK_hr_fines_warnings_general_hr_warnings_types` (`warning_type`),
  ADD KEY `FK_hr_fines_warnings_users` (`approved_by`);

--
-- Indexes for table `hr_leaverequest`
--
ALTER TABLE `hr_leaverequest`
  ADD PRIMARY KEY (`id`),
  ADD KEY `FK_general_legalforms_users` (`deleted_by`),
  ADD KEY `FK_general_legalforms_users_2` (`Created_by`),
  ADD KEY `FK_general_legalforms_users_3` (`last_update_by`),
  ADD KEY `FK_hr_leaverequest_general_hr_leavetypes` (`leave_type`);

--
-- Indexes for table `hr_rewards`
--
ALTER TABLE `hr_rewards`
  ADD PRIMARY KEY (`id`),
  ADD KEY `FK_general_legalforms_users` (`deleted_by`),
  ADD KEY `FK_general_legalforms_users_2` (`Created_by`),
  ADD KEY `FK_general_legalforms_users_3` (`last_update_by`),
  ADD KEY `FK_hr_allowances_employee_hr_employment_applications` (`employee`),
  ADD KEY `FK_hr_fines_warnings_general_hr_fines_types` (`reward_type`),
  ADD KEY `FK_hr_fines_warnings_users` (`approved_by`);

--
-- Indexes for table `imagescenter`
--
ALTER TABLE `imagescenter`
  ADD PRIMARY KEY (`id`),
  ADD KEY `FK_imagescenter_users` (`Created_by`);

--
-- Indexes for table `layers`
--
ALTER TABLE `layers`
  ADD PRIMARY KEY (`id`),
  ADD KEY `FK_layers_slides` (`slide_id`),
  ADD KEY `FK_layers_users` (`Created_by`),
  ADD KEY `FK_layers_users_2` (`last_update_by`);

--
-- Indexes for table `letters`
--
ALTER TABLE `letters`
  ADD PRIMARY KEY (`id`),
  ADD KEY `FK_general_legalforms_users` (`deleted_by`),
  ADD KEY `FK_general_legalforms_users_2` (`Created_by`),
  ADD KEY `FK_general_legalforms_users_3` (`last_update_by`);

--
-- Indexes for table `letters_applications`
--
ALTER TABLE `letters_applications`
  ADD PRIMARY KEY (`id`),
  ADD KEY `FK_general_legalforms_users` (`deleted_by`),
  ADD KEY `FK_general_legalforms_users_2` (`Created_by`),
  ADD KEY `FK_general_legalforms_users_3` (`last_update_by`),
  ADD KEY `FK_letters_fields_letters` (`letter`);

--
-- Indexes for table `letters_applications_approvals`
--
ALTER TABLE `letters_applications_approvals`
  ADD PRIMARY KEY (`id`),
  ADD KEY `FK_general_legalforms_users` (`deleted_by`),
  ADD KEY `FK_general_legalforms_users_2` (`Created_by`),
  ADD KEY `FK_general_legalforms_users_3` (`last_update_by`),
  ADD KEY `FK_letters_approvals_letters` (`application_id`),
  ADD KEY `FK_letters_approvals_general_hr_departments` (`department`),
  ADD KEY `FK_letters_applications_approvals_users` (`approved_by`),
  ADD KEY `FK_letters_applications_approvals_users_2` (`rejected_by`);

--
-- Indexes for table `letters_approvals`
--
ALTER TABLE `letters_approvals`
  ADD PRIMARY KEY (`id`),
  ADD KEY `FK_general_legalforms_users` (`deleted_by`),
  ADD KEY `FK_general_legalforms_users_2` (`Created_by`),
  ADD KEY `FK_general_legalforms_users_3` (`last_update_by`),
  ADD KEY `FK_letters_approvals_letters` (`letter`),
  ADD KEY `FK_letters_approvals_general_hr_departments` (`department`);

--
-- Indexes for table `letters_dropdowns`
--
ALTER TABLE `letters_dropdowns`
  ADD PRIMARY KEY (`id`),
  ADD KEY `FK_general_legalforms_users` (`deleted_by`),
  ADD KEY `FK_general_legalforms_users_2` (`Created_by`),
  ADD KEY `FK_general_legalforms_users_3` (`last_update_by`);

--
-- Indexes for table `letters_dropdowns_options`
--
ALTER TABLE `letters_dropdowns_options`
  ADD PRIMARY KEY (`id`),
  ADD KEY `FK_general_legalforms_users` (`deleted_by`),
  ADD KEY `FK_general_legalforms_users_2` (`Created_by`),
  ADD KEY `FK_general_legalforms_users_3` (`last_update_by`),
  ADD KEY `FK_letters_dropdowns_options_letters_dropdowns` (`dropdown`);

--
-- Indexes for table `letters_fields`
--
ALTER TABLE `letters_fields`
  ADD PRIMARY KEY (`id`),
  ADD KEY `FK_general_legalforms_users` (`deleted_by`),
  ADD KEY `FK_general_legalforms_users_2` (`Created_by`),
  ADD KEY `FK_general_legalforms_users_3` (`last_update_by`),
  ADD KEY `FK_letters_fields_letters` (`letter`),
  ADD KEY `FK_letters_fields_letters_dropdowns` (`dropdown`),
  ADD KEY `FK_letters_fields_letters_dropdowns_2` (`checkbox`);

--
-- Indexes for table `library_manager`
--
ALTER TABLE `library_manager`
  ADD PRIMARY KEY (`id`),
  ADD KEY `Created_by` (`Created_by`),
  ADD KEY `last_update_by` (`last_update_by`),
  ADD KEY `deleted_by` (`deleted_by`),
  ADD KEY `FK_stores_inventory_general_stores_categories` (`category`),
  ADD KEY `FK_stores_inventory_general_stores_stores` (`store`),
  ADD KEY `FK_stores_inventory_general_stores_units` (`unit`);

--
-- Indexes for table `menus`
--
ALTER TABLE `menus`
  ADD PRIMARY KEY (`id`);

--
-- Indexes for table `news`
--
ALTER TABLE `news`
  ADD PRIMARY KEY (`id`);

--
-- Indexes for table `pages`
--
ALTER TABLE `pages`
  ADD PRIMARY KEY (`id`);

--
-- Indexes for table `permissions_groups`
--
ALTER TABLE `permissions_groups`
  ADD PRIMARY KEY (`id`),
  ADD KEY `FK_general_legalforms_users` (`deleted_by`),
  ADD KEY `FK_general_legalforms_users_2` (`Created_by`),
  ADD KEY `FK_general_legalforms_users_3` (`last_update_by`);

--
-- Indexes for table `permissions_groups_roles_relations`
--
ALTER TABLE `permissions_groups_roles_relations`
  ADD PRIMARY KEY (`id`),
  ADD KEY `FK_general_legalforms_users` (`deleted_by`),
  ADD KEY `FK_general_legalforms_users_2` (`Created_by`),
  ADD KEY `FK_general_legalforms_users_3` (`last_update_by`),
  ADD KEY `FK_permissions_groups_roles_relations_permissions_groups` (`groub`),
  ADD KEY `FK_permissions_groups_roles_relations_roles` (`role`);

--
-- Indexes for table `permissions_groups_users_relations`
--
ALTER TABLE `permissions_groups_users_relations`
  ADD PRIMARY KEY (`id`),
  ADD KEY `FK_general_legalforms_users` (`deleted_by`),
  ADD KEY `FK_general_legalforms_users_2` (`Created_by`),
  ADD KEY `FK_general_legalforms_users_3` (`last_update_by`),
  ADD KEY `FK_permissions_groups_roles_relations_permissions_groups` (`groub`),
  ADD KEY `FK_permissions_groups_roles_relations_roles` (`user`);

--
-- Indexes for table `permission_sections`
--
ALTER TABLE `permission_sections`
  ADD PRIMARY KEY (`id`),
  ADD KEY `FK_general_legalforms_users` (`deleted_by`),
  ADD KEY `FK_general_legalforms_users_2` (`Created_by`),
  ADD KEY `FK_general_legalforms_users_3` (`last_update_by`),
  ADD KEY `FK_general_generally_general_generally` (`parent`);

--
-- Indexes for table `relations`
--
ALTER TABLE `relations`
  ADD PRIMARY KEY (`id`),
  ADD KEY `FK_relations_users` (`Created_by`),
  ADD KEY `FK_relations_tags` (`tag`);

--
-- Indexes for table `roles`
--
ALTER TABLE `roles`
  ADD PRIMARY KEY (`id`),
  ADD UNIQUE KEY `uniq_name` (`name`),
  ADD KEY `FK_roles_permission_sections` (`section`);

--
-- Indexes for table `roles_users`
--
ALTER TABLE `roles_users`
  ADD PRIMARY KEY (`user_id`,`role_id`),
  ADD KEY `fk_role_id` (`role_id`);

--
-- Indexes for table `slides`
--
ALTER TABLE `slides`
  ADD PRIMARY KEY (`id`),
  ADD KEY `FK_slides_users` (`Created_by`),
  ADD KEY `FK_slides_users_2` (`last_update_by`);

--
-- Indexes for table `stores_goods_delivery_voucher`
--
ALTER TABLE `stores_goods_delivery_voucher`
  ADD PRIMARY KEY (`id`),
  ADD KEY `Created_by` (`Created_by`),
  ADD KEY `last_update_by` (`last_update_by`),
  ADD KEY `deleted_by` (`deleted_by`),
  ADD KEY `FK_stores_goods_receipts_voucher_general_stores_stores` (`store`),
  ADD KEY `FK_stores_goods_receipts_voucher_accounting_accounts` (`customer`),
  ADD KEY `FK_stores_goods_delivery_voucher_hr_employment_applications` (`employee`);

--
-- Indexes for table `stores_goods_delivery_voucher_items`
--
ALTER TABLE `stores_goods_delivery_voucher_items`
  ADD PRIMARY KEY (`id`),
  ADD KEY `Created_by` (`Created_by`),
  ADD KEY `last_update_by` (`last_update_by`),
  ADD KEY `deleted_by` (`deleted_by`),
  ADD KEY `FK_goods_receipts_voucher_items_goods_receipts_voucher` (`voucher_id`),
  ADD KEY `FK_stores_goods_receipts_voucher_items_stores_inventory` (`item`);

--
-- Indexes for table `stores_goods_elimination_voucher`
--
ALTER TABLE `stores_goods_elimination_voucher`
  ADD PRIMARY KEY (`id`),
  ADD KEY `Created_by` (`Created_by`),
  ADD KEY `last_update_by` (`last_update_by`),
  ADD KEY `deleted_by` (`deleted_by`);

--
-- Indexes for table `stores_goods_elimination_voucher_items`
--
ALTER TABLE `stores_goods_elimination_voucher_items`
  ADD PRIMARY KEY (`id`),
  ADD KEY `Created_by` (`Created_by`),
  ADD KEY `last_update_by` (`last_update_by`),
  ADD KEY `deleted_by` (`deleted_by`),
  ADD KEY `FK_goods_receipts_voucher_items_goods_receipts_voucher` (`voucher_id`),
  ADD KEY `FK_stores_goods_receipts_voucher_items_stores_inventory` (`item`);

--
-- Indexes for table `stores_goods_receipts_voucher`
--
ALTER TABLE `stores_goods_receipts_voucher`
  ADD PRIMARY KEY (`id`),
  ADD KEY `Created_by` (`Created_by`),
  ADD KEY `last_update_by` (`last_update_by`),
  ADD KEY `deleted_by` (`deleted_by`),
  ADD KEY `FK_stores_goods_receipts_voucher_general_stores_stores` (`store`),
  ADD KEY `FK_stores_goods_receipts_voucher_accounting_accounts` (`supplier`);

--
-- Indexes for table `stores_goods_receipts_voucher_items`
--
ALTER TABLE `stores_goods_receipts_voucher_items`
  ADD PRIMARY KEY (`id`),
  ADD KEY `Created_by` (`Created_by`),
  ADD KEY `last_update_by` (`last_update_by`),
  ADD KEY `deleted_by` (`deleted_by`),
  ADD KEY `FK_goods_receipts_voucher_items_goods_receipts_voucher` (`voucher_id`),
  ADD KEY `FK_stores_goods_receipts_voucher_items_stores_inventory` (`item`);

--
-- Indexes for table `stores_inventory`
--
ALTER TABLE `stores_inventory`
  ADD PRIMARY KEY (`id`),
  ADD KEY `Created_by` (`Created_by`),
  ADD KEY `last_update_by` (`last_update_by`),
  ADD KEY `deleted_by` (`deleted_by`),
  ADD KEY `FK_stores_inventory_general_stores_categories` (`category`),
  ADD KEY `FK_stores_inventory_general_stores_stores` (`store`),
  ADD KEY `FK_stores_inventory_general_stores_units` (`unit`);

--
-- Indexes for table `stores_purchase`
--
ALTER TABLE `stores_purchase`
  ADD PRIMARY KEY (`id`),
  ADD KEY `Created_by` (`Created_by`),
  ADD KEY `last_update_by` (`last_update_by`),
  ADD KEY `deleted_by` (`deleted_by`);

--
-- Indexes for table `stores_purchase_elements`
--
ALTER TABLE `stores_purchase_elements`
  ADD PRIMARY KEY (`id`),
  ADD KEY `Created_by` (`Created_by`),
  ADD KEY `last_update_by` (`last_update_by`),
  ADD KEY `deleted_by` (`deleted_by`),
  ADD KEY `FK_stores_ipo_stores_inventory` (`item`),
  ADD KEY `FK_stores_ipo_elements_stores_ipo` (`purchase_number`);

--
-- Indexes for table `stores_sales_invoice`
--
ALTER TABLE `stores_sales_invoice`
  ADD PRIMARY KEY (`id`),
  ADD KEY `Created_by` (`Created_by`),
  ADD KEY `last_update_by` (`last_update_by`),
  ADD KEY `deleted_by` (`deleted_by`),
  ADD KEY `FK_stores_goods_receipts_voucher_general_stores_stores` (`store`),
  ADD KEY `FK_stores_goods_receipts_voucher_accounting_accounts` (`customer`),
  ADD KEY `FK_stores_goods_delivery_voucher_hr_employment_applications` (`employee`),
  ADD KEY `FK_stores_sales_invoice_students_applications` (`student`);

--
-- Indexes for table `stores_sales_invoice_items`
--
ALTER TABLE `stores_sales_invoice_items`
  ADD PRIMARY KEY (`id`),
  ADD KEY `Created_by` (`Created_by`),
  ADD KEY `last_update_by` (`last_update_by`),
  ADD KEY `deleted_by` (`deleted_by`),
  ADD KEY `FK_goods_receipts_voucher_items_goods_receipts_voucher` (`voucher_id`),
  ADD KEY `FK_stores_goods_receipts_voucher_items_stores_inventory` (`item`);

--
-- Indexes for table `stores_stocktaking_process`
--
ALTER TABLE `stores_stocktaking_process`
  ADD PRIMARY KEY (`id`),
  ADD KEY `Created_by` (`Created_by`),
  ADD KEY `last_update_by` (`last_update_by`),
  ADD KEY `deleted_by` (`deleted_by`);

--
-- Indexes for table `students_applications`
--
ALTER TABLE `students_applications`
  ADD PRIMARY KEY (`id`),
  ADD UNIQUE KEY `app_id` (`app_id`),
  ADD KEY `FK_students_applications_users` (`student_id`),
  ADD KEY `FK_students_applications_study_types` (`study_type`),
  ADD KEY `FK_students_applications_students_types` (`student_type`),
  ADD KEY `FK_students_applications_study_degrees` (`degree`),
  ADD KEY `FK_students_applications_study_levels` (`level`),
  ADD KEY `FK_students_applications_study_majors` (`current_class`),
  ADD KEY `FK_students_applications_users_2` (`academic_supervisor`),
  ADD KEY `FK_students_applications_users_3` (`last_update_by`),
  ADD KEY `FK_students_applications_users_4` (`Created_by`),
  ADD KEY `FK_students_applications_users_5` (`deleted_by`),
  ADD KEY `FK_students_applications_general_hs_certificate_type` (`pre_grade`),
  ADD KEY `FK_students_applications_general_student_parent_relation` (`g_relation`),
  ADD KEY `FK_students_applications_general_education_levels` (`g_study_level`),
  ADD KEY `FK_students_applications_general_nationalities` (`Nationality`),
  ADD KEY `FK_students_applications_general_legalforms` (`Sponsor_Legal_Form`),
  ADD KEY `FK_students_applications_users_6` (`rejected_by`),
  ADD KEY `FK_students_applications_students_study_state` (`S_Type`);

--
-- Indexes for table `students_applications_documents`
--
ALTER TABLE `students_applications_documents`
  ADD PRIMARY KEY (`id`),
  ADD KEY `FK_students_logs_users` (`deleted_by`),
  ADD KEY `FK_students_logs_users_2` (`last_update_by`),
  ADD KEY `FK_students_logs_users_3` (`Created_by`),
  ADD KEY `FK_students_applications_documents_students_applications` (`student_application_id`),
  ADD KEY `FK_students_applications_docs_stu_applications_doc_types` (`document_type`);

--
-- Indexes for table `students_applications_documents_types`
--
ALTER TABLE `students_applications_documents_types`
  ADD PRIMARY KEY (`id`);

--
-- Indexes for table `students_applications_steps`
--
ALTER TABLE `students_applications_steps`
  ADD PRIMARY KEY (`id`),
  ADD KEY `FK_students_logs_users` (`deleted_by`),
  ADD KEY `FK_students_logs_users_2` (`last_update_by`),
  ADD KEY `FK_students_logs_users_3` (`Created_by`),
  ADD KEY `FK_students_applications_documents_students_applications` (`student_application_id`);

--
-- Indexes for table `students_logs`
--
ALTER TABLE `students_logs`
  ADD PRIMARY KEY (`id`),
  ADD KEY `FK_students_logs_users` (`deleted_by`),
  ADD KEY `FK_students_logs_users_2` (`last_update_by`),
  ADD KEY `FK_students_logs_users_3` (`Created_by`),
  ADD KEY `FK_students_logs_students_operations` (`operation`);

--
-- Indexes for table `students_operations`
--
ALTER TABLE `students_operations`
  ADD PRIMARY KEY (`id`);

--
-- Indexes for table `students_sections`
--
ALTER TABLE `students_sections`
  ADD PRIMARY KEY (`id`),
  ADD KEY `FK_students_sections_study_terms` (`term`),
  ADD KEY `FK_students_sections_users` (`student`),
  ADD KEY `FK_students_sections_study_sections` (`section`),
  ADD KEY `FK_students_sections_users_2` (`Created_by`),
  ADD KEY `FK_students_sections_users_3` (`last_update_by`),
  ADD KEY `FK_students_sections_users_4` (`deleted_by`);

--
-- Indexes for table `students_study_state`
--
ALTER TABLE `students_study_state`
  ADD PRIMARY KEY (`id`),
  ADD KEY `FK_students_terms_users_2` (`Created_by`),
  ADD KEY `FK_students_terms_users_3` (`last_update_by`),
  ADD KEY `FK_students_terms_users_4` (`deleted_by`);

--
-- Indexes for table `students_terms`
--
ALTER TABLE `students_terms`
  ADD PRIMARY KEY (`id`),
  ADD KEY `FK_students_terms_study_terms` (`term`),
  ADD KEY `FK_students_terms_users` (`student`),
  ADD KEY `FK_students_terms_users_2` (`Created_by`),
  ADD KEY `FK_students_terms_users_3` (`last_update_by`),
  ADD KEY `FK_students_terms_users_4` (`deleted_by`);

--
-- Indexes for table `students_types`
--
ALTER TABLE `students_types`
  ADD PRIMARY KEY (`id`),
  ADD KEY `FK_students_types_study_types` (`study_type`),
  ADD KEY `FK_students_types_users` (`Created_by`),
  ADD KEY `FK_students_types_users_2` (`last_update_by`),
  ADD KEY `FK_students_types_users_3` (`deleted_by`);

--
-- Indexes for table `study_academicyears`
--
ALTER TABLE `study_academicyears`
  ADD PRIMARY KEY (`id`),
  ADD KEY `FK_study_academicyears_users` (`Created_by`),
  ADD KEY `FK_study_academicyears_users_2` (`last_update_by`),
  ADD KEY `FK_study_academicyears_users_3` (`deleted_by`);

--
-- Indexes for table `study_colleges`
--
ALTER TABLE `study_colleges`
  ADD PRIMARY KEY (`id`),
  ADD KEY `FK_study_colleges_users` (`Created_by`),
  ADD KEY `FK_study_colleges_users_2` (`last_update_by`),
  ADD KEY `FK_study_colleges_users_3` (`deleted_by`);

--
-- Indexes for table `study_courses`
--
ALTER TABLE `study_courses`
  ADD PRIMARY KEY (`id`),
  ADD KEY `major` (`major`),
  ADD KEY `program` (`program`),
  ADD KEY `degree` (`degree`),
  ADD KEY `FK_study_courses_users` (`Created_by`),
  ADD KEY `FK_study_courses_users_2` (`last_update_by`),
  ADD KEY `FK_study_courses_users_3` (`deleted_by`);

--
-- Indexes for table `study_courses_prerequisite`
--
ALTER TABLE `study_courses_prerequisite`
  ADD PRIMARY KEY (`id`),
  ADD KEY `course` (`course`),
  ADD KEY `prerequisite_course` (`prerequisite_course`),
  ADD KEY `FK_study_courses_prerequisite_users` (`Created_by`);

--
-- Indexes for table `study_degrees`
--
ALTER TABLE `study_degrees`
  ADD PRIMARY KEY (`id`),
  ADD KEY `FK_study_degrees_users` (`Created_by`),
  ADD KEY `FK_study_degrees_users_2` (`last_update_by`),
  ADD KEY `FK_study_degrees_users_3` (`deleted_by`);

--
-- Indexes for table `study_departments`
--
ALTER TABLE `study_departments`
  ADD PRIMARY KEY (`id`),
  ADD KEY `FK_study_departments_study_colleges` (`college`),
  ADD KEY `FK_study_departments_users` (`Created_by`),
  ADD KEY `FK_study_departments_users_2` (`last_update_by`),
  ADD KEY `FK_study_departments_users_3` (`deleted_by`);

--
-- Indexes for table `study_levels`
--
ALTER TABLE `study_levels`
  ADD PRIMARY KEY (`id`),
  ADD KEY `FK_study_levels_study_degrees` (`degree`),
  ADD KEY `FK_study_levels_users` (`Created_by`),
  ADD KEY `FK_study_levels_users_2` (`last_update_by`),
  ADD KEY `FK_study_levels_users_3` (`deleted_by`);

--
-- Indexes for table `study_levels_courses`
--
ALTER TABLE `study_levels_courses`
  ADD PRIMARY KEY (`id`),
  ADD KEY `FK_study_levels_courses_study_courses` (`course`),
  ADD KEY `FK_study_levels_courses_study_levels` (`level`),
  ADD KEY `FK_study_levels_courses_users` (`Created_by`);

--
-- Indexes for table `study_majors`
--
ALTER TABLE `study_majors`
  ADD PRIMARY KEY (`id`),
  ADD KEY `FK_study_majors_study_colleges` (`college`),
  ADD KEY `FK_study_majors_users` (`Created_by`),
  ADD KEY `FK_study_majors_users_2` (`last_update_by`),
  ADD KEY `FK_study_majors_users_3` (`deleted_by`);

--
-- Indexes for table `study_programs`
--
ALTER TABLE `study_programs`
  ADD PRIMARY KEY (`id`),
  ADD KEY `FK_study_programs_study_majors` (`major`),
  ADD KEY `FK_study_programs_users` (`Created_by`),
  ADD KEY `FK_study_programs_users_2` (`last_update_by`),
  ADD KEY `FK_study_programs_users_3` (`deleted_by`);

--
-- Indexes for table `study_rooms`
--
ALTER TABLE `study_rooms`
  ADD PRIMARY KEY (`id`),
  ADD KEY `FK_study_rooms_users` (`Created_by`),
  ADD KEY `FK_study_rooms_users_2` (`last_update_by`),
  ADD KEY `FK_study_rooms_users_3` (`deleted_by`);

--
-- Indexes for table `study_sections`
--
ALTER TABLE `study_sections`
  ADD PRIMARY KEY (`id`),
  ADD KEY `FK_study_sections_study_majors` (`major`),
  ADD KEY `FK_study_sections_study_terms` (`term`),
  ADD KEY `FK_study_sections_study_courses` (`course`),
  ADD KEY `FK_study_sections_study_rooms` (`room`),
  ADD KEY `FK_study_sections_users` (`teacher`),
  ADD KEY `FK_study_sections_users_2` (`Created_by`),
  ADD KEY `FK_study_sections_users_3` (`last_update_by`),
  ADD KEY `FK_study_sections_users_4` (`deleted_by`);

--
-- Indexes for table `study_sections_dates`
--
ALTER TABLE `study_sections_dates`
  ADD PRIMARY KEY (`id`),
  ADD KEY `FK_study_sections_dates_study_sections` (`section`),
  ADD KEY `FK_study_sections_dates_users` (`Created_by`);

--
-- Indexes for table `study_terms`
--
ALTER TABLE `study_terms`
  ADD PRIMARY KEY (`id`),
  ADD KEY `FK_study_terms_study_academicyears` (`academicyear`),
  ADD KEY `FK_study_terms_users` (`Created_by`),
  ADD KEY `FK_study_terms_users_2` (`last_update_by`),
  ADD KEY `FK_study_terms_users_3` (`deleted_by`);

--
-- Indexes for table `study_terms_degree_hours`
--
ALTER TABLE `study_terms_degree_hours`
  ADD PRIMARY KEY (`id`),
  ADD KEY `FK_study_terms_users` (`Created_by`),
  ADD KEY `FK_study_terms_users_2` (`last_update_by`),
  ADD KEY `FK_study_terms_users_3` (`deleted_by`),
  ADD KEY `FK_study_terms_degree_hours_study_degrees` (`degree`),
  ADD KEY `FK_study_terms_degree_hours_study_terms` (`term`);

--
-- Indexes for table `study_types`
--
ALTER TABLE `study_types`
  ADD PRIMARY KEY (`id`),
  ADD KEY `FK_study_types_users` (`Created_by`),
  ADD KEY `FK_study_types_users_2` (`last_update_by`),
  ADD KEY `FK_study_types_users_3` (`deleted_by`);

--
-- Indexes for table `tags`
--
ALTER TABLE `tags`
  ADD PRIMARY KEY (`id`),
  ADD KEY `FK_tags_users` (`deleted_by`),
  ADD KEY `FK_tags_users_2` (`last_update_by`),
  ADD KEY `FK_tags_users_3` (`Created_by`);

--
-- Indexes for table `users`
--
ALTER TABLE `users`
  ADD PRIMARY KEY (`id`),
  ADD UNIQUE KEY `uniq_username` (`username`),
  ADD KEY `FK_users_users_group` (`user_groub`),
  ADD KEY `FK_users_users` (`last_update_by`),
  ADD KEY `FK_users_users_2` (`Created_by`);

--
-- Indexes for table `users_files`
--
ALTER TABLE `users_files`
  ADD PRIMARY KEY (`id`),
  ADD KEY `FK_users_users` (`last_update_by`),
  ADD KEY `FK_users_users_2` (`Created_by`);

--
-- Indexes for table `users_group`
--
ALTER TABLE `users_group`
  ADD PRIMARY KEY (`id`);

--
-- Indexes for table `user_tokens`
--
ALTER TABLE `user_tokens`
  ADD PRIMARY KEY (`id`),
  ADD UNIQUE KEY `uniq_token` (`token`),
  ADD KEY `fk_user_id` (`user_id`),
  ADD KEY `expires` (`expires`);

--
-- Indexes for table `variables`
--
ALTER TABLE `variables`
  ADD PRIMARY KEY (`id`);

--
-- AUTO_INCREMENT for dumped tables
--

--
-- AUTO_INCREMENT for table `accounting_accounts`
--
ALTER TABLE `accounting_accounts`
  MODIFY `id` int(11) UNSIGNED NOT NULL AUTO_INCREMENT, AUTO_INCREMENT=190;

--
-- AUTO_INCREMENT for table `accounting_accounts_trans`
--
ALTER TABLE `accounting_accounts_trans`
  MODIFY `id` int(20) UNSIGNED NOT NULL AUTO_INCREMENT, AUTO_INCREMENT=3;

--
-- AUTO_INCREMENT for table `accounting_accounts_transdetail`
--
ALTER TABLE `accounting_accounts_transdetail`
  MODIFY `id` int(20) UNSIGNED NOT NULL AUTO_INCREMENT, AUTO_INCREMENT=5;

--
-- AUTO_INCREMENT for table `accounting_employees_salary`
--
ALTER TABLE `accounting_employees_salary`
  MODIFY `id` int(10) UNSIGNED NOT NULL AUTO_INCREMENT, AUTO_INCREMENT=3;

--
-- AUTO_INCREMENT for table `accounting_links`
--
ALTER TABLE `accounting_links`
  MODIFY `id` int(10) UNSIGNED NOT NULL AUTO_INCREMENT, AUTO_INCREMENT=12;

--
-- AUTO_INCREMENT for table `accounting_payments`
--
ALTER TABLE `accounting_payments`
  MODIFY `id` bigint(20) UNSIGNED NOT NULL AUTO_INCREMENT;

--
-- AUTO_INCREMENT for table `accounting_receivable`
--
ALTER TABLE `accounting_receivable`
  MODIFY `id` bigint(20) NOT NULL AUTO_INCREMENT;

--
-- AUTO_INCREMENT for table `announcements`
--
ALTER TABLE `announcements`
  MODIFY `id` bigint(20) NOT NULL AUTO_INCREMENT, AUTO_INCREMENT=2;

--
-- AUTO_INCREMENT for table `contact`
--
ALTER TABLE `contact`
  MODIFY `id` int(11) UNSIGNED NOT NULL AUTO_INCREMENT;

--
-- AUTO_INCREMENT for table `counters`
--
ALTER TABLE `counters`
  MODIFY `id` bigint(20) UNSIGNED NOT NULL AUTO_INCREMENT;

--
-- AUTO_INCREMENT for table `dictionary`
--
ALTER TABLE `dictionary`
  MODIFY `id` int(10) UNSIGNED NOT NULL AUTO_INCREMENT, AUTO_INCREMENT=2251;

--
-- AUTO_INCREMENT for table `financials_costcenter`
--
ALTER TABLE `financials_costcenter`
  MODIFY `id` int(11) NOT NULL AUTO_INCREMENT;

--
-- AUTO_INCREMENT for table `financials_courses_fees`
--
ALTER TABLE `financials_courses_fees`
  MODIFY `id` int(11) UNSIGNED NOT NULL AUTO_INCREMENT;

--
-- AUTO_INCREMENT for table `financials_discounts`
--
ALTER TABLE `financials_discounts`
  MODIFY `id` int(11) UNSIGNED NOT NULL AUTO_INCREMENT;

--
-- AUTO_INCREMENT for table `financials_discount_students`
--
ALTER TABLE `financials_discount_students`
  MODIFY `id` int(11) UNSIGNED NOT NULL AUTO_INCREMENT;

--
-- AUTO_INCREMENT for table `financials_fines_management`
--
ALTER TABLE `financials_fines_management`
  MODIFY `id` int(11) UNSIGNED NOT NULL AUTO_INCREMENT;

--
-- AUTO_INCREMENT for table `financials_mandatory_min_payment`
--
ALTER TABLE `financials_mandatory_min_payment`
  MODIFY `id` int(11) UNSIGNED NOT NULL AUTO_INCREMENT;

--
-- AUTO_INCREMENT for table `financials_mandatory_min_payment_custom`
--
ALTER TABLE `financials_mandatory_min_payment_custom`
  MODIFY `id` int(11) UNSIGNED NOT NULL AUTO_INCREMENT;

--
-- AUTO_INCREMENT for table `financials_payments`
--
ALTER TABLE `financials_payments`
  MODIFY `id` bigint(20) UNSIGNED NOT NULL AUTO_INCREMENT;

--
-- AUTO_INCREMENT for table `financials_sponsors`
--
ALTER TABLE `financials_sponsors`
  MODIFY `id` int(11) UNSIGNED NOT NULL AUTO_INCREMENT;

--
-- AUTO_INCREMENT for table `financials_sponsorships`
--
ALTER TABLE `financials_sponsorships`
  MODIFY `id` int(11) UNSIGNED NOT NULL AUTO_INCREMENT;

--
-- AUTO_INCREMENT for table `financials_sponsors_types`
--
ALTER TABLE `financials_sponsors_types`
  MODIFY `id` int(11) UNSIGNED NOT NULL AUTO_INCREMENT, AUTO_INCREMENT=3;

--
-- AUTO_INCREMENT for table `general_banks`
--
ALTER TABLE `general_banks`
  MODIFY `id` int(11) UNSIGNED NOT NULL AUTO_INCREMENT, AUTO_INCREMENT=3;

--
-- AUTO_INCREMENT for table `general_cities`
--
ALTER TABLE `general_cities`
  MODIFY `id` int(11) UNSIGNED NOT NULL AUTO_INCREMENT, AUTO_INCREMENT=25752;

--
-- AUTO_INCREMENT for table `general_countries`
--
ALTER TABLE `general_countries`
  MODIFY `id` int(11) UNSIGNED NOT NULL AUTO_INCREMENT, AUTO_INCREMENT=251;

--
-- AUTO_INCREMENT for table `general_education_levels`
--
ALTER TABLE `general_education_levels`
  MODIFY `id` int(11) UNSIGNED NOT NULL AUTO_INCREMENT, AUTO_INCREMENT=6;

--
-- AUTO_INCREMENT for table `general_fields`
--
ALTER TABLE `general_fields`
  MODIFY `id` int(11) UNSIGNED NOT NULL AUTO_INCREMENT, AUTO_INCREMENT=26;

--
-- AUTO_INCREMENT for table `general_genders`
--
ALTER TABLE `general_genders`
  MODIFY `id` int(11) UNSIGNED NOT NULL AUTO_INCREMENT, AUTO_INCREMENT=3;

--
-- AUTO_INCREMENT for table `general_generally`
--
ALTER TABLE `general_generally`
  MODIFY `id` int(11) UNSIGNED NOT NULL AUTO_INCREMENT, AUTO_INCREMENT=25;

--
-- AUTO_INCREMENT for table `general_hr_departments`
--
ALTER TABLE `general_hr_departments`
  MODIFY `id` int(11) UNSIGNED NOT NULL AUTO_INCREMENT, AUTO_INCREMENT=14;

--
-- AUTO_INCREMENT for table `general_hr_employee_types`
--
ALTER TABLE `general_hr_employee_types`
  MODIFY `id` int(11) UNSIGNED NOT NULL AUTO_INCREMENT, AUTO_INCREMENT=13;

--
-- AUTO_INCREMENT for table `general_hr_fines_types`
--
ALTER TABLE `general_hr_fines_types`
  MODIFY `id` int(11) UNSIGNED NOT NULL AUTO_INCREMENT, AUTO_INCREMENT=4;

--
-- AUTO_INCREMENT for table `general_hr_leavetypes`
--
ALTER TABLE `general_hr_leavetypes`
  MODIFY `id` int(11) UNSIGNED NOT NULL AUTO_INCREMENT;

--
-- AUTO_INCREMENT for table `general_hr_positions`
--
ALTER TABLE `general_hr_positions`
  MODIFY `id` int(11) UNSIGNED NOT NULL AUTO_INCREMENT, AUTO_INCREMENT=46;

--
-- AUTO_INCREMENT for table `general_hr_rewards_types`
--
ALTER TABLE `general_hr_rewards_types`
  MODIFY `id` int(11) UNSIGNED NOT NULL AUTO_INCREMENT, AUTO_INCREMENT=10;

--
-- AUTO_INCREMENT for table `general_hr_sections`
--
ALTER TABLE `general_hr_sections`
  MODIFY `id` int(11) UNSIGNED NOT NULL AUTO_INCREMENT, AUTO_INCREMENT=4;

--
-- AUTO_INCREMENT for table `general_hr_warnings_types`
--
ALTER TABLE `general_hr_warnings_types`
  MODIFY `id` int(11) UNSIGNED NOT NULL AUTO_INCREMENT, AUTO_INCREMENT=9;

--
-- AUTO_INCREMENT for table `general_hs_certificate_type`
--
ALTER TABLE `general_hs_certificate_type`
  MODIFY `id` int(11) UNSIGNED NOT NULL AUTO_INCREMENT;

--
-- AUTO_INCREMENT for table `general_languages`
--
ALTER TABLE `general_languages`
  MODIFY `id` int(11) UNSIGNED NOT NULL AUTO_INCREMENT, AUTO_INCREMENT=5;

--
-- AUTO_INCREMENT for table `general_legalforms`
--
ALTER TABLE `general_legalforms`
  MODIFY `id` int(11) UNSIGNED NOT NULL AUTO_INCREMENT, AUTO_INCREMENT=11;

--
-- AUTO_INCREMENT for table `general_marital_status`
--
ALTER TABLE `general_marital_status`
  MODIFY `id` int(11) UNSIGNED NOT NULL AUTO_INCREMENT, AUTO_INCREMENT=5;

--
-- AUTO_INCREMENT for table `general_registration_classes`
--
ALTER TABLE `general_registration_classes`
  MODIFY `id` int(11) UNSIGNED NOT NULL AUTO_INCREMENT, AUTO_INCREMENT=16;

--
-- AUTO_INCREMENT for table `general_registration_preclasses`
--
ALTER TABLE `general_registration_preclasses`
  MODIFY `id` int(11) UNSIGNED NOT NULL AUTO_INCREMENT, AUTO_INCREMENT=16;

--
-- AUTO_INCREMENT for table `general_religions`
--
ALTER TABLE `general_religions`
  MODIFY `id` int(11) UNSIGNED NOT NULL AUTO_INCREMENT, AUTO_INCREMENT=3;

--
-- AUTO_INCREMENT for table `general_stores_categories`
--
ALTER TABLE `general_stores_categories`
  MODIFY `id` int(11) UNSIGNED NOT NULL AUTO_INCREMENT;

--
-- AUTO_INCREMENT for table `general_stores_stores`
--
ALTER TABLE `general_stores_stores`
  MODIFY `id` int(11) UNSIGNED NOT NULL AUTO_INCREMENT;

--
-- AUTO_INCREMENT for table `general_stores_units`
--
ALTER TABLE `general_stores_units`
  MODIFY `id` int(11) UNSIGNED NOT NULL AUTO_INCREMENT;

--
-- AUTO_INCREMENT for table `general_student_parent_relation`
--
ALTER TABLE `general_student_parent_relation`
  MODIFY `id` int(11) UNSIGNED NOT NULL AUTO_INCREMENT, AUTO_INCREMENT=12;

--
-- AUTO_INCREMENT for table `home_icons`
--
ALTER TABLE `home_icons`
  MODIFY `id` bigint(20) UNSIGNED NOT NULL AUTO_INCREMENT, AUTO_INCREMENT=9;

--
-- AUTO_INCREMENT for table `hr_allowances_relations`
--
ALTER TABLE `hr_allowances_relations`
  MODIFY `id` int(11) UNSIGNED NOT NULL AUTO_INCREMENT, AUTO_INCREMENT=4;

--
-- AUTO_INCREMENT for table `hr_allowances_types`
--
ALTER TABLE `hr_allowances_types`
  MODIFY `id` int(11) UNSIGNED NOT NULL AUTO_INCREMENT, AUTO_INCREMENT=4;

--
-- AUTO_INCREMENT for table `hr_attendance`
--
ALTER TABLE `hr_attendance`
  MODIFY `id` int(11) UNSIGNED NOT NULL AUTO_INCREMENT;

--
-- AUTO_INCREMENT for table `hr_deductions_relations`
--
ALTER TABLE `hr_deductions_relations`
  MODIFY `id` int(11) UNSIGNED NOT NULL AUTO_INCREMENT, AUTO_INCREMENT=3;

--
-- AUTO_INCREMENT for table `hr_deductions_types`
--
ALTER TABLE `hr_deductions_types`
  MODIFY `id` int(11) UNSIGNED NOT NULL AUTO_INCREMENT, AUTO_INCREMENT=5;

--
-- AUTO_INCREMENT for table `hr_employment_applications`
--
ALTER TABLE `hr_employment_applications`
  MODIFY `id` int(11) UNSIGNED NOT NULL AUTO_INCREMENT, AUTO_INCREMENT=439;

--
-- AUTO_INCREMENT for table `hr_employment_applications_certificates`
--
ALTER TABLE `hr_employment_applications_certificates`
  MODIFY `id` int(11) UNSIGNED NOT NULL AUTO_INCREMENT, AUTO_INCREMENT=282;

--
-- AUTO_INCREMENT for table `hr_employment_applications_experiances`
--
ALTER TABLE `hr_employment_applications_experiances`
  MODIFY `id` int(11) UNSIGNED NOT NULL AUTO_INCREMENT, AUTO_INCREMENT=111;

--
-- AUTO_INCREMENT for table `hr_employment_applications_qualifications`
--
ALTER TABLE `hr_employment_applications_qualifications`
  MODIFY `id` int(11) UNSIGNED NOT NULL AUTO_INCREMENT, AUTO_INCREMENT=413;

--
-- AUTO_INCREMENT for table `hr_fines_warnings`
--
ALTER TABLE `hr_fines_warnings`
  MODIFY `id` int(11) UNSIGNED NOT NULL AUTO_INCREMENT, AUTO_INCREMENT=3;

--
-- AUTO_INCREMENT for table `hr_leaverequest`
--
ALTER TABLE `hr_leaverequest`
  MODIFY `id` int(11) UNSIGNED NOT NULL AUTO_INCREMENT;

--
-- AUTO_INCREMENT for table `hr_rewards`
--
ALTER TABLE `hr_rewards`
  MODIFY `id` int(11) UNSIGNED NOT NULL AUTO_INCREMENT, AUTO_INCREMENT=2;

--
-- AUTO_INCREMENT for table `imagescenter`
--
ALTER TABLE `imagescenter`
  MODIFY `id` int(11) UNSIGNED NOT NULL AUTO_INCREMENT, AUTO_INCREMENT=2;

--
-- AUTO_INCREMENT for table `layers`
--
ALTER TABLE `layers`
  MODIFY `id` bigint(20) UNSIGNED NOT NULL AUTO_INCREMENT;

--
-- AUTO_INCREMENT for table `letters`
--
ALTER TABLE `letters`
  MODIFY `id` int(11) UNSIGNED NOT NULL AUTO_INCREMENT, AUTO_INCREMENT=40;

--
-- AUTO_INCREMENT for table `letters_applications`
--
ALTER TABLE `letters_applications`
  MODIFY `id` int(11) UNSIGNED NOT NULL AUTO_INCREMENT, AUTO_INCREMENT=19;

--
-- AUTO_INCREMENT for table `letters_applications_approvals`
--
ALTER TABLE `letters_applications_approvals`
  MODIFY `id` int(11) UNSIGNED NOT NULL AUTO_INCREMENT, AUTO_INCREMENT=44;

--
-- AUTO_INCREMENT for table `letters_approvals`
--
ALTER TABLE `letters_approvals`
  MODIFY `id` int(11) UNSIGNED NOT NULL AUTO_INCREMENT, AUTO_INCREMENT=114;

--
-- AUTO_INCREMENT for table `letters_dropdowns`
--
ALTER TABLE `letters_dropdowns`
  MODIFY `id` int(11) UNSIGNED NOT NULL AUTO_INCREMENT, AUTO_INCREMENT=21;

--
-- AUTO_INCREMENT for table `letters_dropdowns_options`
--
ALTER TABLE `letters_dropdowns_options`
  MODIFY `id` int(11) UNSIGNED NOT NULL AUTO_INCREMENT, AUTO_INCREMENT=50;

--
-- AUTO_INCREMENT for table `letters_fields`
--
ALTER TABLE `letters_fields`
  MODIFY `id` int(11) UNSIGNED NOT NULL AUTO_INCREMENT, AUTO_INCREMENT=220;

--
-- AUTO_INCREMENT for table `library_manager`
--
ALTER TABLE `library_manager`
  MODIFY `id` int(11) UNSIGNED NOT NULL AUTO_INCREMENT;

--
-- AUTO_INCREMENT for table `menus`
--
ALTER TABLE `menus`
  MODIFY `id` int(11) NOT NULL AUTO_INCREMENT, AUTO_INCREMENT=44;

--
-- AUTO_INCREMENT for table `news`
--
ALTER TABLE `news`
  MODIFY `id` bigint(20) NOT NULL AUTO_INCREMENT, AUTO_INCREMENT=7;

--
-- AUTO_INCREMENT for table `pages`
--
ALTER TABLE `pages`
  MODIFY `id` int(11) NOT NULL AUTO_INCREMENT, AUTO_INCREMENT=2;

--
-- AUTO_INCREMENT for table `permissions_groups`
--
ALTER TABLE `permissions_groups`
  MODIFY `id` int(11) UNSIGNED NOT NULL AUTO_INCREMENT, AUTO_INCREMENT=5;

--
-- AUTO_INCREMENT for table `permissions_groups_roles_relations`
--
ALTER TABLE `permissions_groups_roles_relations`
  MODIFY `id` int(11) UNSIGNED NOT NULL AUTO_INCREMENT, AUTO_INCREMENT=223;

--
-- AUTO_INCREMENT for table `permissions_groups_users_relations`
--
ALTER TABLE `permissions_groups_users_relations`
  MODIFY `id` int(11) UNSIGNED NOT NULL AUTO_INCREMENT, AUTO_INCREMENT=24;

--
-- AUTO_INCREMENT for table `permission_sections`
--
ALTER TABLE `permission_sections`
  MODIFY `id` int(11) UNSIGNED NOT NULL AUTO_INCREMENT, AUTO_INCREMENT=9;

--
-- AUTO_INCREMENT for table `relations`
--
ALTER TABLE `relations`
  MODIFY `id` int(11) UNSIGNED NOT NULL AUTO_INCREMENT;

--
-- AUTO_INCREMENT for table `roles`
--
ALTER TABLE `roles`
  MODIFY `id` int(11) UNSIGNED NOT NULL AUTO_INCREMENT, AUTO_INCREMENT=371;

--
-- AUTO_INCREMENT for table `slides`
--
ALTER TABLE `slides`
  MODIFY `id` bigint(20) UNSIGNED NOT NULL AUTO_INCREMENT, AUTO_INCREMENT=30;

--
-- AUTO_INCREMENT for table `stores_goods_delivery_voucher`
--
ALTER TABLE `stores_goods_delivery_voucher`
  MODIFY `id` int(11) UNSIGNED NOT NULL AUTO_INCREMENT;

--
-- AUTO_INCREMENT for table `stores_goods_delivery_voucher_items`
--
ALTER TABLE `stores_goods_delivery_voucher_items`
  MODIFY `id` int(11) UNSIGNED NOT NULL AUTO_INCREMENT;

--
-- AUTO_INCREMENT for table `stores_goods_elimination_voucher`
--
ALTER TABLE `stores_goods_elimination_voucher`
  MODIFY `id` int(11) UNSIGNED NOT NULL AUTO_INCREMENT;

--
-- AUTO_INCREMENT for table `stores_goods_elimination_voucher_items`
--
ALTER TABLE `stores_goods_elimination_voucher_items`
  MODIFY `id` int(11) UNSIGNED NOT NULL AUTO_INCREMENT;

--
-- AUTO_INCREMENT for table `stores_goods_receipts_voucher`
--
ALTER TABLE `stores_goods_receipts_voucher`
  MODIFY `id` int(11) UNSIGNED NOT NULL AUTO_INCREMENT;

--
-- AUTO_INCREMENT for table `stores_goods_receipts_voucher_items`
--
ALTER TABLE `stores_goods_receipts_voucher_items`
  MODIFY `id` int(11) UNSIGNED NOT NULL AUTO_INCREMENT;

--
-- AUTO_INCREMENT for table `stores_inventory`
--
ALTER TABLE `stores_inventory`
  MODIFY `id` int(11) UNSIGNED NOT NULL AUTO_INCREMENT;

--
-- AUTO_INCREMENT for table `stores_purchase`
--
ALTER TABLE `stores_purchase`
  MODIFY `id` int(11) UNSIGNED NOT NULL AUTO_INCREMENT;

--
-- AUTO_INCREMENT for table `stores_purchase_elements`
--
ALTER TABLE `stores_purchase_elements`
  MODIFY `id` int(11) UNSIGNED NOT NULL AUTO_INCREMENT;

--
-- AUTO_INCREMENT for table `stores_sales_invoice`
--
ALTER TABLE `stores_sales_invoice`
  MODIFY `id` int(11) UNSIGNED NOT NULL AUTO_INCREMENT;

--
-- AUTO_INCREMENT for table `stores_sales_invoice_items`
--
ALTER TABLE `stores_sales_invoice_items`
  MODIFY `id` int(11) UNSIGNED NOT NULL AUTO_INCREMENT;

--
-- AUTO_INCREMENT for table `stores_stocktaking_process`
--
ALTER TABLE `stores_stocktaking_process`
  MODIFY `id` int(11) UNSIGNED NOT NULL AUTO_INCREMENT;

--
-- AUTO_INCREMENT for table `students_applications`
--
ALTER TABLE `students_applications`
  MODIFY `id` int(11) UNSIGNED NOT NULL AUTO_INCREMENT, AUTO_INCREMENT=13;

--
-- AUTO_INCREMENT for table `students_applications_documents`
--
ALTER TABLE `students_applications_documents`
  MODIFY `id` int(11) UNSIGNED NOT NULL AUTO_INCREMENT, AUTO_INCREMENT=7;

--
-- AUTO_INCREMENT for table `students_applications_documents_types`
--
ALTER TABLE `students_applications_documents_types`
  MODIFY `id` int(11) UNSIGNED NOT NULL AUTO_INCREMENT, AUTO_INCREMENT=19;

--
-- AUTO_INCREMENT for table `students_applications_steps`
--
ALTER TABLE `students_applications_steps`
  MODIFY `id` int(11) UNSIGNED NOT NULL AUTO_INCREMENT, AUTO_INCREMENT=29;

--
-- AUTO_INCREMENT for table `students_logs`
--
ALTER TABLE `students_logs`
  MODIFY `id` int(11) UNSIGNED NOT NULL AUTO_INCREMENT;

--
-- AUTO_INCREMENT for table `students_operations`
--
ALTER TABLE `students_operations`
  MODIFY `id` int(11) UNSIGNED NOT NULL AUTO_INCREMENT, AUTO_INCREMENT=18;

--
-- AUTO_INCREMENT for table `students_sections`
--
ALTER TABLE `students_sections`
  MODIFY `id` bigint(20) UNSIGNED NOT NULL AUTO_INCREMENT;

--
-- AUTO_INCREMENT for table `students_study_state`
--
ALTER TABLE `students_study_state`
  MODIFY `id` int(10) UNSIGNED NOT NULL AUTO_INCREMENT, AUTO_INCREMENT=5;

--
-- AUTO_INCREMENT for table `students_terms`
--
ALTER TABLE `students_terms`
  MODIFY `id` bigint(20) UNSIGNED NOT NULL AUTO_INCREMENT;

--
-- AUTO_INCREMENT for table `students_types`
--
ALTER TABLE `students_types`
  MODIFY `id` int(11) UNSIGNED NOT NULL AUTO_INCREMENT, AUTO_INCREMENT=2;

--
-- AUTO_INCREMENT for table `study_academicyears`
--
ALTER TABLE `study_academicyears`
  MODIFY `id` int(11) UNSIGNED NOT NULL AUTO_INCREMENT;

--
-- AUTO_INCREMENT for table `study_colleges`
--
ALTER TABLE `study_colleges`
  MODIFY `id` int(11) UNSIGNED NOT NULL AUTO_INCREMENT;

--
-- AUTO_INCREMENT for table `study_courses`
--
ALTER TABLE `study_courses`
  MODIFY `id` int(11) UNSIGNED NOT NULL AUTO_INCREMENT;

--
-- AUTO_INCREMENT for table `study_courses_prerequisite`
--
ALTER TABLE `study_courses_prerequisite`
  MODIFY `id` int(11) UNSIGNED NOT NULL AUTO_INCREMENT;

--
-- AUTO_INCREMENT for table `study_degrees`
--
ALTER TABLE `study_degrees`
  MODIFY `id` int(11) UNSIGNED NOT NULL AUTO_INCREMENT, AUTO_INCREMENT=7;

--
-- AUTO_INCREMENT for table `study_departments`
--
ALTER TABLE `study_departments`
  MODIFY `id` int(11) UNSIGNED NOT NULL AUTO_INCREMENT;

--
-- AUTO_INCREMENT for table `study_levels`
--
ALTER TABLE `study_levels`
  MODIFY `id` int(11) UNSIGNED NOT NULL AUTO_INCREMENT;

--
-- AUTO_INCREMENT for table `study_levels_courses`
--
ALTER TABLE `study_levels_courses`
  MODIFY `id` int(11) UNSIGNED NOT NULL AUTO_INCREMENT;

--
-- AUTO_INCREMENT for table `study_majors`
--
ALTER TABLE `study_majors`
  MODIFY `id` int(11) UNSIGNED NOT NULL AUTO_INCREMENT;

--
-- AUTO_INCREMENT for table `study_programs`
--
ALTER TABLE `study_programs`
  MODIFY `id` int(11) UNSIGNED NOT NULL AUTO_INCREMENT;

--
-- AUTO_INCREMENT for table `study_rooms`
--
ALTER TABLE `study_rooms`
  MODIFY `id` int(11) UNSIGNED NOT NULL AUTO_INCREMENT;

--
-- AUTO_INCREMENT for table `study_sections`
--
ALTER TABLE `study_sections`
  MODIFY `id` int(11) UNSIGNED NOT NULL AUTO_INCREMENT;

--
-- AUTO_INCREMENT for table `study_sections_dates`
--
ALTER TABLE `study_sections_dates`
  MODIFY `id` int(11) UNSIGNED NOT NULL AUTO_INCREMENT;

--
-- AUTO_INCREMENT for table `study_terms`
--
ALTER TABLE `study_terms`
  MODIFY `id` int(11) UNSIGNED NOT NULL AUTO_INCREMENT;

--
-- AUTO_INCREMENT for table `study_terms_degree_hours`
--
ALTER TABLE `study_terms_degree_hours`
  MODIFY `id` int(11) UNSIGNED NOT NULL AUTO_INCREMENT;

--
-- AUTO_INCREMENT for table `study_types`
--
ALTER TABLE `study_types`
  MODIFY `id` int(11) UNSIGNED NOT NULL AUTO_INCREMENT, AUTO_INCREMENT=3;

--
-- AUTO_INCREMENT for table `tags`
--
ALTER TABLE `tags`
  MODIFY `id` int(11) UNSIGNED NOT NULL AUTO_INCREMENT;

--
-- AUTO_INCREMENT for table `users`
--
ALTER TABLE `users`
  MODIFY `id` int(11) UNSIGNED NOT NULL AUTO_INCREMENT, AUTO_INCREMENT=138;

--
-- AUTO_INCREMENT for table `users_files`
--
ALTER TABLE `users_files`
  MODIFY `id` int(11) UNSIGNED NOT NULL AUTO_INCREMENT;

--
-- AUTO_INCREMENT for table `users_group`
--
ALTER TABLE `users_group`
  MODIFY `id` int(11) UNSIGNED NOT NULL AUTO_INCREMENT, AUTO_INCREMENT=6;

--
-- AUTO_INCREMENT for table `user_tokens`
--
ALTER TABLE `user_tokens`
  MODIFY `id` int(11) UNSIGNED NOT NULL AUTO_INCREMENT, AUTO_INCREMENT=85;

--
-- AUTO_INCREMENT for table `variables`
--
ALTER TABLE `variables`
  MODIFY `id` bigint(20) UNSIGNED NOT NULL AUTO_INCREMENT, AUTO_INCREMENT=91;

--
-- Constraints for dumped tables
--

--
-- Constraints for table `accounting_accounts`
--
ALTER TABLE `accounting_accounts`
  ADD CONSTRAINT `FK_accounting_accounts_accounting_accounts` FOREIGN KEY (`ParentNo`) REFERENCES `accounting_accounts` (`id`);

--
-- Constraints for table `contact`
--
ALTER TABLE `contact`
  ADD CONSTRAINT `FK_contact_users` FOREIGN KEY (`Created_by`) REFERENCES `users` (`id`),
  ADD CONSTRAINT `FK_contact_users_2` FOREIGN KEY (`last_update_by`) REFERENCES `users` (`id`);

--
-- Constraints for table `counters`
--
ALTER TABLE `counters`
  ADD CONSTRAINT `FK_counters_users` FOREIGN KEY (`Created_by`) REFERENCES `users` (`id`),
  ADD CONSTRAINT `FK_counters_users_2` FOREIGN KEY (`last_update_by`) REFERENCES `users` (`id`),
  ADD CONSTRAINT `FK_counters_users_3` FOREIGN KEY (`deleted_by`) REFERENCES `users` (`id`);

--
-- Constraints for table `financials_courses_fees`
--
ALTER TABLE `financials_courses_fees`
  ADD CONSTRAINT `FK_financials_courses_fees_students_types` FOREIGN KEY (`student_type`) REFERENCES `students_types` (`id`),
  ADD CONSTRAINT `FK_financials_courses_fees_study_colleges` FOREIGN KEY (`college`) REFERENCES `study_colleges` (`id`),
  ADD CONSTRAINT `FK_financials_courses_fees_study_courses` FOREIGN KEY (`course`) REFERENCES `study_courses` (`id`),
  ADD CONSTRAINT `FK_financials_courses_fees_study_degrees` FOREIGN KEY (`degree`) REFERENCES `study_degrees` (`id`),
  ADD CONSTRAINT `FK_financials_courses_fees_study_departments` FOREIGN KEY (`department`) REFERENCES `study_departments` (`id`),
  ADD CONSTRAINT `FK_financials_courses_fees_study_levels` FOREIGN KEY (`level`) REFERENCES `study_levels` (`id`),
  ADD CONSTRAINT `FK_financials_courses_fees_study_majors` FOREIGN KEY (`major`) REFERENCES `study_majors` (`id`),
  ADD CONSTRAINT `FK_financials_courses_fees_users` FOREIGN KEY (`last_update_by`) REFERENCES `users` (`id`),
  ADD CONSTRAINT `FK_financials_courses_fees_users_2` FOREIGN KEY (`Created_by`) REFERENCES `users` (`id`),
  ADD CONSTRAINT `FK_financials_courses_fees_users_3` FOREIGN KEY (`deleted_by`) REFERENCES `users` (`id`);

--
-- Constraints for table `financials_discounts`
--
ALTER TABLE `financials_discounts`
  ADD CONSTRAINT `FK_financials_discounts_students_types` FOREIGN KEY (`student_type`) REFERENCES `students_types` (`id`),
  ADD CONSTRAINT `FK_financials_discounts_study_degrees` FOREIGN KEY (`degree`) REFERENCES `study_degrees` (`id`),
  ADD CONSTRAINT `FK_financials_discounts_study_majors` FOREIGN KEY (`major`) REFERENCES `study_majors` (`id`),
  ADD CONSTRAINT `FK_financials_discounts_study_terms` FOREIGN KEY (`term`) REFERENCES `study_terms` (`id`),
  ADD CONSTRAINT `FK_financials_discounts_users` FOREIGN KEY (`Created_by`) REFERENCES `users` (`id`),
  ADD CONSTRAINT `FK_financials_discounts_users_2` FOREIGN KEY (`last_update_by`) REFERENCES `users` (`id`),
  ADD CONSTRAINT `FK_financials_discounts_users_3` FOREIGN KEY (`deleted_by`) REFERENCES `users` (`id`);

--
-- Constraints for table `financials_discount_students`
--
ALTER TABLE `financials_discount_students`
  ADD CONSTRAINT `FK_financials_discount_students_study_terms` FOREIGN KEY (`term`) REFERENCES `study_terms` (`id`),
  ADD CONSTRAINT `FK_financials_discount_students_users` FOREIGN KEY (`student`) REFERENCES `users` (`id`),
  ADD CONSTRAINT `FK_financials_discount_students_users_2` FOREIGN KEY (`Created_by`) REFERENCES `users` (`id`),
  ADD CONSTRAINT `FK_financials_discount_students_users_3` FOREIGN KEY (`last_update_by`) REFERENCES `users` (`id`),
  ADD CONSTRAINT `FK_financials_discount_students_users_4` FOREIGN KEY (`deleted_by`) REFERENCES `users` (`id`);

--
-- Constraints for table `financials_fines_management`
--
ALTER TABLE `financials_fines_management`
  ADD CONSTRAINT `FK_financials_fines_management_study_terms` FOREIGN KEY (`term`) REFERENCES `study_terms` (`id`),
  ADD CONSTRAINT `FK_financials_fines_management_users` FOREIGN KEY (`deleted_by`) REFERENCES `users` (`id`),
  ADD CONSTRAINT `FK_financials_fines_management_users_2` FOREIGN KEY (`last_update_by`) REFERENCES `users` (`id`),
  ADD CONSTRAINT `FK_financials_fines_management_users_3` FOREIGN KEY (`Created_by`) REFERENCES `users` (`id`);

--
-- Constraints for table `financials_mandatory_min_payment`
--
ALTER TABLE `financials_mandatory_min_payment`
  ADD CONSTRAINT `FK_financials_mandatory_min_payment_study_degrees` FOREIGN KEY (`degree`) REFERENCES `study_degrees` (`id`),
  ADD CONSTRAINT `FK_financials_mandatory_min_payment_study_majors` FOREIGN KEY (`major`) REFERENCES `study_majors` (`id`),
  ADD CONSTRAINT `FK_financials_mandatory_min_payment_study_terms` FOREIGN KEY (`term`) REFERENCES `study_terms` (`id`),
  ADD CONSTRAINT `FK_financials_mandatory_min_payment_users` FOREIGN KEY (`deleted_by`) REFERENCES `users` (`id`),
  ADD CONSTRAINT `FK_financials_mandatory_min_payment_users_2` FOREIGN KEY (`last_update_by`) REFERENCES `users` (`id`),
  ADD CONSTRAINT `FK_financials_mandatory_min_payment_users_3` FOREIGN KEY (`Created_by`) REFERENCES `users` (`id`);

--
-- Constraints for table `financials_mandatory_min_payment_custom`
--
ALTER TABLE `financials_mandatory_min_payment_custom`
  ADD CONSTRAINT `FK_financials_mandatory_min_payment_custom_study_terms` FOREIGN KEY (`term`) REFERENCES `study_terms` (`id`),
  ADD CONSTRAINT `FK_financials_mandatory_min_payment_custom_users` FOREIGN KEY (`student`) REFERENCES `users` (`id`),
  ADD CONSTRAINT `FK_financials_mandatory_min_payment_custom_users_2` FOREIGN KEY (`Created_by`) REFERENCES `users` (`id`),
  ADD CONSTRAINT `FK_financials_mandatory_min_payment_custom_users_3` FOREIGN KEY (`last_update_by`) REFERENCES `users` (`id`),
  ADD CONSTRAINT `FK_financials_mandatory_min_payment_custom_users_4` FOREIGN KEY (`deleted_by`) REFERENCES `users` (`id`);

--
-- Constraints for table `financials_payments`
--
ALTER TABLE `financials_payments`
  ADD CONSTRAINT `FK_financials_payments_financials_discounts` FOREIGN KEY (`Discount`) REFERENCES `financials_discounts` (`id`),
  ADD CONSTRAINT `FK_financials_payments_study_terms` FOREIGN KEY (`term`) REFERENCES `study_terms` (`id`),
  ADD CONSTRAINT `FK_financials_payments_users` FOREIGN KEY (`student`) REFERENCES `users` (`id`),
  ADD CONSTRAINT `FK_financials_payments_users_2` FOREIGN KEY (`Created_by`) REFERENCES `users` (`id`),
  ADD CONSTRAINT `FK_financials_payments_users_3` FOREIGN KEY (`last_update_by`) REFERENCES `users` (`id`),
  ADD CONSTRAINT `FK_financials_payments_users_4` FOREIGN KEY (`deleted_by`) REFERENCES `users` (`id`);

--
-- Constraints for table `financials_sponsors`
--
ALTER TABLE `financials_sponsors`
  ADD CONSTRAINT `FK_financials_sponsors_financials_sponsors_types` FOREIGN KEY (`sponsor_type`) REFERENCES `financials_sponsors_types` (`id`),
  ADD CONSTRAINT `FK_financials_sponsors_general_legalforms` FOREIGN KEY (`legalform`) REFERENCES `general_legalforms` (`id`),
  ADD CONSTRAINT `FK_financials_sponsors_users` FOREIGN KEY (`Created_by`) REFERENCES `users` (`id`),
  ADD CONSTRAINT `FK_financials_sponsors_users_2` FOREIGN KEY (`last_update_by`) REFERENCES `users` (`id`),
  ADD CONSTRAINT `FK_financials_sponsors_users_3` FOREIGN KEY (`deleted_by`) REFERENCES `users` (`id`);

--
-- Constraints for table `financials_sponsorships`
--
ALTER TABLE `financials_sponsorships`
  ADD CONSTRAINT `FK_financials_sponsorships_financials_sponsors` FOREIGN KEY (`sponsor`) REFERENCES `financials_sponsors` (`id`),
  ADD CONSTRAINT `FK_financials_sponsorships_study_terms` FOREIGN KEY (`term`) REFERENCES `study_terms` (`id`),
  ADD CONSTRAINT `FK_financials_sponsorships_users` FOREIGN KEY (`student`) REFERENCES `users` (`id`),
  ADD CONSTRAINT `FK_financials_sponsorships_users_2` FOREIGN KEY (`Created_by`) REFERENCES `users` (`id`),
  ADD CONSTRAINT `FK_financials_sponsorships_users_3` FOREIGN KEY (`last_update_by`) REFERENCES `users` (`id`),
  ADD CONSTRAINT `FK_financials_sponsorships_users_4` FOREIGN KEY (`deleted_by`) REFERENCES `users` (`id`);

--
-- Constraints for table `financials_sponsors_types`
--
ALTER TABLE `financials_sponsors_types`
  ADD CONSTRAINT `FK_financials_sponsors_types_users` FOREIGN KEY (`Created_by`) REFERENCES `users` (`id`),
  ADD CONSTRAINT `FK_financials_sponsors_types_users_2` FOREIGN KEY (`last_update_by`) REFERENCES `users` (`id`),
  ADD CONSTRAINT `FK_financials_sponsors_types_users_3` FOREIGN KEY (`deleted_by`) REFERENCES `users` (`id`);

--
-- Constraints for table `general_banks`
--
ALTER TABLE `general_banks`
  ADD CONSTRAINT `general_banks_ibfk_1` FOREIGN KEY (`deleted_by`) REFERENCES `users` (`id`),
  ADD CONSTRAINT `general_banks_ibfk_2` FOREIGN KEY (`Created_by`) REFERENCES `users` (`id`),
  ADD CONSTRAINT `general_banks_ibfk_3` FOREIGN KEY (`last_update_by`) REFERENCES `users` (`id`);

--
-- Constraints for table `general_cities`
--
ALTER TABLE `general_cities`
  ADD CONSTRAINT `FK_general_cities_general_religions` FOREIGN KEY (`country_id`) REFERENCES `general_countries` (`id`),
  ADD CONSTRAINT `general_cities_ibfk_1` FOREIGN KEY (`deleted_by`) REFERENCES `users` (`id`),
  ADD CONSTRAINT `general_cities_ibfk_2` FOREIGN KEY (`Created_by`) REFERENCES `users` (`id`),
  ADD CONSTRAINT `general_cities_ibfk_3` FOREIGN KEY (`last_update_by`) REFERENCES `users` (`id`);

--
-- Constraints for table `general_countries`
--
ALTER TABLE `general_countries`
  ADD CONSTRAINT `general_countries_ibfk_1` FOREIGN KEY (`deleted_by`) REFERENCES `users` (`id`),
  ADD CONSTRAINT `general_countries_ibfk_2` FOREIGN KEY (`Created_by`) REFERENCES `users` (`id`),
  ADD CONSTRAINT `general_countries_ibfk_3` FOREIGN KEY (`last_update_by`) REFERENCES `users` (`id`);

--
-- Constraints for table `general_education_levels`
--
ALTER TABLE `general_education_levels`
  ADD CONSTRAINT `general_education_levels_ibfk_1` FOREIGN KEY (`deleted_by`) REFERENCES `users` (`id`),
  ADD CONSTRAINT `general_education_levels_ibfk_2` FOREIGN KEY (`Created_by`) REFERENCES `users` (`id`),
  ADD CONSTRAINT `general_education_levels_ibfk_3` FOREIGN KEY (`last_update_by`) REFERENCES `users` (`id`);

--
-- Constraints for table `general_fields`
--
ALTER TABLE `general_fields`
  ADD CONSTRAINT `FK_general_fields_general_generally` FOREIGN KEY (`gennerally_id`) REFERENCES `general_generally` (`id`),
  ADD CONSTRAINT `general_fields_ibfk_2` FOREIGN KEY (`deleted_by`) REFERENCES `users` (`id`),
  ADD CONSTRAINT `general_fields_ibfk_3` FOREIGN KEY (`Created_by`) REFERENCES `users` (`id`),
  ADD CONSTRAINT `general_fields_ibfk_4` FOREIGN KEY (`last_update_by`) REFERENCES `users` (`id`);

--
-- Constraints for table `general_genders`
--
ALTER TABLE `general_genders`
  ADD CONSTRAINT `general_genders_ibfk_1` FOREIGN KEY (`deleted_by`) REFERENCES `users` (`id`),
  ADD CONSTRAINT `general_genders_ibfk_2` FOREIGN KEY (`Created_by`) REFERENCES `users` (`id`),
  ADD CONSTRAINT `general_genders_ibfk_3` FOREIGN KEY (`last_update_by`) REFERENCES `users` (`id`);

--
-- Constraints for table `general_generally`
--
ALTER TABLE `general_generally`
  ADD CONSTRAINT `FK_general_generally_general_generally` FOREIGN KEY (`parent`) REFERENCES `general_generally` (`id`),
  ADD CONSTRAINT `FK_general_generally_permission_sections` FOREIGN KEY (`section`) REFERENCES `permission_sections` (`id`),
  ADD CONSTRAINT `general_generally_ibfk_1` FOREIGN KEY (`deleted_by`) REFERENCES `users` (`id`),
  ADD CONSTRAINT `general_generally_ibfk_2` FOREIGN KEY (`Created_by`) REFERENCES `users` (`id`),
  ADD CONSTRAINT `general_generally_ibfk_3` FOREIGN KEY (`last_update_by`) REFERENCES `users` (`id`);

--
-- Constraints for table `general_hr_departments`
--
ALTER TABLE `general_hr_departments`
  ADD CONSTRAINT `FK_general_hr_departments_general_hr_positions` FOREIGN KEY (`director`) REFERENCES `general_hr_positions` (`id`),
  ADD CONSTRAINT `FK_general_hr_departments_general_hr_positions_2` FOREIGN KEY (`deputy_director`) REFERENCES `general_hr_positions` (`id`),
  ADD CONSTRAINT `general_hr_departments_ibfk_1` FOREIGN KEY (`deleted_by`) REFERENCES `users` (`id`),
  ADD CONSTRAINT `general_hr_departments_ibfk_2` FOREIGN KEY (`Created_by`) REFERENCES `users` (`id`),
  ADD CONSTRAINT `general_hr_departments_ibfk_3` FOREIGN KEY (`last_update_by`) REFERENCES `users` (`id`);

--
-- Constraints for table `general_hr_employee_types`
--
ALTER TABLE `general_hr_employee_types`
  ADD CONSTRAINT `general_hr_employee_types_ibfk_1` FOREIGN KEY (`deleted_by`) REFERENCES `users` (`id`),
  ADD CONSTRAINT `general_hr_employee_types_ibfk_2` FOREIGN KEY (`Created_by`) REFERENCES `users` (`id`),
  ADD CONSTRAINT `general_hr_employee_types_ibfk_3` FOREIGN KEY (`last_update_by`) REFERENCES `users` (`id`);

--
-- Constraints for table `general_hr_fines_types`
--
ALTER TABLE `general_hr_fines_types`
  ADD CONSTRAINT `general_hr_fines_types_ibfk_1` FOREIGN KEY (`deleted_by`) REFERENCES `users` (`id`),
  ADD CONSTRAINT `general_hr_fines_types_ibfk_2` FOREIGN KEY (`Created_by`) REFERENCES `users` (`id`),
  ADD CONSTRAINT `general_hr_fines_types_ibfk_3` FOREIGN KEY (`last_update_by`) REFERENCES `users` (`id`);

--
-- Constraints for table `general_hr_leavetypes`
--
ALTER TABLE `general_hr_leavetypes`
  ADD CONSTRAINT `general_hr_leavetypes_ibfk_1` FOREIGN KEY (`deleted_by`) REFERENCES `users` (`id`),
  ADD CONSTRAINT `general_hr_leavetypes_ibfk_2` FOREIGN KEY (`Created_by`) REFERENCES `users` (`id`),
  ADD CONSTRAINT `general_hr_leavetypes_ibfk_3` FOREIGN KEY (`last_update_by`) REFERENCES `users` (`id`);

--
-- Constraints for table `general_hr_positions`
--
ALTER TABLE `general_hr_positions`
  ADD CONSTRAINT `FK4` FOREIGN KEY (`department`) REFERENCES `general_hr_departments` (`id`),
  ADD CONSTRAINT `general_hr_positions_ibfk_1` FOREIGN KEY (`deleted_by`) REFERENCES `users` (`id`),
  ADD CONSTRAINT `general_hr_positions_ibfk_2` FOREIGN KEY (`Created_by`) REFERENCES `users` (`id`),
  ADD CONSTRAINT `general_hr_positions_ibfk_3` FOREIGN KEY (`last_update_by`) REFERENCES `users` (`id`);

--
-- Constraints for table `general_hr_rewards_types`
--
ALTER TABLE `general_hr_rewards_types`
  ADD CONSTRAINT `general_hr_rewards_types_ibfk_1` FOREIGN KEY (`deleted_by`) REFERENCES `users` (`id`),
  ADD CONSTRAINT `general_hr_rewards_types_ibfk_2` FOREIGN KEY (`Created_by`) REFERENCES `users` (`id`),
  ADD CONSTRAINT `general_hr_rewards_types_ibfk_3` FOREIGN KEY (`last_update_by`) REFERENCES `users` (`id`);

--
-- Constraints for table `general_hr_sections`
--
ALTER TABLE `general_hr_sections`
  ADD CONSTRAINT `general_hr_sections_ibfk_1` FOREIGN KEY (`deleted_by`) REFERENCES `users` (`id`),
  ADD CONSTRAINT `general_hr_sections_ibfk_2` FOREIGN KEY (`Created_by`) REFERENCES `users` (`id`),
  ADD CONSTRAINT `general_hr_sections_ibfk_3` FOREIGN KEY (`last_update_by`) REFERENCES `users` (`id`);

--
-- Constraints for table `general_hr_warnings_types`
--
ALTER TABLE `general_hr_warnings_types`
  ADD CONSTRAINT `general_hr_warnings_types_ibfk_1` FOREIGN KEY (`deleted_by`) REFERENCES `users` (`id`),
  ADD CONSTRAINT `general_hr_warnings_types_ibfk_2` FOREIGN KEY (`Created_by`) REFERENCES `users` (`id`),
  ADD CONSTRAINT `general_hr_warnings_types_ibfk_3` FOREIGN KEY (`last_update_by`) REFERENCES `users` (`id`);

--
-- Constraints for table `general_hs_certificate_type`
--
ALTER TABLE `general_hs_certificate_type`
  ADD CONSTRAINT `general_hs_certificate_type_ibfk_1` FOREIGN KEY (`deleted_by`) REFERENCES `users` (`id`),
  ADD CONSTRAINT `general_hs_certificate_type_ibfk_2` FOREIGN KEY (`Created_by`) REFERENCES `users` (`id`),
  ADD CONSTRAINT `general_hs_certificate_type_ibfk_3` FOREIGN KEY (`last_update_by`) REFERENCES `users` (`id`);

--
-- Constraints for table `general_languages`
--
ALTER TABLE `general_languages`
  ADD CONSTRAINT `general_languages_ibfk_1` FOREIGN KEY (`deleted_by`) REFERENCES `users` (`id`),
  ADD CONSTRAINT `general_languages_ibfk_2` FOREIGN KEY (`Created_by`) REFERENCES `users` (`id`),
  ADD CONSTRAINT `general_languages_ibfk_3` FOREIGN KEY (`last_update_by`) REFERENCES `users` (`id`);

--
-- Constraints for table `general_legalforms`
--
ALTER TABLE `general_legalforms`
  ADD CONSTRAINT `FK_general_legalforms_users` FOREIGN KEY (`deleted_by`) REFERENCES `users` (`id`),
  ADD CONSTRAINT `FK_general_legalforms_users_2` FOREIGN KEY (`Created_by`) REFERENCES `users` (`id`),
  ADD CONSTRAINT `FK_general_legalforms_users_3` FOREIGN KEY (`last_update_by`) REFERENCES `users` (`id`);

--
-- Constraints for table `general_marital_status`
--
ALTER TABLE `general_marital_status`
  ADD CONSTRAINT `general_marital_status_ibfk_1` FOREIGN KEY (`deleted_by`) REFERENCES `users` (`id`),
  ADD CONSTRAINT `general_marital_status_ibfk_2` FOREIGN KEY (`Created_by`) REFERENCES `users` (`id`),
  ADD CONSTRAINT `general_marital_status_ibfk_3` FOREIGN KEY (`last_update_by`) REFERENCES `users` (`id`);

--
-- Constraints for table `general_registration_classes`
--
ALTER TABLE `general_registration_classes`
  ADD CONSTRAINT `general_registration_classes_ibfk_1` FOREIGN KEY (`deleted_by`) REFERENCES `users` (`id`),
  ADD CONSTRAINT `general_registration_classes_ibfk_2` FOREIGN KEY (`Created_by`) REFERENCES `users` (`id`),
  ADD CONSTRAINT `general_registration_classes_ibfk_3` FOREIGN KEY (`last_update_by`) REFERENCES `users` (`id`);

--
-- Constraints for table `general_registration_preclasses`
--
ALTER TABLE `general_registration_preclasses`
  ADD CONSTRAINT `general_registration_preclasses_ibfk_1` FOREIGN KEY (`deleted_by`) REFERENCES `users` (`id`),
  ADD CONSTRAINT `general_registration_preclasses_ibfk_2` FOREIGN KEY (`Created_by`) REFERENCES `users` (`id`),
  ADD CONSTRAINT `general_registration_preclasses_ibfk_3` FOREIGN KEY (`last_update_by`) REFERENCES `users` (`id`);

--
-- Constraints for table `general_religions`
--
ALTER TABLE `general_religions`
  ADD CONSTRAINT `general_religions_ibfk_1` FOREIGN KEY (`deleted_by`) REFERENCES `users` (`id`),
  ADD CONSTRAINT `general_religions_ibfk_2` FOREIGN KEY (`Created_by`) REFERENCES `users` (`id`),
  ADD CONSTRAINT `general_religions_ibfk_3` FOREIGN KEY (`last_update_by`) REFERENCES `users` (`id`);

--
-- Constraints for table `general_stores_categories`
--
ALTER TABLE `general_stores_categories`
  ADD CONSTRAINT `FK_general_stores_categories_general_stores_categories` FOREIGN KEY (`parent_id`) REFERENCES `general_stores_categories` (`id`),
  ADD CONSTRAINT `general_stores_categories_ibfk_1` FOREIGN KEY (`deleted_by`) REFERENCES `users` (`id`),
  ADD CONSTRAINT `general_stores_categories_ibfk_2` FOREIGN KEY (`Created_by`) REFERENCES `users` (`id`),
  ADD CONSTRAINT `general_stores_categories_ibfk_3` FOREIGN KEY (`last_update_by`) REFERENCES `users` (`id`);

--
-- Constraints for table `general_stores_stores`
--
ALTER TABLE `general_stores_stores`
  ADD CONSTRAINT `FK_general_stores_stores_general_generally` FOREIGN KEY (`parent_id`) REFERENCES `general_generally` (`id`),
  ADD CONSTRAINT `general_stores_stores_ibfk_1` FOREIGN KEY (`deleted_by`) REFERENCES `users` (`id`),
  ADD CONSTRAINT `general_stores_stores_ibfk_2` FOREIGN KEY (`Created_by`) REFERENCES `users` (`id`),
  ADD CONSTRAINT `general_stores_stores_ibfk_3` FOREIGN KEY (`last_update_by`) REFERENCES `users` (`id`);

--
-- Constraints for table `general_stores_units`
--
ALTER TABLE `general_stores_units`
  ADD CONSTRAINT `general_stores_units_ibfk_1` FOREIGN KEY (`deleted_by`) REFERENCES `users` (`id`),
  ADD CONSTRAINT `general_stores_units_ibfk_2` FOREIGN KEY (`Created_by`) REFERENCES `users` (`id`),
  ADD CONSTRAINT `general_stores_units_ibfk_3` FOREIGN KEY (`last_update_by`) REFERENCES `users` (`id`);

--
-- Constraints for table `general_student_parent_relation`
--
ALTER TABLE `general_student_parent_relation`
  ADD CONSTRAINT `general_student_parent_relation_ibfk_1` FOREIGN KEY (`deleted_by`) REFERENCES `users` (`id`),
  ADD CONSTRAINT `general_student_parent_relation_ibfk_2` FOREIGN KEY (`Created_by`) REFERENCES `users` (`id`),
  ADD CONSTRAINT `general_student_parent_relation_ibfk_3` FOREIGN KEY (`last_update_by`) REFERENCES `users` (`id`);

--
-- Constraints for table `hr_allowances_relations`
--
ALTER TABLE `hr_allowances_relations`
  ADD CONSTRAINT `FK_hr_allowances_employee_hr_employment_applications` FOREIGN KEY (`employee`) REFERENCES `hr_employment_applications` (`id`),
  ADD CONSTRAINT `hr_allowances_relations_ibfk_1` FOREIGN KEY (`Created_by`) REFERENCES `users` (`id`),
  ADD CONSTRAINT `hr_allowances_relations_ibfk_2` FOREIGN KEY (`last_update_by`) REFERENCES `users` (`id`),
  ADD CONSTRAINT `hr_allowances_relations_ibfk_3` FOREIGN KEY (`deleted_by`) REFERENCES `users` (`id`);

--
-- Constraints for table `hr_allowances_types`
--
ALTER TABLE `hr_allowances_types`
  ADD CONSTRAINT `hr_allowances_types_ibfk_3` FOREIGN KEY (`Created_by`) REFERENCES `users` (`id`),
  ADD CONSTRAINT `hr_allowances_types_ibfk_4` FOREIGN KEY (`last_update_by`) REFERENCES `users` (`id`),
  ADD CONSTRAINT `hr_allowances_types_ibfk_5` FOREIGN KEY (`deleted_by`) REFERENCES `users` (`id`);

--
-- Constraints for table `hr_attendance`
--
ALTER TABLE `hr_attendance`
  ADD CONSTRAINT `FK_hr_attendance_hr_employment_applications` FOREIGN KEY (`employee`) REFERENCES `hr_employment_applications` (`id`),
  ADD CONSTRAINT `FK_hr_attendance_users` FOREIGN KEY (`reviewed_by`) REFERENCES `users` (`id`),
  ADD CONSTRAINT `hr_attendance_ibfk_1` FOREIGN KEY (`Created_by`) REFERENCES `users` (`id`),
  ADD CONSTRAINT `hr_attendance_ibfk_2` FOREIGN KEY (`last_update_by`) REFERENCES `users` (`id`),
  ADD CONSTRAINT `hr_attendance_ibfk_3` FOREIGN KEY (`deleted_by`) REFERENCES `users` (`id`);

--
-- Constraints for table `hr_deductions_relations`
--
ALTER TABLE `hr_deductions_relations`
  ADD CONSTRAINT `hr_deductions_relations_ibfk_1` FOREIGN KEY (`type`) REFERENCES `hr_deductions_types` (`id`),
  ADD CONSTRAINT `hr_deductions_relations_ibfk_2` FOREIGN KEY (`employee`) REFERENCES `hr_employment_applications` (`id`),
  ADD CONSTRAINT `hr_deductions_relations_ibfk_3` FOREIGN KEY (`Created_by`) REFERENCES `users` (`id`),
  ADD CONSTRAINT `hr_deductions_relations_ibfk_4` FOREIGN KEY (`last_update_by`) REFERENCES `users` (`id`),
  ADD CONSTRAINT `hr_deductions_relations_ibfk_5` FOREIGN KEY (`deleted_by`) REFERENCES `users` (`id`);

--
-- Constraints for table `hr_deductions_types`
--
ALTER TABLE `hr_deductions_types`
  ADD CONSTRAINT `hr_deductions_types_ibfk_1` FOREIGN KEY (`Created_by`) REFERENCES `users` (`id`),
  ADD CONSTRAINT `hr_deductions_types_ibfk_2` FOREIGN KEY (`last_update_by`) REFERENCES `users` (`id`),
  ADD CONSTRAINT `hr_deductions_types_ibfk_3` FOREIGN KEY (`deleted_by`) REFERENCES `users` (`id`);

--
-- Constraints for table `hr_employment_applications`
--
ALTER TABLE `hr_employment_applications`
  ADD CONSTRAINT `FK_hr_employment_applications_general_banks` FOREIGN KEY (`bank`) REFERENCES `general_banks` (`id`),
  ADD CONSTRAINT `FK_hr_employment_applications_general_genders` FOREIGN KEY (`gender`) REFERENCES `general_genders` (`id`),
  ADD CONSTRAINT `FK_hr_employment_applications_general_hr_departments` FOREIGN KEY (`department`) REFERENCES `general_hr_departments` (`id`),
  ADD CONSTRAINT `FK_hr_employment_applications_general_hr_employee_types` FOREIGN KEY (`employee_type`) REFERENCES `general_hr_employee_types` (`id`),
  ADD CONSTRAINT `FK_hr_employment_applications_general_hr_positions` FOREIGN KEY (`hr_position`) REFERENCES `general_hr_positions` (`id`),
  ADD CONSTRAINT `FK_hr_employment_applications_general_hr_sections` FOREIGN KEY (`hr_section`) REFERENCES `general_hr_sections` (`id`),
  ADD CONSTRAINT `FK_hr_employment_applications_general_marital_status` FOREIGN KEY (`marital_status`) REFERENCES `general_marital_status` (`id`),
  ADD CONSTRAINT `FK_hr_employment_applications_general_nationalities` FOREIGN KEY (`nationality`) REFERENCES `general_countries` (`id`),
  ADD CONSTRAINT `FK_hr_employment_applications_general_religions` FOREIGN KEY (`religion`) REFERENCES `general_religions` (`id`),
  ADD CONSTRAINT `FK_hr_employment_applications_study_colleges` FOREIGN KEY (`college`) REFERENCES `study_colleges` (`id`),
  ADD CONSTRAINT `FK_hr_employment_applications_users` FOREIGN KEY (`rejected_by`) REFERENCES `users` (`id`),
  ADD CONSTRAINT `FK_hr_employment_applications_users_2` FOREIGN KEY (`user_id`) REFERENCES `users` (`id`),
  ADD CONSTRAINT `hr_employment_applications_ibfk_1` FOREIGN KEY (`deleted_by`) REFERENCES `users` (`id`),
  ADD CONSTRAINT `hr_employment_applications_ibfk_2` FOREIGN KEY (`Created_by`) REFERENCES `users` (`id`),
  ADD CONSTRAINT `hr_employment_applications_ibfk_3` FOREIGN KEY (`last_update_by`) REFERENCES `users` (`id`),
  ADD CONSTRAINT `hr_employment_applications_ibfk_4` FOREIGN KEY (`account_id`) REFERENCES `accounting_accounts` (`id`),
  ADD CONSTRAINT `users` FOREIGN KEY (`approved_by`) REFERENCES `users` (`id`);

--
-- Constraints for table `hr_employment_applications_certificates`
--
ALTER TABLE `hr_employment_applications_certificates`
  ADD CONSTRAINT `FK_hr_employment_applications_certificates_general_countries` FOREIGN KEY (`country`) REFERENCES `general_countries` (`id`),
  ADD CONSTRAINT `hr_employment_applications_certificates_ibfk_1` FOREIGN KEY (`application_id`) REFERENCES `hr_employment_applications` (`id`),
  ADD CONSTRAINT `hr_employment_applications_certificates_ibfk_2` FOREIGN KEY (`Created_by`) REFERENCES `users` (`id`),
  ADD CONSTRAINT `hr_employment_applications_certificates_ibfk_3` FOREIGN KEY (`last_update_by`) REFERENCES `users` (`id`),
  ADD CONSTRAINT `hr_employment_applications_certificates_ibfk_4` FOREIGN KEY (`deleted_by`) REFERENCES `users` (`id`);

--
-- Constraints for table `hr_employment_applications_experiances`
--
ALTER TABLE `hr_employment_applications_experiances`
  ADD CONSTRAINT `hr_employment_applications_experiances_ibfk_1` FOREIGN KEY (`application_id`) REFERENCES `hr_employment_applications` (`id`),
  ADD CONSTRAINT `hr_employment_applications_experiances_ibfk_2` FOREIGN KEY (`Created_by`) REFERENCES `users` (`id`),
  ADD CONSTRAINT `hr_employment_applications_experiances_ibfk_3` FOREIGN KEY (`last_update_by`) REFERENCES `users` (`id`),
  ADD CONSTRAINT `hr_employment_applications_experiances_ibfk_4` FOREIGN KEY (`deleted_by`) REFERENCES `users` (`id`);

--
-- Constraints for table `hr_employment_applications_qualifications`
--
ALTER TABLE `hr_employment_applications_qualifications`
  ADD CONSTRAINT `FK_hr_employment_applications_qualifications_general_countries` FOREIGN KEY (`country`) REFERENCES `general_countries` (`id`),
  ADD CONSTRAINT `FK_hr_employment_applications_qualifications_hr_empl_app` FOREIGN KEY (`application_id`) REFERENCES `hr_employment_applications` (`id`),
  ADD CONSTRAINT `hr_employment_applications_qualifications_ibfk_10` FOREIGN KEY (`Created_by`) REFERENCES `users` (`id`),
  ADD CONSTRAINT `hr_employment_applications_qualifications_ibfk_11` FOREIGN KEY (`last_update_by`) REFERENCES `users` (`id`),
  ADD CONSTRAINT `hr_employment_applications_qualifications_ibfk_9` FOREIGN KEY (`deleted_by`) REFERENCES `users` (`id`);

--
-- Constraints for table `hr_fines_warnings`
--
ALTER TABLE `hr_fines_warnings`
  ADD CONSTRAINT `FK_hr_fines_warnings_general_hr_fines_types` FOREIGN KEY (`fine_type`) REFERENCES `general_hr_fines_types` (`id`),
  ADD CONSTRAINT `FK_hr_fines_warnings_general_hr_warnings_types` FOREIGN KEY (`warning_type`) REFERENCES `general_hr_warnings_types` (`id`),
  ADD CONSTRAINT `FK_hr_fines_warnings_users` FOREIGN KEY (`approved_by`) REFERENCES `users` (`id`),
  ADD CONSTRAINT `hr_fines_warnings_ibfk_1` FOREIGN KEY (`employee`) REFERENCES `hr_employment_applications` (`id`),
  ADD CONSTRAINT `hr_fines_warnings_ibfk_2` FOREIGN KEY (`Created_by`) REFERENCES `users` (`id`),
  ADD CONSTRAINT `hr_fines_warnings_ibfk_3` FOREIGN KEY (`last_update_by`) REFERENCES `users` (`id`),
  ADD CONSTRAINT `hr_fines_warnings_ibfk_4` FOREIGN KEY (`deleted_by`) REFERENCES `users` (`id`);

--
-- Constraints for table `hr_leaverequest`
--
ALTER TABLE `hr_leaverequest`
  ADD CONSTRAINT `FK_hr_leaverequest_general_hr_leavetypes` FOREIGN KEY (`leave_type`) REFERENCES `general_hr_leavetypes` (`id`),
  ADD CONSTRAINT `hr_leaverequest_ibfk_2` FOREIGN KEY (`Created_by`) REFERENCES `users` (`id`),
  ADD CONSTRAINT `hr_leaverequest_ibfk_3` FOREIGN KEY (`last_update_by`) REFERENCES `users` (`id`),
  ADD CONSTRAINT `hr_leaverequest_ibfk_4` FOREIGN KEY (`deleted_by`) REFERENCES `users` (`id`);

--
-- Constraints for table `hr_rewards`
--
ALTER TABLE `hr_rewards`
  ADD CONSTRAINT `hr_rewards_ibfk_1` FOREIGN KEY (`reward_type`) REFERENCES `general_hr_rewards_types` (`id`),
  ADD CONSTRAINT `hr_rewards_ibfk_3` FOREIGN KEY (`approved_by`) REFERENCES `users` (`id`),
  ADD CONSTRAINT `hr_rewards_ibfk_4` FOREIGN KEY (`employee`) REFERENCES `hr_employment_applications` (`id`),
  ADD CONSTRAINT `hr_rewards_ibfk_5` FOREIGN KEY (`Created_by`) REFERENCES `users` (`id`),
  ADD CONSTRAINT `hr_rewards_ibfk_6` FOREIGN KEY (`last_update_by`) REFERENCES `users` (`id`),
  ADD CONSTRAINT `hr_rewards_ibfk_7` FOREIGN KEY (`deleted_by`) REFERENCES `users` (`id`);

--
-- Constraints for table `imagescenter`
--
ALTER TABLE `imagescenter`
  ADD CONSTRAINT `FK_imagescenter_users` FOREIGN KEY (`Created_by`) REFERENCES `users` (`id`);

--
-- Constraints for table `layers`
--
ALTER TABLE `layers`
  ADD CONSTRAINT `FK_layers_slides` FOREIGN KEY (`slide_id`) REFERENCES `slides` (`id`) ON DELETE CASCADE,
  ADD CONSTRAINT `FK_layers_users` FOREIGN KEY (`Created_by`) REFERENCES `users` (`id`),
  ADD CONSTRAINT `FK_layers_users_2` FOREIGN KEY (`last_update_by`) REFERENCES `users` (`id`);

--
-- Constraints for table `letters`
--
ALTER TABLE `letters`
  ADD CONSTRAINT `letters_ibfk_1` FOREIGN KEY (`deleted_by`) REFERENCES `users` (`id`),
  ADD CONSTRAINT `letters_ibfk_2` FOREIGN KEY (`Created_by`) REFERENCES `users` (`id`),
  ADD CONSTRAINT `letters_ibfk_3` FOREIGN KEY (`last_update_by`) REFERENCES `users` (`id`);

--
-- Constraints for table `letters_applications`
--
ALTER TABLE `letters_applications`
  ADD CONSTRAINT `letters_applications_ibfk_1` FOREIGN KEY (`letter`) REFERENCES `letters` (`id`),
  ADD CONSTRAINT `letters_applications_ibfk_2` FOREIGN KEY (`deleted_by`) REFERENCES `users` (`id`),
  ADD CONSTRAINT `letters_applications_ibfk_3` FOREIGN KEY (`Created_by`) REFERENCES `users` (`id`),
  ADD CONSTRAINT `letters_applications_ibfk_4` FOREIGN KEY (`last_update_by`) REFERENCES `users` (`id`);

--
-- Constraints for table `letters_applications_approvals`
--
ALTER TABLE `letters_applications_approvals`
  ADD CONSTRAINT `FK_letters_applications_approvals_users` FOREIGN KEY (`approved_by`) REFERENCES `users` (`id`),
  ADD CONSTRAINT `FK_letters_applications_approvals_users_2` FOREIGN KEY (`rejected_by`) REFERENCES `users` (`id`),
  ADD CONSTRAINT `letters_applications_approvals_ibfk_1` FOREIGN KEY (`department`) REFERENCES `general_hr_departments` (`id`),
  ADD CONSTRAINT `letters_applications_approvals_ibfk_2` FOREIGN KEY (`application_id`) REFERENCES `letters_applications` (`id`),
  ADD CONSTRAINT `letters_applications_approvals_ibfk_3` FOREIGN KEY (`deleted_by`) REFERENCES `users` (`id`),
  ADD CONSTRAINT `letters_applications_approvals_ibfk_4` FOREIGN KEY (`Created_by`) REFERENCES `users` (`id`),
  ADD CONSTRAINT `letters_applications_approvals_ibfk_5` FOREIGN KEY (`last_update_by`) REFERENCES `users` (`id`);

--
-- Constraints for table `letters_approvals`
--
ALTER TABLE `letters_approvals`
  ADD CONSTRAINT `FK_letters_approvals_general_hr_departments` FOREIGN KEY (`department`) REFERENCES `general_hr_departments` (`id`),
  ADD CONSTRAINT `FK_letters_approvals_letters` FOREIGN KEY (`letter`) REFERENCES `letters` (`id`),
  ADD CONSTRAINT `letters_approvals_ibfk_1` FOREIGN KEY (`deleted_by`) REFERENCES `users` (`id`),
  ADD CONSTRAINT `letters_approvals_ibfk_2` FOREIGN KEY (`Created_by`) REFERENCES `users` (`id`),
  ADD CONSTRAINT `letters_approvals_ibfk_3` FOREIGN KEY (`last_update_by`) REFERENCES `users` (`id`);

--
-- Constraints for table `letters_dropdowns`
--
ALTER TABLE `letters_dropdowns`
  ADD CONSTRAINT `letters_dropdowns_ibfk_1` FOREIGN KEY (`deleted_by`) REFERENCES `users` (`id`),
  ADD CONSTRAINT `letters_dropdowns_ibfk_2` FOREIGN KEY (`Created_by`) REFERENCES `users` (`id`),
  ADD CONSTRAINT `letters_dropdowns_ibfk_3` FOREIGN KEY (`last_update_by`) REFERENCES `users` (`id`);

--
-- Constraints for table `letters_dropdowns_options`
--
ALTER TABLE `letters_dropdowns_options`
  ADD CONSTRAINT `FK_letters_dropdowns_options_letters_dropdowns` FOREIGN KEY (`dropdown`) REFERENCES `letters_dropdowns` (`id`),
  ADD CONSTRAINT `letters_dropdowns_options_ibfk_1` FOREIGN KEY (`deleted_by`) REFERENCES `users` (`id`),
  ADD CONSTRAINT `letters_dropdowns_options_ibfk_2` FOREIGN KEY (`Created_by`) REFERENCES `users` (`id`),
  ADD CONSTRAINT `letters_dropdowns_options_ibfk_3` FOREIGN KEY (`last_update_by`) REFERENCES `users` (`id`);

--
-- Constraints for table `letters_fields`
--
ALTER TABLE `letters_fields`
  ADD CONSTRAINT `FK_letters_fields_letters` FOREIGN KEY (`letter`) REFERENCES `letters` (`id`),
  ADD CONSTRAINT `FK_letters_fields_letters_dropdowns` FOREIGN KEY (`dropdown`) REFERENCES `letters_dropdowns` (`id`),
  ADD CONSTRAINT `FK_letters_fields_letters_dropdowns_2` FOREIGN KEY (`checkbox`) REFERENCES `letters_dropdowns` (`id`),
  ADD CONSTRAINT `letters_fields_ibfk_1` FOREIGN KEY (`deleted_by`) REFERENCES `users` (`id`),
  ADD CONSTRAINT `letters_fields_ibfk_2` FOREIGN KEY (`Created_by`) REFERENCES `users` (`id`),
  ADD CONSTRAINT `letters_fields_ibfk_3` FOREIGN KEY (`last_update_by`) REFERENCES `users` (`id`);

--
-- Constraints for table `library_manager`
--
ALTER TABLE `library_manager`
  ADD CONSTRAINT `library_manager_ibfk_1` FOREIGN KEY (`category`) REFERENCES `general_stores_categories` (`id`),
  ADD CONSTRAINT `library_manager_ibfk_2` FOREIGN KEY (`store`) REFERENCES `general_stores_stores` (`id`),
  ADD CONSTRAINT `library_manager_ibfk_3` FOREIGN KEY (`unit`) REFERENCES `general_stores_units` (`id`),
  ADD CONSTRAINT `library_manager_ibfk_4` FOREIGN KEY (`Created_by`) REFERENCES `users` (`id`),
  ADD CONSTRAINT `library_manager_ibfk_5` FOREIGN KEY (`last_update_by`) REFERENCES `users` (`id`),
  ADD CONSTRAINT `library_manager_ibfk_6` FOREIGN KEY (`deleted_by`) REFERENCES `users` (`id`);

--
-- Constraints for table `permissions_groups`
--
ALTER TABLE `permissions_groups`
  ADD CONSTRAINT `permissions_groups_ibfk_4` FOREIGN KEY (`Created_by`) REFERENCES `users` (`id`),
  ADD CONSTRAINT `permissions_groups_ibfk_5` FOREIGN KEY (`last_update_by`) REFERENCES `users` (`id`),
  ADD CONSTRAINT `permissions_groups_ibfk_6` FOREIGN KEY (`deleted_by`) REFERENCES `users` (`id`);

--
-- Constraints for table `permissions_groups_roles_relations`
--
ALTER TABLE `permissions_groups_roles_relations`
  ADD CONSTRAINT `FK_permissions_groups_roles_relations_permissions_groups` FOREIGN KEY (`groub`) REFERENCES `permissions_groups` (`id`),
  ADD CONSTRAINT `FK_permissions_groups_roles_relations_roles` FOREIGN KEY (`role`) REFERENCES `roles` (`id`),
  ADD CONSTRAINT `permissions_groups_roles_relations_ibfk_1` FOREIGN KEY (`Created_by`) REFERENCES `users` (`id`),
  ADD CONSTRAINT `permissions_groups_roles_relations_ibfk_2` FOREIGN KEY (`last_update_by`) REFERENCES `users` (`id`),
  ADD CONSTRAINT `permissions_groups_roles_relations_ibfk_3` FOREIGN KEY (`deleted_by`) REFERENCES `users` (`id`);

--
-- Constraints for table `permissions_groups_users_relations`
--
ALTER TABLE `permissions_groups_users_relations`
  ADD CONSTRAINT `permissions_groups_users_relations_ibfk_1` FOREIGN KEY (`groub`) REFERENCES `permissions_groups` (`id`),
  ADD CONSTRAINT `permissions_groups_users_relations_ibfk_2` FOREIGN KEY (`user`) REFERENCES `users` (`id`),
  ADD CONSTRAINT `permissions_groups_users_relations_ibfk_3` FOREIGN KEY (`Created_by`) REFERENCES `users` (`id`),
  ADD CONSTRAINT `permissions_groups_users_relations_ibfk_4` FOREIGN KEY (`last_update_by`) REFERENCES `users` (`id`),
  ADD CONSTRAINT `permissions_groups_users_relations_ibfk_5` FOREIGN KEY (`deleted_by`) REFERENCES `users` (`id`);

--
-- Constraints for table `permission_sections`
--
ALTER TABLE `permission_sections`
  ADD CONSTRAINT `permission_sections_ibfk_1` FOREIGN KEY (`parent`) REFERENCES `permission_sections` (`id`),
  ADD CONSTRAINT `permission_sections_ibfk_2` FOREIGN KEY (`deleted_by`) REFERENCES `users` (`id`),
  ADD CONSTRAINT `permission_sections_ibfk_3` FOREIGN KEY (`Created_by`) REFERENCES `users` (`id`),
  ADD CONSTRAINT `permission_sections_ibfk_4` FOREIGN KEY (`last_update_by`) REFERENCES `users` (`id`);

--
-- Constraints for table `relations`
--
ALTER TABLE `relations`
  ADD CONSTRAINT `FK_relations_tags` FOREIGN KEY (`tag`) REFERENCES `tags` (`id`),
  ADD CONSTRAINT `FK_relations_users` FOREIGN KEY (`Created_by`) REFERENCES `users` (`id`);

--
-- Constraints for table `roles`
--
ALTER TABLE `roles`
  ADD CONSTRAINT `FK_roles_permission_sections` FOREIGN KEY (`section`) REFERENCES `permission_sections` (`id`);

--
-- Constraints for table `roles_users`
--
ALTER TABLE `roles_users`
  ADD CONSTRAINT `roles_users_ibfk_1` FOREIGN KEY (`user_id`) REFERENCES `users` (`id`) ON DELETE CASCADE,
  ADD CONSTRAINT `roles_users_ibfk_2` FOREIGN KEY (`role_id`) REFERENCES `roles` (`id`) ON DELETE CASCADE;

--
-- Constraints for table `slides`
--
ALTER TABLE `slides`
  ADD CONSTRAINT `FK_slides_users` FOREIGN KEY (`Created_by`) REFERENCES `users` (`id`),
  ADD CONSTRAINT `FK_slides_users_2` FOREIGN KEY (`last_update_by`) REFERENCES `users` (`id`);

--
-- Constraints for table `stores_goods_delivery_voucher`
--
ALTER TABLE `stores_goods_delivery_voucher`
  ADD CONSTRAINT `FK_stores_goods_delivery_voucher_hr_employment_applications` FOREIGN KEY (`employee`) REFERENCES `hr_employment_applications` (`id`),
  ADD CONSTRAINT `stores_goods_delivery_voucher_ibfk_1` FOREIGN KEY (`customer`) REFERENCES `accounting_accounts` (`id`),
  ADD CONSTRAINT `stores_goods_delivery_voucher_ibfk_2` FOREIGN KEY (`store`) REFERENCES `general_stores_stores` (`id`),
  ADD CONSTRAINT `stores_goods_delivery_voucher_ibfk_3` FOREIGN KEY (`Created_by`) REFERENCES `users` (`id`),
  ADD CONSTRAINT `stores_goods_delivery_voucher_ibfk_4` FOREIGN KEY (`last_update_by`) REFERENCES `users` (`id`),
  ADD CONSTRAINT `stores_goods_delivery_voucher_ibfk_5` FOREIGN KEY (`deleted_by`) REFERENCES `users` (`id`);

--
-- Constraints for table `stores_goods_delivery_voucher_items`
--
ALTER TABLE `stores_goods_delivery_voucher_items`
  ADD CONSTRAINT `stores_goods_delivery_voucher_items_ibfk_1` FOREIGN KEY (`voucher_id`) REFERENCES `stores_goods_delivery_voucher` (`id`),
  ADD CONSTRAINT `stores_goods_delivery_voucher_items_ibfk_2` FOREIGN KEY (`item`) REFERENCES `stores_inventory` (`id`),
  ADD CONSTRAINT `stores_goods_delivery_voucher_items_ibfk_3` FOREIGN KEY (`Created_by`) REFERENCES `users` (`id`),
  ADD CONSTRAINT `stores_goods_delivery_voucher_items_ibfk_4` FOREIGN KEY (`last_update_by`) REFERENCES `users` (`id`),
  ADD CONSTRAINT `stores_goods_delivery_voucher_items_ibfk_5` FOREIGN KEY (`deleted_by`) REFERENCES `users` (`id`);

--
-- Constraints for table `stores_goods_elimination_voucher`
--
ALTER TABLE `stores_goods_elimination_voucher`
  ADD CONSTRAINT `stores_goods_elimination_voucher_ibfk_3` FOREIGN KEY (`Created_by`) REFERENCES `users` (`id`),
  ADD CONSTRAINT `stores_goods_elimination_voucher_ibfk_4` FOREIGN KEY (`last_update_by`) REFERENCES `users` (`id`),
  ADD CONSTRAINT `stores_goods_elimination_voucher_ibfk_5` FOREIGN KEY (`deleted_by`) REFERENCES `users` (`id`);

--
-- Constraints for table `stores_goods_elimination_voucher_items`
--
ALTER TABLE `stores_goods_elimination_voucher_items`
  ADD CONSTRAINT `stores_goods_elimination_voucher_items_ibfk_1` FOREIGN KEY (`voucher_id`) REFERENCES `stores_goods_elimination_voucher` (`id`),
  ADD CONSTRAINT `stores_goods_elimination_voucher_items_ibfk_2` FOREIGN KEY (`item`) REFERENCES `stores_inventory` (`id`),
  ADD CONSTRAINT `stores_goods_elimination_voucher_items_ibfk_3` FOREIGN KEY (`Created_by`) REFERENCES `users` (`id`),
  ADD CONSTRAINT `stores_goods_elimination_voucher_items_ibfk_4` FOREIGN KEY (`last_update_by`) REFERENCES `users` (`id`),
  ADD CONSTRAINT `stores_goods_elimination_voucher_items_ibfk_5` FOREIGN KEY (`deleted_by`) REFERENCES `users` (`id`);

--
-- Constraints for table `stores_goods_receipts_voucher`
--
ALTER TABLE `stores_goods_receipts_voucher`
  ADD CONSTRAINT `FK_stores_goods_receipts_voucher_accounting_accounts` FOREIGN KEY (`supplier`) REFERENCES `accounting_accounts` (`id`),
  ADD CONSTRAINT `FK_stores_goods_receipts_voucher_general_stores_stores` FOREIGN KEY (`store`) REFERENCES `general_stores_stores` (`id`),
  ADD CONSTRAINT `stores_goods_receipts_voucher_ibfk_1` FOREIGN KEY (`Created_by`) REFERENCES `users` (`id`),
  ADD CONSTRAINT `stores_goods_receipts_voucher_ibfk_2` FOREIGN KEY (`last_update_by`) REFERENCES `users` (`id`),
  ADD CONSTRAINT `stores_goods_receipts_voucher_ibfk_3` FOREIGN KEY (`deleted_by`) REFERENCES `users` (`id`);

--
-- Constraints for table `stores_goods_receipts_voucher_items`
--
ALTER TABLE `stores_goods_receipts_voucher_items`
  ADD CONSTRAINT `FK_goods_receipts_voucher_items_goods_receipts_voucher` FOREIGN KEY (`voucher_id`) REFERENCES `stores_goods_receipts_voucher` (`id`),
  ADD CONSTRAINT `FK_stores_goods_receipts_voucher_items_stores_inventory` FOREIGN KEY (`item`) REFERENCES `stores_inventory` (`id`),
  ADD CONSTRAINT `stores_goods_receipts_voucher_items_ibfk_1` FOREIGN KEY (`Created_by`) REFERENCES `users` (`id`),
  ADD CONSTRAINT `stores_goods_receipts_voucher_items_ibfk_2` FOREIGN KEY (`last_update_by`) REFERENCES `users` (`id`),
  ADD CONSTRAINT `stores_goods_receipts_voucher_items_ibfk_3` FOREIGN KEY (`deleted_by`) REFERENCES `users` (`id`);

--
-- Constraints for table `stores_inventory`
--
ALTER TABLE `stores_inventory`
  ADD CONSTRAINT `FK_stores_inventory_general_stores_categories` FOREIGN KEY (`category`) REFERENCES `general_stores_categories` (`id`),
  ADD CONSTRAINT `FK_stores_inventory_general_stores_stores` FOREIGN KEY (`store`) REFERENCES `general_stores_stores` (`id`),
  ADD CONSTRAINT `FK_stores_inventory_general_stores_units` FOREIGN KEY (`unit`) REFERENCES `general_stores_units` (`id`),
  ADD CONSTRAINT `stores_inventory_ibfk_5` FOREIGN KEY (`Created_by`) REFERENCES `users` (`id`),
  ADD CONSTRAINT `stores_inventory_ibfk_6` FOREIGN KEY (`last_update_by`) REFERENCES `users` (`id`),
  ADD CONSTRAINT `stores_inventory_ibfk_7` FOREIGN KEY (`deleted_by`) REFERENCES `users` (`id`);

--
-- Constraints for table `stores_purchase`
--
ALTER TABLE `stores_purchase`
  ADD CONSTRAINT `FK_stores_ipo_users` FOREIGN KEY (`Created_by`) REFERENCES `users` (`id`),
  ADD CONSTRAINT `FK_stores_ipo_users_2` FOREIGN KEY (`last_update_by`) REFERENCES `users` (`id`),
  ADD CONSTRAINT `FK_stores_ipo_users_3` FOREIGN KEY (`deleted_by`) REFERENCES `users` (`id`);

--
-- Constraints for table `stores_purchase_elements`
--
ALTER TABLE `stores_purchase_elements`
  ADD CONSTRAINT `FK_stores_ipo_elements_stores_purchase` FOREIGN KEY (`purchase_number`) REFERENCES `stores_purchase` (`id`),
  ADD CONSTRAINT `FK_stores_ipo_elements_users` FOREIGN KEY (`Created_by`) REFERENCES `users` (`id`),
  ADD CONSTRAINT `FK_stores_ipo_elements_users_2` FOREIGN KEY (`last_update_by`) REFERENCES `users` (`id`),
  ADD CONSTRAINT `FK_stores_ipo_elements_users_3` FOREIGN KEY (`deleted_by`) REFERENCES `users` (`id`),
  ADD CONSTRAINT `stores_purchase_elements_ibfk_1` FOREIGN KEY (`item`) REFERENCES `stores_inventory` (`id`);

--
-- Constraints for table `stores_sales_invoice`
--
ALTER TABLE `stores_sales_invoice`
  ADD CONSTRAINT `FK_stores_sales_invoice_students_applications` FOREIGN KEY (`student`) REFERENCES `students_applications` (`id`),
  ADD CONSTRAINT `stores_sales_invoice_ibfk_1` FOREIGN KEY (`employee`) REFERENCES `hr_employment_applications` (`id`),
  ADD CONSTRAINT `stores_sales_invoice_ibfk_2` FOREIGN KEY (`customer`) REFERENCES `accounting_accounts` (`id`),
  ADD CONSTRAINT `stores_sales_invoice_ibfk_3` FOREIGN KEY (`store`) REFERENCES `general_stores_stores` (`id`),
  ADD CONSTRAINT `stores_sales_invoice_ibfk_4` FOREIGN KEY (`Created_by`) REFERENCES `users` (`id`),
  ADD CONSTRAINT `stores_sales_invoice_ibfk_5` FOREIGN KEY (`last_update_by`) REFERENCES `users` (`id`),
  ADD CONSTRAINT `stores_sales_invoice_ibfk_6` FOREIGN KEY (`deleted_by`) REFERENCES `users` (`id`);

--
-- Constraints for table `stores_sales_invoice_items`
--
ALTER TABLE `stores_sales_invoice_items`
  ADD CONSTRAINT `stores_sales_invoice_items_ibfk_1` FOREIGN KEY (`voucher_id`) REFERENCES `stores_sales_invoice` (`id`),
  ADD CONSTRAINT `stores_sales_invoice_items_ibfk_2` FOREIGN KEY (`item`) REFERENCES `stores_inventory` (`id`),
  ADD CONSTRAINT `stores_sales_invoice_items_ibfk_3` FOREIGN KEY (`Created_by`) REFERENCES `users` (`id`),
  ADD CONSTRAINT `stores_sales_invoice_items_ibfk_4` FOREIGN KEY (`last_update_by`) REFERENCES `users` (`id`),
  ADD CONSTRAINT `stores_sales_invoice_items_ibfk_5` FOREIGN KEY (`deleted_by`) REFERENCES `users` (`id`);

--
-- Constraints for table `stores_stocktaking_process`
--
ALTER TABLE `stores_stocktaking_process`
  ADD CONSTRAINT `stores_stocktaking_process_ibfk_1` FOREIGN KEY (`Created_by`) REFERENCES `users` (`id`),
  ADD CONSTRAINT `stores_stocktaking_process_ibfk_2` FOREIGN KEY (`last_update_by`) REFERENCES `users` (`id`),
  ADD CONSTRAINT `stores_stocktaking_process_ibfk_3` FOREIGN KEY (`deleted_by`) REFERENCES `users` (`id`);

--
-- Constraints for table `students_applications_documents`
--
ALTER TABLE `students_applications_documents`
  ADD CONSTRAINT `FK_students_applications_docs_stu_applications_doc_types` FOREIGN KEY (`document_type`) REFERENCES `students_applications_documents_types` (`id`),
  ADD CONSTRAINT `FK_students_applications_documents_students_applications` FOREIGN KEY (`student_application_id`) REFERENCES `students_applications` (`id`),
  ADD CONSTRAINT `students_applications_documents_ibfk_2` FOREIGN KEY (`deleted_by`) REFERENCES `users` (`id`),
  ADD CONSTRAINT `students_applications_documents_ibfk_3` FOREIGN KEY (`last_update_by`) REFERENCES `users` (`id`),
  ADD CONSTRAINT `students_applications_documents_ibfk_4` FOREIGN KEY (`Created_by`) REFERENCES `users` (`id`);

--
-- Constraints for table `students_applications_steps`
--
ALTER TABLE `students_applications_steps`
  ADD CONSTRAINT `students_applications_steps_ibfk_2` FOREIGN KEY (`student_application_id`) REFERENCES `students_applications` (`id`),
  ADD CONSTRAINT `students_applications_steps_ibfk_3` FOREIGN KEY (`deleted_by`) REFERENCES `users` (`id`),
  ADD CONSTRAINT `students_applications_steps_ibfk_4` FOREIGN KEY (`last_update_by`) REFERENCES `users` (`id`),
  ADD CONSTRAINT `students_applications_steps_ibfk_5` FOREIGN KEY (`Created_by`) REFERENCES `users` (`id`);

--
-- Constraints for table `students_logs`
--
ALTER TABLE `students_logs`
  ADD CONSTRAINT `FK_students_logs_students_operations` FOREIGN KEY (`operation`) REFERENCES `students_operations` (`id`),
  ADD CONSTRAINT `FK_students_logs_users` FOREIGN KEY (`deleted_by`) REFERENCES `users` (`id`),
  ADD CONSTRAINT `FK_students_logs_users_2` FOREIGN KEY (`last_update_by`) REFERENCES `users` (`id`),
  ADD CONSTRAINT `FK_students_logs_users_3` FOREIGN KEY (`Created_by`) REFERENCES `users` (`id`);

--
-- Constraints for table `students_sections`
--
ALTER TABLE `students_sections`
  ADD CONSTRAINT `FK_students_sections_study_sections` FOREIGN KEY (`section`) REFERENCES `study_sections` (`id`),
  ADD CONSTRAINT `FK_students_sections_study_terms` FOREIGN KEY (`term`) REFERENCES `study_terms` (`id`),
  ADD CONSTRAINT `FK_students_sections_users` FOREIGN KEY (`student`) REFERENCES `users` (`id`),
  ADD CONSTRAINT `FK_students_sections_users_2` FOREIGN KEY (`Created_by`) REFERENCES `users` (`id`),
  ADD CONSTRAINT `FK_students_sections_users_3` FOREIGN KEY (`last_update_by`) REFERENCES `users` (`id`),
  ADD CONSTRAINT `FK_students_sections_users_4` FOREIGN KEY (`deleted_by`) REFERENCES `users` (`id`);

--
-- Constraints for table `students_terms`
--
ALTER TABLE `students_terms`
  ADD CONSTRAINT `FK_students_terms_study_terms` FOREIGN KEY (`term`) REFERENCES `study_terms` (`id`),
  ADD CONSTRAINT `FK_students_terms_users` FOREIGN KEY (`student`) REFERENCES `users` (`id`),
  ADD CONSTRAINT `FK_students_terms_users_2` FOREIGN KEY (`Created_by`) REFERENCES `users` (`id`),
  ADD CONSTRAINT `FK_students_terms_users_3` FOREIGN KEY (`last_update_by`) REFERENCES `users` (`id`),
  ADD CONSTRAINT `FK_students_terms_users_4` FOREIGN KEY (`deleted_by`) REFERENCES `users` (`id`);

--
-- Constraints for table `students_types`
--
ALTER TABLE `students_types`
  ADD CONSTRAINT `FK_students_types_study_types` FOREIGN KEY (`study_type`) REFERENCES `study_types` (`id`),
  ADD CONSTRAINT `FK_students_types_users` FOREIGN KEY (`Created_by`) REFERENCES `users` (`id`),
  ADD CONSTRAINT `FK_students_types_users_2` FOREIGN KEY (`last_update_by`) REFERENCES `users` (`id`),
  ADD CONSTRAINT `FK_students_types_users_3` FOREIGN KEY (`deleted_by`) REFERENCES `users` (`id`);

--
-- Constraints for table `study_academicyears`
--
ALTER TABLE `study_academicyears`
  ADD CONSTRAINT `FK_study_academicyears_users` FOREIGN KEY (`Created_by`) REFERENCES `users` (`id`),
  ADD CONSTRAINT `FK_study_academicyears_users_2` FOREIGN KEY (`last_update_by`) REFERENCES `users` (`id`),
  ADD CONSTRAINT `FK_study_academicyears_users_3` FOREIGN KEY (`deleted_by`) REFERENCES `users` (`id`);

--
-- Constraints for table `study_colleges`
--
ALTER TABLE `study_colleges`
  ADD CONSTRAINT `FK_study_colleges_users` FOREIGN KEY (`Created_by`) REFERENCES `users` (`id`),
  ADD CONSTRAINT `FK_study_colleges_users_2` FOREIGN KEY (`last_update_by`) REFERENCES `users` (`id`),
  ADD CONSTRAINT `FK_study_colleges_users_3` FOREIGN KEY (`deleted_by`) REFERENCES `users` (`id`);

--
-- Constraints for table `study_courses`
--
ALTER TABLE `study_courses`
  ADD CONSTRAINT `FK_study_courses_study_degrees` FOREIGN KEY (`degree`) REFERENCES `study_degrees` (`id`),
  ADD CONSTRAINT `FK_study_courses_study_majors` FOREIGN KEY (`major`) REFERENCES `study_majors` (`id`),
  ADD CONSTRAINT `FK_study_courses_study_programs` FOREIGN KEY (`program`) REFERENCES `study_programs` (`id`),
  ADD CONSTRAINT `FK_study_courses_users` FOREIGN KEY (`Created_by`) REFERENCES `users` (`id`),
  ADD CONSTRAINT `FK_study_courses_users_2` FOREIGN KEY (`last_update_by`) REFERENCES `users` (`id`),
  ADD CONSTRAINT `FK_study_courses_users_3` FOREIGN KEY (`deleted_by`) REFERENCES `users` (`id`);

--
-- Constraints for table `study_courses_prerequisite`
--
ALTER TABLE `study_courses_prerequisite`
  ADD CONSTRAINT `FK_study_courses_prerequisite_study_courses` FOREIGN KEY (`prerequisite_course`) REFERENCES `study_courses` (`id`),
  ADD CONSTRAINT `FK_study_courses_prerequisite_study_courses_2` FOREIGN KEY (`course`) REFERENCES `study_courses` (`id`),
  ADD CONSTRAINT `FK_study_courses_prerequisite_users` FOREIGN KEY (`Created_by`) REFERENCES `users` (`id`);

--
-- Constraints for table `study_degrees`
--
ALTER TABLE `study_degrees`
  ADD CONSTRAINT `FK_study_degrees_users` FOREIGN KEY (`Created_by`) REFERENCES `users` (`id`),
  ADD CONSTRAINT `FK_study_degrees_users_2` FOREIGN KEY (`last_update_by`) REFERENCES `users` (`id`),
  ADD CONSTRAINT `FK_study_degrees_users_3` FOREIGN KEY (`deleted_by`) REFERENCES `users` (`id`);

--
-- Constraints for table `study_departments`
--
ALTER TABLE `study_departments`
  ADD CONSTRAINT `FK_study_departments_study_colleges` FOREIGN KEY (`college`) REFERENCES `study_colleges` (`id`),
  ADD CONSTRAINT `FK_study_departments_users` FOREIGN KEY (`Created_by`) REFERENCES `users` (`id`),
  ADD CONSTRAINT `FK_study_departments_users_2` FOREIGN KEY (`last_update_by`) REFERENCES `users` (`id`),
  ADD CONSTRAINT `FK_study_departments_users_3` FOREIGN KEY (`deleted_by`) REFERENCES `users` (`id`);

--
-- Constraints for table `study_levels`
--
ALTER TABLE `study_levels`
  ADD CONSTRAINT `FK_study_levels_study_degrees` FOREIGN KEY (`degree`) REFERENCES `study_degrees` (`id`),
  ADD CONSTRAINT `FK_study_levels_users` FOREIGN KEY (`Created_by`) REFERENCES `users` (`id`),
  ADD CONSTRAINT `FK_study_levels_users_2` FOREIGN KEY (`last_update_by`) REFERENCES `users` (`id`),
  ADD CONSTRAINT `FK_study_levels_users_3` FOREIGN KEY (`deleted_by`) REFERENCES `users` (`id`);

--
-- Constraints for table `study_levels_courses`
--
ALTER TABLE `study_levels_courses`
  ADD CONSTRAINT `FK_study_levels_courses_study_courses` FOREIGN KEY (`course`) REFERENCES `study_courses` (`id`),
  ADD CONSTRAINT `FK_study_levels_courses_study_levels` FOREIGN KEY (`level`) REFERENCES `study_levels` (`id`),
  ADD CONSTRAINT `FK_study_levels_courses_users` FOREIGN KEY (`Created_by`) REFERENCES `users` (`id`);

--
-- Constraints for table `study_majors`
--
ALTER TABLE `study_majors`
  ADD CONSTRAINT `FK_study_majors_study_colleges` FOREIGN KEY (`college`) REFERENCES `study_colleges` (`id`),
  ADD CONSTRAINT `FK_study_majors_users` FOREIGN KEY (`Created_by`) REFERENCES `users` (`id`),
  ADD CONSTRAINT `FK_study_majors_users_2` FOREIGN KEY (`last_update_by`) REFERENCES `users` (`id`),
  ADD CONSTRAINT `FK_study_majors_users_3` FOREIGN KEY (`deleted_by`) REFERENCES `users` (`id`);

--
-- Constraints for table `study_programs`
--
ALTER TABLE `study_programs`
  ADD CONSTRAINT `FK_study_programs_study_majors` FOREIGN KEY (`major`) REFERENCES `study_majors` (`id`),
  ADD CONSTRAINT `FK_study_programs_users` FOREIGN KEY (`Created_by`) REFERENCES `users` (`id`),
  ADD CONSTRAINT `FK_study_programs_users_2` FOREIGN KEY (`last_update_by`) REFERENCES `users` (`id`),
  ADD CONSTRAINT `FK_study_programs_users_3` FOREIGN KEY (`deleted_by`) REFERENCES `users` (`id`);

--
-- Constraints for table `study_rooms`
--
ALTER TABLE `study_rooms`
  ADD CONSTRAINT `FK_study_rooms_users` FOREIGN KEY (`Created_by`) REFERENCES `users` (`id`),
  ADD CONSTRAINT `FK_study_rooms_users_2` FOREIGN KEY (`last_update_by`) REFERENCES `users` (`id`),
  ADD CONSTRAINT `FK_study_rooms_users_3` FOREIGN KEY (`deleted_by`) REFERENCES `users` (`id`);

--
-- Constraints for table `study_sections`
--
ALTER TABLE `study_sections`
  ADD CONSTRAINT `FK_study_sections_study_courses` FOREIGN KEY (`course`) REFERENCES `study_courses` (`id`),
  ADD CONSTRAINT `FK_study_sections_study_majors` FOREIGN KEY (`major`) REFERENCES `study_majors` (`id`),
  ADD CONSTRAINT `FK_study_sections_study_rooms` FOREIGN KEY (`room`) REFERENCES `study_rooms` (`id`),
  ADD CONSTRAINT `FK_study_sections_study_terms` FOREIGN KEY (`term`) REFERENCES `study_terms` (`id`),
  ADD CONSTRAINT `FK_study_sections_users` FOREIGN KEY (`teacher`) REFERENCES `users` (`id`),
  ADD CONSTRAINT `FK_study_sections_users_2` FOREIGN KEY (`Created_by`) REFERENCES `users` (`id`),
  ADD CONSTRAINT `FK_study_sections_users_3` FOREIGN KEY (`last_update_by`) REFERENCES `users` (`id`),
  ADD CONSTRAINT `FK_study_sections_users_4` FOREIGN KEY (`deleted_by`) REFERENCES `users` (`id`);

--
-- Constraints for table `study_sections_dates`
--
ALTER TABLE `study_sections_dates`
  ADD CONSTRAINT `FK_study_sections_dates_study_sections` FOREIGN KEY (`section`) REFERENCES `study_sections` (`id`),
  ADD CONSTRAINT `FK_study_sections_dates_users` FOREIGN KEY (`Created_by`) REFERENCES `users` (`id`);

--
-- Constraints for table `study_terms`
--
ALTER TABLE `study_terms`
  ADD CONSTRAINT `FK_study_terms_study_academicyears` FOREIGN KEY (`academicyear`) REFERENCES `study_academicyears` (`id`),
  ADD CONSTRAINT `FK_study_terms_users` FOREIGN KEY (`Created_by`) REFERENCES `users` (`id`),
  ADD CONSTRAINT `FK_study_terms_users_2` FOREIGN KEY (`last_update_by`) REFERENCES `users` (`id`),
  ADD CONSTRAINT `FK_study_terms_users_3` FOREIGN KEY (`deleted_by`) REFERENCES `users` (`id`);

--
-- Constraints for table `study_terms_degree_hours`
--
ALTER TABLE `study_terms_degree_hours`
  ADD CONSTRAINT `FK_study_terms_degree_hours_study_degrees` FOREIGN KEY (`degree`) REFERENCES `study_degrees` (`id`),
  ADD CONSTRAINT `FK_study_terms_degree_hours_study_terms` FOREIGN KEY (`term`) REFERENCES `study_terms` (`id`),
  ADD CONSTRAINT `study_terms_degree_hours_ibfk_2` FOREIGN KEY (`Created_by`) REFERENCES `users` (`id`),
  ADD CONSTRAINT `study_terms_degree_hours_ibfk_3` FOREIGN KEY (`last_update_by`) REFERENCES `users` (`id`),
  ADD CONSTRAINT `study_terms_degree_hours_ibfk_4` FOREIGN KEY (`deleted_by`) REFERENCES `users` (`id`);

--
-- Constraints for table `study_types`
--
ALTER TABLE `study_types`
  ADD CONSTRAINT `FK_study_types_users` FOREIGN KEY (`Created_by`) REFERENCES `users` (`id`),
  ADD CONSTRAINT `FK_study_types_users_2` FOREIGN KEY (`last_update_by`) REFERENCES `users` (`id`),
  ADD CONSTRAINT `FK_study_types_users_3` FOREIGN KEY (`deleted_by`) REFERENCES `users` (`id`);

--
-- Constraints for table `tags`
--
ALTER TABLE `tags`
  ADD CONSTRAINT `FK_tags_users` FOREIGN KEY (`deleted_by`) REFERENCES `users` (`id`),
  ADD CONSTRAINT `FK_tags_users_2` FOREIGN KEY (`last_update_by`) REFERENCES `users` (`id`),
  ADD CONSTRAINT `FK_tags_users_3` FOREIGN KEY (`Created_by`) REFERENCES `users` (`id`);

--
-- Constraints for table `users`
--
ALTER TABLE `users`
  ADD CONSTRAINT `FK_users_users_group` FOREIGN KEY (`user_groub`) REFERENCES `users_group` (`id`);

--
-- Constraints for table `users_files`
--
ALTER TABLE `users_files`
  ADD CONSTRAINT `users_files_ibfk_1` FOREIGN KEY (`last_update_by`) REFERENCES `users` (`id`),
  ADD CONSTRAINT `users_files_ibfk_2` FOREIGN KEY (`Created_by`) REFERENCES `users` (`id`);

--
-- Constraints for table `user_tokens`
--
ALTER TABLE `user_tokens`
  ADD CONSTRAINT `user_tokens_ibfk_1` FOREIGN KEY (`user_id`) REFERENCES `users` (`id`) ON DELETE CASCADE;
COMMIT;

