65.108.46.72 - - [26/May/2025:06:19:20 +0300] "GET /?C=D;O=D HTTP/1.1" 200 276 "-" "Mozilla/5.0 (compatible; MJ12bot/v1.4.8; http://mj12bot.com/)"
65.108.46.72 - - [26/May/2025:06:19:21 +0300] "GET /?C=M;O=A HTTP/1.1" 200 280 "-" "Mozilla/5.0 (compatible; MJ12bot/v1.4.8; http://mj12bot.com/)"
65.108.46.72 - - [26/May/2025:06:19:23 +0300] "GET /?C=M;O=D HTTP/1.1" 200 276 "-" "Mozilla/5.0 (compatible; MJ12bot/v1.4.8; http://mj12bot.com/)"
65.108.46.72 - - [26/May/2025:06:19:24 +0300] "GET /?C=N;O=A HTTP/1.1" 200 278 "-" "Mozilla/5.0 (compatible; MJ12bot/v1.4.8; http://mj12bot.com/)"
65.108.46.72 - - [26/May/2025:06:19:25 +0300] "GET /?C=N;O=D HTTP/1.1" 200 276 "-" "Mozilla/5.0 (compatible; MJ12bot/v1.4.8; http://mj12bot.com/)"
65.108.46.72 - - [26/May/2025:06:19:27 +0300] "GET /?C=S;O=A HTTP/1.1" 200 280 "-" "Mozilla/5.0 (compatible; MJ12bot/v1.4.8; http://mj12bot.com/)"
65.108.46.72 - - [26/May/2025:06:19:28 +0300] "GET /?C=S;O=D HTTP/1.1" 200 276 "-" "Mozilla/5.0 (compatible; MJ12bot/v1.4.8; http://mj12bot.com/)"
2.236.112.207 - - [26/May/2025:07:05:17 +0300] "GET / HTTP/1.1" 200 481 "-" "Mozilla/5.0 (Windows NT 10.0; Win64; x64) AppleWebKit/537.36 (KHTML, like Gecko) Chrome/74.0.3729.169 Safari/537.36"
2.236.112.207 - - [26/May/2025:07:05:18 +0300] "GET / HTTP/1.1" 200 481 "-" "Mozilla/5.0 (Windows NT 10.0; Win64; x64) AppleWebKit/537.36 (KHTML, like Gecko) Chrome/74.0.3729.169 Safari/537.36"
107.150.0.116 - - [26/May/2025:12:06:49 +0300] "GET / HTTP/1.1" 200 278 "-" "Mozilla/5.0"
107.150.0.116 - - [26/May/2025:12:06:51 +0300] "GET /:6443/..%2Fapi/v1/namespaces/default/secrets HTTP/1.1" 404 240 "-" "Mozilla/5.0"
107.150.0.116 - - [26/May/2025:12:06:52 +0300] "GET /login_up.php?success_redirect...2B%2Froot%2F.aws%2Fcredentials HTTP/1.1" 404 210 "-" "Mozilla/5.0"
107.150.0.116 - - [26/May/2025:12:06:53 +0300] "GET /pms?module=logging&file_name=../../../../../../~/.aws/credentials&number_of_lines=10000 HTTP/1.1" 404 201 "-" "Mozilla/5.0"
107.150.0.116 - - [26/May/2025:12:06:54 +0300] "GET /admin/config?cmd=cat+/root/.aws/credentials HTTP/1.1" 404 210 "-" "Mozilla/5.0"
107.150.0.116 - - [26/May/2025:12:06:55 +0300] "GET /cacti/cmd_realtime.php?1+1&&cat+~/.aws/credentials+1+1+1 HTTP/1.1" 404 220 "-" "Mozilla/5.0"
107.150.0.116 - - [26/May/2025:12:06:55 +0300] "GET /wp-content/plugins/wp-file-manager/lib/php/connector.minimal.php?cmd=file&target=l1_Ly4uLy4uLy4uLy4uLy4uLy4uLy4uL3Jvb3QvLmF3cy9jcmVkZW50aWFscw== HTTP/1.1" 404 262 "-" "Mozilla/5.0"
107.150.0.116 - - [26/May/2025:12:06:56 +0300] "GET /cacti/cmd_realtime.php?action=polldata&host_id=1&local_data_id=1;cat%20../../../../../../../root/.aws/credentials HTTP/1.1" 404 220 "-" "Mozilla/5.0"
107.150.0.116 - - [26/May/2025:12:06:57 +0300] "GET /root/.aws/credentials HTTP/1.1" 404 219 "-" "Mozilla/5.0"
107.150.0.116 - - [26/May/2025:12:06:58 +0300] "GET /index.php?option=com_media&view=mediaList&tmpl=component&fieldid=filename&folder=../../../../../../../root/.aws/credentials HTTP/1.1" 404 207 "-" "Mozilla/5.0"
107.150.0.116 - - [26/May/2025:12:07:00 +0300] "GET /index.php?file=../../../../../../../../root/.aws/credentials HTTP/1.1" 404 207 "-" "Mozilla/5.0"
107.150.0.116 - - [26/May/2025:12:07:00 +0300] "GET /home/superset/.superset/superset_config.py HTTP/1.1" 404 240 "-" "Mozilla/5.0"
107.150.0.116 - - [26/May/2025:12:07:01 +0300] "GET /ajax_dashboard.php?widget=../../../../../../../../root/.aws/credentials HTTP/1.1" 404 216 "-" "Mozilla/5.0"
107.150.0.116 - - [26/May/2025:12:07:02 +0300] "GET /remote/fgt_lang?lang=/../../../../../../../../root/.aws/credentials HTTP/1.1" 404 213 "-" "Mozilla/5.0"
107.150.0.116 - - [26/May/2025:12:07:03 +0300] "GET /root/.aws/credentials HTTP/1.1" 404 219 "-" "Mozilla/5.0"
107.150.0.116 - - [26/May/2025:12:07:04 +0300] "GET /mgmt/shared/authn/login/~../~../~../~../root/.aws/credentials HTTP/1.1" 404 259 "-" "Mozilla/5.0"
107.150.0.116 - - [26/May/2025:12:07:06 +0300] "GET /root/.aws/credentials HTTP/1.1" 404 219 "-" "Mozilla/5.0"
107.150.0.116 - - [26/May/2025:12:07:07 +0300] "GET /index.php/core/preview?file=../../../../../../../../root/.aws/credentials&x=100&y=100 HTTP/1.1" 404 220 "-" "Mozilla/5.0"
107.150.0.116 - - [26/May/2025:12:07:08 +0300] "GET /.env HTTP/1.1" 404 202 "-" "Mozilla/5.0"
107.150.0.116 - - [26/May/2025:12:07:09 +0300] "GET /.env.local HTTP/1.1" 404 208 "-" "Mozilla/5.0"
107.150.0.116 - - [26/May/2025:12:07:11 +0300] "GET /.env.production HTTP/1.1" 404 213 "-" "Mozilla/5.0"
107.150.0.116 - - [26/May/2025:12:07:13 +0300] "GET /blog.env HTTP/1.1" 404 206 "-" "Mozilla/5.0"
107.150.0.116 - - [26/May/2025:12:07:14 +0300] "GET /wp-content/.env HTTP/1.1" 404 213 "-" "Mozilla/5.0"
107.150.0.116 - - [26/May/2025:12:07:16 +0300] "GET /application/.env HTTP/1.1" 404 214 "-" "Mozilla/5.0"
107.150.0.116 - - [26/May/2025:12:07:17 +0300] "GET /app/.env HTTP/1.1" 404 206 "-" "Mozilla/5.0"
107.150.0.116 - - [26/May/2025:12:07:18 +0300] "GET /config/.env HTTP/1.1" 404 209 "-" "Mozilla/5.0"
107.150.0.116 - - [26/May/2025:12:07:19 +0300] "GET /api/.env HTTP/1.1" 404 206 "-" "Mozilla/5.0"
107.150.0.116 - - [26/May/2025:12:07:20 +0300] "GET /config.json HTTP/1.1" 404 209 "-" "Mozilla/5.0"
107.150.0.116 - - [26/May/2025:12:07:21 +0300] "GET /laravel/.env HTTP/1.1" 404 210 "-" "Mozilla/5.0"
107.150.0.116 - - [26/May/2025:12:07:22 +0300] "GET /library/.env HTTP/1.1" 404 210 "-" "Mozilla/5.0"
107.150.0.116 - - [26/May/2025:12:07:23 +0300] "GET /nextjs-app/.env HTTP/1.1" 404 213 "-" "Mozilla/5.0"
107.150.0.116 - - [26/May/2025:12:07:24 +0300] "GET /node-api/.env HTTP/1.1" 404 211 "-" "Mozilla/5.0"
107.150.0.116 - - [26/May/2025:12:07:25 +0300] "GET /vendor/.env HTTP/1.1" 404 209 "-" "Mozilla/5.0"
107.150.0.116 - - [26/May/2025:12:07:26 +0300] "GET /.aws/credentials HTTP/1.1" 404 214 "-" "Mozilla/5.0"
107.150.0.116 - - [26/May/2025:12:07:27 +0300] "GET /backend/.env HTTP/1.1" 404 210 "-" "Mozilla/5.0"
107.150.0.116 - - [26/May/2025:12:07:28 +0300] "GET /home/user/.aws/credentials HTTP/1.1" 404 224 "-" "Mozilla/5.0"
107.150.0.116 - - [26/May/2025:12:07:29 +0300] "GET /myproject/.env HTTP/1.1" 404 212 "-" "Mozilla/5.0"
107.150.0.116 - - [26/May/2025:12:07:30 +0300] "GET /.envs/.production/.django HTTP/1.1" 404 223 "-" "Mozilla/5.0"
107.150.0.116 - - [26/May/2025:12:07:30 +0300] "GET /react-app/.env HTTP/1.1" 404 212 "-" "Mozilla/5.0"
107.150.0.116 - - [26/May/2025:12:07:31 +0300] "GET /react-app/.env.production HTTP/1.1" 404 223 "-" "Mozilla/5.0"
107.150.0.116 - - [26/May/2025:12:07:32 +0300] "GET /config/secrets.json HTTP/1.1" 404 217 "-" "Mozilla/5.0"
107.150.0.116 - - [26/May/2025:12:07:34 +0300] "GET /config/settings.json HTTP/1.1" 404 218 "-" "Mozilla/5.0"
107.150.0.116 - - [26/May/2025:12:07:35 +0300] "GET /config.yaml HTTP/1.1" 404 209 "-" "Mozilla/5.0"
107.150.0.116 - - [26/May/2025:12:07:36 +0300] "GET /config.yml HTTP/1.1" 404 208 "-" "Mozilla/5.0"
107.150.0.116 - - [26/May/2025:12:07:37 +0300] "GET /config.py HTTP/1.1" 404 207 "-" "Mozilla/5.0"
107.150.0.116 - - [26/May/2025:12:07:38 +0300] "GET /phpinfo HTTP/1.1" 404 205 "-" "Mozilla/5.0"
107.150.0.116 - - [26/May/2025:12:07:39 +0300] "GET /_profiler/phpinfo HTTP/1.1" 404 215 "-" "Mozilla/5.0"
107.150.0.116 - - [26/May/2025:12:07:40 +0300] "GET /phpinfo.php HTTP/1.1" 404 209 "-" "Mozilla/5.0"
107.150.0.116 - - [26/May/2025:12:07:41 +0300] "GET /info.php HTTP/1.1" 404 206 "-" "Mozilla/5.0"
104.210.140.133 - - [26/May/2025:12:56:48 +0300] "GET /robots.txt HTTP/1.1" 404 208 "-" "Mozilla/5.0 (Macintosh; Intel Mac OS X 10_15_7) AppleWebKit/537.36 (KHTML, like Gecko) Chrome/131.0.0.0 Safari/537.36; compatible; OAI-SearchBot/1.0; +https://openai.com/searchbot"
104.210.140.141 - - [26/May/2025:12:56:51 +0300] "GET /robots.txt HTTP/1.1" 404 208 "-" "Mozilla/5.0 (Macintosh; Intel Mac OS X 10_15_7) AppleWebKit/537.36 (KHTML, like Gecko) Chrome/131.0.0.0 Safari/537.36; compatible; OAI-SearchBot/1.0; +https://openai.com/searchbot"
13.37.229.166 - - [26/May/2025:14:09:08 +0300] "GET / HTTP/1.1" 200 278 "www.google.com" "Mozilla/5.0 (Linux; Android 7.0; SM-G892A Build/NRD90M; wv) AppleWebKit/537.36 (KHTML, like Gecko) Version/4.0 Chrome/60.0.3112.107 Mobile Safari/537.36"
13.37.229.166 - - [26/May/2025:14:09:08 +0300] "GET /wp HTTP/1.1" 404 200 "www.google.com" "Mozilla/5.0 (Linux; Android 7.0; SM-G892A Build/NRD90M; wv) AppleWebKit/537.36 (KHTML, like Gecko) Version/4.0 Chrome/60.0.3112.107 Mobile Safari/537.36"
13.37.229.166 - - [26/May/2025:14:09:11 +0300] "GET /wordpress HTTP/1.1" 404 207 "www.google.com" "Mozilla/5.0 (Linux; Android 7.0; SM-G892A Build/NRD90M; wv) AppleWebKit/537.36 (KHTML, like Gecko) Version/4.0 Chrome/60.0.3112.107 Mobile Safari/537.36"
13.37.229.166 - - [26/May/2025:14:09:13 +0300] "GET /sadeem HTTP/1.1" 404 204 "www.google.com" "Mozilla/5.0 (Linux; Android 7.0; SM-G892A Build/NRD90M; wv) AppleWebKit/537.36 (KHTML, like Gecko) Version/4.0 Chrome/60.0.3112.107 Mobile Safari/537.36"
13.37.229.166 - - [26/May/2025:14:09:16 +0300] "GET /wordpress HTTP/1.1" 404 207 "www.google.com" "Mozilla/5.0 (Linux; Android 7.0; SM-G892A Build/NRD90M; wv) AppleWebKit/537.36 (KHTML, like Gecko) Version/4.0 Chrome/60.0.3112.107 Mobile Safari/537.36"
13.37.229.166 - - [26/May/2025:14:09:17 +0300] "GET /old HTTP/1.1" 404 201 "www.google.com" "Mozilla/5.0 (Linux; Android 7.0; SM-G892A Build/NRD90M; wv) AppleWebKit/537.36 (KHTML, like Gecko) Version/4.0 Chrome/60.0.3112.107 Mobile Safari/537.36"
13.37.229.166 - - [26/May/2025:14:09:18 +0300] "GET /backup HTTP/1.1" 404 204 "www.google.com" "Mozilla/5.0 (Linux; Android 7.0; SM-G892A Build/NRD90M; wv) AppleWebKit/537.36 (KHTML, like Gecko) Version/4.0 Chrome/60.0.3112.107 Mobile Safari/537.36"
13.37.229.166 - - [26/May/2025:14:09:21 +0300] "GET /new HTTP/1.1" 404 201 "www.google.com" "Mozilla/5.0 (Linux; Android 7.0; SM-G892A Build/NRD90M; wv) AppleWebKit/537.36 (KHTML, like Gecko) Version/4.0 Chrome/60.0.3112.107 Mobile Safari/537.36"
13.37.229.166 - - [26/May/2025:14:09:24 +0300] "GET /test HTTP/1.1" 404 202 "www.google.com" "Mozilla/5.0 (Linux; Android 7.0; SM-G892A Build/NRD90M; wv) AppleWebKit/537.36 (KHTML, like Gecko) Version/4.0 Chrome/60.0.3112.107 Mobile Safari/537.36"
13.37.229.166 - - [26/May/2025:14:09:28 +0300] "GET /wp HTTP/1.1" 404 200 "www.google.com" "Mozilla/5.0 (Linux; Android 7.0; SM-G892A Build/NRD90M; wv) AppleWebKit/537.36 (KHTML, like Gecko) Version/4.0 Chrome/60.0.3112.107 Mobile Safari/537.36"
13.37.229.166 - - [26/May/2025:14:09:32 +0300] "GET /temp HTTP/1.1" 404 202 "www.google.com" "Mozilla/5.0 (Linux; Android 7.0; SM-G892A Build/NRD90M; wv) AppleWebKit/537.36 (KHTML, like Gecko) Version/4.0 Chrome/60.0.3112.107 Mobile Safari/537.36"
13.37.229.166 - - [26/May/2025:14:09:35 +0300] "GET /blog HTTP/1.1" 404 202 "www.google.com" "Mozilla/5.0 (Linux; Android 7.0; SM-G892A Build/NRD90M; wv) AppleWebKit/537.36 (KHTML, like Gecko) Version/4.0 Chrome/60.0.3112.107 Mobile Safari/537.36"
2.236.112.207 - - [26/May/2025:16:15:44 +0300] "GET / HTTP/1.1" 200 481 "-" "Mozilla/5.0 (Windows NT 10.0; Win64; x64) AppleWebKit/537.36 (KHTML, like Gecko) Chrome/74.0.3729.169 Safari/537.36"
2.236.112.207 - - [26/May/2025:16:15:44 +0300] "GET / HTTP/1.1" 200 481 "-" "Mozilla/5.0 (Windows NT 10.0; Win64; x64) AppleWebKit/537.36 (KHTML, like Gecko) Chrome/74.0.3729.169 Safari/537.36"
94.159.110.45 - - [26/May/2025:16:30:45 +0300] "GET / HTTP/1.1" 200 278 "-" "Mozilla/5.0 (Macintosh; Intel Mac OS X 10_15_7) AppleWebKit/537.36 (KHTML, like Gecko) Chrome/128.0.0.0 Safari/537.36"
1.192.195.11 - - [27/May/2025:00:52:34 +0300] "GET / HTTP/1.1" 200 278 "http://salesonline.rightlearning.net/favicon.ico" "Mozilla/5.0 (Macintosh; Intel Mac OS X 10_7_0) AppleWebKit/535.11 (KHTML, like Gecko) Chrome/17.0.963.56 Safari/535.11"
1.192.192.6 - - [27/May/2025:00:52:43 +0300] "GET / HTTP/1.1" 200 278 "http://salesonline.rightlearning.net/robots.txt" "Mozilla/5.0 (Macintosh; Intel Mac OS X 10_7_0) AppleWebKit/535.11 (KHTML, like Gecko) Chrome/17.0.963.56 Safari/535.11"
1.192.192.8 - - [27/May/2025:00:52:50 +0300] "GET / HTTP/1.1" 200 278 "http://salesonline.rightlearning.net/sitemap.xml" "Mozilla/5.0 (Macintosh; Intel Mac OS X 10_7_0) AppleWebKit/535.11 (KHTML, like Gecko) Chrome/17.0.963.56 Safari/535.11"
2.236.112.207 - - [27/May/2025:01:50:49 +0300] "GET / HTTP/1.1" 200 481 "-" "Mozilla/5.0 (Windows NT 10.0; Win64; x64) AppleWebKit/537.36 (KHTML, like Gecko) Chrome/74.0.3729.169 Safari/537.36"
2.236.112.207 - - [27/May/2025:01:50:49 +0300] "GET / HTTP/1.1" 200 481 "-" "Mozilla/5.0 (Windows NT 10.0; Win64; x64) AppleWebKit/537.36 (KHTML, like Gecko) Chrome/74.0.3729.169 Safari/537.36"
104.210.140.132 - - [27/May/2025:04:49:38 +0300] "GET /robots.txt HTTP/1.1" 404 208 "-" "Mozilla/5.0 (Macintosh; Intel Mac OS X 10_15_7) AppleWebKit/537.36 (KHTML, like Gecko) Chrome/131.0.0.0 Safari/537.36; compatible; OAI-SearchBot/1.0; +https://openai.com/searchbot"
104.210.140.133 - - [27/May/2025:04:49:38 +0300] "GET /robots.txt HTTP/1.1" 404 208 "-" "Mozilla/5.0 (Macintosh; Intel Mac OS X 10_15_7) AppleWebKit/537.36 (KHTML, like Gecko) Chrome/131.0.0.0 Safari/537.36; compatible; OAI-SearchBot/1.0; +https://openai.com/searchbot"
93.123.109.203 - - [27/May/2025:05:42:00 +0300] "GET /.git HTTP/1.1" 404 202 "-" "Go-http-client/1.1"
93.123.109.203 - - [27/May/2025:05:42:00 +0300] "GET /.git/config HTTP/1.1" 404 209 "-" "Go-http-client/1.1"
45.148.10.80 - - [27/May/2025:06:13:44 +0300] "GET /.git/config HTTP/1.1" 404 209 "-" "Mozilla/5.0 (Debian; Linux x86_64) AppleWebKit/537.36 (KHTML, like Gecko) Chrome/125.0.0.0 Safari/537.36"
198.235.24.51 - - [27/May/2025:09:41:06 +0300] "GET / HTTP/1.1" 200 481 "-" "Expanse, a Palo Alto Networks company, searches across the global IPv4 space multiple times per day to identify customers' presences on the Internet. If you would like to be excluded from our scans, please send IP addresses/domains to: scaninfo@paloaltonetworks.com"
45.148.10.80 - - [27/May/2025:10:49:28 +0300] "GET /.git/config HTTP/1.1" 404 209 "-" "Mozilla/5.0 (CentOS; Linux i686; rv:121.0) Gecko/20100101 Firefox/121.0"
2.236.112.207 - - [27/May/2025:10:56:15 +0300] "GET / HTTP/1.1" 200 481 "-" "Mozilla/5.0 (Windows NT 10.0; Win64; x64) AppleWebKit/537.36 (KHTML, like Gecko) Chrome/74.0.3729.169 Safari/537.36"
2.236.112.207 - - [27/May/2025:10:56:15 +0300] "GET / HTTP/1.1" 200 481 "-" "Mozilla/5.0 (Windows NT 10.0; Win64; x64) AppleWebKit/537.36 (KHTML, like Gecko) Chrome/74.0.3729.169 Safari/537.36"
205.169.39.57 - - [27/May/2025:11:12:39 +0300] "GET / HTTP/1.1" 200 278 "-" "Mozilla/5.0 (Windows NT 10.0; Win64; x64) AppleWebKit/537.36 (KHTML, like Gecko) Chrome/117.0.5938.132 Safari/537.36"
205.169.39.57 - - [27/May/2025:11:12:39 +0300] "GET /icons/blank.gif HTTP/1.1" 200 148 "http://sadeem.rightlearning.net/" "Mozilla/5.0 (Windows NT 10.0; Win64; x64) AppleWebKit/537.36 (KHTML, like Gecko) Chrome/117.0.5938.132 Safari/537.36"
27.115.124.40 - - [27/May/2025:17:06:18 +0300] "GET / HTTP/1.1" 200 481 "-" "Mozilla/5.0 (Macintosh; Intel Mac OS X 10_15_7) AppleWebKit/537.36 (KHTML, like Gecko) Chrome/120.0.0.0 Safari/537.36 Edg/120.0.0.0"
27.115.124.33 - - [27/May/2025:17:06:24 +0300] "GET /favicon.ico HTTP/1.1" 404 209 "-" "Mozilla/5.0 (Macintosh; Intel Mac OS X 10_7_0) AppleWebKit/535.11 (KHTML, like Gecko) Chrome/17.0.963.56 Safari/535.11"
27.115.124.48 - - [27/May/2025:17:06:25 +0300] "GET /robots.txt HTTP/1.1" 404 208 "-" "Mozilla/5.0 (Macintosh; Intel Mac OS X 10_7_0) AppleWebKit/535.11 (KHTML, like Gecko) Chrome/17.0.963.56 Safari/535.11"
27.115.124.97 - - [27/May/2025:17:06:25 +0300] "GET /sitemap.xml HTTP/1.1" 404 209 "-" "Mozilla/5.0 (Macintosh; Intel Mac OS X 10_7_0) AppleWebKit/535.11 (KHTML, like Gecko) Chrome/17.0.963.56 Safari/535.11"
27.115.124.41 - - [27/May/2025:17:06:26 +0300] "GET /config.json HTTP/1.1" 404 209 "-" "Mozilla/5.0 (Macintosh; Intel Mac OS X 10_7_0) AppleWebKit/535.11 (KHTML, like Gecko) Chrome/17.0.963.56 Safari/535.11"
27.115.124.33 - - [27/May/2025:17:06:27 +0300] "GET / HTTP/1.1" 200 278 "-" "Mozilla/5.0 (Macintosh; Intel Mac OS X 10_7_0) AppleWebKit/535.11 (KHTML, like Gecko) Chrome/17.0.963.56 Safari/535.11"
27.115.124.97 - - [27/May/2025:17:06:27 +0300] "GET / HTTP/1.1" 200 278 "-" "Mozilla/5.0 (Macintosh; Intel Mac OS X 10_7_0) AppleWebKit/535.11 (KHTML, like Gecko) Chrome/17.0.963.56 Safari/535.11"
93.123.109.7 - - [27/May/2025:18:42:28 +0300] "GET /.git/config HTTP/1.1" 404 209 "-" "Mozilla/5.0 (Linux; Android 5.1; Lenovo P70-A) AppleWebKit/537.36 (KHTML, like Gecko) Chrome/76.0.3809.111 Mobile Safari/537.36"
2.236.112.207 - - [27/May/2025:20:21:45 +0300] "GET / HTTP/1.1" 200 481 "-" "Mozilla/5.0 (Windows NT 10.0; Win64; x64) AppleWebKit/537.36 (KHTML, like Gecko) Chrome/74.0.3729.169 Safari/537.36"
2.236.112.207 - - [27/May/2025:20:21:45 +0300] "GET / HTTP/1.1" 200 481 "-" "Mozilla/5.0 (Windows NT 10.0; Win64; x64) AppleWebKit/537.36 (KHTML, like Gecko) Chrome/74.0.3729.169 Safari/537.36"
104.210.140.138 - - [27/May/2025:21:08:44 +0300] "GET /robots.txt HTTP/1.1" 404 208 "-" "Mozilla/5.0 (Macintosh; Intel Mac OS X 10_15_7) AppleWebKit/537.36 (KHTML, like Gecko) Chrome/131.0.0.0 Safari/537.36; compatible; OAI-SearchBot/1.0; +https://openai.com/searchbot"
104.210.140.141 - - [27/May/2025:21:08:44 +0300] "GET /robots.txt HTTP/1.1" 404 208 "-" "Mozilla/5.0 (Macintosh; Intel Mac OS X 10_15_7) AppleWebKit/537.36 (KHTML, like Gecko) Chrome/131.0.0.0 Safari/537.36; compatible; OAI-SearchBot/1.0; +https://openai.com/searchbot"
45.148.10.80 - - [28/May/2025:04:10:50 +0300] "GET /.git/config HTTP/1.1" 404 209 "-" "Mozilla/5.0 (Windows NT 10.0; Win64; x64; rv:78.0) Gecko/20100101 Firefox/78.0"
2.236.112.207 - - [28/May/2025:05:55:50 +0300] "GET / HTTP/1.1" 200 481 "-" "Mozilla/5.0 (Windows NT 10.0; Win64; x64) AppleWebKit/537.36 (KHTML, like Gecko) Chrome/74.0.3729.169 Safari/537.36"
2.236.112.207 - - [28/May/2025:05:55:50 +0300] "GET / HTTP/1.1" 200 481 "-" "Mozilla/5.0 (Windows NT 10.0; Win64; x64) AppleWebKit/537.36 (KHTML, like Gecko) Chrome/74.0.3729.169 Safari/537.36"
104.210.140.131 - - [28/May/2025:13:05:50 +0300] "GET /robots.txt HTTP/1.1" 404 208 "-" "Mozilla/5.0 (Macintosh; Intel Mac OS X 10_15_7) AppleWebKit/537.36 (KHTML, like Gecko) Chrome/131.0.0.0 Safari/537.36; compatible; OAI-SearchBot/1.0; +https://openai.com/searchbot"
104.210.140.142 - - [28/May/2025:13:05:51 +0300] "GET /robots.txt HTTP/1.1" 404 208 "-" "Mozilla/5.0 (Macintosh; Intel Mac OS X 10_15_7) AppleWebKit/537.36 (KHTML, like Gecko) Chrome/131.0.0.0 Safari/537.36; compatible; OAI-SearchBot/1.0; +https://openai.com/searchbot"
2.236.112.207 - - [28/May/2025:15:29:47 +0300] "GET / HTTP/1.1" 200 481 "-" "Mozilla/5.0 (Windows NT 10.0; Win64; x64) AppleWebKit/537.36 (KHTML, like Gecko) Chrome/74.0.3729.169 Safari/537.36"
2.236.112.207 - - [28/May/2025:15:29:48 +0300] "GET / HTTP/1.1" 200 481 "-" "Mozilla/5.0 (Windows NT 10.0; Win64; x64) AppleWebKit/537.36 (KHTML, like Gecko) Chrome/74.0.3729.169 Safari/537.36"
205.169.39.16 - - [28/May/2025:22:18:16 +0300] "GET / HTTP/1.1" 200 278 "-" "Mozilla/5.0 (Windows NT 10.0; Win64; x64) AppleWebKit/537.36 (KHTML, like Gecko) Chrome/117.0.5938.132 Safari/537.36"
205.169.39.16 - - [28/May/2025:22:18:16 +0300] "GET /icons/blank.gif HTTP/1.1" 200 148 "http://sadeem.rightlearning.net/" "Mozilla/5.0 (Windows NT 10.0; Win64; x64) AppleWebKit/537.36 (KHTML, like Gecko) Chrome/117.0.5938.132 Safari/537.36"
51.68.111.207 - - [28/May/2025:23:02:36 +0300] "GET /robots.txt HTTP/1.1" 404 208 "-" "Mozilla/5.0 (compatible; MJ12bot/v2.0.2; http://mj12bot.com/)"
51.68.111.207 - - [28/May/2025:23:02:36 +0300] "GET / HTTP/1.1" 200 278 "-" "Mozilla/5.0 (compatible; MJ12bot/v2.0.2; http://mj12bot.com/)"
2.236.112.207 - - [29/May/2025:01:09:18 +0300] "GET / HTTP/1.1" 200 481 "-" "Mozilla/5.0 (Windows NT 10.0; Win64; x64) AppleWebKit/537.36 (KHTML, like Gecko) Chrome/74.0.3729.169 Safari/537.36"
2.236.112.207 - - [29/May/2025:01:09:18 +0300] "GET / HTTP/1.1" 200 481 "-" "Mozilla/5.0 (Windows NT 10.0; Win64; x64) AppleWebKit/537.36 (KHTML, like Gecko) Chrome/74.0.3729.169 Safari/537.36"
104.210.140.143 - - [29/May/2025:05:03:23 +0300] "GET /robots.txt HTTP/1.1" 404 208 "-" "Mozilla/5.0 (Macintosh; Intel Mac OS X 10_15_7) AppleWebKit/537.36 (KHTML, like Gecko) Chrome/131.0.0.0 Safari/537.36; compatible; OAI-SearchBot/1.0; +https://openai.com/searchbot"
104.210.140.139 - - [29/May/2025:05:03:23 +0300] "GET /robots.txt HTTP/1.1" 404 208 "-" "Mozilla/5.0 (Macintosh; Intel Mac OS X 10_15_7) AppleWebKit/537.36 (KHTML, like Gecko) Chrome/131.0.0.0 Safari/537.36; compatible; OAI-SearchBot/1.0; +https://openai.com/searchbot"
143.244.139.124 - - [29/May/2025:06:07:58 +0300] "GET / HTTP/1.1" 200 278 "-" "Mozilla/5.0 (X11; Linux x86_64; rv:136.0) Gecko/20100101 Firefox/136.0"
143.244.139.124 - - [29/May/2025:06:07:59 +0300] "GET /favicon.ico HTTP/1.1" 404 209 "http://sadeem.rightlearning.net/" "Mozilla/5.0 (X11; Linux x86_64; rv:136.0) Gecko/20100101 Firefox/136.0"
143.244.139.124 - - [29/May/2025:06:07:59 +0300] "GET /ads.txt HTTP/1.1" 404 205 "-" "Mozilla/5.0 (X11; Linux x86_64; rv:136.0) Gecko/20100101 Firefox/136.0"
143.244.139.124 - - [29/May/2025:06:08:00 +0300] "GET / HTTP/1.1" 200 278 "-" "Mozilla/5.0 (X11; Linux x86_64; rv:136.0) Gecko/20100101 Firefox/136.0"
143.244.139.124 - - [29/May/2025:06:08:03 +0300] "GET /favicon.ico HTTP/1.1" 404 209 "https://sadeem.rightlearning.net/" "Mozilla/5.0 (X11; Linux x86_64; rv:136.0) Gecko/20100101 Firefox/136.0"
143.244.139.124 - - [29/May/2025:06:08:04 +0300] "GET /ads.txt HTTP/1.1" 404 205 "-" "Mozilla/5.0 (X11; Linux x86_64; rv:136.0) Gecko/20100101 Firefox/136.0"
66.249.68.39 - - [29/May/2025:06:15:17 +0300] "GET /robots.txt HTTP/1.1" 404 208 "-" "Mozilla/5.0 (compatible; Googlebot/2.1; +http://www.google.com/bot.html)"
185.247.137.236 - - [29/May/2025:10:02:40 +0300] "GET / HTTP/1.1" 400 226 "http://salesonline.rightlearning.net" "Mozilla/5.0 (compatible; InternetMeasurement/1.0; +https://internet-measurement.com/)"
2.236.112.207 - - [29/May/2025:10:33:55 +0300] "GET / HTTP/1.1" 200 481 "-" "Mozilla/5.0 (Windows NT 10.0; Win64; x64) AppleWebKit/537.36 (KHTML, like Gecko) Chrome/74.0.3729.169 Safari/537.36"
2.236.112.207 - - [29/May/2025:10:33:55 +0300] "GET / HTTP/1.1" 200 481 "-" "Mozilla/5.0 (Windows NT 10.0; Win64; x64) AppleWebKit/537.36 (KHTML, like Gecko) Chrome/74.0.3729.169 Safari/537.36"
51.68.111.217 - - [29/May/2025:14:24:48 +0300] "GET /robots.txt HTTP/1.1" 404 208 "-" "Mozilla/5.0 (compatible; MJ12bot/v2.0.2; http://mj12bot.com/)"
51.68.111.217 - - [29/May/2025:14:24:48 +0300] "GET / HTTP/1.1" 200 278 "-" "Mozilla/5.0 (compatible; MJ12bot/v2.0.2; http://mj12bot.com/)"
2.236.112.207 - - [29/May/2025:20:08:04 +0300] "GET / HTTP/1.1" 200 481 "-" "Mozilla/5.0 (Windows NT 10.0; Win64; x64) AppleWebKit/537.36 (KHTML, like Gecko) Chrome/74.0.3729.169 Safari/537.36"
2.236.112.207 - - [29/May/2025:20:08:04 +0300] "GET / HTTP/1.1" 200 481 "-" "Mozilla/5.0 (Windows NT 10.0; Win64; x64) AppleWebKit/537.36 (KHTML, like Gecko) Chrome/74.0.3729.169 Safari/537.36"
167.172.70.96 - - [29/May/2025:20:16:46 +0300] "GET / HTTP/1.1" 200 481 "-" "Mozilla/5.0 (Windows NT 10.0; Win64; x64) AppleWebKit/537.36 (KHTML, like Gecko) Chrome/99.0.4859.172 Safari/537.36"
66.249.78.40 - - [29/May/2025:20:32:02 +0300] "GET /robots.txt HTTP/1.1" 404 208 "-" "Mozilla/5.0 (compatible; Googlebot/2.1; +http://www.google.com/bot.html)"
66.249.68.32 - - [29/May/2025:20:32:03 +0300] "GET /?fbclid=IwY2xjawKGq2JleHRuA2FlbQIxMABicmlkETFET2dKSVlvaXIxTGtTMnkwAR5lv-gVVxBDkMHiuCFnsiGLx7-qM4ttjEdCtg-1AUh4XwldQCgxtMSQbrvOpw_aem_a6nss-pHS0IeYA80sL4FXQ HTTP/1.1" 200 278 "-" "Mozilla/5.0 (Linux; Android 6.0.1; Nexus 5X Build/MMB29P) AppleWebKit/537.36 (KHTML, like Gecko) Chrome/136.0.7103.113 Mobile Safari/537.36 (compatible; Googlebot/2.1; +http://www.google.com/bot.html)"
104.210.140.137 - - [29/May/2025:21:01:54 +0300] "GET /robots.txt HTTP/1.1" 404 208 "-" "Mozilla/5.0 (Macintosh; Intel Mac OS X 10_15_7) AppleWebKit/537.36 (KHTML, like Gecko) Chrome/131.0.0.0 Safari/537.36; compatible; OAI-SearchBot/1.0; +https://openai.com/searchbot"
104.210.140.138 - - [29/May/2025:21:01:55 +0300] "GET /robots.txt HTTP/1.1" 404 208 "-" "Mozilla/5.0 (Macintosh; Intel Mac OS X 10_15_7) AppleWebKit/537.36 (KHTML, like Gecko) Chrome/131.0.0.0 Safari/537.36; compatible; OAI-SearchBot/1.0; +https://openai.com/searchbot"
2.236.112.207 - - [30/May/2025:05:38:12 +0300] "GET / HTTP/1.1" 200 481 "-" "Mozilla/5.0 (Windows NT 10.0; Win64; x64) AppleWebKit/537.36 (KHTML, like Gecko) Chrome/74.0.3729.169 Safari/537.36"
2.236.112.207 - - [30/May/2025:05:38:12 +0300] "GET / HTTP/1.1" 200 481 "-" "Mozilla/5.0 (Windows NT 10.0; Win64; x64) AppleWebKit/537.36 (KHTML, like Gecko) Chrome/74.0.3729.169 Safari/537.36"
104.210.140.143 - - [30/May/2025:13:00:38 +0300] "GET /robots.txt HTTP/1.1" 404 208 "-" "Mozilla/5.0 (Macintosh; Intel Mac OS X 10_15_7) AppleWebKit/537.36 (KHTML, like Gecko) Chrome/131.0.0.0 Safari/537.36; compatible; OAI-SearchBot/1.0; +https://openai.com/searchbot"
104.210.140.141 - - [30/May/2025:13:00:39 +0300] "GET /robots.txt HTTP/1.1" 404 208 "-" "Mozilla/5.0 (Macintosh; Intel Mac OS X 10_15_7) AppleWebKit/537.36 (KHTML, like Gecko) Chrome/131.0.0.0 Safari/537.36; compatible; OAI-SearchBot/1.0; +https://openai.com/searchbot"
2.236.112.207 - - [30/May/2025:15:35:21 +0300] "GET / HTTP/1.1" 200 481 "-" "Mozilla/5.0 (Windows NT 10.0; Win64; x64) AppleWebKit/537.36 (KHTML, like Gecko) Chrome/74.0.3729.169 Safari/537.36"
2.236.112.207 - - [30/May/2025:15:35:21 +0300] "GET / HTTP/1.1" 200 481 "-" "Mozilla/5.0 (Windows NT 10.0; Win64; x64) AppleWebKit/537.36 (KHTML, like Gecko) Chrome/74.0.3729.169 Safari/537.36"
207.46.13.230 - - [30/May/2025:22:51:26 +0300] "GET /robots.txt HTTP/1.1" 404 208 "-" "Mozilla/5.0 AppleWebKit/537.36 (KHTML, like Gecko; compatible; bingbot/2.0; +http://www.bing.com/bingbot.htm) Chrome/116.0.1938.76 Safari/537.36"
207.46.13.124 - - [30/May/2025:22:51:33 +0300] "GET /Onlinereg/New HTTP/1.1" 404 211 "-" "Mozilla/5.0 AppleWebKit/537.36 (KHTML, like Gecko; compatible; bingbot/2.0; +http://www.bing.com/bingbot.htm) Chrome/116.0.1938.76 Safari/537.36"
54.87.59.109 - - [31/May/2025:00:30:15 +0300] "GET / HTTP/1.1" 200 481 "-" "Mozilla/5.0 (Windows NT 10.0; Win64; x64) AppleWebKit/537.36 (KHTML, like Gecko) Chrome/78.0.3904.108 Safari/537.36"
54.87.59.109 - - [31/May/2025:00:30:20 +0300] "GET / HTTP/1.1" 200 481 "-" "Mozilla/5.0 (Windows NT 10.0; Win64; x64) AppleWebKit/537.36 (KHTML, like Gecko) Chrome/78.0.3904.108 Safari/537.36"
205.210.31.136 - - [31/May/2025:04:12:24 +0300] "GET / HTTP/1.1" 200 481 "-" "Expanse, a Palo Alto Networks company, searches across the global IPv4 space multiple times per day to identify customers' presences on the Internet. If you would like to be excluded from our scans, please send IP addresses/domains to: scaninfo@paloaltonetworks.com"
2.236.112.207 - - [31/May/2025:04:25:21 +0300] "GET / HTTP/1.1" 200 481 "-" "Mozilla/5.0 (Windows NT 10.0; Win64; x64) AppleWebKit/537.36 (KHTML, like Gecko) Chrome/74.0.3729.169 Safari/537.36"
2.236.112.207 - - [31/May/2025:04:25:21 +0300] "GET / HTTP/1.1" 200 481 "-" "Mozilla/5.0 (Windows NT 10.0; Win64; x64) AppleWebKit/537.36 (KHTML, like Gecko) Chrome/74.0.3729.169 Safari/537.36"
104.210.140.137 - - [31/May/2025:04:36:57 +0300] "GET /robots.txt HTTP/1.1" 404 208 "-" "Mozilla/5.0 (Macintosh; Intel Mac OS X 10_15_7) AppleWebKit/537.36 (KHTML, like Gecko) Chrome/131.0.0.0 Safari/537.36; compatible; OAI-SearchBot/1.0; +https://openai.com/searchbot"
104.210.140.134 - - [31/May/2025:04:36:57 +0300] "GET /robots.txt HTTP/1.1" 404 208 "-" "Mozilla/5.0 (Macintosh; Intel Mac OS X 10_15_7) AppleWebKit/537.36 (KHTML, like Gecko) Chrome/131.0.0.0 Safari/537.36; compatible; OAI-SearchBot/1.0; +https://openai.com/searchbot"
54.161.130.54 - - [31/May/2025:08:00:15 +0300] "GET /.git/config HTTP/1.1" 404 209 "-" "Mozilla/5.0 (Windows NT 6.1; Win64; x64) AppleWebKit/537.36 (KHTML, like Gecko) Chrome/73.0.3683.75 Safari/537.36"
34.13.145.130 - - [31/May/2025:10:42:48 +0300] "GET / HTTP/1.1" 200 278 "-" "Scrapy/2.12.0 (+https://scrapy.org)"
2.236.112.207 - - [31/May/2025:14:01:12 +0300] "GET / HTTP/1.1" 200 481 "-" "Mozilla/5.0 (Windows NT 10.0; Win64; x64) AppleWebKit/537.36 (KHTML, like Gecko) Chrome/74.0.3729.169 Safari/537.36"
2.236.112.207 - - [31/May/2025:14:01:12 +0300] "GET / HTTP/1.1" 200 481 "-" "Mozilla/5.0 (Windows NT 10.0; Win64; x64) AppleWebKit/537.36 (KHTML, like Gecko) Chrome/74.0.3729.169 Safari/537.36"
198.235.24.25 - - [31/May/2025:17:24:14 +0300] "GET / HTTP/1.1" 200 481 "-" "-"
104.210.140.131 - - [31/May/2025:20:15:30 +0300] "GET /robots.txt HTTP/1.1" 404 208 "-" "Mozilla/5.0 (Macintosh; Intel Mac OS X 10_15_7) AppleWebKit/537.36 (KHTML, like Gecko) Chrome/131.0.0.0 Safari/537.36; compatible; OAI-SearchBot/1.0; +https://openai.com/searchbot"
104.210.140.131 - - [31/May/2025:20:15:30 +0300] "GET /robots.txt HTTP/1.1" 404 208 "-" "Mozilla/5.0 (Macintosh; Intel Mac OS X 10_15_7) AppleWebKit/537.36 (KHTML, like Gecko) Chrome/131.0.0.0 Safari/537.36; compatible; OAI-SearchBot/1.0; +https://openai.com/searchbot"
2.236.112.207 - - [31/May/2025:23:46:16 +0300] "GET / HTTP/1.1" 200 481 "-" "Mozilla/5.0 (Windows NT 10.0; Win64; x64) AppleWebKit/537.36 (KHTML, like Gecko) Chrome/74.0.3729.169 Safari/537.36"
2.236.112.207 - - [31/May/2025:23:46:17 +0300] "GET / HTTP/1.1" 200 481 "-" "Mozilla/5.0 (Windows NT 10.0; Win64; x64) AppleWebKit/537.36 (KHTML, like Gecko) Chrome/74.0.3729.169 Safari/537.36"
192.99.37.133 - - [01/Jun/2025:05:06:42 +0300] "GET / HTTP/1.1" 200 481 "-" "Mozilla/5.0 (compatible; MJ12bot/v1.4.8; http://mj12bot.com/)"
192.99.37.133 - - [01/Jun/2025:05:06:45 +0300] "GET / HTTP/1.1" 200 278 "-" "Mozilla/5.0 (compatible; MJ12bot/v1.4.8; http://mj12bot.com/)"
170.39.218.58 - - [01/Jun/2025:06:41:17 +0300] "GET / HTTP/1.1" 200 278 "-" "Mozilla/5.0 (Windows NT 10.0; Win64; x64) AppleWebKit/537.36 Chrome/121.0.0.0"
2.236.112.207 - - [01/Jun/2025:09:06:52 +0300] "GET / HTTP/1.1" 200 481 "-" "Mozilla/5.0 (Windows NT 10.0; Win64; x64) AppleWebKit/537.36 (KHTML, like Gecko) Chrome/74.0.3729.169 Safari/537.36"
2.236.112.207 - - [01/Jun/2025:09:06:52 +0300] "GET / HTTP/1.1" 200 481 "-" "Mozilla/5.0 (Windows NT 10.0; Win64; x64) AppleWebKit/537.36 (KHTML, like Gecko) Chrome/74.0.3729.169 Safari/537.36"
104.210.140.134 - - [01/Jun/2025:12:10:23 +0300] "GET /robots.txt HTTP/1.1" 404 208 "-" "Mozilla/5.0 (Macintosh; Intel Mac OS X 10_15_7) AppleWebKit/537.36 (KHTML, like Gecko) Chrome/131.0.0.0 Safari/537.36; compatible; OAI-SearchBot/1.0; +https://openai.com/searchbot"
104.210.140.140 - - [01/Jun/2025:12:10:23 +0300] "GET /robots.txt HTTP/1.1" 404 208 "-" "Mozilla/5.0 (Macintosh; Intel Mac OS X 10_15_7) AppleWebKit/537.36 (KHTML, like Gecko) Chrome/131.0.0.0 Safari/537.36; compatible; OAI-SearchBot/1.0; +https://openai.com/searchbot"
18.201.76.93 - - [01/Jun/2025:13:31:03 +0300] "GET / HTTP/1.0" 200 481 "-" "Mozilla/5.0 (compatible; NetcraftSurveyAgent/1.0; +info@netcraft.com)"
198.244.164.27 - - [01/Jun/2025:13:49:09 +0300] "GET / HTTP/1.1" 200 278 "-" "Mozilla/5.0 (Windows NT 6.1; Win64; x64) AppleWebKit/537.36 (KHTML, like Gecko) Edge/16.16299"
2.236.112.207 - - [01/Jun/2025:18:32:21 +0300] "GET / HTTP/1.1" 200 481 "-" "Mozilla/5.0 (Windows NT 10.0; Win64; x64) AppleWebKit/537.36 (KHTML, like Gecko) Chrome/74.0.3729.169 Safari/537.36"
2.236.112.207 - - [01/Jun/2025:18:32:21 +0300] "GET / HTTP/1.1" 200 481 "-" "Mozilla/5.0 (Windows NT 10.0; Win64; x64) AppleWebKit/537.36 (KHTML, like Gecko) Chrome/74.0.3729.169 Safari/537.36"
54.171.217.219 - - [01/Jun/2025:18:40:19 +0300] "GET / HTTP/1.0" 200 481 "-" "Mozilla/5.0 (compatible; NetcraftSurveyAgent/1.0; +info@netcraft.com)"
205.210.31.172 - - [01/Jun/2025:20:33:39 +0300] "GET / HTTP/1.1" 200 481 "-" "-"
87.236.176.178 - - [01/Jun/2025:21:33:55 +0300] "GET / HTTP/1.1" 200 278 "-" "Mozilla/5.0 (compatible; InternetMeasurement/1.0; +https://internet-measurement.com/)"
4.227.36.11 - - [01/Jun/2025:22:07:26 +0300] "GET /robots.txt HTTP/1.1" 404 208 "-" "Mozilla/5.0 AppleWebKit/537.36 (KHTML, like Gecko; compatible; GPTBot/1.2; +https://openai.com/gptbot)"
20.171.207.48 - - [01/Jun/2025:22:07:27 +0300] "GET / HTTP/1.1" 200 278 "-" "Mozilla/5.0 AppleWebKit/537.36 (KHTML, like Gecko; compatible; GPTBot/1.2; +https://openai.com/gptbot)"
20.171.207.48 - - [01/Jun/2025:22:07:29 +0300] "GET /?C=M%3BO%3DA HTTP/1.1" 200 278 "-" "Mozilla/5.0 AppleWebKit/537.36 (KHTML, like Gecko; compatible; GPTBot/1.2; +https://openai.com/gptbot)"
20.171.207.48 - - [01/Jun/2025:22:07:32 +0300] "GET /?C=S%3BO%3DA HTTP/1.1" 200 278 "-" "Mozilla/5.0 AppleWebKit/537.36 (KHTML, like Gecko; compatible; GPTBot/1.2; +https://openai.com/gptbot)"
20.171.207.48 - - [01/Jun/2025:22:07:35 +0300] "GET /?C=N%3BO%3DD HTTP/1.1" 200 278 "-" "Mozilla/5.0 AppleWebKit/537.36 (KHTML, like Gecko; compatible; GPTBot/1.2; +https://openai.com/gptbot)"
20.171.207.48 - - [01/Jun/2025:22:07:37 +0300] "GET /?C=D%3BO%3DA HTTP/1.1" 200 278 "-" "Mozilla/5.0 AppleWebKit/537.36 (KHTML, like Gecko; compatible; GPTBot/1.2; +https://openai.com/gptbot)"
101.44.187.104 - - [01/Jun/2025:22:33:17 +0300] "GET /?C=S;O=A HTTP/1.1" 200 280 "http://sadeem.rightlearning.net/?C=S;O=A" "Mozilla/5.0 (Macintosh; Intel Mac OS X 10_15_7) AppleWebKit/537.36 (KHTML, like Gecko) Chrome/120.0.0.0 Safari/537.36"
46.250.175.50 - - [02/Jun/2025:00:26:13 +0300] "GET /?C=M;O=A HTTP/1.1" 200 280 "http://sadeem.rightlearning.net/?C=M;O=A" "Mozilla/5.0 (Windows NT 10.0; Win64; x64) AppleWebKit/537.36 (KHTML, like Gecko) Chrome/104.0.0.0 Safari/537.36"
2.236.112.207 - - [02/Jun/2025:04:01:03 +0300] "GET / HTTP/1.1" 200 481 "-" "Mozilla/5.0 (Windows NT 10.0; Win64; x64) AppleWebKit/537.36 (KHTML, like Gecko) Chrome/74.0.3729.169 Safari/537.36"
2.236.112.207 - - [02/Jun/2025:04:01:03 +0300] "GET / HTTP/1.1" 200 481 "-" "Mozilla/5.0 (Windows NT 10.0; Win64; x64) AppleWebKit/537.36 (KHTML, like Gecko) Chrome/74.0.3729.169 Safari/537.36"
104.210.140.130 - - [02/Jun/2025:04:07:20 +0300] "GET /robots.txt HTTP/1.1" 404 208 "-" "Mozilla/5.0 (Macintosh; Intel Mac OS X 10_15_7) AppleWebKit/537.36 (KHTML, like Gecko) Chrome/131.0.0.0 Safari/537.36; compatible; OAI-SearchBot/1.0; +https://openai.com/searchbot"
104.210.140.141 - - [02/Jun/2025:04:07:20 +0300] "GET /robots.txt HTTP/1.1" 404 208 "-" "Mozilla/5.0 (Macintosh; Intel Mac OS X 10_15_7) AppleWebKit/537.36 (KHTML, like Gecko) Chrome/131.0.0.0 Safari/537.36; compatible; OAI-SearchBot/1.0; +https://openai.com/searchbot"
1.192.195.5 - - [02/Jun/2025:05:57:50 +0300] "GET / HTTP/1.1" 200 481 "-" "Mozilla/5.0 (Macintosh; Intel Mac OS X 10_15_7) AppleWebKit/537.36 (KHTML, like Gecko) Chrome/120.0.0.0 Safari/537.36 Edg/120.0.0.0"
1.192.195.5 - - [02/Jun/2025:05:58:01 +0300] "GET /favicon.ico HTTP/1.1" 404 209 "-" "Mozilla/5.0 (Macintosh; Intel Mac OS X 10_7_0) AppleWebKit/535.11 (KHTML, like Gecko) Chrome/17.0.963.56 Safari/535.11"
1.192.192.6 - - [02/Jun/2025:05:58:06 +0300] "GET /robots.txt HTTP/1.1" 404 208 "-" "Mozilla/5.0 (Macintosh; Intel Mac OS X 10_7_0) AppleWebKit/535.11 (KHTML, like Gecko) Chrome/17.0.963.56 Safari/535.11"
1.192.195.5 - - [02/Jun/2025:05:58:14 +0300] "GET /sitemap.xml HTTP/1.1" 404 209 "-" "Mozilla/5.0 (Macintosh; Intel Mac OS X 10_7_0) AppleWebKit/535.11 (KHTML, like Gecko) Chrome/17.0.963.56 Safari/535.11"
1.192.195.11 - - [02/Jun/2025:05:58:18 +0300] "GET /config.json HTTP/1.1" 404 209 "-" "Mozilla/5.0 (Macintosh; Intel Mac OS X 10_7_0) AppleWebKit/535.11 (KHTML, like Gecko) Chrome/17.0.963.56 Safari/535.11"
1.192.192.8 - - [02/Jun/2025:05:58:25 +0300] "GET / HTTP/1.1" 200 278 "-" "Mozilla/5.0 (Macintosh; Intel Mac OS X 10_7_0) AppleWebKit/535.11 (KHTML, like Gecko) Chrome/17.0.963.56 Safari/535.11"
1.192.195.5 - - [02/Jun/2025:05:58:34 +0300] "GET / HTTP/1.1" 200 278 "-" "Mozilla/5.0 (Macintosh; Intel Mac OS X 10_7_0) AppleWebKit/535.11 (KHTML, like Gecko) Chrome/17.0.963.56 Safari/535.11"
1.192.192.4 - - [02/Jun/2025:06:01:23 +0300] "GET / HTTP/1.1" 200 481 "-" "Mozilla/5.0 (Macintosh; Intel Mac OS X 10_15_7) AppleWebKit/537.36 (KHTML, like Gecko) Chrome/120.0.0.0 Safari/537.36 Edg/120.0.0.0"
1.192.195.11 - - [02/Jun/2025:06:01:35 +0300] "GET /favicon.ico HTTP/1.1" 404 209 "-" "Mozilla/5.0 (Macintosh; Intel Mac OS X 10_7_0) AppleWebKit/535.11 (KHTML, like Gecko) Chrome/17.0.963.56 Safari/535.11"
1.192.192.4 - - [02/Jun/2025:06:01:42 +0300] "GET /robots.txt HTTP/1.1" 404 208 "-" "Mozilla/5.0 (Macintosh; Intel Mac OS X 10_7_0) AppleWebKit/535.11 (KHTML, like Gecko) Chrome/17.0.963.56 Safari/535.11"
1.192.195.11 - - [02/Jun/2025:06:01:50 +0300] "GET /sitemap.xml HTTP/1.1" 404 209 "-" "Mozilla/5.0 (Macintosh; Intel Mac OS X 10_7_0) AppleWebKit/535.11 (KHTML, like Gecko) Chrome/17.0.963.56 Safari/535.11"
1.192.195.8 - - [02/Jun/2025:06:02:20 +0300] "GET /config.json HTTP/1.1" 404 209 "-" "Mozilla/5.0 (Macintosh; Intel Mac OS X 10_7_0) AppleWebKit/535.11 (KHTML, like Gecko) Chrome/17.0.963.56 Safari/535.11"
1.192.192.6 - - [02/Jun/2025:06:02:27 +0300] "GET / HTTP/1.1" 200 278 "-" "Mozilla/5.0 (Macintosh; Intel Mac OS X 10_7_0) AppleWebKit/535.11 (KHTML, like Gecko) Chrome/17.0.963.56 Safari/535.11"
1.192.195.8 - - [02/Jun/2025:06:02:37 +0300] "GET / HTTP/1.1" 200 278 "-" "Mozilla/5.0 (Macintosh; Intel Mac OS X 10_7_0) AppleWebKit/535.11 (KHTML, like Gecko) Chrome/17.0.963.56 Safari/535.11"
94.159.108.209 - - [02/Jun/2025:06:14:14 +0300] "GET / HTTP/1.1" 200 278 "-" "Mozilla/5.0 (Macintosh; Intel Mac OS X 10_15_7) AppleWebKit/605.1.15 (KHTML, like Gecko) Version/16.6 Safari/605.1.15"
47.128.96.169 - - [02/Jun/2025:06:25:37 +0300] "GET / HTTP/1.1" 200 278 "-" "Mozilla/5.0 (Linux; Android 5.0) AppleWebKit/537.36 (KHTML, like Gecko) Mobile Safari/537.36 (compatible; TikTokSpider; ttspider-feedback@tiktok.com)"
47.128.96.169 - - [02/Jun/2025:06:25:37 +0300] "GET /icons/blank.gif HTTP/1.1" 206 148 "https://sadeem.rightlearning.net/" "Mozilla/5.0 (Linux; Android 5.0) AppleWebKit/537.36 (KHTML, like Gecko) Mobile Safari/537.36 (compatible; TikTokSpider; ttspider-feedback@tiktok.com)"
47.128.96.195 - - [02/Jun/2025:06:29:37 +0300] "GET /robots.txt HTTP/1.1" 404 208 "-" "-"
185.247.137.17 - - [02/Jun/2025:07:58:21 +0300] "GET / HTTP/1.1" 200 278 "-" "Mozilla/5.0 (compatible; InternetMeasurement/1.0; +https://internet-measurement.com/)"
51.81.46.212 - - [02/Jun/2025:10:47:48 +0300] "GET / HTTP/1.1" 200 481 "-" "-"
2.236.112.207 - - [02/Jun/2025:13:49:12 +0300] "GET / HTTP/1.1" 200 481 "-" "Mozilla/5.0 (Windows NT 10.0; Win64; x64) AppleWebKit/537.36 (KHTML, like Gecko) Chrome/74.0.3729.169 Safari/537.36"
2.236.112.207 - - [02/Jun/2025:13:49:12 +0300] "GET / HTTP/1.1" 200 481 "-" "Mozilla/5.0 (Windows NT 10.0; Win64; x64) AppleWebKit/537.36 (KHTML, like Gecko) Chrome/74.0.3729.169 Safari/537.36"
82.102.18.190 - - [02/Jun/2025:17:59:35 +0300] "GET / HTTP/1.1" 200 481 "-" "Mozilla/5.0 (Windows NT 10.0; Win64; x64) AppleWebKit/537.36 (KHTML, like Gecko) Chrome/78.0.3904.108 Safari/537.36"
82.102.18.190 - - [02/Jun/2025:17:59:40 +0300] "GET / HTTP/1.1" 200 481 "-" "Mozilla/5.0 (Windows NT 10.0; Win64; x64) AppleWebKit/537.36 (KHTML, like Gecko) Chrome/78.0.3904.108 Safari/537.36"
82.102.18.190 - - [02/Jun/2025:17:59:45 +0300] "GET /wp-includes/wlwmanifest.xml HTTP/1.1" 404 225 "-" "Mozilla/5.0 (Windows NT 10.0; Win64; x64) AppleWebKit/537.36 (KHTML, like Gecko) Chrome/78.0.3904.108 Safari/537.36"
82.102.18.190 - - [02/Jun/2025:17:59:50 +0300] "GET /xmlrpc.php?rsd HTTP/1.1" 404 208 "-" "Mozilla/5.0 (Windows NT 10.0; Win64; x64) AppleWebKit/537.36 (KHTML, like Gecko) Chrome/78.0.3904.108 Safari/537.36"
82.102.18.190 - - [02/Jun/2025:17:59:55 +0300] "GET / HTTP/1.1" 200 481 "-" "Mozilla/5.0 (Windows NT 10.0; Win64; x64) AppleWebKit/537.36 (KHTML, like Gecko) Chrome/78.0.3904.108 Safari/537.36"
82.102.18.190 - - [02/Jun/2025:18:00:00 +0300] "GET /blog/wp-includes/wlwmanifest.xml HTTP/1.1" 404 230 "-" "Mozilla/5.0 (Windows NT 10.0; Win64; x64) AppleWebKit/537.36 (KHTML, like Gecko) Chrome/78.0.3904.108 Safari/537.36"
82.102.18.190 - - [02/Jun/2025:18:00:05 +0300] "GET /web/wp-includes/wlwmanifest.xml HTTP/1.1" 404 229 "-" "Mozilla/5.0 (Windows NT 10.0; Win64; x64) AppleWebKit/537.36 (KHTML, like Gecko) Chrome/78.0.3904.108 Safari/537.36"
82.102.18.190 - - [02/Jun/2025:18:00:11 +0300] "GET /wordpress/wp-includes/wlwmanifest.xml HTTP/1.1" 404 235 "-" "Mozilla/5.0 (Windows NT 10.0; Win64; x64) AppleWebKit/537.36 (KHTML, like Gecko) Chrome/78.0.3904.108 Safari/537.36"
82.102.18.190 - - [02/Jun/2025:18:00:16 +0300] "GET /website/wp-includes/wlwmanifest.xml HTTP/1.1" 404 233 "-" "Mozilla/5.0 (Windows NT 10.0; Win64; x64) AppleWebKit/537.36 (KHTML, like Gecko) Chrome/78.0.3904.108 Safari/537.36"
82.102.18.190 - - [02/Jun/2025:18:00:21 +0300] "GET /wp/wp-includes/wlwmanifest.xml HTTP/1.1" 404 228 "-" "Mozilla/5.0 (Windows NT 10.0; Win64; x64) AppleWebKit/537.36 (KHTML, like Gecko) Chrome/78.0.3904.108 Safari/537.36"
82.102.18.190 - - [02/Jun/2025:18:00:26 +0300] "GET /news/wp-includes/wlwmanifest.xml HTTP/1.1" 404 230 "-" "Mozilla/5.0 (Windows NT 10.0; Win64; x64) AppleWebKit/537.36 (KHTML, like Gecko) Chrome/78.0.3904.108 Safari/537.36"
82.102.18.190 - - [02/Jun/2025:18:00:31 +0300] "GET /2019/wp-includes/wlwmanifest.xml HTTP/1.1" 404 230 "-" "Mozilla/5.0 (Windows NT 10.0; Win64; x64) AppleWebKit/537.36 (KHTML, like Gecko) Chrome/78.0.3904.108 Safari/537.36"
82.102.18.190 - - [02/Jun/2025:18:00:36 +0300] "GET /shop/wp-includes/wlwmanifest.xml HTTP/1.1" 404 230 "-" "Mozilla/5.0 (Windows NT 10.0; Win64; x64) AppleWebKit/537.36 (KHTML, like Gecko) Chrome/78.0.3904.108 Safari/537.36"
82.102.18.190 - - [02/Jun/2025:18:00:41 +0300] "GET /wp1/wp-includes/wlwmanifest.xml HTTP/1.1" 404 229 "-" "Mozilla/5.0 (Windows NT 10.0; Win64; x64) AppleWebKit/537.36 (KHTML, like Gecko) Chrome/78.0.3904.108 Safari/537.36"
82.102.18.190 - - [02/Jun/2025:18:00:46 +0300] "GET /test/wp-includes/wlwmanifest.xml HTTP/1.1" 404 230 "-" "Mozilla/5.0 (Windows NT 10.0; Win64; x64) AppleWebKit/537.36 (KHTML, like Gecko) Chrome/78.0.3904.108 Safari/537.36"
82.102.18.190 - - [02/Jun/2025:18:00:51 +0300] "GET /media/wp-includes/wlwmanifest.xml HTTP/1.1" 404 231 "-" "Mozilla/5.0 (Windows NT 10.0; Win64; x64) AppleWebKit/537.36 (KHTML, like Gecko) Chrome/78.0.3904.108 Safari/537.36"
82.102.18.190 - - [02/Jun/2025:18:00:56 +0300] "GET /wp2/wp-includes/wlwmanifest.xml HTTP/1.1" 404 229 "-" "Mozilla/5.0 (Windows NT 10.0; Win64; x64) AppleWebKit/537.36 (KHTML, like Gecko) Chrome/78.0.3904.108 Safari/537.36"
82.102.18.190 - - [02/Jun/2025:18:01:01 +0300] "GET /site/wp-includes/wlwmanifest.xml HTTP/1.1" 404 230 "-" "Mozilla/5.0 (Windows NT 10.0; Win64; x64) AppleWebKit/537.36 (KHTML, like Gecko) Chrome/78.0.3904.108 Safari/537.36"
82.102.18.190 - - [02/Jun/2025:18:01:07 +0300] "GET /sito/wp-includes/wlwmanifest.xml HTTP/1.1" 404 230 "-" "Mozilla/5.0 (Windows NT 10.0; Win64; x64) AppleWebKit/537.36 (KHTML, like Gecko) Chrome/78.0.3904.108 Safari/537.36"
104.210.140.136 - - [02/Jun/2025:20:07:43 +0300] "GET /robots.txt HTTP/1.1" 404 208 "-" "Mozilla/5.0 (Macintosh; Intel Mac OS X 10_15_7) AppleWebKit/537.36 (KHTML, like Gecko) Chrome/131.0.0.0 Safari/537.36; compatible; OAI-SearchBot/1.0; +https://openai.com/searchbot"
104.210.140.137 - - [02/Jun/2025:20:07:43 +0300] "GET /robots.txt HTTP/1.1" 404 208 "-" "Mozilla/5.0 (Macintosh; Intel Mac OS X 10_15_7) AppleWebKit/537.36 (KHTML, like Gecko) Chrome/131.0.0.0 Safari/537.36; compatible; OAI-SearchBot/1.0; +https://openai.com/searchbot"
2.236.112.207 - - [02/Jun/2025:23:35:37 +0300] "GET / HTTP/1.1" 200 481 "-" "Mozilla/5.0 (Windows NT 10.0; Win64; x64) AppleWebKit/537.36 (KHTML, like Gecko) Chrome/74.0.3729.169 Safari/537.36"
2.236.112.207 - - [02/Jun/2025:23:35:37 +0300] "GET / HTTP/1.1" 200 481 "-" "Mozilla/5.0 (Windows NT 10.0; Win64; x64) AppleWebKit/537.36 (KHTML, like Gecko) Chrome/74.0.3729.169 Safari/537.36"
95.182.100.70 - - [03/Jun/2025:02:13:31 +0300] "GET / HTTP/1.1" 200 278 "-" "Mozilla/5.0 (Macintosh; Intel Mac OS X 10_15_7) AppleWebKit/605.1.15 (KHTML, like Gecko) Version/18.5 Safari/605.1.15"
2.236.112.207 - - [03/Jun/2025:09:08:31 +0300] "GET / HTTP/1.1" 200 481 "-" "Mozilla/5.0 (Windows NT 10.0; Win64; x64) AppleWebKit/537.36 (KHTML, like Gecko) Chrome/74.0.3729.169 Safari/537.36"
2.236.112.207 - - [03/Jun/2025:09:08:32 +0300] "GET / HTTP/1.1" 200 481 "-" "Mozilla/5.0 (Windows NT 10.0; Win64; x64) AppleWebKit/537.36 (KHTML, like Gecko) Chrome/74.0.3729.169 Safari/537.36"
104.210.140.128 - - [03/Jun/2025:12:07:22 +0300] "GET /robots.txt HTTP/1.1" 404 208 "-" "Mozilla/5.0 (Macintosh; Intel Mac OS X 10_15_7) AppleWebKit/537.36 (KHTML, like Gecko) Chrome/131.0.0.0 Safari/537.36; compatible; OAI-SearchBot/1.0; +https://openai.com/searchbot"
104.210.140.135 - - [03/Jun/2025:12:07:22 +0300] "GET /robots.txt HTTP/1.1" 404 208 "-" "Mozilla/5.0 (Macintosh; Intel Mac OS X 10_15_7) AppleWebKit/537.36 (KHTML, like Gecko) Chrome/131.0.0.0 Safari/537.36; compatible; OAI-SearchBot/1.0; +https://openai.com/searchbot"
66.249.68.33 - - [03/Jun/2025:17:16:03 +0300] "GET /robots.txt HTTP/1.1" 404 208 "-" "Mozilla/5.0 (compatible; Googlebot/2.1; +http://www.google.com/bot.html)"
66.249.68.32 - - [03/Jun/2025:17:16:03 +0300] "GET / HTTP/1.1" 200 278 "-" "Mozilla/5.0 (Linux; Android 6.0.1; Nexus 5X Build/MMB29P) AppleWebKit/537.36 (KHTML, like Gecko) Chrome/136.0.7103.113 Mobile Safari/537.36 (compatible; Googlebot/2.1; +http://www.google.com/bot.html)"
2.236.112.207 - - [03/Jun/2025:19:02:26 +0300] "GET / HTTP/1.1" 200 481 "-" "Mozilla/5.0 (Windows NT 10.0; Win64; x64) AppleWebKit/537.36 (KHTML, like Gecko) Chrome/74.0.3729.169 Safari/537.36"
2.236.112.207 - - [03/Jun/2025:19:02:26 +0300] "GET / HTTP/1.1" 200 481 "-" "Mozilla/5.0 (Windows NT 10.0; Win64; x64) AppleWebKit/537.36 (KHTML, like Gecko) Chrome/74.0.3729.169 Safari/537.36"
119.12.171.188 - - [03/Jun/2025:19:48:12 +0300] "GET /?C=S;O=D HTTP/1.1" 200 276 "http://sadeem.rightlearning.net/?C=S;O=D" "Mozilla/5.0 (Windows NT 10.0; Win64; x64) AppleWebKit/537.36 (KHTML, like Gecko) Chrome/101.0.4951.64 Safari/537.36 Edg/101.0.1210.47"
104.210.140.133 - - [04/Jun/2025:04:06:49 +0300] "GET /robots.txt HTTP/1.1" 404 208 "-" "Mozilla/5.0 (Macintosh; Intel Mac OS X 10_15_7) AppleWebKit/537.36 (KHTML, like Gecko) Chrome/131.0.0.0 Safari/537.36; compatible; OAI-SearchBot/1.0; +https://openai.com/searchbot"
104.210.140.128 - - [04/Jun/2025:04:06:49 +0300] "GET /robots.txt HTTP/1.1" 404 208 "-" "Mozilla/5.0 (Macintosh; Intel Mac OS X 10_15_7) AppleWebKit/537.36 (KHTML, like Gecko) Chrome/131.0.0.0 Safari/537.36; compatible; OAI-SearchBot/1.0; +https://openai.com/searchbot"
2.236.112.207 - - [04/Jun/2025:05:00:18 +0300] "GET / HTTP/1.1" 200 481 "-" "Mozilla/5.0 (Windows NT 10.0; Win64; x64) AppleWebKit/537.36 (KHTML, like Gecko) Chrome/74.0.3729.169 Safari/537.36"
2.236.112.207 - - [04/Jun/2025:05:00:18 +0300] "GET / HTTP/1.1" 200 481 "-" "Mozilla/5.0 (Windows NT 10.0; Win64; x64) AppleWebKit/537.36 (KHTML, like Gecko) Chrome/74.0.3729.169 Safari/537.36"
166.108.196.161 - - [04/Jun/2025:13:07:10 +0300] "GET /?C=N;O=A HTTP/1.1" 200 278 "http://sadeem.rightlearning.net/?C=N;O=A" "Mozilla/5.0 (Windows NT 10.0; Win64; x64) AppleWebKit/537.36 (KHTML, like Gecko) Chrome/104.0.0.0 Safari/537.36"
2.236.112.207 - - [04/Jun/2025:15:07:20 +0300] "GET / HTTP/1.1" 200 481 "-" "Mozilla/5.0 (Windows NT 10.0; Win64; x64) AppleWebKit/537.36 (KHTML, like Gecko) Chrome/74.0.3729.169 Safari/537.36"
2.236.112.207 - - [04/Jun/2025:15:07:20 +0300] "GET / HTTP/1.1" 200 481 "-" "Mozilla/5.0 (Windows NT 10.0; Win64; x64) AppleWebKit/537.36 (KHTML, like Gecko) Chrome/74.0.3729.169 Safari/537.36"
104.210.140.138 - - [04/Jun/2025:20:07:48 +0300] "GET /robots.txt HTTP/1.1" 404 208 "-" "Mozilla/5.0 (Macintosh; Intel Mac OS X 10_15_7) AppleWebKit/537.36 (KHTML, like Gecko) Chrome/131.0.0.0 Safari/537.36; compatible; OAI-SearchBot/1.0; +https://openai.com/searchbot"
104.210.140.136 - - [04/Jun/2025:20:07:49 +0300] "GET /robots.txt HTTP/1.1" 404 208 "-" "Mozilla/5.0 (Macintosh; Intel Mac OS X 10_15_7) AppleWebKit/537.36 (KHTML, like Gecko) Chrome/131.0.0.0 Safari/537.36; compatible; OAI-SearchBot/1.0; +https://openai.com/searchbot"
2.236.112.207 - - [05/Jun/2025:01:04:12 +0300] "GET / HTTP/1.1" 200 481 "-" "Mozilla/5.0 (Windows NT 10.0; Win64; x64) AppleWebKit/537.36 (KHTML, like Gecko) Chrome/74.0.3729.169 Safari/537.36"
2.236.112.207 - - [05/Jun/2025:01:04:12 +0300] "GET / HTTP/1.1" 200 481 "-" "Mozilla/5.0 (Windows NT 10.0; Win64; x64) AppleWebKit/537.36 (KHTML, like Gecko) Chrome/74.0.3729.169 Safari/537.36"
170.39.218.62 - - [05/Jun/2025:03:34:25 +0300] "GET / HTTP/1.1" 200 278 "-" "Mozilla/5.0 (Windows NT 10.0; Win64; x64) AppleWebKit/537.36 Chrome/121.0.0.0"
159.138.102.166 - - [05/Jun/2025:10:38:49 +0300] "GET /?C=S;O=D HTTP/1.1" 200 276 "-" "Mozilla/5.0 (Macintosh; Intel Mac OS X 10_15_7) AppleWebKit/537.36 (KHTML, like Gecko) Chrome/134.0.0.0 Safari/537.36"
2.236.112.207 - - [05/Jun/2025:10:58:34 +0300] "GET / HTTP/1.1" 200 481 "-" "Mozilla/5.0 (Windows NT 10.0; Win64; x64) AppleWebKit/537.36 (KHTML, like Gecko) Chrome/74.0.3729.169 Safari/537.36"
2.236.112.207 - - [05/Jun/2025:10:58:34 +0300] "GET / HTTP/1.1" 200 481 "-" "Mozilla/5.0 (Windows NT 10.0; Win64; x64) AppleWebKit/537.36 (KHTML, like Gecko) Chrome/74.0.3729.169 Safari/537.36"
104.210.140.138 - - [05/Jun/2025:12:08:14 +0300] "GET /robots.txt HTTP/1.1" 404 208 "-" "Mozilla/5.0 (Macintosh; Intel Mac OS X 10_15_7) AppleWebKit/537.36 (KHTML, like Gecko) Chrome/131.0.0.0 Safari/537.36; compatible; OAI-SearchBot/1.0; +https://openai.com/searchbot"
104.210.140.130 - - [05/Jun/2025:12:08:14 +0300] "GET /robots.txt HTTP/1.1" 404 208 "-" "Mozilla/5.0 (Macintosh; Intel Mac OS X 10_15_7) AppleWebKit/537.36 (KHTML, like Gecko) Chrome/131.0.0.0 Safari/537.36; compatible; OAI-SearchBot/1.0; +https://openai.com/searchbot"
