2.236.112.207 - - [13/Feb/2025:10:46:22 +0200] "GET / HTTP/1.1" 200 481 "-" "Mozilla/5.0 (Windows NT 10.0; Win64; x64) AppleWebKit/537.36 (KHTML, like Gecko) Chrome/74.0.3729.169 Safari/537.36"
51.8.102.250 - - [13/Feb/2025:16:32:15 +0200] "GET /robots.txt HTTP/1.1" 404 208 "-" "Mozilla/5.0 (Macintosh; Intel Mac OS X 10_15_7) AppleWebKit/537.36 (KHTML, like Gecko) Chrome/131.0.0.0 Safari/537.36; compatible; OAI-SearchBot/1.0; +https://openai.com/searchbot"
51.8.102.237 - - [13/Feb/2025:16:32:16 +0200] "GET /robots.txt HTTP/1.1" 404 208 "-" "Mozilla/5.0 (Macintosh; Intel Mac OS X 10_15_7) AppleWebKit/537.36 (KHTML, like Gecko) Chrome/131.0.0.0 Safari/537.36; compatible; OAI-SearchBot/1.0; +https://openai.com/searchbot"
54.88.179.33 - - [13/Feb/2025:17:28:55 +0200] "GET / HTTP/1.1" 200 278 "-" "Mozilla/5.0 (Windows NT 10.0; Win64; x64) AppleWebKit/537.36 (KHTML, like Gecko) Chrome/100.0.4896.75 Safari/537.36"
2.236.112.207 - - [13/Feb/2025:20:25:46 +0200] "GET / HTTP/1.1" 200 481 "-" "Mozilla/5.0 (Windows NT 10.0; Win64; x64) AppleWebKit/537.36 (KHTML, like Gecko) Chrome/74.0.3729.169 Safari/537.36"
2.236.112.207 - - [13/Feb/2025:20:25:46 +0200] "GET / HTTP/1.1" 200 481 "-" "Mozilla/5.0 (Windows NT 10.0; Win64; x64) AppleWebKit/537.36 (KHTML, like Gecko) Chrome/74.0.3729.169 Safari/537.36"
18.197.4.181 - - [13/Feb/2025:23:27:04 +0200] "GET / HTTP/1.1" 200 278 "-" "Mozilla/5.0 (Ubuntu; Linux x86_64; rv:122.0) Gecko/20100101 Firefox/122.0"
2.236.112.207 - - [14/Feb/2025:05:57:29 +0200] "GET / HTTP/1.1" 200 481 "-" "Mozilla/5.0 (Windows NT 10.0; Win64; x64) AppleWebKit/537.36 (KHTML, like Gecko) Chrome/74.0.3729.169 Safari/537.36"
2.236.112.207 - - [14/Feb/2025:05:57:29 +0200] "GET / HTTP/1.1" 200 481 "-" "Mozilla/5.0 (Windows NT 10.0; Win64; x64) AppleWebKit/537.36 (KHTML, like Gecko) Chrome/74.0.3729.169 Safari/537.36"
51.8.102.202 - - [14/Feb/2025:08:29:50 +0200] "GET /robots.txt HTTP/1.1" 404 208 "-" "Mozilla/5.0 (Macintosh; Intel Mac OS X 10_15_7) AppleWebKit/537.36 (KHTML, like Gecko) Chrome/131.0.0.0 Safari/537.36; compatible; OAI-SearchBot/1.0; +https://openai.com/searchbot"
51.8.102.111 - - [14/Feb/2025:08:29:50 +0200] "GET /robots.txt HTTP/1.1" 404 208 "-" "Mozilla/5.0 (Macintosh; Intel Mac OS X 10_15_7) AppleWebKit/537.36 (KHTML, like Gecko) Chrome/131.0.0.0 Safari/537.36; compatible; OAI-SearchBot/1.0; +https://openai.com/searchbot"
2.236.112.207 - - [14/Feb/2025:15:57:10 +0200] "GET / HTTP/1.1" 200 481 "-" "Mozilla/5.0 (Windows NT 10.0; Win64; x64) AppleWebKit/537.36 (KHTML, like Gecko) Chrome/74.0.3729.169 Safari/537.36"
2.236.112.207 - - [14/Feb/2025:15:57:10 +0200] "GET / HTTP/1.1" 200 481 "-" "Mozilla/5.0 (Windows NT 10.0; Win64; x64) AppleWebKit/537.36 (KHTML, like Gecko) Chrome/74.0.3729.169 Safari/537.36"
51.8.102.111 - - [15/Feb/2025:00:27:45 +0200] "GET /robots.txt HTTP/1.1" 404 208 "-" "Mozilla/5.0 (Macintosh; Intel Mac OS X 10_15_7) AppleWebKit/537.36 (KHTML, like Gecko) Chrome/131.0.0.0 Safari/537.36; compatible; OAI-SearchBot/1.0; +https://openai.com/searchbot"
51.8.102.250 - - [15/Feb/2025:00:27:45 +0200] "GET /robots.txt HTTP/1.1" 404 208 "-" "Mozilla/5.0 (Macintosh; Intel Mac OS X 10_15_7) AppleWebKit/537.36 (KHTML, like Gecko) Chrome/131.0.0.0 Safari/537.36; compatible; OAI-SearchBot/1.0; +https://openai.com/searchbot"
2.236.112.207 - - [15/Feb/2025:01:59:54 +0200] "GET / HTTP/1.1" 200 481 "-" "Mozilla/5.0 (Windows NT 10.0; Win64; x64) AppleWebKit/537.36 (KHTML, like Gecko) Chrome/74.0.3729.169 Safari/537.36"
2.236.112.207 - - [15/Feb/2025:01:59:54 +0200] "GET / HTTP/1.1" 200 481 "-" "Mozilla/5.0 (Windows NT 10.0; Win64; x64) AppleWebKit/537.36 (KHTML, like Gecko) Chrome/74.0.3729.169 Safari/537.36"
2.236.112.207 - - [15/Feb/2025:11:41:25 +0200] "GET / HTTP/1.1" 200 481 "-" "Mozilla/5.0 (Windows NT 10.0; Win64; x64) AppleWebKit/537.36 (KHTML, like Gecko) Chrome/74.0.3729.169 Safari/537.36"
2.236.112.207 - - [15/Feb/2025:11:41:26 +0200] "GET / HTTP/1.1" 200 481 "-" "Mozilla/5.0 (Windows NT 10.0; Win64; x64) AppleWebKit/537.36 (KHTML, like Gecko) Chrome/74.0.3729.169 Safari/537.36"
162.142.125.44 - - [15/Feb/2025:13:24:00 +0200] "GET / HTTP/1.1" 200 278 "-" "Mozilla/5.0 (compatible; CensysInspect/1.1; +https://about.censys.io/)"
162.142.125.44 - - [15/Feb/2025:13:24:10 +0200] "GET /favicon.ico HTTP/1.1" 404 209 "-" "Mozilla/5.0 (compatible; CensysInspect/1.1; +https://about.censys.io/)"
205.210.31.13 - - [15/Feb/2025:16:19:09 +0200] "GET / HTTP/1.1" 200 481 "-" "-"
51.8.102.230 - - [15/Feb/2025:16:30:25 +0200] "GET /robots.txt HTTP/1.1" 404 208 "-" "Mozilla/5.0 (Macintosh; Intel Mac OS X 10_15_7) AppleWebKit/537.36 (KHTML, like Gecko) Chrome/131.0.0.0 Safari/537.36; compatible; OAI-SearchBot/1.0; +https://openai.com/searchbot"
51.8.102.170 - - [15/Feb/2025:16:30:25 +0200] "GET /robots.txt HTTP/1.1" 404 208 "-" "Mozilla/5.0 (Macintosh; Intel Mac OS X 10_15_7) AppleWebKit/537.36 (KHTML, like Gecko) Chrome/131.0.0.0 Safari/537.36; compatible; OAI-SearchBot/1.0; +https://openai.com/searchbot"
205.210.31.150 - - [15/Feb/2025:20:04:00 +0200] "GET / HTTP/1.1" 200 481 "-" "-"
2.236.112.207 - - [15/Feb/2025:21:21:01 +0200] "GET / HTTP/1.1" 200 481 "-" "Mozilla/5.0 (Windows NT 10.0; Win64; x64) AppleWebKit/537.36 (KHTML, like Gecko) Chrome/74.0.3729.169 Safari/537.36"
2.236.112.207 - - [15/Feb/2025:21:21:02 +0200] "GET / HTTP/1.1" 200 481 "-" "Mozilla/5.0 (Windows NT 10.0; Win64; x64) AppleWebKit/537.36 (KHTML, like Gecko) Chrome/74.0.3729.169 Safari/537.36"
77.78.224.194 - - [15/Feb/2025:21:25:34 +0200] "GET / HTTP/1.1" 200 278 "-" "Mozilla/5.0 (Windows NT 10.0; Win64; x64) AppleWebKit/537.36"
77.78.224.194 - - [15/Feb/2025:21:25:34 +0200] "GET / HTTP/1.1" 200 278 "-" "Mozilla/5.0 (Windows NT 10.0; Win64; x64) AppleWebKit/537.36"
77.78.224.194 - - [15/Feb/2025:21:25:35 +0200] "GET / HTTP/1.1" 200 278 "-" "Mozilla/5.0 (Windows NT 10.0; Win64; x64) AppleWebKit/537.36"
77.78.224.194 - - [15/Feb/2025:21:25:35 +0200] "GET / HTTP/1.1" 200 278 "-" "Mozilla/5.0 (Windows NT 10.0; Win64; x64) AppleWebKit/537.36"
77.78.224.194 - - [15/Feb/2025:21:25:35 +0200] "GET / HTTP/1.1" 200 278 "-" "Mozilla/5.0 (Windows NT 10.0; Win64; x64) AppleWebKit/537.36"
77.78.224.194 - - [15/Feb/2025:21:25:35 +0200] "GET / HTTP/1.1" 200 278 "-" "Mozilla/5.0 (Windows NT 10.0; Win64; x64) AppleWebKit/537.36"
77.78.224.194 - - [16/Feb/2025:04:14:32 +0200] "GET / HTTP/1.1" 200 278 "-" "Mozilla/5.0 (Windows NT 10.0; Win64; x64) AppleWebKit/537.36"
77.78.224.194 - - [16/Feb/2025:04:14:33 +0200] "GET / HTTP/1.1" 200 278 "-" "Mozilla/5.0 (Windows NT 10.0; Win64; x64) AppleWebKit/537.36"
77.78.224.194 - - [16/Feb/2025:04:14:33 +0200] "GET / HTTP/1.1" 200 278 "-" "Mozilla/5.0 (Windows NT 10.0; Win64; x64) AppleWebKit/537.36"
77.78.224.194 - - [16/Feb/2025:04:14:33 +0200] "GET / HTTP/1.1" 200 278 "-" "Mozilla/5.0 (Windows NT 10.0; Win64; x64) AppleWebKit/537.36"
77.78.224.194 - - [16/Feb/2025:04:14:33 +0200] "GET / HTTP/1.1" 200 278 "-" "Mozilla/5.0 (Windows NT 10.0; Win64; x64) AppleWebKit/537.36"
77.78.224.194 - - [16/Feb/2025:04:14:34 +0200] "GET / HTTP/1.1" 200 278 "-" "Mozilla/5.0 (Windows NT 10.0; Win64; x64) AppleWebKit/537.36"
2.236.112.207 - - [16/Feb/2025:07:06:37 +0200] "GET / HTTP/1.1" 200 481 "-" "Mozilla/5.0 (Windows NT 10.0; Win64; x64) AppleWebKit/537.36 (KHTML, like Gecko) Chrome/74.0.3729.169 Safari/537.36"
2.236.112.207 - - [16/Feb/2025:07:06:38 +0200] "GET / HTTP/1.1" 200 481 "-" "Mozilla/5.0 (Windows NT 10.0; Win64; x64) AppleWebKit/537.36 (KHTML, like Gecko) Chrome/74.0.3729.169 Safari/537.36"
51.8.102.111 - - [16/Feb/2025:08:27:16 +0200] "GET /robots.txt HTTP/1.1" 404 208 "-" "Mozilla/5.0 (Macintosh; Intel Mac OS X 10_15_7) AppleWebKit/537.36 (KHTML, like Gecko) Chrome/131.0.0.0 Safari/537.36; compatible; OAI-SearchBot/1.0; +https://openai.com/searchbot"
51.8.102.111 - - [16/Feb/2025:08:27:16 +0200] "GET /robots.txt HTTP/1.1" 404 208 "-" "Mozilla/5.0 (Macintosh; Intel Mac OS X 10_15_7) AppleWebKit/537.36 (KHTML, like Gecko) Chrome/131.0.0.0 Safari/537.36; compatible; OAI-SearchBot/1.0; +https://openai.com/searchbot"
115.231.78.12 - - [16/Feb/2025:09:17:20 +0200] "GET / HTTP/1.1" 400 226 "http://195.201.86.243:80" "Mozilla/5.0 (Windows NT 6.1; WOW64) AppleWebKit/537.36 (KHTML, like Gecko) Chrome/63.0.3239.132 Safari/537.36 QIHU 360SE"
115.231.78.12 - - [16/Feb/2025:09:17:22 +0200] "GET / HTTP/1.1" 400 226 "http://195.201.86.243:80/favicon.ico" "Mozilla/5.0 (Windows NT 6.1; WOW64) AppleWebKit/537.36 (KHTML, like Gecko) Chrome/63.0.3239.132 Safari/537.36 QIHU 360SE"
115.231.78.12 - - [16/Feb/2025:09:17:23 +0200] "GET / HTTP/1.1" 200 278 "-" "Mozilla/5.0 (Windows NT 6.1; WOW64) AppleWebKit/537.36 (KHTML, like Gecko) Chrome/63.0.3239.132 Safari/537.36 QIHU 360SE"
2.236.112.207 - - [16/Feb/2025:16:38:59 +0200] "GET / HTTP/1.1" 200 481 "-" "Mozilla/5.0 (Windows NT 10.0; Win64; x64) AppleWebKit/537.36 (KHTML, like Gecko) Chrome/74.0.3729.169 Safari/537.36"
2.236.112.207 - - [16/Feb/2025:16:38:59 +0200] "GET / HTTP/1.1" 200 481 "-" "Mozilla/5.0 (Windows NT 10.0; Win64; x64) AppleWebKit/537.36 (KHTML, like Gecko) Chrome/74.0.3729.169 Safari/537.36"
51.8.102.32 - - [17/Feb/2025:00:29:40 +0200] "GET /robots.txt HTTP/1.1" 404 208 "-" "Mozilla/5.0 (Macintosh; Intel Mac OS X 10_15_7) AppleWebKit/537.36 (KHTML, like Gecko) Chrome/131.0.0.0 Safari/537.36; compatible; OAI-SearchBot/1.0; +https://openai.com/searchbot"
51.8.102.40 - - [17/Feb/2025:00:29:41 +0200] "GET /robots.txt HTTP/1.1" 404 208 "-" "Mozilla/5.0 (Macintosh; Intel Mac OS X 10_15_7) AppleWebKit/537.36 (KHTML, like Gecko) Chrome/131.0.0.0 Safari/537.36; compatible; OAI-SearchBot/1.0; +https://openai.com/searchbot"
66.249.75.8 - - [17/Feb/2025:01:05:29 +0200] "GET /robots.txt HTTP/1.1" 404 208 "-" "Mozilla/5.0 (compatible; Googlebot/2.1; +http://www.google.com/bot.html)"
66.249.75.2 - - [17/Feb/2025:01:05:30 +0200] "GET / HTTP/1.1" 200 278 "-" "Mozilla/5.0 (Linux; Android 6.0.1; Nexus 5X Build/MMB29P) AppleWebKit/537.36 (KHTML, like Gecko) Chrome/133.0.6943.53 Mobile Safari/537.36 (compatible; Googlebot/2.1; +http://www.google.com/bot.html)"
2.236.112.207 - - [17/Feb/2025:02:23:35 +0200] "GET / HTTP/1.1" 200 481 "-" "Mozilla/5.0 (Windows NT 10.0; Win64; x64) AppleWebKit/537.36 (KHTML, like Gecko) Chrome/74.0.3729.169 Safari/537.36"
2.236.112.207 - - [17/Feb/2025:02:23:35 +0200] "GET / HTTP/1.1" 200 481 "-" "Mozilla/5.0 (Windows NT 10.0; Win64; x64) AppleWebKit/537.36 (KHTML, like Gecko) Chrome/74.0.3729.169 Safari/537.36"
13.37.248.86 - - [17/Feb/2025:02:28:59 +0200] "GET /sftp-config.json HTTP/1.1" 404 214 "-" "Mozilla/5.0 (Macintosh; Intel Mac OS X 10.15; rv:77.0) Gecko/20100101 Firefox/77.0"
13.37.248.86 - - [17/Feb/2025:02:29:01 +0200] "GET /.vscode/sftp.json HTTP/1.1" 404 215 "-" "Mozilla/5.0 (Macintosh; Intel Mac OS X 10.15; rv:77.0) Gecko/20100101 Firefox/77.0"
77.78.224.194 - - [17/Feb/2025:03:33:33 +0200] "GET / HTTP/1.1" 200 278 "-" "Mozilla/5.0 (Windows NT 10.0; Win64; x64) AppleWebKit/537.36"
77.78.224.194 - - [17/Feb/2025:03:33:33 +0200] "GET / HTTP/1.1" 200 278 "-" "Mozilla/5.0 (Windows NT 10.0; Win64; x64) AppleWebKit/537.36"
77.78.224.194 - - [17/Feb/2025:03:33:33 +0200] "GET / HTTP/1.1" 200 278 "-" "Mozilla/5.0 (Windows NT 10.0; Win64; x64) AppleWebKit/537.36"
77.78.224.194 - - [17/Feb/2025:03:33:34 +0200] "GET / HTTP/1.1" 200 278 "-" "Mozilla/5.0 (Windows NT 10.0; Win64; x64) AppleWebKit/537.36"
77.78.224.194 - - [17/Feb/2025:03:33:34 +0200] "GET / HTTP/1.1" 200 278 "-" "Mozilla/5.0 (Windows NT 10.0; Win64; x64) AppleWebKit/537.36"
77.78.224.194 - - [17/Feb/2025:03:33:34 +0200] "GET / HTTP/1.1" 200 278 "-" "Mozilla/5.0 (Windows NT 10.0; Win64; x64) AppleWebKit/537.36"
66.249.75.1 - - [17/Feb/2025:06:36:36 +0200] "GET / HTTP/1.1" 200 278 "-" "Mozilla/5.0 (Linux; Android 6.0.1; Nexus 5X Build/MMB29P) AppleWebKit/537.36 (KHTML, like Gecko) Chrome/133.0.6943.53 Mobile Safari/537.36 (compatible; Googlebot/2.1; +http://www.google.com/bot.html)"
66.249.75.1 - - [17/Feb/2025:08:17:35 +0200] "GET /robots.txt HTTP/1.1" 404 208 "-" "Mozilla/5.0 (compatible; Googlebot/2.1; +http://www.google.com/bot.html)"
66.249.75.2 - - [17/Feb/2025:08:17:35 +0200] "GET / HTTP/1.1" 200 278 "-" "Mozilla/5.0 (Linux; Android 6.0.1; Nexus 5X Build/MMB29P) AppleWebKit/537.36 (KHTML, like Gecko) Chrome/133.0.6943.53 Mobile Safari/537.36 (compatible; Googlebot/2.1; +http://www.google.com/bot.html)"
2.236.112.207 - - [17/Feb/2025:12:07:00 +0200] "GET / HTTP/1.1" 200 481 "-" "Mozilla/5.0 (Windows NT 10.0; Win64; x64) AppleWebKit/537.36 (KHTML, like Gecko) Chrome/74.0.3729.169 Safari/537.36"
2.236.112.207 - - [17/Feb/2025:12:07:01 +0200] "GET / HTTP/1.1" 200 481 "-" "Mozilla/5.0 (Windows NT 10.0; Win64; x64) AppleWebKit/537.36 (KHTML, like Gecko) Chrome/74.0.3729.169 Safari/537.36"
51.8.102.230 - - [17/Feb/2025:16:33:28 +0200] "GET /robots.txt HTTP/1.1" 404 208 "-" "Mozilla/5.0 (Macintosh; Intel Mac OS X 10_15_7) AppleWebKit/537.36 (KHTML, like Gecko) Chrome/131.0.0.0 Safari/537.36; compatible; OAI-SearchBot/1.0; +https://openai.com/searchbot"
51.8.102.83 - - [17/Feb/2025:16:33:29 +0200] "GET /robots.txt HTTP/1.1" 404 208 "-" "Mozilla/5.0 (Macintosh; Intel Mac OS X 10_15_7) AppleWebKit/537.36 (KHTML, like Gecko) Chrome/131.0.0.0 Safari/537.36; compatible; OAI-SearchBot/1.0; +https://openai.com/searchbot"
194.50.16.252 - - [17/Feb/2025:18:21:49 +0200] "GET / HTTP/1.1" 200 278 "-" "Mozilla/5.0 (Macintosh; Intel Mac OS X 10_15_7) AppleWebKit/605.1.15 (KHTML, like Gecko) Version/17.0 Safari/605.4.21"
205.210.31.107 - - [17/Feb/2025:21:38:24 +0200] "GET / HTTP/1.1" 200 481 "-" "Expanse, a Palo Alto Networks company, searches across the global IPv4 space multiple times per day to identify customers' presences on the Internet. If you would like to be excluded from our scans, please send IP addresses/domains to: scaninfo@paloaltonetworks.com"
2.236.112.207 - - [17/Feb/2025:22:24:33 +0200] "GET / HTTP/1.1" 200 481 "-" "Mozilla/5.0 (Windows NT 10.0; Win64; x64) AppleWebKit/537.36 (KHTML, like Gecko) Chrome/74.0.3729.169 Safari/537.36"
2.236.112.207 - - [17/Feb/2025:22:24:34 +0200] "GET / HTTP/1.1" 200 481 "-" "Mozilla/5.0 (Windows NT 10.0; Win64; x64) AppleWebKit/537.36 (KHTML, like Gecko) Chrome/74.0.3729.169 Safari/537.36"
205.210.31.44 - - [18/Feb/2025:01:24:40 +0200] "GET / HTTP/1.1" 200 481 "-" "Expanse, a Palo Alto Networks company, searches across the global IPv4 space multiple times per day to identify customers' presences on the Internet. If you would like to be excluded from our scans, please send IP addresses/domains to: scaninfo@paloaltonetworks.com"
185.177.124.97 - - [18/Feb/2025:03:19:58 +0200] "GET / HTTP/1.1" 200 278 "-" "Mozilla/5.0 (Windows NT 10.0; Win64; x64) AppleWebKit/537.36"
185.177.124.97 - - [18/Feb/2025:03:19:59 +0200] "GET / HTTP/1.1" 200 278 "-" "Mozilla/5.0 (Windows NT 10.0; Win64; x64) AppleWebKit/537.36"
185.177.124.97 - - [18/Feb/2025:03:19:59 +0200] "GET / HTTP/1.1" 200 278 "-" "Mozilla/5.0 (Windows NT 10.0; Win64; x64) AppleWebKit/537.36"
185.177.124.97 - - [18/Feb/2025:03:19:59 +0200] "GET / HTTP/1.1" 200 278 "-" "Mozilla/5.0 (Windows NT 10.0; Win64; x64) AppleWebKit/537.36"
185.177.124.97 - - [18/Feb/2025:03:20:00 +0200] "GET / HTTP/1.1" 200 278 "-" "Mozilla/5.0 (Windows NT 10.0; Win64; x64) AppleWebKit/537.36"
185.177.124.97 - - [18/Feb/2025:03:20:00 +0200] "GET / HTTP/1.1" 200 278 "-" "Mozilla/5.0 (Windows NT 10.0; Win64; x64) AppleWebKit/537.36"
4.227.36.11 - - [18/Feb/2025:03:58:50 +0200] "GET /robots.txt HTTP/1.1" 404 208 "-" "Mozilla/5.0 AppleWebKit/537.36 (KHTML, like Gecko; compatible; GPTBot/1.2; +https://openai.com/gptbot)"
20.171.207.74 - - [18/Feb/2025:03:58:51 +0200] "GET / HTTP/1.1" 200 278 "-" "Mozilla/5.0 AppleWebKit/537.36 (KHTML, like Gecko; compatible; GPTBot/1.2; +https://openai.com/gptbot)"
20.171.207.74 - - [18/Feb/2025:03:58:53 +0200] "GET /?C=D%3BO%3DA HTTP/1.1" 200 278 "-" "Mozilla/5.0 AppleWebKit/537.36 (KHTML, like Gecko; compatible; GPTBot/1.2; +https://openai.com/gptbot)"
20.171.207.74 - - [18/Feb/2025:03:58:56 +0200] "GET /?C=N%3BO%3DD HTTP/1.1" 200 278 "-" "Mozilla/5.0 AppleWebKit/537.36 (KHTML, like Gecko; compatible; GPTBot/1.2; +https://openai.com/gptbot)"
20.171.207.74 - - [18/Feb/2025:03:58:59 +0200] "GET /?C=M%3BO%3DA HTTP/1.1" 200 278 "-" "Mozilla/5.0 AppleWebKit/537.36 (KHTML, like Gecko; compatible; GPTBot/1.2; +https://openai.com/gptbot)"
20.171.207.74 - - [18/Feb/2025:03:59:01 +0200] "GET /?C=S%3BO%3DA HTTP/1.1" 200 278 "-" "Mozilla/5.0 AppleWebKit/537.36 (KHTML, like Gecko; compatible; GPTBot/1.2; +https://openai.com/gptbot)"
20.171.207.74 - - [18/Feb/2025:03:59:03 +0200] "GET /icons/blank.gif HTTP/1.1" 200 148 "-" "Mozilla/5.0 AppleWebKit/537.36 (KHTML, like Gecko; compatible; GPTBot/1.2; +https://openai.com/gptbot)"
2.236.112.207 - - [18/Feb/2025:08:24:50 +0200] "GET / HTTP/1.1" 200 481 "-" "Mozilla/5.0 (Windows NT 10.0; Win64; x64) AppleWebKit/537.36 (KHTML, like Gecko) Chrome/74.0.3729.169 Safari/537.36"
2.236.112.207 - - [18/Feb/2025:08:24:51 +0200] "GET / HTTP/1.1" 200 481 "-" "Mozilla/5.0 (Windows NT 10.0; Win64; x64) AppleWebKit/537.36 (KHTML, like Gecko) Chrome/74.0.3729.169 Safari/537.36"
51.8.102.207 - - [18/Feb/2025:08:31:11 +0200] "GET /robots.txt HTTP/1.1" 404 208 "-" "Mozilla/5.0 (Macintosh; Intel Mac OS X 10_15_7) AppleWebKit/537.36 (KHTML, like Gecko) Chrome/131.0.0.0 Safari/537.36; compatible; OAI-SearchBot/1.0; +https://openai.com/searchbot"
51.8.102.202 - - [18/Feb/2025:08:31:11 +0200] "GET /robots.txt HTTP/1.1" 404 208 "-" "Mozilla/5.0 (Macintosh; Intel Mac OS X 10_15_7) AppleWebKit/537.36 (KHTML, like Gecko) Chrome/131.0.0.0 Safari/537.36; compatible; OAI-SearchBot/1.0; +https://openai.com/searchbot"
2.236.112.207 - - [18/Feb/2025:18:27:56 +0200] "GET / HTTP/1.1" 200 481 "-" "Mozilla/5.0 (Windows NT 10.0; Win64; x64) AppleWebKit/537.36 (KHTML, like Gecko) Chrome/74.0.3729.169 Safari/537.36"
2.236.112.207 - - [18/Feb/2025:18:27:56 +0200] "GET / HTTP/1.1" 200 481 "-" "Mozilla/5.0 (Windows NT 10.0; Win64; x64) AppleWebKit/537.36 (KHTML, like Gecko) Chrome/74.0.3729.169 Safari/537.36"
51.8.102.111 - - [19/Feb/2025:00:30:31 +0200] "GET /robots.txt HTTP/1.1" 404 208 "-" "Mozilla/5.0 (Macintosh; Intel Mac OS X 10_15_7) AppleWebKit/537.36 (KHTML, like Gecko) Chrome/131.0.0.0 Safari/537.36; compatible; OAI-SearchBot/1.0; +https://openai.com/searchbot"
51.8.102.230 - - [19/Feb/2025:00:30:32 +0200] "GET /robots.txt HTTP/1.1" 404 208 "-" "Mozilla/5.0 (Macintosh; Intel Mac OS X 10_15_7) AppleWebKit/537.36 (KHTML, like Gecko) Chrome/131.0.0.0 Safari/537.36; compatible; OAI-SearchBot/1.0; +https://openai.com/searchbot"
77.78.224.128 - - [19/Feb/2025:03:29:11 +0200] "GET / HTTP/1.1" 200 278 "-" "Mozilla/5.0 (Windows NT 10.0; Win64; x64) AppleWebKit/537.36"
77.78.224.128 - - [19/Feb/2025:03:29:11 +0200] "GET / HTTP/1.1" 200 278 "-" "Mozilla/5.0 (Windows NT 10.0; Win64; x64) AppleWebKit/537.36"
77.78.224.128 - - [19/Feb/2025:03:29:11 +0200] "GET / HTTP/1.1" 200 278 "-" "Mozilla/5.0 (Windows NT 10.0; Win64; x64) AppleWebKit/537.36"
77.78.224.128 - - [19/Feb/2025:03:29:11 +0200] "GET / HTTP/1.1" 200 278 "-" "Mozilla/5.0 (Windows NT 10.0; Win64; x64) AppleWebKit/537.36"
77.78.224.128 - - [19/Feb/2025:03:29:12 +0200] "GET / HTTP/1.1" 200 278 "-" "Mozilla/5.0 (Windows NT 10.0; Win64; x64) AppleWebKit/537.36"
77.78.224.128 - - [19/Feb/2025:03:29:12 +0200] "GET / HTTP/1.1" 200 278 "-" "Mozilla/5.0 (Windows NT 10.0; Win64; x64) AppleWebKit/537.36"
2.236.112.207 - - [19/Feb/2025:04:09:11 +0200] "GET / HTTP/1.1" 200 481 "-" "Mozilla/5.0 (Windows NT 10.0; Win64; x64) AppleWebKit/537.36 (KHTML, like Gecko) Chrome/74.0.3729.169 Safari/537.36"
2.236.112.207 - - [19/Feb/2025:04:09:11 +0200] "GET / HTTP/1.1" 200 481 "-" "Mozilla/5.0 (Windows NT 10.0; Win64; x64) AppleWebKit/537.36 (KHTML, like Gecko) Chrome/74.0.3729.169 Safari/537.36"
2.236.112.207 - - [19/Feb/2025:13:57:08 +0200] "GET / HTTP/1.1" 200 481 "-" "Mozilla/5.0 (Windows NT 10.0; Win64; x64) AppleWebKit/537.36 (KHTML, like Gecko) Chrome/74.0.3729.169 Safari/537.36"
2.236.112.207 - - [19/Feb/2025:13:57:08 +0200] "GET / HTTP/1.1" 200 481 "-" "Mozilla/5.0 (Windows NT 10.0; Win64; x64) AppleWebKit/537.36 (KHTML, like Gecko) Chrome/74.0.3729.169 Safari/537.36"
51.8.102.250 - - [19/Feb/2025:16:31:32 +0200] "GET /robots.txt HTTP/1.1" 404 208 "-" "Mozilla/5.0 (Macintosh; Intel Mac OS X 10_15_7) AppleWebKit/537.36 (KHTML, like Gecko) Chrome/131.0.0.0 Safari/537.36; compatible; OAI-SearchBot/1.0; +https://openai.com/searchbot"
51.8.102.179 - - [19/Feb/2025:16:31:33 +0200] "GET /robots.txt HTTP/1.1" 404 208 "-" "Mozilla/5.0 (Macintosh; Intel Mac OS X 10_15_7) AppleWebKit/537.36 (KHTML, like Gecko) Chrome/131.0.0.0 Safari/537.36; compatible; OAI-SearchBot/1.0; +https://openai.com/searchbot"
77.78.224.128 - - [19/Feb/2025:19:10:14 +0200] "GET /.git/config HTTP/1.1" 404 209 "-" "Mozilla/5.0 (Windows NT 10.0; Win64; x64) AppleWebKit/537.36"
77.78.224.128 - - [19/Feb/2025:19:10:14 +0200] "GET /.git/config HTTP/1.1" 404 209 "-" "Mozilla/5.0 (Windows NT 10.0; Win64; x64) AppleWebKit/537.36"
77.78.224.128 - - [19/Feb/2025:19:10:14 +0200] "GET /.env HTTP/1.1" 404 202 "-" "Mozilla/5.0 (Windows NT 10.0; Win64; x64) AppleWebKit/537.36"
77.78.224.128 - - [19/Feb/2025:19:10:14 +0200] "GET /.env HTTP/1.1" 404 202 "-" "Mozilla/5.0 (Windows NT 10.0; Win64; x64) AppleWebKit/537.36"
77.78.224.128 - - [19/Feb/2025:19:10:14 +0200] "GET /wp-config.php HTTP/1.1" 404 211 "-" "Mozilla/5.0 (Windows NT 10.0; Win64; x64) AppleWebKit/537.36"
77.78.224.128 - - [19/Feb/2025:19:10:14 +0200] "GET /wp-config.php HTTP/1.1" 404 211 "-" "Mozilla/5.0 (Windows NT 10.0; Win64; x64) AppleWebKit/537.36"
77.78.224.128 - - [19/Feb/2025:19:10:14 +0200] "GET /.env HTTP/1.1" 404 202 "-" "Mozilla/5.0 (Windows NT 10.0; Win64; x64) AppleWebKit/537.36"
77.78.224.128 - - [19/Feb/2025:19:10:15 +0200] "GET /.env HTTP/1.1" 404 202 "-" "Mozilla/5.0 (Windows NT 10.0; Win64; x64) AppleWebKit/537.36"
77.78.224.128 - - [19/Feb/2025:19:10:15 +0200] "GET /.aws/credentials HTTP/1.1" 404 214 "-" "Mozilla/5.0 (Windows NT 10.0; Win64; x64) AppleWebKit/537.36"
77.78.224.128 - - [19/Feb/2025:19:10:15 +0200] "GET /.aws/credentials HTTP/1.1" 404 214 "-" "Mozilla/5.0 (Windows NT 10.0; Win64; x64) AppleWebKit/537.36"
77.78.224.128 - - [19/Feb/2025:19:10:15 +0200] "GET /.ssh/id_rsa HTTP/1.1" 404 209 "-" "Mozilla/5.0 (Windows NT 10.0; Win64; x64) AppleWebKit/537.36"
77.78.224.128 - - [19/Feb/2025:19:10:15 +0200] "GET /.ssh/id_rsa HTTP/1.1" 404 209 "-" "Mozilla/5.0 (Windows NT 10.0; Win64; x64) AppleWebKit/537.36"
2.236.112.207 - - [20/Feb/2025:00:34:00 +0200] "GET / HTTP/1.1" 200 481 "-" "Mozilla/5.0 (Windows NT 10.0; Win64; x64) AppleWebKit/537.36 (KHTML, like Gecko) Chrome/74.0.3729.169 Safari/537.36"
2.236.112.207 - - [20/Feb/2025:00:34:00 +0200] "GET / HTTP/1.1" 200 481 "-" "Mozilla/5.0 (Windows NT 10.0; Win64; x64) AppleWebKit/537.36 (KHTML, like Gecko) Chrome/74.0.3729.169 Safari/537.36"
194.50.16.252 - - [20/Feb/2025:04:22:30 +0200] "GET /api/env HTTP/1.1" 404 205 "-" "Mozilla/5.0 (Knoppix; Linux i686; rv:125.0) Gecko/20100101 Firefox/125.0"
45.148.10.34 - - [20/Feb/2025:06:34:13 +0200] "GET / HTTP/1.1" 200 278 "-" "Mozilla/5.0 (X11; CrOS x86_64 14541.0.0) AppleWebKit/537.36 (KHTML, like Gecko) Chrome/128.0.0.0 Safari/537.36"
4.227.36.91 - - [20/Feb/2025:08:28:17 +0200] "GET /robots.txt HTTP/1.1" 404 208 "-" "Mozilla/5.0 AppleWebKit/537.36 (KHTML, like Gecko; compatible; GPTBot/1.2; +https://openai.com/gptbot)"
20.171.207.127 - - [20/Feb/2025:08:28:18 +0200] "GET / HTTP/1.1" 200 278 "-" "Mozilla/5.0 AppleWebKit/537.36 (KHTML, like Gecko; compatible; GPTBot/1.2; +https://openai.com/gptbot)"
20.171.207.127 - - [20/Feb/2025:08:28:21 +0200] "GET /?C=M%3BO%3DA HTTP/1.1" 200 278 "-" "Mozilla/5.0 AppleWebKit/537.36 (KHTML, like Gecko; compatible; GPTBot/1.2; +https://openai.com/gptbot)"
20.171.207.127 - - [20/Feb/2025:08:28:24 +0200] "GET /?C=D%3BO%3DA HTTP/1.1" 200 278 "-" "Mozilla/5.0 AppleWebKit/537.36 (KHTML, like Gecko; compatible; GPTBot/1.2; +https://openai.com/gptbot)"
20.171.207.127 - - [20/Feb/2025:08:28:26 +0200] "GET /?C=S%3BO%3DA HTTP/1.1" 200 278 "-" "Mozilla/5.0 AppleWebKit/537.36 (KHTML, like Gecko; compatible; GPTBot/1.2; +https://openai.com/gptbot)"
20.171.207.127 - - [20/Feb/2025:08:28:28 +0200] "GET /?C=N%3BO%3DD HTTP/1.1" 200 278 "-" "Mozilla/5.0 AppleWebKit/537.36 (KHTML, like Gecko; compatible; GPTBot/1.2; +https://openai.com/gptbot)"
51.8.102.237 - - [20/Feb/2025:08:29:18 +0200] "GET /robots.txt HTTP/1.1" 404 208 "-" "Mozilla/5.0 (Macintosh; Intel Mac OS X 10_15_7) AppleWebKit/537.36 (KHTML, like Gecko) Chrome/131.0.0.0 Safari/537.36; compatible; OAI-SearchBot/1.0; +https://openai.com/searchbot"
51.8.102.40 - - [20/Feb/2025:08:29:19 +0200] "GET /robots.txt HTTP/1.1" 404 208 "-" "Mozilla/5.0 (Macintosh; Intel Mac OS X 10_15_7) AppleWebKit/537.36 (KHTML, like Gecko) Chrome/131.0.0.0 Safari/537.36; compatible; OAI-SearchBot/1.0; +https://openai.com/searchbot"
2.236.112.207 - - [20/Feb/2025:10:33:07 +0200] "GET / HTTP/1.1" 200 481 "-" "Mozilla/5.0 (Windows NT 10.0; Win64; x64) AppleWebKit/537.36 (KHTML, like Gecko) Chrome/74.0.3729.169 Safari/537.36"
2.236.112.207 - - [20/Feb/2025:10:33:07 +0200] "GET / HTTP/1.1" 200 481 "-" "Mozilla/5.0 (Windows NT 10.0; Win64; x64) AppleWebKit/537.36 (KHTML, like Gecko) Chrome/74.0.3729.169 Safari/537.36"
164.90.142.51 - - [20/Feb/2025:11:56:15 +0200] "GET / HTTP/1.1" 200 278 "-" "Mozilla/5.0 (compatible)"
164.90.142.51 - - [20/Feb/2025:11:56:15 +0200] "GET /favicon.ico HTTP/1.1" 404 209 "http://sadeem.rightlearning.net/" "Mozilla/5.0 (compatible)"
164.90.142.51 - - [20/Feb/2025:11:56:15 +0200] "GET /ads.txt HTTP/1.1" 404 205 "-" "Mozilla/5.0 (compatible)"
164.90.142.51 - - [20/Feb/2025:11:56:16 +0200] "GET / HTTP/1.1" 200 278 "-" "Mozilla/5.0 (compatible)"
164.90.142.51 - - [20/Feb/2025:11:56:18 +0200] "GET /favicon.ico HTTP/1.1" 404 209 "https://sadeem.rightlearning.net/" "Mozilla/5.0 (compatible)"
164.90.142.51 - - [20/Feb/2025:11:56:19 +0200] "GET /ads.txt HTTP/1.1" 404 205 "-" "Mozilla/5.0 (compatible)"
2.236.112.207 - - [20/Feb/2025:20:48:49 +0200] "GET / HTTP/1.1" 200 481 "-" "Mozilla/5.0 (Windows NT 10.0; Win64; x64) AppleWebKit/537.36 (KHTML, like Gecko) Chrome/74.0.3729.169 Safari/537.36"
2.236.112.207 - - [20/Feb/2025:20:48:49 +0200] "GET / HTTP/1.1" 200 481 "-" "Mozilla/5.0 (Windows NT 10.0; Win64; x64) AppleWebKit/537.36 (KHTML, like Gecko) Chrome/74.0.3729.169 Safari/537.36"
51.8.102.237 - - [21/Feb/2025:00:28:50 +0200] "GET /robots.txt HTTP/1.1" 404 208 "-" "Mozilla/5.0 (Macintosh; Intel Mac OS X 10_15_7) AppleWebKit/537.36 (KHTML, like Gecko) Chrome/131.0.0.0 Safari/537.36; compatible; OAI-SearchBot/1.0; +https://openai.com/searchbot"
51.8.102.237 - - [21/Feb/2025:00:28:50 +0200] "GET /robots.txt HTTP/1.1" 404 208 "-" "Mozilla/5.0 (Macintosh; Intel Mac OS X 10_15_7) AppleWebKit/537.36 (KHTML, like Gecko) Chrome/131.0.0.0 Safari/537.36; compatible; OAI-SearchBot/1.0; +https://openai.com/searchbot"
52.167.144.54 - - [21/Feb/2025:04:30:23 +0200] "GET / HTTP/1.1" 200 278 "-" "Mozilla/5.0 AppleWebKit/537.36 (KHTML, like Gecko; compatible; bingbot/2.0; +http://www.bing.com/bingbot.htm) Chrome/116.0.1938.76 Safari/537.36"
45.148.10.34 - - [21/Feb/2025:05:54:15 +0200] "GET / HTTP/1.1" 200 278 "-" "Mozilla/5.0 (X11; Linux x86_64) AppleWebKit/537.36 (KHTML, like Gecko) snap Chromium/76.0.3809.87 Chrome/76.0.3809.87 Safari/537.36"
2.236.112.207 - - [21/Feb/2025:06:38:45 +0200] "GET / HTTP/1.1" 200 481 "-" "Mozilla/5.0 (Windows NT 10.0; Win64; x64) AppleWebKit/537.36 (KHTML, like Gecko) Chrome/74.0.3729.169 Safari/537.36"
2.236.112.207 - - [21/Feb/2025:06:38:45 +0200] "GET / HTTP/1.1" 200 481 "-" "Mozilla/5.0 (Windows NT 10.0; Win64; x64) AppleWebKit/537.36 (KHTML, like Gecko) Chrome/74.0.3729.169 Safari/537.36"
40.77.167.138 - - [21/Feb/2025:07:53:19 +0200] "GET /robots.txt HTTP/1.1" 404 208 "-" "Mozilla/5.0 AppleWebKit/537.36 (KHTML, like Gecko; compatible; bingbot/2.0; +http://www.bing.com/bingbot.htm) Chrome/116.0.1938.76 Safari/537.36"
40.77.167.17 - - [21/Feb/2025:07:53:26 +0200] "GET /files/ooxy1ysmqo03sbd03fb5.jpg HTTP/1.1" 404 228 "-" "Mozilla/5.0 AppleWebKit/537.36 (KHTML, like Gecko; compatible; bingbot/2.0; +http://www.bing.com/bingbot.htm) Chrome/116.0.1938.76 Safari/537.36"
198.235.24.140 - - [21/Feb/2025:16:27:39 +0200] "GET / HTTP/1.1" 200 481 "-" "Expanse, a Palo Alto Networks company, searches across the global IPv4 space multiple times per day to identify customers' presences on the Internet. If you would like to be excluded from our scans, please send IP addresses/domains to: scaninfo@paloaltonetworks.com"
51.8.102.250 - - [21/Feb/2025:16:31:03 +0200] "GET /robots.txt HTTP/1.1" 404 208 "-" "Mozilla/5.0 (Macintosh; Intel Mac OS X 10_15_7) AppleWebKit/537.36 (KHTML, like Gecko) Chrome/131.0.0.0 Safari/537.36; compatible; OAI-SearchBot/1.0; +https://openai.com/searchbot"
51.8.102.207 - - [21/Feb/2025:16:31:03 +0200] "GET /robots.txt HTTP/1.1" 404 208 "-" "Mozilla/5.0 (Macintosh; Intel Mac OS X 10_15_7) AppleWebKit/537.36 (KHTML, like Gecko) Chrome/131.0.0.0 Safari/537.36; compatible; OAI-SearchBot/1.0; +https://openai.com/searchbot"
2.236.112.207 - - [21/Feb/2025:16:44:31 +0200] "GET / HTTP/1.1" 200 481 "-" "Mozilla/5.0 (Windows NT 10.0; Win64; x64) AppleWebKit/537.36 (KHTML, like Gecko) Chrome/74.0.3729.169 Safari/537.36"
2.236.112.207 - - [21/Feb/2025:16:44:31 +0200] "GET / HTTP/1.1" 200 481 "-" "Mozilla/5.0 (Windows NT 10.0; Win64; x64) AppleWebKit/537.36 (KHTML, like Gecko) Chrome/74.0.3729.169 Safari/537.36"
2.236.112.207 - - [22/Feb/2025:02:36:45 +0200] "GET / HTTP/1.1" 200 481 "-" "Mozilla/5.0 (Windows NT 10.0; Win64; x64) AppleWebKit/537.36 (KHTML, like Gecko) Chrome/74.0.3729.169 Safari/537.36"
2.236.112.207 - - [22/Feb/2025:02:36:46 +0200] "GET / HTTP/1.1" 200 481 "-" "Mozilla/5.0 (Windows NT 10.0; Win64; x64) AppleWebKit/537.36 (KHTML, like Gecko) Chrome/74.0.3729.169 Safari/537.36"
51.8.102.111 - - [22/Feb/2025:08:28:16 +0200] "GET /robots.txt HTTP/1.1" 404 208 "-" "Mozilla/5.0 (Macintosh; Intel Mac OS X 10_15_7) AppleWebKit/537.36 (KHTML, like Gecko) Chrome/131.0.0.0 Safari/537.36; compatible; OAI-SearchBot/1.0; +https://openai.com/searchbot"
51.8.102.230 - - [22/Feb/2025:08:28:16 +0200] "GET /robots.txt HTTP/1.1" 404 208 "-" "Mozilla/5.0 (Macintosh; Intel Mac OS X 10_15_7) AppleWebKit/537.36 (KHTML, like Gecko) Chrome/131.0.0.0 Safari/537.36; compatible; OAI-SearchBot/1.0; +https://openai.com/searchbot"
198.235.24.247 - - [22/Feb/2025:10:18:39 +0200] "GET / HTTP/1.1" 200 481 "-" "Expanse, a Palo Alto Networks company, searches across the global IPv4 space multiple times per day to identify customers' presences on the Internet. If you would like to be excluded from our scans, please send IP addresses/domains to: scaninfo@paloaltonetworks.com"
2.236.112.207 - - [22/Feb/2025:12:28:02 +0200] "GET / HTTP/1.1" 200 481 "-" "Mozilla/5.0 (Windows NT 10.0; Win64; x64) AppleWebKit/537.36 (KHTML, like Gecko) Chrome/74.0.3729.169 Safari/537.36"
2.236.112.207 - - [22/Feb/2025:12:28:02 +0200] "GET / HTTP/1.1" 200 481 "-" "Mozilla/5.0 (Windows NT 10.0; Win64; x64) AppleWebKit/537.36 (KHTML, like Gecko) Chrome/74.0.3729.169 Safari/537.36"
45.148.10.140 - - [22/Feb/2025:17:27:58 +0200] "GET / HTTP/1.1" 200 278 "-" "Mozilla/5.0 (Windows NT 10.0; Win64; x64) AppleWebKit/537.36 Chrome/121.0.0.0"
199.45.154.112 - - [22/Feb/2025:19:43:52 +0200] "GET / HTTP/1.1" 200 278 "-" "Mozilla/5.0 (compatible; CensysInspect/1.1; +https://about.censys.io/)"
199.45.154.112 - - [22/Feb/2025:19:43:53 +0200] "GET /favicon.ico HTTP/1.1" 404 209 "-" "Mozilla/5.0 (compatible; CensysInspect/1.1; +https://about.censys.io/)"
199.45.154.112 - - [22/Feb/2025:19:44:12 +0200] "GET /favicon.ico HTTP/1.1" 404 209 "-" "Mozilla/5.0 (compatible; CensysInspect/1.1; +https://about.censys.io/)"
198.235.24.173 - - [22/Feb/2025:22:05:36 +0200] "GET / HTTP/1.1" 200 481 "-" "-"
45.148.10.166 - - [22/Feb/2025:22:56:19 +0200] "GET /.env HTTP/1.1" 404 202 "https://www.google.com/" "Mozilla/5.0 (Windows NT 10.0; Win64; x64) AppleWebKit/537.36 (KHTML, like Gecko) Chrome/120.0.0.0 Safari/537.36"
45.148.10.166 - - [22/Feb/2025:22:56:19 +0200] "GET /api/.env HTTP/1.1" 404 206 "https://www.google.com/" "Mozilla/5.0 (Windows NT 10.0; Win64; x64) AppleWebKit/537.36 (KHTML, like Gecko) Chrome/120.0.0.0 Safari/537.36"
45.148.10.166 - - [22/Feb/2025:22:56:20 +0200] "GET /phpinfo.php HTTP/1.1" 404 209 "https://www.google.com/" "Mozilla/5.0 (Windows NT 10.0; Win64; x64) AppleWebKit/537.36 (KHTML, like Gecko) Chrome/120.0.0.0 Safari/537.36"
45.148.10.166 - - [22/Feb/2025:22:56:20 +0200] "GET /phpinfo HTTP/1.1" 404 205 "https://www.google.com/" "Mozilla/5.0 (Windows NT 10.0; Win64; x64) AppleWebKit/537.36 (KHTML, like Gecko) Chrome/120.0.0.0 Safari/537.36"
45.148.10.166 - - [22/Feb/2025:22:56:20 +0200] "GET /.env.save HTTP/1.1" 404 207 "https://www.google.com/" "Mozilla/5.0 (Windows NT 10.0; Win64; x64) AppleWebKit/537.36 (KHTML, like Gecko) Chrome/120.0.0.0 Safari/537.36"
45.148.10.166 - - [22/Feb/2025:22:56:20 +0200] "GET /.env.prod HTTP/1.1" 404 207 "https://www.google.com/" "Mozilla/5.0 (Windows NT 10.0; Win64; x64) AppleWebKit/537.36 (KHTML, like Gecko) Chrome/120.0.0.0 Safari/537.36"
45.148.10.166 - - [22/Feb/2025:22:56:20 +0200] "GET /login/.env HTTP/1.1" 404 208 "https://www.google.com/" "Mozilla/5.0 (Windows NT 10.0; Win64; x64) AppleWebKit/537.36 (KHTML, like Gecko) Chrome/120.0.0.0 Safari/537.36"
45.148.10.166 - - [22/Feb/2025:22:56:20 +0200] "GET /local/.env HTTP/1.1" 404 208 "https://www.google.com/" "Mozilla/5.0 (Windows NT 10.0; Win64; x64) AppleWebKit/537.36 (KHTML, like Gecko) Chrome/120.0.0.0 Safari/537.36"
45.148.10.166 - - [22/Feb/2025:22:56:20 +0200] "GET /admin/.env HTTP/1.1" 404 208 "https://www.google.com/" "Mozilla/5.0 (Windows NT 10.0; Win64; x64) AppleWebKit/537.36 (KHTML, like Gecko) Chrome/120.0.0.0 Safari/537.36"
45.148.10.166 - - [22/Feb/2025:22:56:20 +0200] "GET /dev/.env HTTP/1.1" 404 206 "https://www.google.com/" "Mozilla/5.0 (Windows NT 10.0; Win64; x64) AppleWebKit/537.36 (KHTML, like Gecko) Chrome/120.0.0.0 Safari/537.36"
45.148.10.166 - - [22/Feb/2025:22:56:21 +0200] "GET /application/.env HTTP/1.1" 404 214 "https://www.google.com/" "Mozilla/5.0 (Windows NT 10.0; Win64; x64) AppleWebKit/537.36 (KHTML, like Gecko) Chrome/120.0.0.0 Safari/537.36"
45.148.10.166 - - [22/Feb/2025:22:56:21 +0200] "GET /php_info.php HTTP/1.1" 404 210 "https://www.google.com/" "Mozilla/5.0 (Windows NT 10.0; Win64; x64) AppleWebKit/537.36 (KHTML, like Gecko) Chrome/120.0.0.0 Safari/537.36"
45.148.10.166 - - [22/Feb/2025:22:56:21 +0200] "GET /_profiler/phpinfo HTTP/1.1" 404 215 "https://www.google.com/" "Mozilla/5.0 (Windows NT 10.0; Win64; x64) AppleWebKit/537.36 (KHTML, like Gecko) Chrome/120.0.0.0 Safari/537.36"
45.148.10.166 - - [22/Feb/2025:22:56:21 +0200] "GET /config/.env HTTP/1.1" 404 209 "https://www.google.com/" "Mozilla/5.0 (Windows NT 10.0; Win64; x64) AppleWebKit/537.36 (KHTML, like Gecko) Chrome/120.0.0.0 Safari/537.36"
45.148.10.166 - - [22/Feb/2025:22:56:21 +0200] "GET /backend/.env HTTP/1.1" 404 210 "https://www.google.com/" "Mozilla/5.0 (Windows NT 10.0; Win64; x64) AppleWebKit/537.36 (KHTML, like Gecko) Chrome/120.0.0.0 Safari/537.36"
45.148.10.166 - - [22/Feb/2025:22:56:21 +0200] "GET /docker/.env HTTP/1.1" 404 209 "https://www.google.com/" "Mozilla/5.0 (Windows NT 10.0; Win64; x64) AppleWebKit/537.36 (KHTML, like Gecko) Chrome/120.0.0.0 Safari/537.36"
45.148.10.166 - - [22/Feb/2025:22:56:21 +0200] "POST / HTTP/1.1" 404 198 "https://www.google.com/" "Mozilla/5.0 (Windows NT 10.0; Win64; x64) AppleWebKit/537.36 (KHTML, like Gecko) Chrome/120.0.0.0 Safari/537.36"
51.8.102.237 - - [23/Feb/2025:00:26:00 +0200] "GET /robots.txt HTTP/1.1" 404 208 "-" "Mozilla/5.0 (Macintosh; Intel Mac OS X 10_15_7) AppleWebKit/537.36 (KHTML, like Gecko) Chrome/131.0.0.0 Safari/537.36; compatible; OAI-SearchBot/1.0; +https://openai.com/searchbot"
51.8.102.40 - - [23/Feb/2025:00:26:01 +0200] "GET /robots.txt HTTP/1.1" 404 208 "-" "Mozilla/5.0 (Macintosh; Intel Mac OS X 10_15_7) AppleWebKit/537.36 (KHTML, like Gecko) Chrome/131.0.0.0 Safari/537.36; compatible; OAI-SearchBot/1.0; +https://openai.com/searchbot"
51.8.102.202 - - [23/Feb/2025:16:27:48 +0200] "GET /robots.txt HTTP/1.1" 404 208 "-" "Mozilla/5.0 (Macintosh; Intel Mac OS X 10_15_7) AppleWebKit/537.36 (KHTML, like Gecko) Chrome/131.0.0.0 Safari/537.36; compatible; OAI-SearchBot/1.0; +https://openai.com/searchbot"
51.8.102.230 - - [23/Feb/2025:16:27:49 +0200] "GET /robots.txt HTTP/1.1" 404 208 "-" "Mozilla/5.0 (Macintosh; Intel Mac OS X 10_15_7) AppleWebKit/537.36 (KHTML, like Gecko) Chrome/131.0.0.0 Safari/537.36; compatible; OAI-SearchBot/1.0; +https://openai.com/searchbot"
198.235.24.140 - - [23/Feb/2025:23:03:02 +0200] "GET / HTTP/1.1" 200 481 "-" "-"
60.191.60.99 - - [23/Feb/2025:23:39:48 +0200] "GET /favicon.ico HTTP/1.1" 404 209 "-" "Dalvik/2.1.0 (Linux; U; Android 9.0; ZTE BA520 Build/MRA58K)"
60.191.60.99 - - [23/Feb/2025:23:44:39 +0200] "GET / HTTP/1.1" 200 278 "-" "Mozilla/5.0 (Linux; Android 7.0; FRD-AL00 Build/HUAWEIFRD-AL00; wv) AppleWebKit/537.36 (KHTML, like Gecko) Version/4.0 Chrome/53.0.2785.49 Mobile MQQBrowser/6.2 TBS/043508 Safari/537.36 V1_AND_SQ_7.1.0_0_TIM_D TIM2.0/1.2.0.1692 QQ/6.5.5 NetType/2G WebP/0.3.0 Pixel/1080 IMEI/869953022249635"
60.191.60.99 - - [24/Feb/2025:02:04:47 +0200] "GET / HTTP/1.1" 200 278 "-" "Dalvik/2.1.0 (Linux; U; Android 9.0; ZTE BA520 Build/MRA58K)"
60.191.60.99 - - [24/Feb/2025:03:47:52 +0200] "GET / HTTP/1.1" 200 278 "-" "Mozilla/5.0 (Macintosh; Intel Mac OS X 10_11) AppleWebKit/601.1.27 (KHTML, like Gecko) Chrome/47.0.2526.106 Safari/601.1.27"
115.231.78.6 - - [24/Feb/2025:08:14:23 +0200] "GET / HTTP/1.1" 200 481 "-" "Mozilla/5.0 (Windows NT 6.1) AppleWebKit/537.36 (KHTML, like Gecko) Chrome/71.0.2623.112 Safari/537.36"
115.231.78.6 - - [24/Feb/2025:08:14:25 +0200] "GET / HTTP/1.1" 200 481 "-" "Mozilla/5.0 (Windows NT 6.1) AppleWebKit/537.36 (KHTML, like Gecko) Chrome/71.0.2623.112 Safari/537.36"
115.231.78.6 - - [24/Feb/2025:08:15:23 +0200] "GET / HTTP/1.1" 200 278 "-" "Mozilla/5.0 (Windows NT 6.1; WOW64) AppleWebKit/537.36 (KHTML, like Gecko) Chrome/63.0.3239.132 Safari/537.36 QIHU 360SE"
115.231.78.6 - - [24/Feb/2025:08:15:23 +0200] "GET /favicon.ico HTTP/1.1" 404 209 "-" "Mozilla/5.0 (Windows NT 6.1; WOW64) AppleWebKit/537.36 (KHTML, like Gecko) Chrome/63.0.3239.132 Safari/537.36 QIHU 360SE"
115.231.78.6 - - [24/Feb/2025:08:15:24 +0200] "GET /robots.txt HTTP/1.1" 404 208 "-" "Mozilla/5.0 (Windows NT 6.1; WOW64) AppleWebKit/537.36 (KHTML, like Gecko) Chrome/63.0.3239.132 Safari/537.36 QIHU 360SE"
115.231.78.6 - - [24/Feb/2025:08:15:26 +0200] "GET / HTTP/1.1" 200 278 "-" "Mozilla/5.0 (Windows NT 6.1; WOW64) AppleWebKit/537.36 (KHTML, like Gecko) Chrome/63.0.3239.132 Safari/537.36 QIHU 360SE"
115.231.78.6 - - [24/Feb/2025:08:15:27 +0200] "GET /favicon.ico HTTP/1.1" 404 209 "-" "Mozilla/5.0 (Windows NT 6.1; WOW64) AppleWebKit/537.36 (KHTML, like Gecko) Chrome/63.0.3239.132 Safari/537.36 QIHU 360SE"
115.231.78.6 - - [24/Feb/2025:08:15:29 +0200] "GET /robots.txt HTTP/1.1" 404 208 "-" "Mozilla/5.0 (Windows NT 6.1; WOW64) AppleWebKit/537.36 (KHTML, like Gecko) Chrome/63.0.3239.132 Safari/537.36 QIHU 360SE"
51.8.102.83 - - [24/Feb/2025:08:25:10 +0200] "GET /robots.txt HTTP/1.1" 404 208 "-" "Mozilla/5.0 (Macintosh; Intel Mac OS X 10_15_7) AppleWebKit/537.36 (KHTML, like Gecko) Chrome/131.0.0.0 Safari/537.36; compatible; OAI-SearchBot/1.0; +https://openai.com/searchbot"
51.8.102.111 - - [24/Feb/2025:08:25:10 +0200] "GET /robots.txt HTTP/1.1" 404 208 "-" "Mozilla/5.0 (Macintosh; Intel Mac OS X 10_15_7) AppleWebKit/537.36 (KHTML, like Gecko) Chrome/131.0.0.0 Safari/537.36; compatible; OAI-SearchBot/1.0; +https://openai.com/searchbot"
112.94.252.108 - - [24/Feb/2025:09:13:16 +0200] "GET / HTTP/1.1" 200 481 "-" "Go-http-client/1.1"
2.236.112.207 - - [24/Feb/2025:12:38:45 +0200] "GET / HTTP/1.1" 200 481 "-" "Mozilla/5.0 (Windows NT 10.0; Win64; x64) AppleWebKit/537.36 (KHTML, like Gecko) Chrome/74.0.3729.169 Safari/537.36"
2.236.112.207 - - [24/Feb/2025:12:38:45 +0200] "GET / HTTP/1.1" 200 481 "-" "Mozilla/5.0 (Windows NT 10.0; Win64; x64) AppleWebKit/537.36 (KHTML, like Gecko) Chrome/74.0.3729.169 Safari/537.36"
13.37.236.65 - - [24/Feb/2025:17:51:52 +0200] "GET /sftp-config.json HTTP/1.1" 404 214 "-" "Mozilla/5.0 (Macintosh; Intel Mac OS X 10.15; rv:77.0) Gecko/20100101 Firefox/77.0"
13.37.236.65 - - [24/Feb/2025:17:51:52 +0200] "GET /.vscode/sftp.json HTTP/1.1" 404 215 "-" "Mozilla/5.0 (Macintosh; Intel Mac OS X 10.15; rv:77.0) Gecko/20100101 Firefox/77.0"
2.236.112.207 - - [24/Feb/2025:23:02:53 +0200] "GET / HTTP/1.1" 200 481 "-" "Mozilla/5.0 (Windows NT 10.0; Win64; x64) AppleWebKit/537.36 (KHTML, like Gecko) Chrome/74.0.3729.169 Safari/537.36"
2.236.112.207 - - [24/Feb/2025:23:02:53 +0200] "GET / HTTP/1.1" 200 481 "-" "Mozilla/5.0 (Windows NT 10.0; Win64; x64) AppleWebKit/537.36 (KHTML, like Gecko) Chrome/74.0.3729.169 Safari/537.36"
193.41.206.246 - - [24/Feb/2025:23:37:16 +0200] "GET /_profiler/phpinfo HTTP/1.1" 404 215 "-" "-"
193.41.206.246 - - [24/Feb/2025:23:37:17 +0200] "GET /phpinfo.php HTTP/1.1" 404 209 "-" "-"
193.41.206.246 - - [24/Feb/2025:23:37:17 +0200] "GET /phpinfo HTTP/1.1" 404 205 "-" "-"
193.41.206.246 - - [24/Feb/2025:23:37:17 +0200] "GET /info.php HTTP/1.1" 404 206 "-" "-"
193.41.206.246 - - [24/Feb/2025:23:37:17 +0200] "GET /php-info.php HTTP/1.1" 404 210 "-" "-"
193.41.206.246 - - [24/Feb/2025:23:37:18 +0200] "GET /phpinfoposmeta.php HTTP/1.1" 404 216 "-" "-"
193.41.206.246 - - [24/Feb/2025:23:37:18 +0200] "GET /dashboard/phpinfo.php HTTP/1.1" 404 219 "-" "-"
193.41.206.246 - - [24/Feb/2025:23:37:18 +0200] "GET /ppinfo.php HTTP/1.1" 404 208 "-" "-"
193.41.206.246 - - [24/Feb/2025:23:37:18 +0200] "GET /admin/phpinfo.php HTTP/1.1" 404 215 "-" "-"
193.41.206.246 - - [24/Feb/2025:23:37:18 +0200] "GET /backend/web/phpinfo.php HTTP/1.1" 404 221 "-" "-"
193.41.206.246 - - [24/Feb/2025:23:37:19 +0200] "GET /public/phpinfo.php HTTP/1.1" 404 216 "-" "-"
193.41.206.246 - - [24/Feb/2025:23:37:19 +0200] "GET /admin_phpinfo.php HTTP/1.1" 404 215 "-" "-"
193.41.206.246 - - [24/Feb/2025:23:37:19 +0200] "GET /tool/phpinfo.php HTTP/1.1" 404 214 "-" "-"
193.41.206.246 - - [24/Feb/2025:23:37:19 +0200] "GET /admin/server_info.php HTTP/1.1" 404 219 "-" "-"
193.41.206.246 - - [24/Feb/2025:23:37:20 +0200] "GET /server_info.php HTTP/1.1" 404 213 "-" "-"
193.41.206.246 - - [24/Feb/2025:23:37:20 +0200] "GET /admincontrol/sys_phpinfo.php HTTP/1.1" 404 226 "-" "-"
193.41.206.246 - - [24/Feb/2025:23:37:20 +0200] "GET /admin/sys_phpinfo.php HTTP/1.1" 404 219 "-" "-"
193.41.206.246 - - [24/Feb/2025:23:37:20 +0200] "GET /test.php HTTP/1.1" 404 206 "-" "-"
193.41.206.246 - - [24/Feb/2025:23:37:21 +0200] "GET /server-info.php HTTP/1.1" 404 213 "-" "-"
193.41.206.246 - - [24/Feb/2025:23:37:21 +0200] "GET /phpinfo/config.php HTTP/1.1" 404 216 "-" "-"
193.41.206.246 - - [24/Feb/2025:23:37:21 +0200] "GET /backend/phpinfo.php HTTP/1.1" 404 217 "-" "-"
193.41.206.246 - - [24/Feb/2025:23:37:21 +0200] "GET /phpinfo2.php HTTP/1.1" 404 210 "-" "-"
193.41.206.246 - - [24/Feb/2025:23:37:21 +0200] "GET /phpinfo3.php HTTP/1.1" 404 210 "-" "-"
193.41.206.246 - - [24/Feb/2025:23:37:22 +0200] "GET /phpinfo4.php HTTP/1.1" 404 210 "-" "-"
193.41.206.246 - - [24/Feb/2025:23:37:22 +0200] "GET /debug.php HTTP/1.1" 404 207 "-" "-"
193.41.206.246 - - [24/Feb/2025:23:37:22 +0200] "GET /.phpinfo HTTP/1.1" 404 206 "-" "-"
193.41.206.246 - - [24/Feb/2025:23:37:22 +0200] "GET /_profiler/phpinfo/info.php HTTP/1.1" 404 224 "-" "-"
193.41.206.246 - - [24/Feb/2025:23:37:22 +0200] "GET /_profiler/phpinfo/phpinfo.php HTTP/1.1" 404 227 "-" "-"
193.41.206.246 - - [24/Feb/2025:23:37:23 +0200] "GET /admin/info.php HTTP/1.1" 404 212 "-" "-"
193.41.206.246 - - [24/Feb/2025:23:37:23 +0200] "GET /adminphp.php HTTP/1.1" 404 210 "-" "-"
193.41.206.246 - - [24/Feb/2025:23:37:23 +0200] "GET /adminphp.php/configuration.php HTTP/1.1" 404 228 "-" "-"
193.41.206.246 - - [24/Feb/2025:23:37:23 +0200] "GET /apache.php HTTP/1.1" 404 208 "-" "-"
193.41.206.246 - - [24/Feb/2025:23:37:23 +0200] "GET /apache/i.php HTTP/1.1" 404 210 "-" "-"
193.41.206.246 - - [24/Feb/2025:23:37:23 +0200] "GET /apache/info.php HTTP/1.1" 404 213 "-" "-"
193.41.206.246 - - [24/Feb/2025:23:37:24 +0200] "GET /apache/phpinfo.php HTTP/1.1" 404 216 "-" "-"
193.41.206.246 - - [24/Feb/2025:23:37:24 +0200] "GET /apache2.php HTTP/1.1" 404 209 "-" "-"
193.41.206.246 - - [24/Feb/2025:23:37:24 +0200] "GET /build.php HTTP/1.1" 404 207 "-" "-"
193.41.206.246 - - [24/Feb/2025:23:37:24 +0200] "GET /cache.php HTTP/1.1" 404 207 "-" "-"
193.41.206.246 - - [24/Feb/2025:23:37:25 +0200] "GET /config/cache.php HTTP/1.1" 404 214 "-" "-"
193.41.206.246 - - [24/Feb/2025:23:37:25 +0200] "GET /dashboard/i.php HTTP/1.1" 404 213 "-" "-"
193.41.206.246 - - [24/Feb/2025:23:37:25 +0200] "GET /dashboard/info.php HTTP/1.1" 404 216 "-" "-"
193.41.206.246 - - [24/Feb/2025:23:37:25 +0200] "GET /dashboard/test.php HTTP/1.1" 404 216 "-" "-"
193.41.206.246 - - [24/Feb/2025:23:37:25 +0200] "GET /dep.php HTTP/1.1" 404 205 "-" "-"
193.41.206.246 - - [24/Feb/2025:23:37:26 +0200] "GET /deploy.php HTTP/1.1" 404 208 "-" "-"
193.41.206.246 - - [24/Feb/2025:23:37:26 +0200] "GET /dev.php HTTP/1.1" 404 205 "-" "-"
193.41.206.246 - - [24/Feb/2025:23:37:26 +0200] "GET /developer.php HTTP/1.1" 404 211 "-" "-"
193.41.206.246 - - [24/Feb/2025:23:37:26 +0200] "GET /devs.php HTTP/1.1" 404 206 "-" "-"
193.41.206.246 - - [24/Feb/2025:23:37:27 +0200] "GET /frontend_dev.php/$ HTTP/1.1" 404 216 "-" "-"
193.41.206.246 - - [24/Feb/2025:23:37:27 +0200] "GET /in.php HTTP/1.1" 404 204 "-" "-"
193.41.206.246 - - [24/Feb/2025:23:37:27 +0200] "GET /index.php HTTP/1.1" 404 207 "-" "-"
193.41.206.246 - - [24/Feb/2025:23:37:27 +0200] "GET /index1.php HTTP/1.1" 404 208 "-" "-"
193.41.206.246 - - [24/Feb/2025:23:37:28 +0200] "GET /inf.php HTTP/1.1" 404 205 "-" "-"
193.41.206.246 - - [24/Feb/2025:23:37:28 +0200] "GET /info1.php HTTP/1.1" 404 207 "-" "-"
193.41.206.246 - - [24/Feb/2025:23:37:28 +0200] "GET /info2.php HTTP/1.1" 404 207 "-" "-"
193.41.206.246 - - [24/Feb/2025:23:37:28 +0200] "GET /info3.php HTTP/1.1" 404 207 "-" "-"
193.41.206.246 - - [24/Feb/2025:23:37:29 +0200] "GET /info4.php HTTP/1.1" 404 207 "-" "-"
193.41.206.246 - - [24/Feb/2025:23:37:29 +0200] "GET /infophp.php HTTP/1.1" 404 209 "-" "-"
193.41.206.246 - - [24/Feb/2025:23:37:29 +0200] "GET /infos.php HTTP/1.1" 404 207 "-" "-"
193.41.206.246 - - [24/Feb/2025:23:37:29 +0200] "GET /ini.php HTTP/1.1" 404 205 "-" "-"
193.41.206.246 - - [24/Feb/2025:23:37:30 +0200] "GET /isadmin.php HTTP/1.1" 404 209 "-" "-"
193.41.206.246 - - [24/Feb/2025:23:37:30 +0200] "GET /jo.php HTTP/1.1" 404 204 "-" "-"
193.41.206.246 - - [24/Feb/2025:23:37:30 +0200] "GET /lindex.php HTTP/1.1" 404 208 "-" "-"
193.41.206.246 - - [24/Feb/2025:23:37:30 +0200] "GET /linusadmin-phpinfo.php HTTP/1.1" 404 220 "-" "-"
193.41.206.246 - - [24/Feb/2025:23:37:30 +0200] "GET /main.php HTTP/1.1" 404 206 "-" "-"
193.41.206.246 - - [24/Feb/2025:23:37:31 +0200] "GET /new.php HTTP/1.1" 404 205 "-" "-"
193.41.206.246 - - [24/Feb/2025:23:37:31 +0200] "GET /ocp.php HTTP/1.1" 404 205 "-" "-"
193.41.206.246 - - [24/Feb/2025:23:37:31 +0200] "GET /of.php HTTP/1.1" 404 204 "-" "-"
193.41.206.246 - - [24/Feb/2025:23:37:31 +0200] "GET /old_phpinfo.php HTTP/1.1" 404 213 "-" "-"
193.41.206.246 - - [24/Feb/2025:23:37:31 +0200] "GET /php.ini HTTP/1.1" 404 205 "-" "-"
193.41.206.246 - - [24/Feb/2025:23:37:31 +0200] "GET /php.php HTTP/1.1" 404 205 "-" "-"
193.41.206.246 - - [24/Feb/2025:23:37:32 +0200] "GET /php_info.php HTTP/1.1" 404 210 "-" "-"
193.41.206.246 - - [24/Feb/2025:23:37:32 +0200] "GET /php1.php HTTP/1.1" 404 206 "-" "-"
193.41.206.246 - - [24/Feb/2025:23:37:32 +0200] "GET /php52/phpinfo.php HTTP/1.1" 404 215 "-" "-"
193.41.206.246 - - [24/Feb/2025:23:37:32 +0200] "GET /phpcustom_info/phpinfo.php HTTP/1.1" 404 224 "-" "-"
193.41.206.246 - - [24/Feb/2025:23:37:33 +0200] "GET /phpinfo.html HTTP/1.1" 404 210 "-" "-"
193.41.206.246 - - [24/Feb/2025:23:37:33 +0200] "GET /phpinfo.php4 HTTP/1.1" 404 210 "-" "-"
193.41.206.246 - - [24/Feb/2025:23:37:33 +0200] "GET /phpinfo.txt HTTP/1.1" 404 209 "-" "-"
193.41.206.246 - - [24/Feb/2025:23:37:33 +0200] "GET /phpinfo/info.php HTTP/1.1" 404 214 "-" "-"
193.41.206.246 - - [24/Feb/2025:23:37:34 +0200] "GET /phpinfo/phpinfo.php HTTP/1.1" 404 217 "-" "-"
193.41.206.246 - - [24/Feb/2025:23:37:34 +0200] "GET /phpinfo1.php HTTP/1.1" 404 210 "-" "-"
193.41.206.246 - - [24/Feb/2025:23:37:34 +0200] "GET /phpinfodev.php HTTP/1.1" 404 212 "-" "-"
193.41.206.246 - - [24/Feb/2025:23:37:34 +0200] "GET /phpinfos.php HTTP/1.1" 404 210 "-" "-"
193.41.206.246 - - [24/Feb/2025:23:37:35 +0200] "GET /phpsysinfo HTTP/1.1" 404 208 "-" "-"
193.41.206.246 - - [24/Feb/2025:23:37:35 +0200] "GET /phpsysinfo.php HTTP/1.1" 404 212 "-" "-"
193.41.206.246 - - [24/Feb/2025:23:37:35 +0200] "GET /phpsysinfo/info.php HTTP/1.1" 404 217 "-" "-"
193.41.206.246 - - [24/Feb/2025:23:37:35 +0200] "GET /phpsysinfo/phpinfo.php HTTP/1.1" 404 220 "-" "-"
193.41.206.246 - - [24/Feb/2025:23:37:36 +0200] "GET /phpsysinfo/phpsysinfo.php HTTP/1.1" 404 223 "-" "-"
193.41.206.246 - - [24/Feb/2025:23:37:36 +0200] "GET /phptest.php HTTP/1.1" 404 209 "-" "-"
193.41.206.246 - - [24/Feb/2025:23:37:36 +0200] "GET /phpversion.php HTTP/1.1" 404 212 "-" "-"
193.41.206.246 - - [24/Feb/2025:23:37:36 +0200] "GET /pinfo.php HTTP/1.1" 404 207 "-" "-"
193.41.206.246 - - [24/Feb/2025:23:37:36 +0200] "GET /rest.php HTTP/1.1" 404 206 "-" "-"
193.41.206.246 - - [24/Feb/2025:23:37:37 +0200] "GET /symfony/_profiler/phpinfo HTTP/1.1" 404 223 "-" "-"
193.41.206.246 - - [24/Feb/2025:23:37:37 +0200] "GET /temp.php HTTP/1.1" 404 206 "-" "-"
193.41.206.246 - - [24/Feb/2025:23:37:37 +0200] "GET /test_info.php HTTP/1.1" 404 211 "-" "-"
193.41.206.246 - - [24/Feb/2025:23:37:37 +0200] "GET /test_info1.php HTTP/1.1" 404 212 "-" "-"
