93.123.109.70 - - [15/Apr/2025:19:13:56 +0300] "GET /.env.prod HTTP/1.1" 404 207 "-" "Mozilla/5.0 (X11; Linux x86_64) AppleWebKit/537.36 (KHTML, like Gecko) Chrome/81.0.4044.129 Safari/537.36"
93.123.109.70 - - [15/Apr/2025:19:13:56 +0300] "GET /env.js HTTP/1.1" 404 204 "-" "Mozilla/5.0 (X11; Linux x86_64) AppleWebKit/537.36 (KHTML, like Gecko) Chrome/81.0.4044.129 Safari/537.36"
93.123.109.70 - - [15/Apr/2025:19:13:56 +0300] "GET /api/config.js HTTP/1.1" 404 211 "-" "Mozilla/5.0 (X11; Linux x86_64) AppleWebKit/537.36 (KHTML, like Gecko) Chrome/81.0.4044.129 Safari/537.36"
93.123.109.70 - - [15/Apr/2025:19:13:56 +0300] "GET /assets/env.js HTTP/1.1" 404 211 "-" "Mozilla/5.0 (X11; Linux x86_64) AppleWebKit/537.36 (KHTML, like Gecko) Chrome/81.0.4044.129 Safari/537.36"
93.123.109.70 - - [15/Apr/2025:19:13:56 +0300] "GET /js/config.js HTTP/1.1" 404 210 "-" "Mozilla/5.0 (X11; Linux x86_64) AppleWebKit/537.36 (KHTML, like Gecko) Chrome/81.0.4044.129 Safari/537.36"
93.123.109.70 - - [15/Apr/2025:19:13:56 +0300] "GET /js/app.js HTTP/1.1" 404 207 "-" "Mozilla/5.0 (X11; Linux x86_64) AppleWebKit/537.36 (KHTML, like Gecko) Chrome/81.0.4044.129 Safari/537.36"
93.123.109.70 - - [15/Apr/2025:19:13:56 +0300] "GET /config.json HTTP/1.1" 404 209 "-" "Mozilla/5.0 (X11; Linux x86_64) AppleWebKit/537.36 (KHTML, like Gecko) Chrome/81.0.4044.129 Safari/537.36"
93.123.109.70 - - [15/Apr/2025:19:13:56 +0300] "GET /phpinfo.php HTTP/1.1" 404 209 "-" "Mozilla/5.0 (X11; Linux x86_64) AppleWebKit/537.36 (KHTML, like Gecko) Chrome/81.0.4044.129 Safari/537.36"
93.123.109.70 - - [15/Apr/2025:19:13:56 +0300] "GET /phpinfo HTTP/1.1" 404 205 "-" "Mozilla/5.0 (X11; Linux x86_64) AppleWebKit/537.36 (KHTML, like Gecko) Chrome/81.0.4044.129 Safari/537.36"
93.123.109.70 - - [15/Apr/2025:19:13:56 +0300] "GET /dev/.env HTTP/1.1" 404 206 "-" "Mozilla/5.0 (X11; Linux x86_64) AppleWebKit/537.36 (KHTML, like Gecko) Chrome/81.0.4044.129 Safari/537.36"
93.123.109.70 - - [15/Apr/2025:19:13:56 +0300] "GET /application/.env HTTP/1.1" 404 214 "-" "Mozilla/5.0 (X11; Linux x86_64) AppleWebKit/537.36 (KHTML, like Gecko) Chrome/81.0.4044.129 Safari/537.36"
93.123.109.70 - - [15/Apr/2025:19:13:57 +0300] "GET /php_info.php HTTP/1.1" 404 210 "-" "Mozilla/5.0 (X11; Linux x86_64) AppleWebKit/537.36 (KHTML, like Gecko) Chrome/81.0.4044.129 Safari/537.36"
93.123.109.70 - - [15/Apr/2025:19:13:57 +0300] "GET /_profiler/phpinfo HTTP/1.1" 404 215 "-" "Mozilla/5.0 (X11; Linux x86_64) AppleWebKit/537.36 (KHTML, like Gecko) Chrome/81.0.4044.129 Safari/537.36"
93.123.109.70 - - [15/Apr/2025:19:13:57 +0300] "POST / HTTP/1.1" 404 198 "-" "Mozilla/5.0 (X11; Linux x86_64) AppleWebKit/537.36 (KHTML, like Gecko) Chrome/81.0.4044.129 Safari/537.36"
170.39.218.52 - - [15/Apr/2025:19:16:11 +0300] "GET /.env HTTP/1.1" 404 202 "-" "Mozilla/5.0 (X11; Linux x86_64) AppleWebKit/537.36 (KHTML, like Gecko) Chrome/81.0.4044.129 Safari/537.36"
170.39.218.52 - - [15/Apr/2025:19:16:12 +0300] "GET /api/.env HTTP/1.1" 404 206 "-" "Mozilla/5.0 (X11; Linux x86_64) AppleWebKit/537.36 (KHTML, like Gecko) Chrome/81.0.4044.129 Safari/537.36"
170.39.218.52 - - [15/Apr/2025:19:16:13 +0300] "GET /.env.save HTTP/1.1" 404 207 "-" "Mozilla/5.0 (X11; Linux x86_64) AppleWebKit/537.36 (KHTML, like Gecko) Chrome/81.0.4044.129 Safari/537.36"
170.39.218.52 - - [15/Apr/2025:19:16:14 +0300] "GET /.env.prod HTTP/1.1" 404 207 "-" "Mozilla/5.0 (X11; Linux x86_64) AppleWebKit/537.36 (KHTML, like Gecko) Chrome/81.0.4044.129 Safari/537.36"
170.39.218.52 - - [15/Apr/2025:19:16:15 +0300] "GET /env.js HTTP/1.1" 404 204 "-" "Mozilla/5.0 (X11; Linux x86_64) AppleWebKit/537.36 (KHTML, like Gecko) Chrome/81.0.4044.129 Safari/537.36"
170.39.218.52 - - [15/Apr/2025:19:16:16 +0300] "GET /api/config.js HTTP/1.1" 404 211 "-" "Mozilla/5.0 (X11; Linux x86_64) AppleWebKit/537.36 (KHTML, like Gecko) Chrome/81.0.4044.129 Safari/537.36"
170.39.218.52 - - [15/Apr/2025:19:16:17 +0300] "GET /assets/env.js HTTP/1.1" 404 211 "-" "Mozilla/5.0 (X11; Linux x86_64) AppleWebKit/537.36 (KHTML, like Gecko) Chrome/81.0.4044.129 Safari/537.36"
170.39.218.52 - - [15/Apr/2025:19:16:18 +0300] "GET /js/config.js HTTP/1.1" 404 210 "-" "Mozilla/5.0 (X11; Linux x86_64) AppleWebKit/537.36 (KHTML, like Gecko) Chrome/81.0.4044.129 Safari/537.36"
170.39.218.52 - - [15/Apr/2025:19:16:20 +0300] "GET /js/app.js HTTP/1.1" 404 207 "-" "Mozilla/5.0 (X11; Linux x86_64) AppleWebKit/537.36 (KHTML, like Gecko) Chrome/81.0.4044.129 Safari/537.36"
170.39.218.52 - - [15/Apr/2025:19:16:20 +0300] "GET /config.json HTTP/1.1" 404 209 "-" "Mozilla/5.0 (X11; Linux x86_64) AppleWebKit/537.36 (KHTML, like Gecko) Chrome/81.0.4044.129 Safari/537.36"
170.39.218.52 - - [15/Apr/2025:19:16:22 +0300] "GET /phpinfo.php HTTP/1.1" 404 209 "-" "Mozilla/5.0 (X11; Linux x86_64) AppleWebKit/537.36 (KHTML, like Gecko) Chrome/81.0.4044.129 Safari/537.36"
170.39.218.52 - - [15/Apr/2025:19:16:23 +0300] "GET /phpinfo HTTP/1.1" 404 205 "-" "Mozilla/5.0 (X11; Linux x86_64) AppleWebKit/537.36 (KHTML, like Gecko) Chrome/81.0.4044.129 Safari/537.36"
170.39.218.52 - - [15/Apr/2025:19:16:24 +0300] "GET /dev/.env HTTP/1.1" 404 206 "-" "Mozilla/5.0 (X11; Linux x86_64) AppleWebKit/537.36 (KHTML, like Gecko) Chrome/81.0.4044.129 Safari/537.36"
170.39.218.52 - - [15/Apr/2025:19:16:25 +0300] "GET /application/.env HTTP/1.1" 404 214 "-" "Mozilla/5.0 (X11; Linux x86_64) AppleWebKit/537.36 (KHTML, like Gecko) Chrome/81.0.4044.129 Safari/537.36"
170.39.218.52 - - [15/Apr/2025:19:16:25 +0300] "GET /php_info.php HTTP/1.1" 404 210 "-" "Mozilla/5.0 (X11; Linux x86_64) AppleWebKit/537.36 (KHTML, like Gecko) Chrome/81.0.4044.129 Safari/537.36"
170.39.218.52 - - [15/Apr/2025:19:16:26 +0300] "GET /_profiler/phpinfo HTTP/1.1" 404 215 "-" "Mozilla/5.0 (X11; Linux x86_64) AppleWebKit/537.36 (KHTML, like Gecko) Chrome/81.0.4044.129 Safari/537.36"
170.39.218.52 - - [15/Apr/2025:19:16:27 +0300] "POST / HTTP/1.1" 404 198 "-" "Mozilla/5.0 (X11; Linux x86_64) AppleWebKit/537.36 (KHTML, like Gecko) Chrome/81.0.4044.129 Safari/537.36"
51.8.102.102 - - [15/Apr/2025:20:03:26 +0300] "GET /robots.txt HTTP/1.1" 404 208 "-" "Mozilla/5.0 (Macintosh; Intel Mac OS X 10_15_7) AppleWebKit/537.36 (KHTML, like Gecko) Chrome/131.0.0.0 Safari/537.36; compatible; OAI-SearchBot/1.0; +https://openai.com/searchbot"
51.8.102.246 - - [15/Apr/2025:20:03:26 +0300] "GET /robots.txt HTTP/1.1" 404 208 "-" "Mozilla/5.0 (Macintosh; Intel Mac OS X 10_15_7) AppleWebKit/537.36 (KHTML, like Gecko) Chrome/131.0.0.0 Safari/537.36; compatible; OAI-SearchBot/1.0; +https://openai.com/searchbot"
45.154.98.162 - - [15/Apr/2025:21:30:15 +0300] "GET / HTTP/1.1" 200 481 "-" "Mozilla/5.0 (Windows NT 10.0; Win64; x64) AppleWebKit/537.36 (KHTML, like Gecko) Chrome/89.0.4389.114 Safari/537.36"
45.154.98.162 - - [15/Apr/2025:21:30:15 +0300] "GET /wp-includes/wlwmanifest.xml HTTP/1.1" 404 225 "-" "Mozilla/5.0 (Windows NT 10.0; Win64; x64) AppleWebKit/537.36 (KHTML, like Gecko) Chrome/89.0.4389.114 Safari/537.36"
45.154.98.162 - - [15/Apr/2025:21:30:15 +0300] "GET /xmlrpc.php?rsd HTTP/1.1" 404 208 "-" "Mozilla/5.0 (Windows NT 10.0; Win64; x64) AppleWebKit/537.36 (KHTML, like Gecko) Chrome/89.0.4389.114 Safari/537.36"
45.154.98.162 - - [15/Apr/2025:21:30:15 +0300] "GET / HTTP/1.1" 200 481 "-" "Mozilla/5.0 (Windows NT 10.0; Win64; x64) AppleWebKit/537.36 (KHTML, like Gecko) Chrome/89.0.4389.114 Safari/537.36"
45.154.98.162 - - [15/Apr/2025:21:30:15 +0300] "GET /blog/wp-includes/wlwmanifest.xml HTTP/1.1" 404 230 "-" "Mozilla/5.0 (Windows NT 10.0; Win64; x64) AppleWebKit/537.36 (KHTML, like Gecko) Chrome/89.0.4389.114 Safari/537.36"
45.154.98.162 - - [15/Apr/2025:21:30:15 +0300] "GET /web/wp-includes/wlwmanifest.xml HTTP/1.1" 404 229 "-" "Mozilla/5.0 (Windows NT 10.0; Win64; x64) AppleWebKit/537.36 (KHTML, like Gecko) Chrome/89.0.4389.114 Safari/537.36"
45.154.98.162 - - [15/Apr/2025:21:30:15 +0300] "GET /wordpress/wp-includes/wlwmanifest.xml HTTP/1.1" 404 235 "-" "Mozilla/5.0 (Windows NT 10.0; Win64; x64) AppleWebKit/537.36 (KHTML, like Gecko) Chrome/89.0.4389.114 Safari/537.36"
45.154.98.162 - - [15/Apr/2025:21:30:15 +0300] "GET /website/wp-includes/wlwmanifest.xml HTTP/1.1" 404 233 "-" "Mozilla/5.0 (Windows NT 10.0; Win64; x64) AppleWebKit/537.36 (KHTML, like Gecko) Chrome/89.0.4389.114 Safari/537.36"
45.154.98.162 - - [15/Apr/2025:21:30:15 +0300] "GET /wp/wp-includes/wlwmanifest.xml HTTP/1.1" 404 228 "-" "Mozilla/5.0 (Windows NT 10.0; Win64; x64) AppleWebKit/537.36 (KHTML, like Gecko) Chrome/89.0.4389.114 Safari/537.36"
45.154.98.162 - - [15/Apr/2025:21:30:15 +0300] "GET /news/wp-includes/wlwmanifest.xml HTTP/1.1" 404 230 "-" "Mozilla/5.0 (Windows NT 10.0; Win64; x64) AppleWebKit/537.36 (KHTML, like Gecko) Chrome/89.0.4389.114 Safari/537.36"
45.154.98.162 - - [15/Apr/2025:21:30:15 +0300] "GET /2020/wp-includes/wlwmanifest.xml HTTP/1.1" 404 230 "-" "Mozilla/5.0 (Windows NT 10.0; Win64; x64) AppleWebKit/537.36 (KHTML, like Gecko) Chrome/89.0.4389.114 Safari/537.36"
45.154.98.162 - - [15/Apr/2025:21:30:15 +0300] "GET /2019/wp-includes/wlwmanifest.xml HTTP/1.1" 404 230 "-" "Mozilla/5.0 (Windows NT 10.0; Win64; x64) AppleWebKit/537.36 (KHTML, like Gecko) Chrome/89.0.4389.114 Safari/537.36"
45.154.98.162 - - [15/Apr/2025:21:30:15 +0300] "GET /shop/wp-includes/wlwmanifest.xml HTTP/1.1" 404 230 "-" "Mozilla/5.0 (Windows NT 10.0; Win64; x64) AppleWebKit/537.36 (KHTML, like Gecko) Chrome/89.0.4389.114 Safari/537.36"
45.154.98.162 - - [15/Apr/2025:21:30:15 +0300] "GET /wp1/wp-includes/wlwmanifest.xml HTTP/1.1" 404 229 "-" "Mozilla/5.0 (Windows NT 10.0; Win64; x64) AppleWebKit/537.36 (KHTML, like Gecko) Chrome/89.0.4389.114 Safari/537.36"
45.154.98.162 - - [15/Apr/2025:21:30:16 +0300] "GET /test/wp-includes/wlwmanifest.xml HTTP/1.1" 404 230 "-" "Mozilla/5.0 (Windows NT 10.0; Win64; x64) AppleWebKit/537.36 (KHTML, like Gecko) Chrome/89.0.4389.114 Safari/537.36"
45.154.98.162 - - [15/Apr/2025:21:30:16 +0300] "GET /wp2/wp-includes/wlwmanifest.xml HTTP/1.1" 404 229 "-" "Mozilla/5.0 (Windows NT 10.0; Win64; x64) AppleWebKit/537.36 (KHTML, like Gecko) Chrome/89.0.4389.114 Safari/537.36"
45.154.98.162 - - [15/Apr/2025:21:30:16 +0300] "GET /site/wp-includes/wlwmanifest.xml HTTP/1.1" 404 230 "-" "Mozilla/5.0 (Windows NT 10.0; Win64; x64) AppleWebKit/537.36 (KHTML, like Gecko) Chrome/89.0.4389.114 Safari/537.36"
45.154.98.162 - - [15/Apr/2025:21:30:16 +0300] "GET /cms/wp-includes/wlwmanifest.xml HTTP/1.1" 404 229 "-" "Mozilla/5.0 (Windows NT 10.0; Win64; x64) AppleWebKit/537.36 (KHTML, like Gecko) Chrome/89.0.4389.114 Safari/537.36"
45.154.98.162 - - [15/Apr/2025:21:30:16 +0300] "GET /sito/wp-includes/wlwmanifest.xml HTTP/1.1" 404 230 "-" "Mozilla/5.0 (Windows NT 10.0; Win64; x64) AppleWebKit/537.36 (KHTML, like Gecko) Chrome/89.0.4389.114 Safari/537.36"
2.236.112.207 - - [15/Apr/2025:21:45:17 +0300] "GET / HTTP/1.1" 200 481 "-" "Mozilla/5.0 (Windows NT 10.0; Win64; x64) AppleWebKit/537.36 (KHTML, like Gecko) Chrome/74.0.3729.169 Safari/537.36"
2.236.112.207 - - [15/Apr/2025:21:45:17 +0300] "GET / HTTP/1.1" 200 481 "-" "Mozilla/5.0 (Windows NT 10.0; Win64; x64) AppleWebKit/537.36 (KHTML, like Gecko) Chrome/74.0.3729.169 Safari/537.36"
101.199.254.205 - - [15/Apr/2025:23:03:46 +0300] "GET / HTTP/1.1" 200 481 "-" "Mozilla/5.0 (Macintosh; Intel Mac OS X 10_15_7) AppleWebKit/537.36 (KHTML, like Gecko) Chrome/120.0.0.0 Safari/537.36 Edg/120.0.0.0"
101.199.254.230 - - [15/Apr/2025:23:03:56 +0300] "GET /favicon.ico HTTP/1.1" 404 209 "-" "Mozilla/5.0 (Macintosh; Intel Mac OS X 10_7_0) AppleWebKit/535.11 (KHTML, like Gecko) Chrome/17.0.963.56 Safari/535.11"
101.199.254.231 - - [15/Apr/2025:23:04:02 +0300] "GET /robots.txt HTTP/1.1" 404 208 "-" "Mozilla/5.0 (Macintosh; Intel Mac OS X 10_7_0) AppleWebKit/535.11 (KHTML, like Gecko) Chrome/17.0.963.56 Safari/535.11"
101.199.254.233 - - [15/Apr/2025:23:04:09 +0300] "GET /sitemap.xml HTTP/1.1" 404 209 "-" "Mozilla/5.0 (Macintosh; Intel Mac OS X 10_7_0) AppleWebKit/535.11 (KHTML, like Gecko) Chrome/17.0.963.56 Safari/535.11"
101.199.254.209 - - [15/Apr/2025:23:04:14 +0300] "GET /config.json HTTP/1.1" 404 209 "-" "Mozilla/5.0 (Macintosh; Intel Mac OS X 10_7_0) AppleWebKit/535.11 (KHTML, like Gecko) Chrome/17.0.963.56 Safari/535.11"
101.199.254.205 - - [15/Apr/2025:23:04:19 +0300] "GET / HTTP/1.1" 200 278 "-" "Mozilla/5.0 (Macintosh; Intel Mac OS X 10_7_0) AppleWebKit/535.11 (KHTML, like Gecko) Chrome/17.0.963.56 Safari/535.11"
101.199.254.203 - - [15/Apr/2025:23:04:25 +0300] "GET / HTTP/1.1" 200 278 "-" "Mozilla/5.0 (Macintosh; Intel Mac OS X 10_7_0) AppleWebKit/535.11 (KHTML, like Gecko) Chrome/17.0.963.56 Safari/535.11"
52.167.144.208 - - [16/Apr/2025:05:24:55 +0300] "GET /Page/view/1 HTTP/1.1" 404 209 "-" "Mozilla/5.0 AppleWebKit/537.36 (KHTML, like Gecko; compatible; bingbot/2.0; +http://www.bing.com/bingbot.htm) Chrome/116.0.1938.76 Safari/537.36"
2.236.112.207 - - [16/Apr/2025:07:55:03 +0300] "GET / HTTP/1.1" 200 481 "-" "Mozilla/5.0 (Windows NT 10.0; Win64; x64) AppleWebKit/537.36 (KHTML, like Gecko) Chrome/74.0.3729.169 Safari/537.36"
2.236.112.207 - - [16/Apr/2025:07:55:03 +0300] "GET / HTTP/1.1" 200 481 "-" "Mozilla/5.0 (Windows NT 10.0; Win64; x64) AppleWebKit/537.36 (KHTML, like Gecko) Chrome/74.0.3729.169 Safari/537.36"
51.8.102.182 - - [16/Apr/2025:12:43:37 +0300] "GET /robots.txt HTTP/1.1" 404 208 "-" "Mozilla/5.0 (Macintosh; Intel Mac OS X 10_15_7) AppleWebKit/537.36 (KHTML, like Gecko) Chrome/131.0.0.0 Safari/537.36; compatible; OAI-SearchBot/1.0; +https://openai.com/searchbot"
51.8.102.100 - - [16/Apr/2025:12:43:38 +0300] "GET /robots.txt HTTP/1.1" 404 208 "-" "Mozilla/5.0 (Macintosh; Intel Mac OS X 10_15_7) AppleWebKit/537.36 (KHTML, like Gecko) Chrome/131.0.0.0 Safari/537.36; compatible; OAI-SearchBot/1.0; +https://openai.com/searchbot"
172.213.21.156 - - [16/Apr/2025:15:54:16 +0300] "GET / HTTP/1.1" 200 278 "-" "Mozilla/5.0 AppleWebKit/537.36 (KHTML, like Gecko); compatible; ChatGPT-User/1.0; +https://openai.com/bot"
51.8.102.10 - - [16/Apr/2025:15:54:35 +0300] "GET /robots.txt HTTP/1.1" 404 208 "-" "Mozilla/5.0 (Macintosh; Intel Mac OS X 10_15_7) AppleWebKit/537.36 (KHTML, like Gecko) Chrome/131.0.0.0 Safari/537.36; compatible; OAI-SearchBot/1.0; +https://openai.com/searchbot"
51.8.102.233 - - [16/Apr/2025:15:54:35 +0300] "GET /robots.txt HTTP/1.1" 404 208 "-" "Mozilla/5.0 (Macintosh; Intel Mac OS X 10_15_7) AppleWebKit/537.36 (KHTML, like Gecko) Chrome/131.0.0.0 Safari/537.36; compatible; OAI-SearchBot/1.0; +https://openai.com/searchbot"
66.249.78.40 - - [16/Apr/2025:17:08:54 +0300] "GET /robots.txt HTTP/1.1" 404 208 "-" "Mozilla/5.0 (compatible; Googlebot/2.1; +http://www.google.com/bot.html)"
2.236.112.207 - - [16/Apr/2025:17:34:53 +0300] "GET / HTTP/1.1" 200 481 "-" "Mozilla/5.0 (Windows NT 10.0; Win64; x64) AppleWebKit/537.36 (KHTML, like Gecko) Chrome/74.0.3729.169 Safari/537.36"
2.236.112.207 - - [16/Apr/2025:17:34:53 +0300] "GET / HTTP/1.1" 200 481 "-" "Mozilla/5.0 (Windows NT 10.0; Win64; x64) AppleWebKit/537.36 (KHTML, like Gecko) Chrome/74.0.3729.169 Safari/537.36"
2.236.112.207 - - [17/Apr/2025:03:52:19 +0300] "GET / HTTP/1.1" 200 481 "-" "Mozilla/5.0 (Windows NT 10.0; Win64; x64) AppleWebKit/537.36 (KHTML, like Gecko) Chrome/74.0.3729.169 Safari/537.36"
2.236.112.207 - - [17/Apr/2025:03:52:19 +0300] "GET / HTTP/1.1" 200 481 "-" "Mozilla/5.0 (Windows NT 10.0; Win64; x64) AppleWebKit/537.36 (KHTML, like Gecko) Chrome/74.0.3729.169 Safari/537.36"
51.8.102.209 - - [17/Apr/2025:08:54:38 +0300] "GET /robots.txt HTTP/1.1" 404 208 "-" "Mozilla/5.0 (Macintosh; Intel Mac OS X 10_15_7) AppleWebKit/537.36 (KHTML, like Gecko) Chrome/131.0.0.0 Safari/537.36; compatible; OAI-SearchBot/1.0; +https://openai.com/searchbot"
51.8.102.55 - - [17/Apr/2025:08:54:38 +0300] "GET /robots.txt HTTP/1.1" 404 208 "-" "Mozilla/5.0 (Macintosh; Intel Mac OS X 10_15_7) AppleWebKit/537.36 (KHTML, like Gecko) Chrome/131.0.0.0 Safari/537.36; compatible; OAI-SearchBot/1.0; +https://openai.com/searchbot"
178.128.253.188 - - [17/Apr/2025:09:17:02 +0300] "GET / HTTP/1.1" 200 278 "-" "Mozilla/5.0 (compatible)"
178.128.253.188 - - [17/Apr/2025:09:17:02 +0300] "GET /favicon.ico HTTP/1.1" 404 209 "http://sadeem.rightlearning.net/" "Mozilla/5.0 (compatible)"
178.128.253.188 - - [17/Apr/2025:09:17:02 +0300] "GET /ads.txt HTTP/1.1" 404 205 "-" "Mozilla/5.0 (compatible)"
178.128.253.188 - - [17/Apr/2025:09:17:02 +0300] "GET / HTTP/1.1" 200 278 "-" "Mozilla/5.0 (compatible)"
178.128.253.188 - - [17/Apr/2025:09:17:03 +0300] "GET /favicon.ico HTTP/1.1" 404 209 "https://sadeem.rightlearning.net/" "Mozilla/5.0 (compatible)"
178.128.253.188 - - [17/Apr/2025:09:17:03 +0300] "GET /ads.txt HTTP/1.1" 404 205 "-" "Mozilla/5.0 (compatible)"
2.236.112.207 - - [17/Apr/2025:13:54:31 +0300] "GET / HTTP/1.1" 200 481 "-" "Mozilla/5.0 (Windows NT 10.0; Win64; x64) AppleWebKit/537.36 (KHTML, like Gecko) Chrome/74.0.3729.169 Safari/537.36"
2.236.112.207 - - [17/Apr/2025:13:54:31 +0300] "GET / HTTP/1.1" 200 481 "-" "Mozilla/5.0 (Windows NT 10.0; Win64; x64) AppleWebKit/537.36 (KHTML, like Gecko) Chrome/74.0.3729.169 Safari/537.36"
2.236.112.207 - - [17/Apr/2025:23:36:12 +0300] "GET / HTTP/1.1" 200 481 "-" "Mozilla/5.0 (Windows NT 10.0; Win64; x64) AppleWebKit/537.36 (KHTML, like Gecko) Chrome/74.0.3729.169 Safari/537.36"
2.236.112.207 - - [17/Apr/2025:23:36:12 +0300] "GET / HTTP/1.1" 200 481 "-" "Mozilla/5.0 (Windows NT 10.0; Win64; x64) AppleWebKit/537.36 (KHTML, like Gecko) Chrome/74.0.3729.169 Safari/537.36"
52.255.111.126 - - [18/Apr/2025:00:00:21 +0300] "GET / HTTP/1.1" 200 278 "-" "Mozilla/5.0 AppleWebKit/537.36 (KHTML, like Gecko); compatible; ChatGPT-User/1.0; +https://openai.com/bot"
51.8.102.210 - - [18/Apr/2025:00:00:59 +0300] "GET /robots.txt HTTP/1.1" 404 208 "-" "Mozilla/5.0 (Macintosh; Intel Mac OS X 10_15_7) AppleWebKit/537.36 (KHTML, like Gecko) Chrome/131.0.0.0 Safari/537.36; compatible; OAI-SearchBot/1.0; +https://openai.com/searchbot"
51.8.102.52 - - [18/Apr/2025:00:00:59 +0300] "GET /robots.txt HTTP/1.1" 404 208 "-" "Mozilla/5.0 (Macintosh; Intel Mac OS X 10_15_7) AppleWebKit/537.36 (KHTML, like Gecko) Chrome/131.0.0.0 Safari/537.36; compatible; OAI-SearchBot/1.0; +https://openai.com/searchbot"
45.154.98.162 - - [18/Apr/2025:02:54:46 +0300] "GET / HTTP/1.1" 200 481 "-" "Mozilla/5.0 (Windows NT 10.0; Win64; x64) AppleWebKit/537.36 (KHTML, like Gecko) Chrome/89.0.4389.114 Safari/537.36"
45.154.98.162 - - [18/Apr/2025:02:54:46 +0300] "GET /wp-includes/wlwmanifest.xml HTTP/1.1" 404 225 "-" "Mozilla/5.0 (Windows NT 10.0; Win64; x64) AppleWebKit/537.36 (KHTML, like Gecko) Chrome/89.0.4389.114 Safari/537.36"
45.154.98.162 - - [18/Apr/2025:02:54:46 +0300] "GET /xmlrpc.php?rsd HTTP/1.1" 404 208 "-" "Mozilla/5.0 (Windows NT 10.0; Win64; x64) AppleWebKit/537.36 (KHTML, like Gecko) Chrome/89.0.4389.114 Safari/537.36"
45.154.98.162 - - [18/Apr/2025:02:54:47 +0300] "GET / HTTP/1.1" 200 481 "-" "Mozilla/5.0 (Windows NT 10.0; Win64; x64) AppleWebKit/537.36 (KHTML, like Gecko) Chrome/89.0.4389.114 Safari/537.36"
45.154.98.162 - - [18/Apr/2025:02:54:47 +0300] "GET /blog/wp-includes/wlwmanifest.xml HTTP/1.1" 404 230 "-" "Mozilla/5.0 (Windows NT 10.0; Win64; x64) AppleWebKit/537.36 (KHTML, like Gecko) Chrome/89.0.4389.114 Safari/537.36"
45.154.98.162 - - [18/Apr/2025:02:54:47 +0300] "GET /web/wp-includes/wlwmanifest.xml HTTP/1.1" 404 229 "-" "Mozilla/5.0 (Windows NT 10.0; Win64; x64) AppleWebKit/537.36 (KHTML, like Gecko) Chrome/89.0.4389.114 Safari/537.36"
45.154.98.162 - - [18/Apr/2025:02:54:47 +0300] "GET /wordpress/wp-includes/wlwmanifest.xml HTTP/1.1" 404 235 "-" "Mozilla/5.0 (Windows NT 10.0; Win64; x64) AppleWebKit/537.36 (KHTML, like Gecko) Chrome/89.0.4389.114 Safari/537.36"
45.154.98.162 - - [18/Apr/2025:02:54:47 +0300] "GET /website/wp-includes/wlwmanifest.xml HTTP/1.1" 404 233 "-" "Mozilla/5.0 (Windows NT 10.0; Win64; x64) AppleWebKit/537.36 (KHTML, like Gecko) Chrome/89.0.4389.114 Safari/537.36"
45.154.98.162 - - [18/Apr/2025:02:54:47 +0300] "GET /wp/wp-includes/wlwmanifest.xml HTTP/1.1" 404 228 "-" "Mozilla/5.0 (Windows NT 10.0; Win64; x64) AppleWebKit/537.36 (KHTML, like Gecko) Chrome/89.0.4389.114 Safari/537.36"
45.154.98.162 - - [18/Apr/2025:02:54:47 +0300] "GET /news/wp-includes/wlwmanifest.xml HTTP/1.1" 404 230 "-" "Mozilla/5.0 (Windows NT 10.0; Win64; x64) AppleWebKit/537.36 (KHTML, like Gecko) Chrome/89.0.4389.114 Safari/537.36"
45.154.98.162 - - [18/Apr/2025:02:54:47 +0300] "GET /2020/wp-includes/wlwmanifest.xml HTTP/1.1" 404 230 "-" "Mozilla/5.0 (Windows NT 10.0; Win64; x64) AppleWebKit/537.36 (KHTML, like Gecko) Chrome/89.0.4389.114 Safari/537.36"
45.154.98.162 - - [18/Apr/2025:02:54:47 +0300] "GET /2019/wp-includes/wlwmanifest.xml HTTP/1.1" 404 230 "-" "Mozilla/5.0 (Windows NT 10.0; Win64; x64) AppleWebKit/537.36 (KHTML, like Gecko) Chrome/89.0.4389.114 Safari/537.36"
45.154.98.162 - - [18/Apr/2025:02:54:47 +0300] "GET /shop/wp-includes/wlwmanifest.xml HTTP/1.1" 404 230 "-" "Mozilla/5.0 (Windows NT 10.0; Win64; x64) AppleWebKit/537.36 (KHTML, like Gecko) Chrome/89.0.4389.114 Safari/537.36"
45.154.98.162 - - [18/Apr/2025:02:54:47 +0300] "GET /wp1/wp-includes/wlwmanifest.xml HTTP/1.1" 404 229 "-" "Mozilla/5.0 (Windows NT 10.0; Win64; x64) AppleWebKit/537.36 (KHTML, like Gecko) Chrome/89.0.4389.114 Safari/537.36"
45.154.98.162 - - [18/Apr/2025:02:54:47 +0300] "GET /test/wp-includes/wlwmanifest.xml HTTP/1.1" 404 230 "-" "Mozilla/5.0 (Windows NT 10.0; Win64; x64) AppleWebKit/537.36 (KHTML, like Gecko) Chrome/89.0.4389.114 Safari/537.36"
45.154.98.162 - - [18/Apr/2025:02:54:47 +0300] "GET /wp2/wp-includes/wlwmanifest.xml HTTP/1.1" 404 229 "-" "Mozilla/5.0 (Windows NT 10.0; Win64; x64) AppleWebKit/537.36 (KHTML, like Gecko) Chrome/89.0.4389.114 Safari/537.36"
45.154.98.162 - - [18/Apr/2025:02:54:47 +0300] "GET /site/wp-includes/wlwmanifest.xml HTTP/1.1" 404 230 "-" "Mozilla/5.0 (Windows NT 10.0; Win64; x64) AppleWebKit/537.36 (KHTML, like Gecko) Chrome/89.0.4389.114 Safari/537.36"
45.154.98.162 - - [18/Apr/2025:02:54:47 +0300] "GET /cms/wp-includes/wlwmanifest.xml HTTP/1.1" 404 229 "-" "Mozilla/5.0 (Windows NT 10.0; Win64; x64) AppleWebKit/537.36 (KHTML, like Gecko) Chrome/89.0.4389.114 Safari/537.36"
45.154.98.162 - - [18/Apr/2025:02:54:47 +0300] "GET /sito/wp-includes/wlwmanifest.xml HTTP/1.1" 404 230 "-" "Mozilla/5.0 (Windows NT 10.0; Win64; x64) AppleWebKit/537.36 (KHTML, like Gecko) Chrome/89.0.4389.114 Safari/537.36"
3.142.124.237 - - [18/Apr/2025:03:10:25 +0300] "GET /.git HTTP/1.1" 404 202 "-" "python-requests/2.31.0"
3.142.124.237 - - [18/Apr/2025:03:10:26 +0300] "GET /.git/config HTTP/1.1" 404 209 "-" "python-requests/2.31.0"
51.8.102.37 - - [18/Apr/2025:08:51:30 +0300] "GET / HTTP/1.1" 200 278 "-" "Mozilla/5.0 (Macintosh; Intel Mac OS X 10_15_7) AppleWebKit/537.36 (KHTML, like Gecko) Chrome/131.0.0.0 Safari/537.36; compatible; OAI-SearchBot/1.0; +https://openai.com/searchbot"
2.236.112.207 - - [18/Apr/2025:09:13:45 +0300] "GET / HTTP/1.1" 200 481 "-" "Mozilla/5.0 (Windows NT 10.0; Win64; x64) AppleWebKit/537.36 (KHTML, like Gecko) Chrome/74.0.3729.169 Safari/537.36"
2.236.112.207 - - [18/Apr/2025:09:13:45 +0300] "GET / HTTP/1.1" 200 481 "-" "Mozilla/5.0 (Windows NT 10.0; Win64; x64) AppleWebKit/537.36 (KHTML, like Gecko) Chrome/74.0.3729.169 Safari/537.36"
52.167.144.57 - - [18/Apr/2025:09:30:40 +0300] "GET /robots.txt HTTP/1.1" 404 208 "-" "Mozilla/5.0 AppleWebKit/537.36 (KHTML, like Gecko; compatible; bingbot/2.0; +http://www.bing.com/bingbot.htm) Chrome/116.0.1938.76 Safari/537.36"
40.77.167.62 - - [18/Apr/2025:09:30:52 +0300] "GET /Page/view/5 HTTP/1.1" 404 209 "-" "Mozilla/5.0 AppleWebKit/537.36 (KHTML, like Gecko; compatible; bingbot/2.0; +http://www.bing.com/bingbot.htm) Chrome/116.0.1938.76 Safari/537.36"
51.8.102.55 - - [18/Apr/2025:16:57:07 +0300] "GET /robots.txt HTTP/1.1" 404 208 "-" "Mozilla/5.0 (Macintosh; Intel Mac OS X 10_15_7) AppleWebKit/537.36 (KHTML, like Gecko) Chrome/131.0.0.0 Safari/537.36; compatible; OAI-SearchBot/1.0; +https://openai.com/searchbot"
51.8.102.182 - - [18/Apr/2025:16:57:07 +0300] "GET /robots.txt HTTP/1.1" 404 208 "-" "Mozilla/5.0 (Macintosh; Intel Mac OS X 10_15_7) AppleWebKit/537.36 (KHTML, like Gecko) Chrome/131.0.0.0 Safari/537.36; compatible; OAI-SearchBot/1.0; +https://openai.com/searchbot"
2.236.112.207 - - [18/Apr/2025:18:43:23 +0300] "GET / HTTP/1.1" 200 481 "-" "Mozilla/5.0 (Windows NT 10.0; Win64; x64) AppleWebKit/537.36 (KHTML, like Gecko) Chrome/74.0.3729.169 Safari/537.36"
2.236.112.207 - - [18/Apr/2025:18:43:24 +0300] "GET / HTTP/1.1" 200 481 "-" "Mozilla/5.0 (Windows NT 10.0; Win64; x64) AppleWebKit/537.36 (KHTML, like Gecko) Chrome/74.0.3729.169 Safari/537.36"
27.115.124.4 - - [18/Apr/2025:20:35:33 +0300] "GET / HTTP/1.1" 200 481 "-" "Mozilla/5.0 (Macintosh; Intel Mac OS X 10_15_7) AppleWebKit/537.36 (KHTML, like Gecko) Chrome/120.0.0.0 Safari/537.36 Edg/120.0.0.0"
27.115.124.3 - - [18/Apr/2025:20:37:36 +0300] "GET / HTTP/1.1" 200 278 "-" "Mozilla/5.0 (Macintosh; Intel Mac OS X 10_7_0) AppleWebKit/535.11 (KHTML, like Gecko) Chrome/17.0.963.56 Safari/535.11"
179.43.168.34 - - [19/Apr/2025:01:54:23 +0300] "GET /.git/HEAD HTTP/1.1" 404 207 "-" "-"
2.236.112.207 - - [19/Apr/2025:04:36:42 +0300] "GET / HTTP/1.1" 200 481 "-" "Mozilla/5.0 (Windows NT 10.0; Win64; x64) AppleWebKit/537.36 (KHTML, like Gecko) Chrome/74.0.3729.169 Safari/537.36"
2.236.112.207 - - [19/Apr/2025:04:36:43 +0300] "GET / HTTP/1.1" 200 481 "-" "Mozilla/5.0 (Windows NT 10.0; Win64; x64) AppleWebKit/537.36 (KHTML, like Gecko) Chrome/74.0.3729.169 Safari/537.36"
179.43.168.34 - - [19/Apr/2025:06:59:16 +0300] "GET /.git/HEAD HTTP/1.1" 404 207 "-" "-"
179.43.168.34 - - [19/Apr/2025:06:59:16 +0300] "GET /.git/HEAD HTTP/1.1" 404 207 "-" "-"
179.43.168.34 - - [19/Apr/2025:06:59:45 +0300] "GET /.git/HEAD HTTP/1.1" 404 207 "-" "-"
179.43.168.34 - - [19/Apr/2025:06:59:45 +0300] "GET /.git/HEAD HTTP/1.1" 404 207 "-" "-"
179.43.168.34 - - [19/Apr/2025:08:31:55 +0300] "GET / HTTP/1.1" 200 481 "http://salesonline.rightlearning.net/.git/HEAD" "-"
179.43.168.34 - - [19/Apr/2025:08:31:55 +0300] "GET / HTTP/1.1" 200 481 "http://salesonline.rightlearning.net/.git/HEAD" "-"
179.43.168.34 - - [19/Apr/2025:08:32:39 +0300] "GET / HTTP/1.1" 200 481 "http://salesonline.rightlearning.net/.git/index" "-"
179.43.168.34 - - [19/Apr/2025:08:32:39 +0300] "GET / HTTP/1.1" 200 481 "http://salesonline.rightlearning.net/.git/index" "-"
179.43.168.34 - - [19/Apr/2025:08:33:24 +0300] "GET / HTTP/1.1" 200 481 "http://salesonline.rightlearning.net/.git/logs/refs/heads/main" "-"
179.43.168.34 - - [19/Apr/2025:08:33:24 +0300] "GET / HTTP/1.1" 200 481 "http://salesonline.rightlearning.net/.git/logs/refs/heads/main" "-"
51.8.102.209 - - [19/Apr/2025:09:51:14 +0300] "GET /robots.txt HTTP/1.1" 404 208 "-" "Mozilla/5.0 (Macintosh; Intel Mac OS X 10_15_7) AppleWebKit/537.36 (KHTML, like Gecko) Chrome/131.0.0.0 Safari/537.36; compatible; OAI-SearchBot/1.0; +https://openai.com/searchbot"
51.8.102.251 - - [19/Apr/2025:09:51:14 +0300] "GET /robots.txt HTTP/1.1" 404 208 "-" "Mozilla/5.0 (Macintosh; Intel Mac OS X 10_15_7) AppleWebKit/537.36 (KHTML, like Gecko) Chrome/131.0.0.0 Safari/537.36; compatible; OAI-SearchBot/1.0; +https://openai.com/searchbot"
45.154.98.162 - - [19/Apr/2025:13:34:22 +0300] "GET / HTTP/1.1" 200 481 "-" "Mozilla/5.0 (Windows NT 10.0; Win64; x64) AppleWebKit/537.36 (KHTML, like Gecko) Chrome/89.0.4389.114 Safari/537.36"
45.154.98.162 - - [19/Apr/2025:13:34:22 +0300] "GET /wp-includes/wlwmanifest.xml HTTP/1.1" 404 225 "-" "Mozilla/5.0 (Windows NT 10.0; Win64; x64) AppleWebKit/537.36 (KHTML, like Gecko) Chrome/89.0.4389.114 Safari/537.36"
45.154.98.162 - - [19/Apr/2025:13:34:22 +0300] "GET /xmlrpc.php?rsd HTTP/1.1" 404 208 "-" "Mozilla/5.0 (Windows NT 10.0; Win64; x64) AppleWebKit/537.36 (KHTML, like Gecko) Chrome/89.0.4389.114 Safari/537.36"
45.154.98.162 - - [19/Apr/2025:13:34:23 +0300] "GET / HTTP/1.1" 200 481 "-" "Mozilla/5.0 (Windows NT 10.0; Win64; x64) AppleWebKit/537.36 (KHTML, like Gecko) Chrome/89.0.4389.114 Safari/537.36"
45.154.98.162 - - [19/Apr/2025:13:34:23 +0300] "GET /blog/wp-includes/wlwmanifest.xml HTTP/1.1" 404 230 "-" "Mozilla/5.0 (Windows NT 10.0; Win64; x64) AppleWebKit/537.36 (KHTML, like Gecko) Chrome/89.0.4389.114 Safari/537.36"
45.154.98.162 - - [19/Apr/2025:13:34:23 +0300] "GET /web/wp-includes/wlwmanifest.xml HTTP/1.1" 404 229 "-" "Mozilla/5.0 (Windows NT 10.0; Win64; x64) AppleWebKit/537.36 (KHTML, like Gecko) Chrome/89.0.4389.114 Safari/537.36"
45.154.98.162 - - [19/Apr/2025:13:34:23 +0300] "GET /wordpress/wp-includes/wlwmanifest.xml HTTP/1.1" 404 235 "-" "Mozilla/5.0 (Windows NT 10.0; Win64; x64) AppleWebKit/537.36 (KHTML, like Gecko) Chrome/89.0.4389.114 Safari/537.36"
45.154.98.162 - - [19/Apr/2025:13:34:23 +0300] "GET /website/wp-includes/wlwmanifest.xml HTTP/1.1" 404 233 "-" "Mozilla/5.0 (Windows NT 10.0; Win64; x64) AppleWebKit/537.36 (KHTML, like Gecko) Chrome/89.0.4389.114 Safari/537.36"
45.154.98.162 - - [19/Apr/2025:13:34:23 +0300] "GET /wp/wp-includes/wlwmanifest.xml HTTP/1.1" 404 228 "-" "Mozilla/5.0 (Windows NT 10.0; Win64; x64) AppleWebKit/537.36 (KHTML, like Gecko) Chrome/89.0.4389.114 Safari/537.36"
45.154.98.162 - - [19/Apr/2025:13:34:23 +0300] "GET /news/wp-includes/wlwmanifest.xml HTTP/1.1" 404 230 "-" "Mozilla/5.0 (Windows NT 10.0; Win64; x64) AppleWebKit/537.36 (KHTML, like Gecko) Chrome/89.0.4389.114 Safari/537.36"
45.154.98.162 - - [19/Apr/2025:13:34:23 +0300] "GET /2020/wp-includes/wlwmanifest.xml HTTP/1.1" 404 230 "-" "Mozilla/5.0 (Windows NT 10.0; Win64; x64) AppleWebKit/537.36 (KHTML, like Gecko) Chrome/89.0.4389.114 Safari/537.36"
45.154.98.162 - - [19/Apr/2025:13:34:23 +0300] "GET /2019/wp-includes/wlwmanifest.xml HTTP/1.1" 404 230 "-" "Mozilla/5.0 (Windows NT 10.0; Win64; x64) AppleWebKit/537.36 (KHTML, like Gecko) Chrome/89.0.4389.114 Safari/537.36"
45.154.98.162 - - [19/Apr/2025:13:34:23 +0300] "GET /shop/wp-includes/wlwmanifest.xml HTTP/1.1" 404 230 "-" "Mozilla/5.0 (Windows NT 10.0; Win64; x64) AppleWebKit/537.36 (KHTML, like Gecko) Chrome/89.0.4389.114 Safari/537.36"
45.154.98.162 - - [19/Apr/2025:13:34:23 +0300] "GET /wp1/wp-includes/wlwmanifest.xml HTTP/1.1" 404 229 "-" "Mozilla/5.0 (Windows NT 10.0; Win64; x64) AppleWebKit/537.36 (KHTML, like Gecko) Chrome/89.0.4389.114 Safari/537.36"
45.154.98.162 - - [19/Apr/2025:13:34:23 +0300] "GET /test/wp-includes/wlwmanifest.xml HTTP/1.1" 404 230 "-" "Mozilla/5.0 (Windows NT 10.0; Win64; x64) AppleWebKit/537.36 (KHTML, like Gecko) Chrome/89.0.4389.114 Safari/537.36"
45.154.98.162 - - [19/Apr/2025:13:34:23 +0300] "GET /wp2/wp-includes/wlwmanifest.xml HTTP/1.1" 404 229 "-" "Mozilla/5.0 (Windows NT 10.0; Win64; x64) AppleWebKit/537.36 (KHTML, like Gecko) Chrome/89.0.4389.114 Safari/537.36"
45.154.98.162 - - [19/Apr/2025:13:34:23 +0300] "GET /site/wp-includes/wlwmanifest.xml HTTP/1.1" 404 230 "-" "Mozilla/5.0 (Windows NT 10.0; Win64; x64) AppleWebKit/537.36 (KHTML, like Gecko) Chrome/89.0.4389.114 Safari/537.36"
45.154.98.162 - - [19/Apr/2025:13:34:23 +0300] "GET /cms/wp-includes/wlwmanifest.xml HTTP/1.1" 404 229 "-" "Mozilla/5.0 (Windows NT 10.0; Win64; x64) AppleWebKit/537.36 (KHTML, like Gecko) Chrome/89.0.4389.114 Safari/537.36"
45.154.98.162 - - [19/Apr/2025:13:34:23 +0300] "GET /sito/wp-includes/wlwmanifest.xml HTTP/1.1" 404 230 "-" "Mozilla/5.0 (Windows NT 10.0; Win64; x64) AppleWebKit/537.36 (KHTML, like Gecko) Chrome/89.0.4389.114 Safari/537.36"
2.236.112.207 - - [19/Apr/2025:14:25:24 +0300] "GET / HTTP/1.1" 200 481 "-" "Mozilla/5.0 (Windows NT 10.0; Win64; x64) AppleWebKit/537.36 (KHTML, like Gecko) Chrome/74.0.3729.169 Safari/537.36"
2.236.112.207 - - [19/Apr/2025:14:25:24 +0300] "GET / HTTP/1.1" 200 481 "-" "Mozilla/5.0 (Windows NT 10.0; Win64; x64) AppleWebKit/537.36 (KHTML, like Gecko) Chrome/74.0.3729.169 Safari/537.36"
170.39.218.52 - - [19/Apr/2025:21:21:01 +0300] "GET /.env HTTP/1.1" 404 202 "-" "Mozilla/5.0 (X11; Linux x86_64) AppleWebKit/537.36 (KHTML, like Gecko) Chrome/81.0.4044.129 Safari/537.36"
170.39.218.52 - - [19/Apr/2025:21:21:01 +0300] "GET /api/.env HTTP/1.1" 404 206 "-" "Mozilla/5.0 (X11; Linux x86_64) AppleWebKit/537.36 (KHTML, like Gecko) Chrome/81.0.4044.129 Safari/537.36"
170.39.218.52 - - [19/Apr/2025:21:21:01 +0300] "GET /.env.save HTTP/1.1" 404 207 "-" "Mozilla/5.0 (X11; Linux x86_64) AppleWebKit/537.36 (KHTML, like Gecko) Chrome/81.0.4044.129 Safari/537.36"
170.39.218.52 - - [19/Apr/2025:21:21:01 +0300] "GET /.env.prod HTTP/1.1" 404 207 "-" "Mozilla/5.0 (X11; Linux x86_64) AppleWebKit/537.36 (KHTML, like Gecko) Chrome/81.0.4044.129 Safari/537.36"
170.39.218.52 - - [19/Apr/2025:21:21:01 +0300] "GET /env.js HTTP/1.1" 404 204 "-" "Mozilla/5.0 (X11; Linux x86_64) AppleWebKit/537.36 (KHTML, like Gecko) Chrome/81.0.4044.129 Safari/537.36"
170.39.218.52 - - [19/Apr/2025:21:21:01 +0300] "GET /api/config.js HTTP/1.1" 404 211 "-" "Mozilla/5.0 (X11; Linux x86_64) AppleWebKit/537.36 (KHTML, like Gecko) Chrome/81.0.4044.129 Safari/537.36"
170.39.218.52 - - [19/Apr/2025:21:21:02 +0300] "GET /assets/env.js HTTP/1.1" 404 211 "-" "Mozilla/5.0 (X11; Linux x86_64) AppleWebKit/537.36 (KHTML, like Gecko) Chrome/81.0.4044.129 Safari/537.36"
170.39.218.52 - - [19/Apr/2025:21:21:02 +0300] "GET /js/config.js HTTP/1.1" 404 210 "-" "Mozilla/5.0 (X11; Linux x86_64) AppleWebKit/537.36 (KHTML, like Gecko) Chrome/81.0.4044.129 Safari/537.36"
170.39.218.52 - - [19/Apr/2025:21:21:02 +0300] "GET /js/app.js HTTP/1.1" 404 207 "-" "Mozilla/5.0 (X11; Linux x86_64) AppleWebKit/537.36 (KHTML, like Gecko) Chrome/81.0.4044.129 Safari/537.36"
170.39.218.52 - - [19/Apr/2025:21:21:02 +0300] "GET /config.json HTTP/1.1" 404 209 "-" "Mozilla/5.0 (X11; Linux x86_64) AppleWebKit/537.36 (KHTML, like Gecko) Chrome/81.0.4044.129 Safari/537.36"
170.39.218.52 - - [19/Apr/2025:21:21:02 +0300] "GET /phpinfo.php HTTP/1.1" 404 209 "-" "Mozilla/5.0 (X11; Linux x86_64) AppleWebKit/537.36 (KHTML, like Gecko) Chrome/81.0.4044.129 Safari/537.36"
170.39.218.52 - - [19/Apr/2025:21:21:03 +0300] "GET /phpinfo HTTP/1.1" 404 205 "-" "Mozilla/5.0 (X11; Linux x86_64) AppleWebKit/537.36 (KHTML, like Gecko) Chrome/81.0.4044.129 Safari/537.36"
170.39.218.52 - - [19/Apr/2025:21:21:08 +0300] "GET /dev/.env HTTP/1.1" 404 206 "-" "Mozilla/5.0 (X11; Linux x86_64) AppleWebKit/537.36 (KHTML, like Gecko) Chrome/81.0.4044.129 Safari/537.36"
170.39.218.52 - - [19/Apr/2025:21:21:13 +0300] "GET /application/.env HTTP/1.1" 404 214 "-" "Mozilla/5.0 (X11; Linux x86_64) AppleWebKit/537.36 (KHTML, like Gecko) Chrome/81.0.4044.129 Safari/537.36"
198.235.24.129 - - [19/Apr/2025:22:11:46 +0300] "GET / HTTP/1.1" 200 481 "-" "-"
2.236.112.207 - - [20/Apr/2025:00:16:58 +0300] "GET / HTTP/1.1" 200 481 "-" "Mozilla/5.0 (Windows NT 10.0; Win64; x64) AppleWebKit/537.36 (KHTML, like Gecko) Chrome/74.0.3729.169 Safari/537.36"
2.236.112.207 - - [20/Apr/2025:00:16:58 +0300] "GET / HTTP/1.1" 200 481 "-" "Mozilla/5.0 (Windows NT 10.0; Win64; x64) AppleWebKit/537.36 (KHTML, like Gecko) Chrome/74.0.3729.169 Safari/537.36"
51.8.102.100 - - [20/Apr/2025:02:56:55 +0300] "GET /robots.txt HTTP/1.1" 404 208 "-" "Mozilla/5.0 (Macintosh; Intel Mac OS X 10_15_7) AppleWebKit/537.36 (KHTML, like Gecko) Chrome/131.0.0.0 Safari/537.36; compatible; OAI-SearchBot/1.0; +https://openai.com/searchbot"
51.8.102.196 - - [20/Apr/2025:02:56:55 +0300] "GET /robots.txt HTTP/1.1" 404 208 "-" "Mozilla/5.0 (Macintosh; Intel Mac OS X 10_15_7) AppleWebKit/537.36 (KHTML, like Gecko) Chrome/131.0.0.0 Safari/537.36; compatible; OAI-SearchBot/1.0; +https://openai.com/searchbot"
88.218.193.107 - - [20/Apr/2025:03:30:19 +0300] "GET / HTTP/1.1" 200 278 "-" "Mozilla/5.0 (Windows NT 10.0; Win64; x64; rv:109.0) Gecko/20100101 Firefox/115.0"
179.43.168.34 - - [20/Apr/2025:04:55:10 +0300] "GET / HTTP/1.1" 200 481 "http://salesonline.rightlearning.net/.git/HEAD" "-"
179.43.168.34 - - [20/Apr/2025:04:55:57 +0300] "GET / HTTP/1.1" 200 481 "http://salesonline.rightlearning.net/.git/index" "-"
52.167.144.57 - - [20/Apr/2025:05:14:12 +0300] "GET /robots.txt HTTP/1.1" 404 208 "-" "Mozilla/5.0 AppleWebKit/537.36 (KHTML, like Gecko; compatible; bingbot/2.0; +http://www.bing.com/bingbot.htm) Chrome/116.0.1938.76 Safari/537.36"
40.77.167.13 - - [20/Apr/2025:05:14:19 +0300] "GET /Page/view/5 HTTP/1.1" 404 209 "-" "Mozilla/5.0 AppleWebKit/537.36 (KHTML, like Gecko; compatible; bingbot/2.0; +http://www.bing.com/bingbot.htm) Chrome/116.0.1938.76 Safari/537.36"
2.236.112.207 - - [20/Apr/2025:09:57:09 +0300] "GET / HTTP/1.1" 200 481 "-" "Mozilla/5.0 (Windows NT 10.0; Win64; x64) AppleWebKit/537.36 (KHTML, like Gecko) Chrome/74.0.3729.169 Safari/537.36"
2.236.112.207 - - [20/Apr/2025:09:57:10 +0300] "GET / HTTP/1.1" 200 481 "-" "Mozilla/5.0 (Windows NT 10.0; Win64; x64) AppleWebKit/537.36 (KHTML, like Gecko) Chrome/74.0.3729.169 Safari/537.36"
2.236.112.207 - - [20/Apr/2025:19:38:43 +0300] "GET / HTTP/1.1" 200 481 "-" "Mozilla/5.0 (Windows NT 10.0; Win64; x64) AppleWebKit/537.36 (KHTML, like Gecko) Chrome/74.0.3729.169 Safari/537.36"
2.236.112.207 - - [20/Apr/2025:19:38:43 +0300] "GET / HTTP/1.1" 200 481 "-" "Mozilla/5.0 (Windows NT 10.0; Win64; x64) AppleWebKit/537.36 (KHTML, like Gecko) Chrome/74.0.3729.169 Safari/537.36"
51.8.102.52 - - [20/Apr/2025:20:02:59 +0300] "GET /robots.txt HTTP/1.1" 404 208 "-" "Mozilla/5.0 (Macintosh; Intel Mac OS X 10_15_7) AppleWebKit/537.36 (KHTML, like Gecko) Chrome/131.0.0.0 Safari/537.36; compatible; OAI-SearchBot/1.0; +https://openai.com/searchbot"
51.8.102.52 - - [20/Apr/2025:20:02:59 +0300] "GET /robots.txt HTTP/1.1" 404 208 "-" "Mozilla/5.0 (Macintosh; Intel Mac OS X 10_15_7) AppleWebKit/537.36 (KHTML, like Gecko) Chrome/131.0.0.0 Safari/537.36; compatible; OAI-SearchBot/1.0; +https://openai.com/searchbot"
93.123.109.108 - - [21/Apr/2025:00:25:47 +0300] "GET /.git/config HTTP/1.1" 404 209 "-" "python-requests/2.32.3"
93.123.109.108 - - [21/Apr/2025:00:25:47 +0300] "GET /.git/config HTTP/1.1" 404 209 "-" "python-requests/2.32.3"
121.4.105.222 - - [21/Apr/2025:02:52:32 +0300] "GET / HTTP/1.1" 200 278 "-" "Mozilla/5.0 (Linux; Android 10; LIO-AN00 Build/HUAWEILIO-AN00; wv) MicroMessenger Weixin QQ AppleWebKit/537.36 (KHTML, like Gecko) Version/4.0 Chrome/78.0.3904.62 XWEB/2692 MMWEBSDK/200901 Mobile Safari/537.36"
121.4.105.222 - - [21/Apr/2025:04:35:01 +0300] "GET / HTTP/1.1" 200 278 "-" "Mozilla/5.0 (Linux; Android 10; LIO-AN00 Build/HUAWEILIO-AN00; wv) MicroMessenger Weixin QQ AppleWebKit/537.36 (KHTML, like Gecko) Version/4.0 Chrome/78.0.3904.62 XWEB/2692 MMWEBSDK/200901 Mobile Safari/537.36"
2.236.112.207 - - [21/Apr/2025:05:11:36 +0300] "GET / HTTP/1.1" 200 481 "-" "Mozilla/5.0 (Windows NT 10.0; Win64; x64) AppleWebKit/537.36 (KHTML, like Gecko) Chrome/74.0.3729.169 Safari/537.36"
2.236.112.207 - - [21/Apr/2025:05:11:36 +0300] "GET / HTTP/1.1" 200 481 "-" "Mozilla/5.0 (Windows NT 10.0; Win64; x64) AppleWebKit/537.36 (KHTML, like Gecko) Chrome/74.0.3729.169 Safari/537.36"
51.8.102.246 - - [21/Apr/2025:13:14:15 +0300] "GET /robots.txt HTTP/1.1" 404 208 "-" "Mozilla/5.0 (Macintosh; Intel Mac OS X 10_15_7) AppleWebKit/537.36 (KHTML, like Gecko) Chrome/131.0.0.0 Safari/537.36; compatible; OAI-SearchBot/1.0; +https://openai.com/searchbot"
51.8.102.94 - - [21/Apr/2025:13:14:16 +0300] "GET /robots.txt HTTP/1.1" 404 208 "-" "Mozilla/5.0 (Macintosh; Intel Mac OS X 10_15_7) AppleWebKit/537.36 (KHTML, like Gecko) Chrome/131.0.0.0 Safari/537.36; compatible; OAI-SearchBot/1.0; +https://openai.com/searchbot"
2.236.112.207 - - [21/Apr/2025:14:43:12 +0300] "GET / HTTP/1.1" 200 481 "-" "Mozilla/5.0 (Windows NT 10.0; Win64; x64) AppleWebKit/537.36 (KHTML, like Gecko) Chrome/74.0.3729.169 Safari/537.36"
2.236.112.207 - - [21/Apr/2025:14:43:12 +0300] "GET / HTTP/1.1" 200 481 "-" "Mozilla/5.0 (Windows NT 10.0; Win64; x64) AppleWebKit/537.36 (KHTML, like Gecko) Chrome/74.0.3729.169 Safari/537.36"
205.210.31.151 - - [21/Apr/2025:15:53:23 +0300] "GET / HTTP/1.1" 200 481 "-" "-"
147.185.132.195 - - [21/Apr/2025:23:37:33 +0300] "GET / HTTP/1.1" 200 481 "-" "Expanse, a Palo Alto Networks company, searches across the global IPv4 space multiple times per day to identify customers' presences on the Internet. If you would like to be excluded from our scans, please send IP addresses/domains to: scaninfo@paloaltonetworks.com"
2.236.112.207 - - [22/Apr/2025:00:39:56 +0300] "GET / HTTP/1.1" 200 481 "-" "Mozilla/5.0 (Windows NT 10.0; Win64; x64) AppleWebKit/537.36 (KHTML, like Gecko) Chrome/74.0.3729.169 Safari/537.36"
2.236.112.207 - - [22/Apr/2025:00:39:57 +0300] "GET / HTTP/1.1" 200 481 "-" "Mozilla/5.0 (Windows NT 10.0; Win64; x64) AppleWebKit/537.36 (KHTML, like Gecko) Chrome/74.0.3729.169 Safari/537.36"
179.43.168.34 - - [22/Apr/2025:05:33:28 +0300] "GET / HTTP/1.1" 200 481 "http://salesonline.rightlearning.net/.git/config" "-"
179.43.168.34 - - [22/Apr/2025:05:33:28 +0300] "GET / HTTP/1.1" 200 481 "http://salesonline.rightlearning.net/.git/config" "-"
179.43.168.34 - - [22/Apr/2025:05:43:05 +0300] "GET /.git/config HTTP/1.1" 404 209 "-" "-"
179.43.168.34 - - [22/Apr/2025:05:43:05 +0300] "GET /.git/config HTTP/1.1" 404 209 "-" "-"
179.43.168.34 - - [22/Apr/2025:05:43:11 +0300] "GET /.git/config HTTP/1.1" 404 209 "-" "-"
179.43.168.34 - - [22/Apr/2025:05:43:11 +0300] "GET /.git/config HTTP/1.1" 404 209 "-" "-"
46.19.138.10 - - [22/Apr/2025:05:51:57 +0300] "GET /.git/config HTTP/1.1" 404 209 "-" "-"
46.19.138.10 - - [22/Apr/2025:05:51:57 +0300] "GET /.git/config HTTP/1.1" 404 209 "-" "-"
46.19.138.10 - - [22/Apr/2025:05:52:05 +0300] "GET /.git/config HTTP/1.1" 404 209 "-" "-"
46.19.138.10 - - [22/Apr/2025:05:52:05 +0300] "GET /.git/config HTTP/1.1" 404 209 "-" "-"
185.247.137.7 - - [22/Apr/2025:08:17:44 +0300] "GET / HTTP/1.1" 400 226 "http://salesonline.rightlearning.net" "Mozilla/5.0 (compatible; InternetMeasurement/1.0; +https://internet-measurement.com/)"
2.236.112.207 - - [22/Apr/2025:10:19:10 +0300] "GET / HTTP/1.1" 200 481 "-" "Mozilla/5.0 (Windows NT 10.0; Win64; x64) AppleWebKit/537.36 (KHTML, like Gecko) Chrome/74.0.3729.169 Safari/537.36"
2.236.112.207 - - [22/Apr/2025:10:19:10 +0300] "GET / HTTP/1.1" 200 481 "-" "Mozilla/5.0 (Windows NT 10.0; Win64; x64) AppleWebKit/537.36 (KHTML, like Gecko) Chrome/74.0.3729.169 Safari/537.36"
93.123.109.108 - - [22/Apr/2025:11:13:03 +0300] "GET /.git/config HTTP/1.1" 404 209 "-" "python-requests/2.32.3"
93.123.109.108 - - [22/Apr/2025:11:13:03 +0300] "GET /.git/config HTTP/1.1" 404 209 "-" "python-requests/2.32.3"
13.39.84.235 - - [22/Apr/2025:11:52:10 +0300] "GET / HTTP/1.1" 200 278 "www.google.com" "Mozilla/5.0 (Linux; Android 7.0; SM-G892A Build/NRD90M; wv) AppleWebKit/537.36 (KHTML, like Gecko) Version/4.0 Chrome/60.0.3112.107 Mobile Safari/537.36"
13.39.84.235 - - [22/Apr/2025:11:52:14 +0300] "GET /wp HTTP/1.1" 404 200 "www.google.com" "Mozilla/5.0 (Linux; Android 7.0; SM-G892A Build/NRD90M; wv) AppleWebKit/537.36 (KHTML, like Gecko) Version/4.0 Chrome/60.0.3112.107 Mobile Safari/537.36"
13.39.84.235 - - [22/Apr/2025:11:52:16 +0300] "GET /wordpress HTTP/1.1" 404 207 "www.google.com" "Mozilla/5.0 (Linux; Android 7.0; SM-G892A Build/NRD90M; wv) AppleWebKit/537.36 (KHTML, like Gecko) Version/4.0 Chrome/60.0.3112.107 Mobile Safari/537.36"
13.39.84.235 - - [22/Apr/2025:11:52:17 +0300] "GET /sadeem HTTP/1.1" 404 204 "www.google.com" "Mozilla/5.0 (Linux; Android 7.0; SM-G892A Build/NRD90M; wv) AppleWebKit/537.36 (KHTML, like Gecko) Version/4.0 Chrome/60.0.3112.107 Mobile Safari/537.36"
13.39.84.235 - - [22/Apr/2025:11:52:21 +0300] "GET /wordpress HTTP/1.1" 404 207 "www.google.com" "Mozilla/5.0 (Linux; Android 7.0; SM-G892A Build/NRD90M; wv) AppleWebKit/537.36 (KHTML, like Gecko) Version/4.0 Chrome/60.0.3112.107 Mobile Safari/537.36"
13.39.84.235 - - [22/Apr/2025:11:52:25 +0300] "GET /old HTTP/1.1" 404 201 "www.google.com" "Mozilla/5.0 (Linux; Android 7.0; SM-G892A Build/NRD90M; wv) AppleWebKit/537.36 (KHTML, like Gecko) Version/4.0 Chrome/60.0.3112.107 Mobile Safari/537.36"
13.39.84.235 - - [22/Apr/2025:11:52:28 +0300] "GET /backup HTTP/1.1" 404 204 "www.google.com" "Mozilla/5.0 (Linux; Android 7.0; SM-G892A Build/NRD90M; wv) AppleWebKit/537.36 (KHTML, like Gecko) Version/4.0 Chrome/60.0.3112.107 Mobile Safari/537.36"
13.39.84.235 - - [22/Apr/2025:11:52:31 +0300] "GET /new HTTP/1.1" 404 201 "www.google.com" "Mozilla/5.0 (Linux; Android 7.0; SM-G892A Build/NRD90M; wv) AppleWebKit/537.36 (KHTML, like Gecko) Version/4.0 Chrome/60.0.3112.107 Mobile Safari/537.36"
13.39.84.235 - - [22/Apr/2025:11:52:35 +0300] "GET /test HTTP/1.1" 404 202 "www.google.com" "Mozilla/5.0 (Linux; Android 7.0; SM-G892A Build/NRD90M; wv) AppleWebKit/537.36 (KHTML, like Gecko) Version/4.0 Chrome/60.0.3112.107 Mobile Safari/537.36"
13.39.84.235 - - [22/Apr/2025:11:52:38 +0300] "GET /wp HTTP/1.1" 404 200 "www.google.com" "Mozilla/5.0 (Linux; Android 7.0; SM-G892A Build/NRD90M; wv) AppleWebKit/537.36 (KHTML, like Gecko) Version/4.0 Chrome/60.0.3112.107 Mobile Safari/537.36"
13.39.84.235 - - [22/Apr/2025:11:52:40 +0300] "GET /temp HTTP/1.1" 404 202 "www.google.com" "Mozilla/5.0 (Linux; Android 7.0; SM-G892A Build/NRD90M; wv) AppleWebKit/537.36 (KHTML, like Gecko) Version/4.0 Chrome/60.0.3112.107 Mobile Safari/537.36"
13.39.84.235 - - [22/Apr/2025:11:52:41 +0300] "GET /blog HTTP/1.1" 404 202 "www.google.com" "Mozilla/5.0 (Linux; Android 7.0; SM-G892A Build/NRD90M; wv) AppleWebKit/537.36 (KHTML, like Gecko) Version/4.0 Chrome/60.0.3112.107 Mobile Safari/537.36"
45.154.98.162 - - [22/Apr/2025:17:13:49 +0300] "GET / HTTP/1.1" 200 481 "-" "Mozilla/5.0 (Windows NT 10.0; Win64; x64) AppleWebKit/537.36 (KHTML, like Gecko) Chrome/89.0.4389.114 Safari/537.36"
45.154.98.162 - - [22/Apr/2025:17:13:49 +0300] "GET /wp-includes/wlwmanifest.xml HTTP/1.1" 404 225 "-" "Mozilla/5.0 (Windows NT 10.0; Win64; x64) AppleWebKit/537.36 (KHTML, like Gecko) Chrome/89.0.4389.114 Safari/537.36"
45.154.98.162 - - [22/Apr/2025:17:13:49 +0300] "GET /xmlrpc.php?rsd HTTP/1.1" 404 208 "-" "Mozilla/5.0 (Windows NT 10.0; Win64; x64) AppleWebKit/537.36 (KHTML, like Gecko) Chrome/89.0.4389.114 Safari/537.36"
45.154.98.162 - - [22/Apr/2025:17:13:49 +0300] "GET / HTTP/1.1" 200 481 "-" "Mozilla/5.0 (Windows NT 10.0; Win64; x64) AppleWebKit/537.36 (KHTML, like Gecko) Chrome/89.0.4389.114 Safari/537.36"
45.154.98.162 - - [22/Apr/2025:17:13:49 +0300] "GET /blog/wp-includes/wlwmanifest.xml HTTP/1.1" 404 230 "-" "Mozilla/5.0 (Windows NT 10.0; Win64; x64) AppleWebKit/537.36 (KHTML, like Gecko) Chrome/89.0.4389.114 Safari/537.36"
45.154.98.162 - - [22/Apr/2025:17:13:49 +0300] "GET /web/wp-includes/wlwmanifest.xml HTTP/1.1" 404 229 "-" "Mozilla/5.0 (Windows NT 10.0; Win64; x64) AppleWebKit/537.36 (KHTML, like Gecko) Chrome/89.0.4389.114 Safari/537.36"
45.154.98.162 - - [22/Apr/2025:17:13:49 +0300] "GET /wordpress/wp-includes/wlwmanifest.xml HTTP/1.1" 404 235 "-" "Mozilla/5.0 (Windows NT 10.0; Win64; x64) AppleWebKit/537.36 (KHTML, like Gecko) Chrome/89.0.4389.114 Safari/537.36"
45.154.98.162 - - [22/Apr/2025:17:13:49 +0300] "GET /website/wp-includes/wlwmanifest.xml HTTP/1.1" 404 233 "-" "Mozilla/5.0 (Windows NT 10.0; Win64; x64) AppleWebKit/537.36 (KHTML, like Gecko) Chrome/89.0.4389.114 Safari/537.36"
45.154.98.162 - - [22/Apr/2025:17:13:49 +0300] "GET /wp/wp-includes/wlwmanifest.xml HTTP/1.1" 404 228 "-" "Mozilla/5.0 (Windows NT 10.0; Win64; x64) AppleWebKit/537.36 (KHTML, like Gecko) Chrome/89.0.4389.114 Safari/537.36"
45.154.98.162 - - [22/Apr/2025:17:13:49 +0300] "GET /news/wp-includes/wlwmanifest.xml HTTP/1.1" 404 230 "-" "Mozilla/5.0 (Windows NT 10.0; Win64; x64) AppleWebKit/537.36 (KHTML, like Gecko) Chrome/89.0.4389.114 Safari/537.36"
45.154.98.162 - - [22/Apr/2025:17:13:49 +0300] "GET /2020/wp-includes/wlwmanifest.xml HTTP/1.1" 404 230 "-" "Mozilla/5.0 (Windows NT 10.0; Win64; x64) AppleWebKit/537.36 (KHTML, like Gecko) Chrome/89.0.4389.114 Safari/537.36"
45.154.98.162 - - [22/Apr/2025:17:13:49 +0300] "GET /2019/wp-includes/wlwmanifest.xml HTTP/1.1" 404 230 "-" "Mozilla/5.0 (Windows NT 10.0; Win64; x64) AppleWebKit/537.36 (KHTML, like Gecko) Chrome/89.0.4389.114 Safari/537.36"
45.154.98.162 - - [22/Apr/2025:17:13:49 +0300] "GET /shop/wp-includes/wlwmanifest.xml HTTP/1.1" 404 230 "-" "Mozilla/5.0 (Windows NT 10.0; Win64; x64) AppleWebKit/537.36 (KHTML, like Gecko) Chrome/89.0.4389.114 Safari/537.36"
45.154.98.162 - - [22/Apr/2025:17:13:50 +0300] "GET /wp1/wp-includes/wlwmanifest.xml HTTP/1.1" 404 229 "-" "Mozilla/5.0 (Windows NT 10.0; Win64; x64) AppleWebKit/537.36 (KHTML, like Gecko) Chrome/89.0.4389.114 Safari/537.36"
45.154.98.162 - - [22/Apr/2025:17:13:50 +0300] "GET /test/wp-includes/wlwmanifest.xml HTTP/1.1" 404 230 "-" "Mozilla/5.0 (Windows NT 10.0; Win64; x64) AppleWebKit/537.36 (KHTML, like Gecko) Chrome/89.0.4389.114 Safari/537.36"
45.154.98.162 - - [22/Apr/2025:17:13:50 +0300] "GET /wp2/wp-includes/wlwmanifest.xml HTTP/1.1" 404 229 "-" "Mozilla/5.0 (Windows NT 10.0; Win64; x64) AppleWebKit/537.36 (KHTML, like Gecko) Chrome/89.0.4389.114 Safari/537.36"
45.154.98.162 - - [22/Apr/2025:17:13:50 +0300] "GET /site/wp-includes/wlwmanifest.xml HTTP/1.1" 404 230 "-" "Mozilla/5.0 (Windows NT 10.0; Win64; x64) AppleWebKit/537.36 (KHTML, like Gecko) Chrome/89.0.4389.114 Safari/537.36"
45.154.98.162 - - [22/Apr/2025:17:13:50 +0300] "GET /cms/wp-includes/wlwmanifest.xml HTTP/1.1" 404 229 "-" "Mozilla/5.0 (Windows NT 10.0; Win64; x64) AppleWebKit/537.36 (KHTML, like Gecko) Chrome/89.0.4389.114 Safari/537.36"
45.154.98.162 - - [22/Apr/2025:17:13:50 +0300] "GET /sito/wp-includes/wlwmanifest.xml HTTP/1.1" 404 230 "-" "Mozilla/5.0 (Windows NT 10.0; Win64; x64) AppleWebKit/537.36 (KHTML, like Gecko) Chrome/89.0.4389.114 Safari/537.36"
66.249.78.40 - - [22/Apr/2025:18:53:14 +0300] "GET /robots.txt HTTP/1.1" 404 208 "-" "Mozilla/5.0 (compatible; Googlebot/2.1; +http://www.google.com/bot.html)"
93.123.109.108 - - [22/Apr/2025:19:56:46 +0300] "GET /.git/config HTTP/1.1" 404 209 "-" "python-requests/2.32.3"
93.123.109.108 - - [22/Apr/2025:19:56:46 +0300] "GET /.git/config HTTP/1.1" 404 209 "-" "python-requests/2.32.3"
