185.177.72.106 - - [22/Aug/2025:08:05:07 +0300] "GET /application.yml HTTP/1.1" 404 213 "-" "Mozilla/5.0 (Windows NT 10.0; Win64; x64) AppleWebKit/537.36 (KHTML, like Gecko) Chrome/91.0.4472.124 Safari/537.36"
185.177.72.106 - - [22/Aug/2025:08:05:07 +0300] "GET /application.properties HTTP/1.1" 404 220 "-" "Mozilla/5.0 (Windows NT 10.0; Win64; x64) AppleWebKit/537.36 (KHTML, like Gecko) Chrome/91.0.4472.124 Safari/537.36"
185.177.72.106 - - [22/Aug/2025:08:05:07 +0300] "GET /src/main/resources/application.yml HTTP/1.1" 404 232 "-" "Mozilla/5.0 (Windows NT 10.0; Win64; x64) AppleWebKit/537.36 (KHTML, like Gecko) Chrome/91.0.4472.124 Safari/537.36"
185.177.72.106 - - [22/Aug/2025:08:05:07 +0300] "GET /.env.bak HTTP/1.1" 404 206 "-" "Mozilla/5.0 (Windows NT 10.0; Win64; x64) AppleWebKit/537.36 (KHTML, like Gecko) Chrome/91.0.4472.124 Safari/537.36"
185.177.72.106 - - [22/Aug/2025:08:05:08 +0300] "GET /.env_backup.txt HTTP/1.1" 404 213 "-" "Mozilla/5.0 (Windows NT 10.0; Win64; x64) AppleWebKit/537.36 (KHTML, like Gecko) Chrome/91.0.4472.124 Safari/537.36"
185.177.72.106 - - [22/Aug/2025:08:05:08 +0300] "GET /config.old.php HTTP/1.1" 404 212 "-" "Mozilla/5.0 (Windows NT 10.0; Win64; x64) AppleWebKit/537.36 (KHTML, like Gecko) Chrome/91.0.4472.124 Safari/537.36"
185.177.72.106 - - [22/Aug/2025:08:05:08 +0300] "GET /database_old.json HTTP/1.1" 404 215 "-" "Mozilla/5.0 (Windows NT 10.0; Win64; x64) AppleWebKit/537.36 (KHTML, like Gecko) Chrome/91.0.4472.124 Safari/537.36"
185.177.72.106 - - [22/Aug/2025:08:05:08 +0300] "GET /settings.bak HTTP/1.1" 404 210 "-" "Mozilla/5.0 (Windows NT 10.0; Win64; x64) AppleWebKit/537.36 (KHTML, like Gecko) Chrome/91.0.4472.124 Safari/537.36"
185.177.72.106 - - [22/Aug/2025:08:05:08 +0300] "GET /docker/.env HTTP/1.1" 404 209 "-" "Mozilla/5.0 (Windows NT 10.0; Win64; x64) AppleWebKit/537.36 (KHTML, like Gecko) Chrome/91.0.4472.124 Safari/537.36"
185.177.72.106 - - [22/Aug/2025:08:05:08 +0300] "GET /.aws/credentials HTTP/1.1" 404 214 "-" "Mozilla/5.0 (Windows NT 10.0; Win64; x64) AppleWebKit/537.36 (KHTML, like Gecko) Chrome/91.0.4472.124 Safari/537.36"
185.177.72.106 - - [22/Aug/2025:08:05:08 +0300] "GET /config.yaml HTTP/1.1" 404 209 "-" "Mozilla/5.0 (Windows NT 10.0; Win64; x64) AppleWebKit/537.36 (KHTML, like Gecko) Chrome/91.0.4472.124 Safari/537.36"
185.177.72.106 - - [22/Aug/2025:08:05:08 +0300] "GET /settings.yaml HTTP/1.1" 404 211 "-" "Mozilla/5.0 (Windows NT 10.0; Win64; x64) AppleWebKit/537.36 (KHTML, like Gecko) Chrome/91.0.4472.124 Safari/537.36"
185.177.72.106 - - [22/Aug/2025:08:05:08 +0300] "GET /helm/values.yaml HTTP/1.1" 404 214 "-" "Mozilla/5.0 (Windows NT 10.0; Win64; x64) AppleWebKit/537.36 (KHTML, like Gecko) Chrome/91.0.4472.124 Safari/537.36"
185.177.72.106 - - [22/Aug/2025:08:05:08 +0300] "GET /main.js HTTP/1.1" 404 205 "-" "Mozilla/5.0 (Windows NT 10.0; Win64; x64) AppleWebKit/537.36 (KHTML, like Gecko) Chrome/91.0.4472.124 Safari/537.36"
185.177.72.106 - - [22/Aug/2025:08:05:08 +0300] "GET /index.js HTTP/1.1" 404 206 "-" "Mozilla/5.0 (Windows NT 10.0; Win64; x64) AppleWebKit/537.36 (KHTML, like Gecko) Chrome/91.0.4472.124 Safari/537.36"
185.177.72.106 - - [22/Aug/2025:08:05:08 +0300] "GET /app.js HTTP/1.1" 404 204 "-" "Mozilla/5.0 (Windows NT 10.0; Win64; x64) AppleWebKit/537.36 (KHTML, like Gecko) Chrome/91.0.4472.124 Safari/537.36"
185.177.72.106 - - [22/Aug/2025:08:05:08 +0300] "GET /bundle.js HTTP/1.1" 404 207 "-" "Mozilla/5.0 (Windows NT 10.0; Win64; x64) AppleWebKit/537.36 (KHTML, like Gecko) Chrome/91.0.4472.124 Safari/537.36"
185.177.72.106 - - [22/Aug/2025:08:05:09 +0300] "GET /*.map HTTP/1.1" 404 203 "-" "Mozilla/5.0 (Windows NT 10.0; Win64; x64) AppleWebKit/537.36 (KHTML, like Gecko) Chrome/91.0.4472.124 Safari/537.36"
185.177.72.106 - - [22/Aug/2025:08:05:09 +0300] "GET /pinfo.php HTTP/1.1" 404 207 "-" "Mozilla/5.0 (Windows NT 10.0; Win64; x64) AppleWebKit/537.36 (KHTML, like Gecko) Chrome/91.0.4472.124 Safari/537.36"
185.177.72.106 - - [22/Aug/2025:08:05:09 +0300] "GET /sysinfo.php HTTP/1.1" 404 209 "-" "Mozilla/5.0 (Windows NT 10.0; Win64; x64) AppleWebKit/537.36 (KHTML, like Gecko) Chrome/91.0.4472.124 Safari/537.36"
185.177.72.106 - - [22/Aug/2025:08:05:09 +0300] "GET /systeminfo.php HTTP/1.1" 404 212 "-" "Mozilla/5.0 (Windows NT 10.0; Win64; x64) AppleWebKit/537.36 (KHTML, like Gecko) Chrome/91.0.4472.124 Safari/537.36"
185.177.72.106 - - [22/Aug/2025:08:05:09 +0300] "GET /php-version.php HTTP/1.1" 404 213 "-" "Mozilla/5.0 (Windows NT 10.0; Win64; x64) AppleWebKit/537.36 (KHTML, like Gecko) Chrome/91.0.4472.124 Safari/537.36"
185.177.72.106 - - [22/Aug/2025:08:05:09 +0300] "GET /serverinfo.php HTTP/1.1" 404 212 "-" "Mozilla/5.0 (Windows NT 10.0; Win64; x64) AppleWebKit/537.36 (KHTML, like Gecko) Chrome/91.0.4472.124 Safari/537.36"
185.177.72.106 - - [22/Aug/2025:08:05:09 +0300] "GET /phpinf.php HTTP/1.1" 404 208 "-" "Mozilla/5.0 (Windows NT 10.0; Win64; x64) AppleWebKit/537.36 (KHTML, like Gecko) Chrome/91.0.4472.124 Safari/537.36"
185.177.72.106 - - [22/Aug/2025:08:05:09 +0300] "GET /phpv.php HTTP/1.1" 404 206 "-" "Mozilla/5.0 (Windows NT 10.0; Win64; x64) AppleWebKit/537.36 (KHTML, like Gecko) Chrome/91.0.4472.124 Safari/537.36"
185.177.72.106 - - [22/Aug/2025:08:05:09 +0300] "GET /next.config.js HTTP/1.1" 404 212 "-" "Mozilla/5.0 (Windows NT 10.0; Win64; x64) AppleWebKit/537.36 (KHTML, like Gecko) Chrome/91.0.4472.124 Safari/537.36"
185.177.72.106 - - [22/Aug/2025:08:05:09 +0300] "GET /.next/env HTTP/1.1" 404 207 "-" "Mozilla/5.0 (Windows NT 10.0; Win64; x64) AppleWebKit/537.36 (KHTML, like Gecko) Chrome/91.0.4472.124 Safari/537.36"
185.177.72.106 - - [22/Aug/2025:08:05:09 +0300] "GET /.next/static/development/pages/.env HTTP/1.1" 404 233 "-" "Mozilla/5.0 (Windows NT 10.0; Win64; x64) AppleWebKit/537.36 (KHTML, like Gecko) Chrome/91.0.4472.124 Safari/537.36"
185.177.72.106 - - [22/Aug/2025:08:05:09 +0300] "GET /.next/static/env.js HTTP/1.1" 404 217 "-" "Mozilla/5.0 (Windows NT 10.0; Win64; x64) AppleWebKit/537.36 (KHTML, like Gecko) Chrome/91.0.4472.124 Safari/537.36"
185.177.72.106 - - [22/Aug/2025:08:05:09 +0300] "GET /nuxt.config.js HTTP/1.1" 404 212 "-" "Mozilla/5.0 (Windows NT 10.0; Win64; x64) AppleWebKit/537.36 (KHTML, like Gecko) Chrome/91.0.4472.124 Safari/537.36"
185.177.72.106 - - [22/Aug/2025:08:05:09 +0300] "GET /.output/server/.env HTTP/1.1" 404 217 "-" "Mozilla/5.0 (Windows NT 10.0; Win64; x64) AppleWebKit/537.36 (KHTML, like Gecko) Chrome/91.0.4472.124 Safari/537.36"
167.172.75.182 - - [22/Aug/2025:10:35:19 +0300] "GET / HTTP/1.1" 200 481 "-" "Mozilla/5.0 (Windows NT 10.0; Win64; x64) AppleWebKit/537.36 (KHTML, like Gecko) Chrome/138.0.0.0 Safari/537.36"
198.23.210.59 - - [22/Aug/2025:13:07:39 +0300] "GET /config/.env HTTP/1.1" 404 209 "-" "Mozilla/5.0 (Windows NT 6.3; Win64; x64) AppleWebKit/537.36 (KHTML, like Gecko) Chrome/75.0.3770.80 Safari/537.36"
93.39.67.226 - - [22/Aug/2025:14:37:06 +0300] "GET / HTTP/1.1" 200 481 "-" "Mozilla/5.0 (Windows NT 10.0; Win64; x64) AppleWebKit/537.36 (KHTML, like Gecko) Chrome/74.0.3729.169 Safari/537.36"
93.39.67.226 - - [22/Aug/2025:14:37:06 +0300] "GET / HTTP/1.1" 200 481 "-" "Mozilla/5.0 (Windows NT 10.0; Win64; x64) AppleWebKit/537.36 (KHTML, like Gecko) Chrome/74.0.3729.169 Safari/537.36"
104.210.140.128 - - [22/Aug/2025:18:31:15 +0300] "GET /robots.txt HTTP/1.1" 404 208 "-" "Mozilla/5.0 (Macintosh; Intel Mac OS X 10_15_7) AppleWebKit/537.36 (KHTML, like Gecko) Chrome/131.0.0.0 Safari/537.36; compatible; OAI-SearchBot/1.0; +https://openai.com/searchbot"
104.210.140.131 - - [22/Aug/2025:18:31:15 +0300] "GET /robots.txt HTTP/1.1" 404 208 "-" "Mozilla/5.0 (Macintosh; Intel Mac OS X 10_15_7) AppleWebKit/537.36 (KHTML, like Gecko) Chrome/131.0.0.0 Safari/537.36; compatible; OAI-SearchBot/1.0; +https://openai.com/searchbot"
66.249.70.33 - - [22/Aug/2025:18:41:59 +0300] "GET /robots.txt HTTP/1.1" 404 208 "-" "Mozilla/5.0 (compatible; Googlebot/2.1; +http://www.google.com/bot.html)"
4.227.36.21 - - [22/Aug/2025:18:58:39 +0300] "GET /robots.txt HTTP/1.1" 404 208 "-" "Mozilla/5.0 AppleWebKit/537.36 (KHTML, like Gecko; compatible; GPTBot/1.2; +https://openai.com/gptbot)"
4.227.36.21 - - [22/Aug/2025:20:47:51 +0300] "GET /robots.txt HTTP/1.1" 404 208 "-" "Mozilla/5.0 AppleWebKit/537.36 (KHTML, like Gecko; compatible; GPTBot/1.2; +https://openai.com/gptbot)"
198.23.210.59 - - [22/Aug/2025:23:39:54 +0300] "GET /app/.env HTTP/1.1" 404 206 "-" "Mozilla/5.0 (OS/2; Warp 4.5; rv:24.0) Gecko/20100101 Firefox/24.0"
198.235.24.254 - - [23/Aug/2025:01:11:33 +0300] "GET / HTTP/1.1" 200 481 "-" "Hello from Palo Alto Networks, find out more about our scans in https://docs-cortex.paloaltonetworks.com/r/1/Cortex-Xpanse/Scanning-activity"
93.39.67.226 - - [23/Aug/2025:01:37:17 +0300] "GET / HTTP/1.1" 200 481 "-" "Mozilla/5.0 (Windows NT 10.0; Win64; x64) AppleWebKit/537.36 (KHTML, like Gecko) Chrome/74.0.3729.169 Safari/537.36"
93.39.67.226 - - [23/Aug/2025:01:37:18 +0300] "GET / HTTP/1.1" 200 481 "-" "Mozilla/5.0 (Windows NT 10.0; Win64; x64) AppleWebKit/537.36 (KHTML, like Gecko) Chrome/74.0.3729.169 Safari/537.36"
3.138.185.30 - - [23/Aug/2025:02:06:34 +0300] "GET / HTTP/1.1" 200 278 "-" "Mozilla/5.0 zgrab/0.x"
205.210.31.3 - - [23/Aug/2025:03:16:12 +0300] "GET /shell.php HTTP/1.1" 404 207 "-" "Hello from Palo Alto Networks, find out more about our scans in https://docs-cortex.paloaltonetworks.com/r/1/Cortex-Xpanse/Scanning-activity"
205.210.31.77 - - [23/Aug/2025:03:16:13 +0300] "GET /webshell HTTP/1.1" 404 206 "-" "Hello from Palo Alto Networks, find out more about our scans in https://docs-cortex.paloaltonetworks.com/r/1/Cortex-Xpanse/Scanning-activity"
198.235.24.224 - - [23/Aug/2025:03:17:09 +0300] "GET /webshell HTTP/1.1" 404 206 "-" "Hello from Palo Alto Networks, find out more about our scans in https://docs-cortex.paloaltonetworks.com/r/1/Cortex-Xpanse/Scanning-activity"
198.235.24.224 - - [23/Aug/2025:03:17:09 +0300] "GET /shell.php HTTP/1.1" 404 207 "-" "Hello from Palo Alto Networks, find out more about our scans in https://docs-cortex.paloaltonetworks.com/r/1/Cortex-Xpanse/Scanning-activity"
198.235.24.84 - - [23/Aug/2025:03:20:29 +0300] "GET /shell HTTP/1.1" 404 203 "-" "Hello from Palo Alto Networks, find out more about our scans in https://docs-cortex.paloaltonetworks.com/r/1/Cortex-Xpanse/Scanning-activity"
205.210.31.167 - - [23/Aug/2025:03:20:39 +0300] "GET /webshell.php HTTP/1.1" 404 210 "-" "Hello from Palo Alto Networks, find out more about our scans in https://docs-cortex.paloaltonetworks.com/r/1/Cortex-Xpanse/Scanning-activity"
205.210.31.144 - - [23/Aug/2025:03:20:40 +0300] "GET /webshell.php HTTP/1.1" 404 210 "-" "Hello from Palo Alto Networks, find out more about our scans in https://docs-cortex.paloaltonetworks.com/r/1/Cortex-Xpanse/Scanning-activity"
185.177.72.56 - - [23/Aug/2025:03:25:13 +0300] "GET /.git/HEAD HTTP/1.1" 404 207 "-" "-"
198.235.24.73 - - [23/Aug/2025:03:38:11 +0300] "GET /shell HTTP/1.1" 404 203 "-" "Hello from Palo Alto Networks, find out more about our scans in https://docs-cortex.paloaltonetworks.com/r/1/Cortex-Xpanse/Scanning-activity"
45.148.10.80 - - [23/Aug/2025:04:47:56 +0300] "GET / HTTP/1.1" 200 278 "-" "SonyEricssonW580i/R6BC Browser/NetFront/3.3 Profile/MIDP-2.0 Configuration/CLDC-1.1"
45.141.233.208 - - [23/Aug/2025:09:11:16 +0300] "GET /.env HTTP/1.1" 404 202 "-" "Mozilla/5.0 (Windows NT 10.0; Win64; x64) AppleWebKit/537.36 (KHTML, like Gecko) Chrome/136.0.0.0 Safari/537.36"
198.23.210.59 - - [23/Aug/2025:10:09:01 +0300] "GET /src/.env HTTP/1.1" 404 206 "-" "Mozilla/5.0 (Windows NT 6.1) AppleWebKit/537.36 (KHTML, like Gecko) Chrome/73.0.3683.103 Safari/537.36"
74.225.235.110 - - [23/Aug/2025:10:29:51 +0300] "GET /wp-content/plugins/hellopress/wp_filemanager.php HTTP/1.1" 404 246 "-" "-"
74.225.235.110 - - [23/Aug/2025:10:29:52 +0300] "GET /xc.php HTTP/1.1" 404 204 "-" "-"
74.225.235.110 - - [23/Aug/2025:10:29:52 +0300] "GET /gmo.php HTTP/1.1" 404 205 "-" "-"
74.225.235.110 - - [23/Aug/2025:10:29:52 +0300] "GET /lock360.php HTTP/1.1" 404 209 "-" "-"
74.225.235.110 - - [23/Aug/2025:10:29:52 +0300] "GET /ar.php HTTP/1.1" 404 204 "-" "-"
74.225.235.110 - - [23/Aug/2025:10:29:52 +0300] "GET /we.php HTTP/1.1" 404 204 "-" "-"
74.225.235.110 - - [23/Aug/2025:10:29:52 +0300] "GET /abcd.php HTTP/1.1" 404 206 "-" "-"
74.225.235.110 - - [23/Aug/2025:10:29:52 +0300] "GET /modules/mod_simplefileuploadv1.3/elements/filemanager.php HTTP/1.1" 404 255 "-" "-"
74.225.235.110 - - [23/Aug/2025:10:29:52 +0300] "GET /pp.php HTTP/1.1" 404 204 "-" "-"
74.225.235.110 - - [23/Aug/2025:10:29:53 +0300] "GET /wp.php HTTP/1.1" 404 204 "-" "-"
74.225.235.110 - - [23/Aug/2025:10:29:53 +0300] "GET /geck.php HTTP/1.1" 404 206 "-" "-"
74.225.235.110 - - [23/Aug/2025:10:29:53 +0300] "GET /class20.php HTTP/1.1" 404 209 "-" "-"
74.225.235.110 - - [23/Aug/2025:10:29:53 +0300] "GET /ol.php HTTP/1.1" 404 204 "-" "-"
74.225.235.110 - - [23/Aug/2025:10:29:53 +0300] "GET /wp-gr.php HTTP/1.1" 404 207 "-" "-"
74.225.235.110 - - [23/Aug/2025:10:29:53 +0300] "GET /pp.php HTTP/1.1" 404 204 "-" "-"
74.225.235.110 - - [23/Aug/2025:10:29:53 +0300] "GET /error.php HTTP/1.1" 404 207 "-" "-"
74.225.235.110 - - [23/Aug/2025:10:29:54 +0300] "GET /wp-gr.php HTTP/1.1" 404 207 "-" "-"
74.225.235.110 - - [23/Aug/2025:10:29:54 +0300] "GET /build.php HTTP/1.1" 404 207 "-" "-"
74.225.235.110 - - [23/Aug/2025:10:29:54 +0300] "GET /chosen.php HTTP/1.1" 404 208 "-" "-"
74.225.235.110 - - [23/Aug/2025:10:29:54 +0300] "GET /class20.php HTTP/1.1" 404 209 "-" "-"
74.225.235.110 - - [23/Aug/2025:10:29:54 +0300] "GET /size.php HTTP/1.1" 404 206 "-" "-"
74.225.235.110 - - [23/Aug/2025:10:29:54 +0300] "GET /2x.php HTTP/1.1" 404 204 "-" "-"
74.225.235.110 - - [23/Aug/2025:10:29:54 +0300] "GET /fm.php?p= HTTP/1.1" 404 204 "-" "-"
4.227.36.56 - - [23/Aug/2025:11:32:02 +0300] "GET /robots.txt HTTP/1.1" 404 208 "-" "Mozilla/5.0 AppleWebKit/537.36 (KHTML, like Gecko; compatible; GPTBot/1.2; +https://openai.com/gptbot)"
20.171.207.250 - - [23/Aug/2025:11:32:05 +0300] "GET / HTTP/1.1" 200 278 "-" "Mozilla/5.0 AppleWebKit/537.36 (KHTML, like Gecko; compatible; GPTBot/1.2; +https://openai.com/gptbot)"
20.171.207.250 - - [23/Aug/2025:11:32:07 +0300] "GET /?C=D%3BO%3DA HTTP/1.1" 200 278 "-" "Mozilla/5.0 AppleWebKit/537.36 (KHTML, like Gecko; compatible; GPTBot/1.2; +https://openai.com/gptbot)"
20.171.207.250 - - [23/Aug/2025:11:32:09 +0300] "GET /?C=S%3BO%3DA HTTP/1.1" 200 278 "-" "Mozilla/5.0 AppleWebKit/537.36 (KHTML, like Gecko; compatible; GPTBot/1.2; +https://openai.com/gptbot)"
20.171.207.250 - - [23/Aug/2025:11:32:12 +0300] "GET /?C=N%3BO%3DD HTTP/1.1" 200 278 "-" "Mozilla/5.0 AppleWebKit/537.36 (KHTML, like Gecko; compatible; GPTBot/1.2; +https://openai.com/gptbot)"
20.171.207.250 - - [23/Aug/2025:11:32:14 +0300] "GET /?C=M%3BO%3DA HTTP/1.1" 200 278 "-" "Mozilla/5.0 AppleWebKit/537.36 (KHTML, like Gecko; compatible; GPTBot/1.2; +https://openai.com/gptbot)"
93.39.67.226 - - [23/Aug/2025:12:29:32 +0300] "GET / HTTP/1.1" 200 481 "-" "Mozilla/5.0 (Windows NT 10.0; Win64; x64) AppleWebKit/537.36 (KHTML, like Gecko) Chrome/74.0.3729.169 Safari/537.36"
93.39.67.226 - - [23/Aug/2025:12:29:32 +0300] "GET / HTTP/1.1" 200 481 "-" "Mozilla/5.0 (Windows NT 10.0; Win64; x64) AppleWebKit/537.36 (KHTML, like Gecko) Chrome/74.0.3729.169 Safari/537.36"
104.210.140.141 - - [23/Aug/2025:12:54:21 +0300] "GET /robots.txt HTTP/1.1" 404 208 "-" "Mozilla/5.0 (Macintosh; Intel Mac OS X 10_15_7) AppleWebKit/537.36 (KHTML, like Gecko) Chrome/131.0.0.0 Safari/537.36; compatible; OAI-SearchBot/1.0; +https://openai.com/searchbot"
104.210.140.131 - - [23/Aug/2025:12:54:21 +0300] "GET /robots.txt HTTP/1.1" 404 208 "-" "Mozilla/5.0 (Macintosh; Intel Mac OS X 10_15_7) AppleWebKit/537.36 (KHTML, like Gecko) Chrome/131.0.0.0 Safari/537.36; compatible; OAI-SearchBot/1.0; +https://openai.com/searchbot"
4.227.36.56 - - [23/Aug/2025:15:02:56 +0300] "GET /robots.txt HTTP/1.1" 404 208 "-" "Mozilla/5.0 AppleWebKit/537.36 (KHTML, like Gecko; compatible; GPTBot/1.2; +https://openai.com/gptbot)"
194.59.30.178 - - [23/Aug/2025:17:38:25 +0300] "GET /info.php HTTP/1.1" 404 206 "-" "Mozilla/5.0 (Windows NT 10.0; Win64; x64) GoKeyScanner/1.0"
4.227.36.56 - - [23/Aug/2025:18:14:03 +0300] "GET /robots.txt HTTP/1.1" 404 208 "-" "Mozilla/5.0 AppleWebKit/537.36 (KHTML, like Gecko; compatible; GPTBot/1.2; +https://openai.com/gptbot)"
198.235.24.20 - - [23/Aug/2025:18:35:55 +0300] "GET / HTTP/1.1" 200 481 "-" "-"
198.23.210.59 - - [23/Aug/2025:20:44:36 +0300] "GET /.env~ HTTP/1.1" 404 203 "-" "w3m/0.5.1"
162.142.125.223 - - [23/Aug/2025:21:17:11 +0300] "GET / HTTP/1.1" 200 278 "-" "Mozilla/5.0 (compatible; CensysInspect/1.1; +https://about.censys.io/)"
162.142.125.223 - - [23/Aug/2025:21:17:12 +0300] "GET /favicon.ico HTTP/1.1" 404 209 "-" "Mozilla/5.0 (compatible; CensysInspect/1.1; +https://about.censys.io/)"
162.142.125.223 - - [23/Aug/2025:21:17:20 +0300] "GET / HTTP/1.1" 200 278 "-" "Mozilla/5.0 (compatible; CensysInspect/1.1; +https://about.censys.io/)"
162.142.125.223 - - [23/Aug/2025:21:17:24 +0300] "GET /favicon.ico HTTP/1.1" 404 209 "-" "Mozilla/5.0 (compatible; CensysInspect/1.1; +https://about.censys.io/)"
162.142.125.223 - - [23/Aug/2025:21:17:30 +0300] "GET /.well-known/security.txt HTTP/1.1" 404 222 "-" "Mozilla/5.0 (compatible; CensysInspect/1.1; +https://about.censys.io/)"
4.227.36.56 - - [23/Aug/2025:22:41:45 +0300] "GET /robots.txt HTTP/1.1" 404 208 "-" "Mozilla/5.0 AppleWebKit/537.36 (KHTML, like Gecko; compatible; GPTBot/1.2; +https://openai.com/gptbot)"
93.39.67.226 - - [23/Aug/2025:22:50:31 +0300] "GET / HTTP/1.1" 200 481 "-" "Mozilla/5.0 (Windows NT 10.0; Win64; x64) AppleWebKit/537.36 (KHTML, like Gecko) Chrome/74.0.3729.169 Safari/537.36"
93.39.67.226 - - [23/Aug/2025:22:50:32 +0300] "GET / HTTP/1.1" 200 481 "-" "Mozilla/5.0 (Windows NT 10.0; Win64; x64) AppleWebKit/537.36 (KHTML, like Gecko) Chrome/74.0.3729.169 Safari/537.36"
4.227.36.56 - - [23/Aug/2025:23:22:57 +0300] "GET /robots.txt HTTP/1.1" 404 208 "-" "Mozilla/5.0 AppleWebKit/537.36 (KHTML, like Gecko; compatible; GPTBot/1.2; +https://openai.com/gptbot)"
45.148.10.80 - - [24/Aug/2025:01:58:27 +0300] "GET / HTTP/1.1" 200 278 "-" "Mozilla/5.0 (Windows NT 10.0; WOW64) AppleWebKit/537.36 (KHTML, like Gecko) Chrome/57.0.2987.98 Safari/537.36 LBBROWSER"
4.227.36.56 - - [24/Aug/2025:05:21:54 +0300] "GET /robots.txt HTTP/1.1" 404 208 "-" "Mozilla/5.0 AppleWebKit/537.36 (KHTML, like Gecko; compatible; GPTBot/1.2; +https://openai.com/gptbot)"
103.186.31.45 - - [24/Aug/2025:06:14:10 +0300] "GET /wp-login.php HTTP/1.1" 404 210 "-" "Mozilla/5.0"
198.23.210.59 - - [24/Aug/2025:07:04:14 +0300] "GET /.env.swp HTTP/1.1" 404 206 "-" "Mozilla/5.0 (Windows NT 6.1; Win64; x64) AppleWebKit/537.36 (KHTML, like Gecko) Chrome/76.0.3809.100 Safari/537.36"
4.227.36.56 - - [24/Aug/2025:07:11:27 +0300] "GET /robots.txt HTTP/1.1" 404 208 "-" "Mozilla/5.0 AppleWebKit/537.36 (KHTML, like Gecko; compatible; GPTBot/1.2; +https://openai.com/gptbot)"
104.210.140.139 - - [24/Aug/2025:07:15:44 +0300] "GET /robots.txt HTTP/1.1" 404 208 "-" "Mozilla/5.0 (Macintosh; Intel Mac OS X 10_15_7) AppleWebKit/537.36 (KHTML, like Gecko) Chrome/131.0.0.0 Safari/537.36; compatible; OAI-SearchBot/1.0; +https://openai.com/searchbot"
104.210.140.135 - - [24/Aug/2025:07:15:45 +0300] "GET /robots.txt HTTP/1.1" 404 208 "-" "Mozilla/5.0 (Macintosh; Intel Mac OS X 10_15_7) AppleWebKit/537.36 (KHTML, like Gecko) Chrome/131.0.0.0 Safari/537.36; compatible; OAI-SearchBot/1.0; +https://openai.com/searchbot"
198.235.24.207 - - [24/Aug/2025:08:02:48 +0300] "GET /.well-known/security.txt HTTP/1.1" 404 222 "-" "Hello from Palo Alto Networks, find out more about our scans in https://docs-cortex.paloaltonetworks.com/r/1/Cortex-Xpanse/Scanning-activity"
198.235.24.220 - - [24/Aug/2025:08:28:12 +0300] "GET /.well-known/security.txt HTTP/1.1" 404 222 "-" "Hello from Palo Alto Networks, find out more about our scans in https://docs-cortex.paloaltonetworks.com/r/1/Cortex-Xpanse/Scanning-activity"
93.39.67.226 - - [24/Aug/2025:09:35:16 +0300] "GET / HTTP/1.1" 200 481 "-" "Mozilla/5.0 (Windows NT 10.0; Win64; x64) AppleWebKit/537.36 (KHTML, like Gecko) Chrome/74.0.3729.169 Safari/537.36"
93.39.67.226 - - [24/Aug/2025:09:35:16 +0300] "GET / HTTP/1.1" 200 481 "-" "Mozilla/5.0 (Windows NT 10.0; Win64; x64) AppleWebKit/537.36 (KHTML, like Gecko) Chrome/74.0.3729.169 Safari/537.36"
93.123.109.225 - - [24/Aug/2025:12:40:36 +0300] "GET / HTTP/1.1" 200 278 "-" "Mozilla/5.0 (Windows NT 10.0; Win64; x64) AppleWebKit/537.36 (KHTML, like Gecko) Chrome/78.0.3872.0 Safari/537.36 Edg/78.0.244.0"
198.23.210.59 - - [24/Aug/2025:17:07:52 +0300] "GET /api/v1/.env HTTP/1.1" 404 209 "-" "Mozilla/5.0 (Linux; Android 9; SM-N950F) AppleWebKit/537.36 (KHTML, like Gecko) Chrome/76.0.3809.111 Mobile Safari/537.36"
4.227.36.56 - - [24/Aug/2025:17:22:44 +0300] "GET /robots.txt HTTP/1.1" 404 208 "-" "Mozilla/5.0 AppleWebKit/537.36 (KHTML, like Gecko; compatible; GPTBot/1.2; +https://openai.com/gptbot)"
185.177.72.36 - - [24/Aug/2025:17:26:45 +0300] "GET /.git/HEAD HTTP/1.1" 404 207 "-" "-"
37.187.27.125 - - [24/Aug/2025:19:21:25 +0300] "GET / HTTP/1.1" 200 481 "-" "Mozilla/5.0 (compatible; MJ12bot/v1.4.8; http://mj12bot.com/)"
37.187.27.125 - - [24/Aug/2025:19:21:28 +0300] "GET / HTTP/1.1" 200 278 "-" "Mozilla/5.0 (compatible; MJ12bot/v1.4.8; http://mj12bot.com/)"
207.46.13.229 - - [24/Aug/2025:20:17:37 +0300] "GET /robots.txt HTTP/1.1" 404 208 "-" "Mozilla/5.0 AppleWebKit/537.36 (KHTML, like Gecko; compatible; bingbot/2.0; +http://www.bing.com/bingbot.htm) Chrome/116.0.1938.76 Safari/537.36"
157.55.39.56 - - [24/Aug/2025:20:17:39 +0300] "GET /Admission_Employment/App HTTP/1.1" 404 222 "-" "Mozilla/5.0 AppleWebKit/537.36 (KHTML, like Gecko; compatible; bingbot/2.0; +http://www.bing.com/bingbot.htm) Chrome/116.0.1938.76 Safari/537.36"
93.39.67.226 - - [24/Aug/2025:20:40:36 +0300] "GET / HTTP/1.1" 200 481 "-" "Mozilla/5.0 (Windows NT 10.0; Win64; x64) AppleWebKit/537.36 (KHTML, like Gecko) Chrome/74.0.3729.169 Safari/537.36"
93.39.67.226 - - [24/Aug/2025:20:40:36 +0300] "GET / HTTP/1.1" 200 481 "-" "Mozilla/5.0 (Windows NT 10.0; Win64; x64) AppleWebKit/537.36 (KHTML, like Gecko) Chrome/74.0.3729.169 Safari/537.36"
145.220.91.19 - - [24/Aug/2025:22:53:30 +0300] "GET / HTTP/1.1" 200 278 "-" "Mozilla/5.0 (Macintosh; Intel Mac OS X 10.15; rv:122.0) Gecko/20100101 Firefox/122.0"
4.227.36.56 - - [24/Aug/2025:23:04:10 +0300] "GET /robots.txt HTTP/1.1" 404 208 "-" "Mozilla/5.0 AppleWebKit/537.36 (KHTML, like Gecko; compatible; GPTBot/1.2; +https://openai.com/gptbot)"
104.210.140.141 - - [25/Aug/2025:01:38:32 +0300] "GET /robots.txt HTTP/1.1" 404 208 "-" "Mozilla/5.0 (Macintosh; Intel Mac OS X 10_15_7) AppleWebKit/537.36 (KHTML, like Gecko) Chrome/131.0.0.0 Safari/537.36; compatible; OAI-SearchBot/1.0; +https://openai.com/searchbot"
104.210.140.135 - - [25/Aug/2025:01:38:32 +0300] "GET /robots.txt HTTP/1.1" 404 208 "-" "Mozilla/5.0 (Macintosh; Intel Mac OS X 10_15_7) AppleWebKit/537.36 (KHTML, like Gecko) Chrome/131.0.0.0 Safari/537.36; compatible; OAI-SearchBot/1.0; +https://openai.com/searchbot"
4.227.36.56 - - [25/Aug/2025:02:54:49 +0300] "GET /robots.txt HTTP/1.1" 404 208 "-" "Mozilla/5.0 AppleWebKit/537.36 (KHTML, like Gecko; compatible; GPTBot/1.2; +https://openai.com/gptbot)"
198.23.210.59 - - [25/Aug/2025:03:09:11 +0300] "GET /v1/.env HTTP/1.1" 404 205 "-" "Mozilla/4.0 (compatible; MSIE 8.0; Windows NT 5.1; Trident/4.0; .NET CLR 2.0.50727; .NET CLR 3.0.04506.648; .NET CLR 3.5.21022; .NET CLR 3.0.4506.2152; .NET CLR 3.5.30729)"
4.227.36.56 - - [25/Aug/2025:03:13:11 +0300] "GET /robots.txt HTTP/1.1" 404 208 "-" "Mozilla/5.0 AppleWebKit/537.36 (KHTML, like Gecko; compatible; GPTBot/1.2; +https://openai.com/gptbot)"
185.177.72.111 - - [25/Aug/2025:03:15:47 +0300] "GET /.git/HEAD HTTP/1.1" 404 207 "-" "-"
93.39.67.226 - - [25/Aug/2025:07:37:54 +0300] "GET / HTTP/1.1" 200 481 "-" "Mozilla/5.0 (Windows NT 10.0; Win64; x64) AppleWebKit/537.36 (KHTML, like Gecko) Chrome/74.0.3729.169 Safari/537.36"
93.39.67.226 - - [25/Aug/2025:07:37:54 +0300] "GET / HTTP/1.1" 200 481 "-" "Mozilla/5.0 (Windows NT 10.0; Win64; x64) AppleWebKit/537.36 (KHTML, like Gecko) Chrome/74.0.3729.169 Safari/537.36"
4.227.36.56 - - [25/Aug/2025:10:46:01 +0300] "GET /robots.txt HTTP/1.1" 404 208 "-" "Mozilla/5.0 AppleWebKit/537.36 (KHTML, like Gecko; compatible; GPTBot/1.2; +https://openai.com/gptbot)"
207.46.13.78 - - [25/Aug/2025:12:42:51 +0300] "GET /files/slides/2022/12/qteasnt5oncwbec3.jpg HTTP/1.1" 404 239 "-" "Mozilla/5.0 AppleWebKit/537.36 (KHTML, like Gecko; compatible; bingbot/2.0; +http://www.bing.com/bingbot.htm) Chrome/116.0.1938.76 Safari/537.36"
52.167.144.17 - - [25/Aug/2025:12:50:34 +0300] "GET /files/slides/2020/10/klvmoo2fi9tixmqrpqj.jpg HTTP/1.1" 404 242 "-" "Mozilla/5.0 AppleWebKit/537.36 (KHTML, like Gecko; compatible; bingbot/2.0; +http://www.bing.com/bingbot.htm) Chrome/116.0.1938.76 Safari/537.36"
198.23.210.59 - - [25/Aug/2025:12:58:53 +0300] "GET /core/.env HTTP/1.1" 404 207 "-" "Nokia6100/1.0 (04.01) Profile/MIDP-1.0 Configuration/CLDC-1.0"
66.249.70.33 - - [25/Aug/2025:17:22:36 +0300] "GET /robots.txt HTTP/1.1" 404 208 "-" "Mozilla/5.0 (compatible; Googlebot/2.1; +http://www.google.com/bot.html)"
93.39.67.226 - - [25/Aug/2025:17:48:34 +0300] "GET / HTTP/1.1" 200 481 "-" "Mozilla/5.0 (Windows NT 10.0; Win64; x64) AppleWebKit/537.36 (KHTML, like Gecko) Chrome/74.0.3729.169 Safari/537.36"
93.39.67.226 - - [25/Aug/2025:17:48:34 +0300] "GET / HTTP/1.1" 200 481 "-" "Mozilla/5.0 (Windows NT 10.0; Win64; x64) AppleWebKit/537.36 (KHTML, like Gecko) Chrome/74.0.3729.169 Safari/537.36"
52.167.144.216 - - [25/Aug/2025:19:40:45 +0300] "GET /files/uezojiwvtdzpdsoun2v1.jpg HTTP/1.1" 404 228 "-" "Mozilla/5.0 AppleWebKit/537.36 (KHTML, like Gecko; compatible; bingbot/2.0; +http://www.bing.com/bingbot.htm) Chrome/116.0.1938.76 Safari/537.36"
104.210.140.133 - - [25/Aug/2025:19:58:03 +0300] "GET /robots.txt HTTP/1.1" 404 208 "-" "Mozilla/5.0 (Macintosh; Intel Mac OS X 10_15_7) AppleWebKit/537.36 (KHTML, like Gecko) Chrome/131.0.0.0 Safari/537.36; compatible; OAI-SearchBot/1.0; +https://openai.com/searchbot"
104.210.140.136 - - [25/Aug/2025:19:58:03 +0300] "GET /robots.txt HTTP/1.1" 404 208 "-" "Mozilla/5.0 (Macintosh; Intel Mac OS X 10_15_7) AppleWebKit/537.36 (KHTML, like Gecko) Chrome/131.0.0.0 Safari/537.36; compatible; OAI-SearchBot/1.0; +https://openai.com/searchbot"
4.227.36.56 - - [25/Aug/2025:20:46:30 +0300] "GET /robots.txt HTTP/1.1" 404 208 "-" "Mozilla/5.0 AppleWebKit/537.36 (KHTML, like Gecko; compatible; GPTBot/1.2; +https://openai.com/gptbot)"
20.171.207.224 - - [25/Aug/2025:20:50:08 +0300] "GET / HTTP/1.1" 200 278 "-" "Mozilla/5.0 AppleWebKit/537.36 (KHTML, like Gecko; compatible; GPTBot/1.2; +https://openai.com/gptbot)"
20.171.207.224 - - [25/Aug/2025:20:50:18 +0300] "GET /?C=D%3BO%3DA HTTP/1.1" 200 278 "-" "Mozilla/5.0 AppleWebKit/537.36 (KHTML, like Gecko; compatible; GPTBot/1.2; +https://openai.com/gptbot)"
20.171.207.224 - - [25/Aug/2025:20:50:20 +0300] "GET /?C=S%3BO%3DA HTTP/1.1" 200 278 "-" "Mozilla/5.0 AppleWebKit/537.36 (KHTML, like Gecko; compatible; GPTBot/1.2; +https://openai.com/gptbot)"
20.171.207.224 - - [25/Aug/2025:20:50:22 +0300] "GET /?C=N%3BO%3DD HTTP/1.1" 200 278 "-" "Mozilla/5.0 AppleWebKit/537.36 (KHTML, like Gecko; compatible; GPTBot/1.2; +https://openai.com/gptbot)"
20.171.207.224 - - [25/Aug/2025:20:50:24 +0300] "GET /?C=M%3BO%3DA HTTP/1.1" 200 278 "-" "Mozilla/5.0 AppleWebKit/537.36 (KHTML, like Gecko; compatible; GPTBot/1.2; +https://openai.com/gptbot)"
4.227.36.56 - - [25/Aug/2025:21:02:00 +0300] "GET /robots.txt HTTP/1.1" 404 208 "-" "Mozilla/5.0 AppleWebKit/537.36 (KHTML, like Gecko; compatible; GPTBot/1.2; +https://openai.com/gptbot)"
198.23.210.59 - - [25/Aug/2025:22:45:58 +0300] "GET /admin/.env HTTP/1.1" 404 208 "-" "Mozilla/5.0 (Linux; Android 7.0; SM-N9200) AppleWebKit/537.36 (KHTML, like Gecko) Chrome/76.0.3809.111 Mobile Safari/537.36"
4.227.36.56 - - [25/Aug/2025:22:57:25 +0300] "GET /robots.txt HTTP/1.1" 404 208 "-" "Mozilla/5.0 AppleWebKit/537.36 (KHTML, like Gecko; compatible; GPTBot/1.2; +https://openai.com/gptbot)"
52.167.144.168 - - [26/Aug/2025:03:33:03 +0300] "GET /files/qojkyynoq5z1sheycxpd.jpg HTTP/1.1" 404 228 "-" "Mozilla/5.0 AppleWebKit/537.36 (KHTML, like Gecko; compatible; bingbot/2.0; +http://www.bing.com/bingbot.htm) Chrome/116.0.1938.76 Safari/537.36"
93.39.67.226 - - [26/Aug/2025:04:46:05 +0300] "GET / HTTP/1.1" 200 481 "-" "Mozilla/5.0 (Windows NT 10.0; Win64; x64) AppleWebKit/537.36 (KHTML, like Gecko) Chrome/74.0.3729.169 Safari/537.36"
93.39.67.226 - - [26/Aug/2025:04:46:06 +0300] "GET / HTTP/1.1" 200 481 "-" "Mozilla/5.0 (Windows NT 10.0; Win64; x64) AppleWebKit/537.36 (KHTML, like Gecko) Chrome/74.0.3729.169 Safari/537.36"
4.227.36.31 - - [26/Aug/2025:08:06:14 +0300] "GET /robots.txt HTTP/1.1" 404 208 "-" "Mozilla/5.0 AppleWebKit/537.36 (KHTML, like Gecko; compatible; GPTBot/1.2; +https://openai.com/gptbot)"
4.227.36.31 - - [26/Aug/2025:09:42:39 +0300] "GET /robots.txt HTTP/1.1" 404 208 "-" "Mozilla/5.0 AppleWebKit/537.36 (KHTML, like Gecko; compatible; GPTBot/1.2; +https://openai.com/gptbot)"
185.177.72.236 - - [26/Aug/2025:10:29:08 +0300] "GET /.git HTTP/1.1" 404 202 "-" "Mozilla/5.0 (Windows NT 10.0; Win64; x64) AppleWebKit/537.36 (KHTML, like Gecko) Chrome/91.0.4472.124 Safari/537.36"
185.177.72.236 - - [26/Aug/2025:10:29:08 +0300] "GET /.git/HEAD HTTP/1.1" 404 207 "-" "-"
185.177.72.236 - - [26/Aug/2025:10:29:08 +0300] "GET /.git/config HTTP/1.1" 404 209 "-" "Mozilla/5.0 (Windows NT 10.0; Win64; x64) AppleWebKit/537.36 (KHTML, like Gecko) Chrome/91.0.4472.124 Safari/537.36"
185.177.72.236 - - [26/Aug/2025:10:29:09 +0300] "GET /.git/HEAD HTTP/1.1" 404 207 "-" "Mozilla/5.0 (Windows NT 10.0; Win64; x64) AppleWebKit/537.36 (KHTML, like Gecko) Chrome/91.0.4472.124 Safari/537.36"
185.177.72.236 - - [26/Aug/2025:10:29:09 +0300] "GET /.git/index HTTP/1.1" 404 208 "-" "Mozilla/5.0 (Windows NT 10.0; Win64; x64) AppleWebKit/537.36 (KHTML, like Gecko) Chrome/91.0.4472.124 Safari/537.36"
185.177.72.236 - - [26/Aug/2025:10:29:09 +0300] "GET /.git/packed-refs HTTP/1.1" 404 214 "-" "Mozilla/5.0 (Windows NT 10.0; Win64; x64) AppleWebKit/537.36 (KHTML, like Gecko) Chrome/91.0.4472.124 Safari/537.36"
185.177.72.236 - - [26/Aug/2025:10:29:10 +0300] "GET /.git/refs/heads/master HTTP/1.1" 404 220 "-" "Mozilla/5.0 (Windows NT 10.0; Win64; x64) AppleWebKit/537.36 (KHTML, like Gecko) Chrome/91.0.4472.124 Safari/537.36"
185.177.72.236 - - [26/Aug/2025:10:29:10 +0300] "GET /.git/refs/heads/main HTTP/1.1" 404 218 "-" "Mozilla/5.0 (Windows NT 10.0; Win64; x64) AppleWebKit/537.36 (KHTML, like Gecko) Chrome/91.0.4472.124 Safari/537.36"
185.177.72.236 - - [26/Aug/2025:10:29:11 +0300] "GET /.git/logs/HEAD HTTP/1.1" 404 212 "-" "Mozilla/5.0 (Windows NT 10.0; Win64; x64) AppleWebKit/537.36 (KHTML, like Gecko) Chrome/91.0.4472.124 Safari/537.36"
185.177.72.236 - - [26/Aug/2025:10:29:11 +0300] "GET /.git/logs/refs/heads/master HTTP/1.1" 404 225 "-" "Mozilla/5.0 (Windows NT 10.0; Win64; x64) AppleWebKit/537.36 (KHTML, like Gecko) Chrome/91.0.4472.124 Safari/537.36"
185.177.72.236 - - [26/Aug/2025:10:29:12 +0300] "GET /.git/objects/ HTTP/1.1" 404 211 "-" "Mozilla/5.0 (Windows NT 10.0; Win64; x64) AppleWebKit/537.36 (KHTML, like Gecko) Chrome/91.0.4472.124 Safari/537.36"
185.177.72.236 - - [26/Aug/2025:10:29:12 +0300] "GET /.gitignore HTTP/1.1" 404 208 "-" "Mozilla/5.0 (Windows NT 10.0; Win64; x64) AppleWebKit/537.36 (KHTML, like Gecko) Chrome/91.0.4472.124 Safari/537.36"
185.177.72.236 - - [26/Aug/2025:10:29:12 +0300] "GET /.gitconfig HTTP/1.1" 404 208 "-" "Mozilla/5.0 (Windows NT 10.0; Win64; x64) AppleWebKit/537.36 (KHTML, like Gecko) Chrome/91.0.4472.124 Safari/537.36"
185.177.72.236 - - [26/Aug/2025:10:29:13 +0300] "GET /.env HTTP/1.1" 404 202 "-" "Mozilla/5.0 (Windows NT 10.0; Win64; x64) AppleWebKit/537.36 (KHTML, like Gecko) Chrome/91.0.4472.124 Safari/537.36"
185.177.72.236 - - [26/Aug/2025:10:29:13 +0300] "GET /.remote HTTP/1.1" 404 205 "-" "Mozilla/5.0 (Windows NT 10.0; Win64; x64) AppleWebKit/537.36 (KHTML, like Gecko) Chrome/91.0.4472.124 Safari/537.36"
185.177.72.236 - - [26/Aug/2025:10:29:14 +0300] "GET /.local HTTP/1.1" 404 204 "-" "Mozilla/5.0 (Windows NT 10.0; Win64; x64) AppleWebKit/537.36 (KHTML, like Gecko) Chrome/91.0.4472.124 Safari/537.36"
185.177.72.236 - - [26/Aug/2025:10:29:14 +0300] "GET /.production HTTP/1.1" 404 209 "-" "Mozilla/5.0 (Windows NT 10.0; Win64; x64) AppleWebKit/537.36 (KHTML, like Gecko) Chrome/91.0.4472.124 Safari/537.36"
185.177.72.236 - - [26/Aug/2025:10:29:15 +0300] "GET /vendor/.env HTTP/1.1" 404 209 "-" "Mozilla/5.0 (Windows NT 10.0; Win64; x64) AppleWebKit/537.36 (KHTML, like Gecko) Chrome/91.0.4472.124 Safari/537.36"
157.55.39.49 - - [26/Aug/2025:13:30:21 +0300] "GET /files/ooxy1ysmqo03sbd03fb5.jpg HTTP/1.1" 404 228 "-" "Mozilla/5.0 AppleWebKit/537.36 (KHTML, like Gecko; compatible; bingbot/2.0; +http://www.bing.com/bingbot.htm) Chrome/116.0.1938.76 Safari/537.36"
104.210.140.141 - - [26/Aug/2025:14:19:38 +0300] "GET /robots.txt HTTP/1.1" 404 208 "-" "Mozilla/5.0 (Macintosh; Intel Mac OS X 10_15_7) AppleWebKit/537.36 (KHTML, like Gecko) Chrome/131.0.0.0 Safari/537.36; compatible; OAI-SearchBot/1.0; +https://openai.com/searchbot"
104.210.140.129 - - [26/Aug/2025:14:19:40 +0300] "GET /robots.txt HTTP/1.1" 404 208 "-" "Mozilla/5.0 (Macintosh; Intel Mac OS X 10_15_7) AppleWebKit/537.36 (KHTML, like Gecko) Chrome/131.0.0.0 Safari/537.36; compatible; OAI-SearchBot/1.0; +https://openai.com/searchbot"
93.39.67.226 - - [26/Aug/2025:15:57:43 +0300] "GET / HTTP/1.1" 200 481 "-" "Mozilla/5.0 (Windows NT 10.0; Win64; x64) AppleWebKit/537.36 (KHTML, like Gecko) Chrome/74.0.3729.169 Safari/537.36"
93.39.67.226 - - [26/Aug/2025:15:57:44 +0300] "GET / HTTP/1.1" 200 481 "-" "Mozilla/5.0 (Windows NT 10.0; Win64; x64) AppleWebKit/537.36 (KHTML, like Gecko) Chrome/74.0.3729.169 Safari/537.36"
3.138.185.30 - - [26/Aug/2025:18:33:00 +0300] "GET / HTTP/1.1" 200 278 "-" "Mozilla/5.0 zgrab/0.x"
40.77.167.17 - - [26/Aug/2025:19:17:36 +0300] "GET /files/qojkyynoq5z1sheycxpd.jpg HTTP/1.1" 404 228 "-" "Mozilla/5.0 AppleWebKit/537.36 (KHTML, like Gecko; compatible; bingbot/2.0; +http://www.bing.com/bingbot.htm) Chrome/116.0.1938.76 Safari/537.36"
207.46.13.229 - - [26/Aug/2025:22:33:51 +0300] "GET /robots.txt HTTP/1.1" 404 208 "-" "Mozilla/5.0 AppleWebKit/537.36 (KHTML, like Gecko; compatible; bingbot/2.0; +http://www.bing.com/bingbot.htm) Chrome/116.0.1938.76 Safari/537.36"
207.46.13.7 - - [26/Aug/2025:22:34:01 +0300] "GET /files/uzsfxqeq1aaj4cubckmq.jpeg HTTP/1.1" 404 229 "-" "Mozilla/5.0 AppleWebKit/537.36 (KHTML, like Gecko; compatible; bingbot/2.0; +http://www.bing.com/bingbot.htm) Chrome/116.0.1938.76 Safari/537.36"
207.46.13.160 - - [26/Aug/2025:23:59:40 +0300] "GET /files/uzsfxqeq1aaj4cubckmq.jpeg HTTP/1.1" 404 229 "-" "Mozilla/5.0 AppleWebKit/537.36 (KHTML, like Gecko; compatible; bingbot/2.0; +http://www.bing.com/bingbot.htm) Chrome/116.0.1938.76 Safari/537.36"
40.77.167.59 - - [27/Aug/2025:02:12:39 +0300] "GET /files/slides/2020/10/yvtlr1pydi.jpg HTTP/1.1" 404 233 "-" "Mozilla/5.0 AppleWebKit/537.36 (KHTML, like Gecko; compatible; bingbot/2.0; +http://www.bing.com/bingbot.htm) Chrome/116.0.1938.76 Safari/537.36"
207.46.13.7 - - [27/Aug/2025:03:19:43 +0300] "GET /files/uzsfxqeq1aaj4cubckmq.jpeg HTTP/1.1" 404 229 "-" "Mozilla/5.0 AppleWebKit/537.36 (KHTML, like Gecko; compatible; bingbot/2.0; +http://www.bing.com/bingbot.htm) Chrome/116.0.1938.76 Safari/537.36"
93.39.67.226 - - [27/Aug/2025:03:28:18 +0300] "GET / HTTP/1.1" 200 481 "-" "Mozilla/5.0 (Windows NT 10.0; Win64; x64) AppleWebKit/537.36 (KHTML, like Gecko) Chrome/74.0.3729.169 Safari/537.36"
93.39.67.226 - - [27/Aug/2025:03:28:19 +0300] "GET / HTTP/1.1" 200 481 "-" "Mozilla/5.0 (Windows NT 10.0; Win64; x64) AppleWebKit/537.36 (KHTML, like Gecko) Chrome/74.0.3729.169 Safari/537.36"
66.249.70.32 - - [27/Aug/2025:04:44:05 +0300] "GET /robots.txt HTTP/1.1" 404 208 "-" "Mozilla/5.0 (compatible; Googlebot/2.1; +http://www.google.com/bot.html)"
20.41.74.215 - - [27/Aug/2025:05:10:58 +0300] "GET /wp-content/plugins/hellopress/wp_filemanager.php HTTP/1.1" 404 246 "-" "-"
20.41.74.215 - - [27/Aug/2025:05:10:59 +0300] "GET /file17.php HTTP/1.1" 404 208 "-" "-"
20.41.74.215 - - [27/Aug/2025:05:10:59 +0300] "GET /file8.php HTTP/1.1" 404 207 "-" "-"
20.41.74.215 - - [27/Aug/2025:05:10:59 +0300] "GET /file.php HTTP/1.1" 404 206 "-" "-"
20.41.74.215 - - [27/Aug/2025:05:10:59 +0300] "GET /file15.php HTTP/1.1" 404 208 "-" "-"
20.41.74.215 - - [27/Aug/2025:05:11:00 +0300] "GET /file3.php HTTP/1.1" 404 207 "-" "-"
20.41.74.215 - - [27/Aug/2025:05:11:00 +0300] "GET /file2.php HTTP/1.1" 404 207 "-" "-"
20.41.74.215 - - [27/Aug/2025:05:11:00 +0300] "GET /file6.php HTTP/1.1" 404 207 "-" "-"
20.41.74.215 - - [27/Aug/2025:05:11:00 +0300] "GET /file9.php HTTP/1.1" 404 207 "-" "-"
20.41.74.215 - - [27/Aug/2025:05:11:00 +0300] "GET /file5.php HTTP/1.1" 404 207 "-" "-"
20.41.74.215 - - [27/Aug/2025:05:11:01 +0300] "GET /file7.php HTTP/1.1" 404 207 "-" "-"
20.41.74.215 - - [27/Aug/2025:05:11:01 +0300] "GET /bless.php HTTP/1.1" 404 207 "-" "-"
20.41.74.215 - - [27/Aug/2025:05:11:01 +0300] "GET /aa.php HTTP/1.1" 404 204 "-" "-"
20.41.74.215 - - [27/Aug/2025:05:11:01 +0300] "GET /law.php HTTP/1.1" 404 205 "-" "-"
20.41.74.215 - - [27/Aug/2025:05:11:01 +0300] "GET /good.php HTTP/1.1" 404 206 "-" "-"
20.41.74.215 - - [27/Aug/2025:05:11:02 +0300] "GET /goods.php HTTP/1.1" 404 207 "-" "-"
20.41.74.215 - - [27/Aug/2025:05:11:02 +0300] "GET /law2.php HTTP/1.1" 404 206 "-" "-"
20.41.74.215 - - [27/Aug/2025:05:11:02 +0300] "GET /lock360.php HTTP/1.1" 404 209 "-" "-"
20.41.74.215 - - [27/Aug/2025:05:11:02 +0300] "GET /.trash7309/index.php HTTP/1.1" 404 218 "-" "-"
20.41.74.215 - - [27/Aug/2025:05:11:03 +0300] "GET /wp-admin/js/wp-conflg.php HTTP/1.1" 404 223 "-" "-"
20.41.74.215 - - [27/Aug/2025:05:11:03 +0300] "GET /403.php HTTP/1.1" 404 205 "-" "-"
20.41.74.215 - - [27/Aug/2025:05:11:03 +0300] "GET /404.php HTTP/1.1" 404 205 "-" "-"
20.41.74.215 - - [27/Aug/2025:05:11:03 +0300] "GET /wp-content/wp-conflg.php HTTP/1.1" 404 222 "-" "-"
20.41.74.215 - - [27/Aug/2025:05:11:03 +0300] "GET /wp-admin/file.php HTTP/1.1" 404 215 "-" "-"
20.41.74.215 - - [27/Aug/2025:05:11:04 +0300] "GET /wp-includes/ID3/index.php HTTP/1.1" 404 223 "-" "-"
20.41.74.215 - - [27/Aug/2025:05:11:04 +0300] "GET /wp-admin/wp-conflg.php HTTP/1.1" 404 220 "-" "-"
20.41.74.215 - - [27/Aug/2025:05:11:04 +0300] "GET /build.php HTTP/1.1" 404 207 "-" "-"
20.41.74.215 - - [27/Aug/2025:05:11:04 +0300] "GET /wp.php HTTP/1.1" 404 204 "-" "-"
20.41.74.215 - - [27/Aug/2025:05:11:05 +0300] "GET /faq.php HTTP/1.1" 404 205 "-" "-"
20.41.74.215 - - [27/Aug/2025:05:11:05 +0300] "GET /wp-conflg.php HTTP/1.1" 404 211 "-" "-"
20.41.74.215 - - [27/Aug/2025:05:11:05 +0300] "GET /about.php HTTP/1.1" 404 207 "-" "-"
20.41.74.215 - - [27/Aug/2025:05:11:05 +0300] "GET /chosen.php HTTP/1.1" 404 208 "-" "-"
20.41.74.215 - - [27/Aug/2025:05:11:05 +0300] "GET /simple.php HTTP/1.1" 404 208 "-" "-"
147.93.158.41 - - [27/Aug/2025:08:11:44 +0300] "HEAD /_ignition/execute-solution HTTP/1.1" 404 - "-" "python-requests/2.32.4"
147.93.158.41 - - [27/Aug/2025:08:11:44 +0300] "HEAD /_ignition/execute-solution HTTP/1.1" 404 - "-" "python-requests/2.32.4"
198.235.24.111 - - [27/Aug/2025:08:33:38 +0300] "GET / HTTP/1.1" 200 481 "-" "Hello from Palo Alto Networks, find out more about our scans in https://docs-cortex.paloaltonetworks.com/r/1/Cortex-Xpanse/Scanning-activity"
104.210.140.138 - - [27/Aug/2025:08:43:16 +0300] "GET /robots.txt HTTP/1.1" 404 208 "-" "Mozilla/5.0 (Macintosh; Intel Mac OS X 10_15_7) AppleWebKit/537.36 (KHTML, like Gecko) Chrome/131.0.0.0 Safari/537.36; compatible; OAI-SearchBot/1.0; +https://openai.com/searchbot"
104.210.140.135 - - [27/Aug/2025:08:43:16 +0300] "GET /robots.txt HTTP/1.1" 404 208 "-" "Mozilla/5.0 (Macintosh; Intel Mac OS X 10_15_7) AppleWebKit/537.36 (KHTML, like Gecko) Chrome/131.0.0.0 Safari/537.36; compatible; OAI-SearchBot/1.0; +https://openai.com/searchbot"
35.86.209.240 - - [27/Aug/2025:10:17:16 +0300] "GET /robots.txt HTTP/1.1" 404 208 "-" "Mozilla/5.0 (compatible; wpbot/1.3; +https://forms.gle/ajBaxygz9jSR8p8G9)"
35.86.209.240 - - [27/Aug/2025:10:17:17 +0300] "GET /enhancecp HTTP/1.1" 404 207 "-" "Mozilla/5.0 (compatible; wpbot/1.3; +https://forms.gle/ajBaxygz9jSR8p8G9)"
172.190.142.176 - - [27/Aug/2025:10:49:07 +0300] "GET /wp-content/plugins/hellopress/wp_filemanager.php HTTP/1.1" 404 246 "-" "-"
172.190.142.176 - - [27/Aug/2025:10:49:07 +0300] "GET /asasx.php HTTP/1.1" 404 207 "-" "-"
172.190.142.176 - - [27/Aug/2025:10:49:08 +0300] "GET /nx.php HTTP/1.1" 404 204 "-" "-"
172.190.142.176 - - [27/Aug/2025:10:49:08 +0300] "GET /php.php HTTP/1.1" 404 205 "-" "-"
172.190.142.176 - - [27/Aug/2025:10:49:08 +0300] "GET /sx21_1.php HTTP/1.1" 404 208 "-" "-"
172.190.142.176 - - [27/Aug/2025:10:49:08 +0300] "GET /bluejackets.php HTTP/1.1" 404 213 "-" "-"
172.190.142.176 - - [27/Aug/2025:10:49:08 +0300] "GET /file17.php HTTP/1.1" 404 208 "-" "-"
172.190.142.176 - - [27/Aug/2025:10:49:08 +0300] "GET /pop.php HTTP/1.1" 404 205 "-" "-"
172.190.142.176 - - [27/Aug/2025:10:49:08 +0300] "GET /nx9.php HTTP/1.1" 404 205 "-" "-"
172.190.142.176 - - [27/Aug/2025:10:49:08 +0300] "GET /kwm4.php HTTP/1.1" 404 206 "-" "-"
172.190.142.176 - - [27/Aug/2025:10:49:08 +0300] "GET /ea3f.php HTTP/1.1" 404 206 "-" "-"
172.190.142.176 - - [27/Aug/2025:10:49:08 +0300] "GET /akp.php HTTP/1.1" 404 205 "-" "-"
172.190.142.176 - - [27/Aug/2025:10:49:08 +0300] "GET /xp.php HTTP/1.1" 404 204 "-" "-"
172.190.142.176 - - [27/Aug/2025:10:49:09 +0300] "GET /cwsd.php HTTP/1.1" 404 206 "-" "-"
172.190.142.176 - - [27/Aug/2025:10:49:09 +0300] "GET /1aa.php HTTP/1.1" 404 205 "-" "-"
172.190.142.176 - - [27/Aug/2025:10:49:09 +0300] "GET /litanies.php HTTP/1.1" 404 210 "-" "-"
172.190.142.176 - - [27/Aug/2025:10:49:09 +0300] "GET /just2.php HTTP/1.1" 404 207 "-" "-"
172.190.142.176 - - [27/Aug/2025:10:49:09 +0300] "GET /classwithtostring.php HTTP/1.1" 404 219 "-" "-"
172.190.142.176 - - [27/Aug/2025:10:49:09 +0300] "GET /j.php HTTP/1.1" 404 203 "-" "-"
172.190.142.176 - - [27/Aug/2025:10:49:09 +0300] "GET /g.php HTTP/1.1" 404 203 "-" "-"
172.190.142.176 - - [27/Aug/2025:10:49:09 +0300] "GET /ex.php HTTP/1.1" 404 204 "-" "-"
172.190.142.176 - - [27/Aug/2025:10:49:09 +0300] "GET /1.php HTTP/1.1" 404 203 "-" "-"
172.190.142.176 - - [27/Aug/2025:10:49:10 +0300] "GET /s.php HTTP/1.1" 404 203 "-" "-"
172.190.142.176 - - [27/Aug/2025:10:49:10 +0300] "GET /sx21_1.php HTTP/1.1" 404 208 "-" "-"
172.190.142.176 - - [27/Aug/2025:10:49:10 +0300] "GET /let.php HTTP/1.1" 404 205 "-" "-"
172.190.142.176 - - [27/Aug/2025:10:49:10 +0300] "GET /amphicyon.php HTTP/1.1" 404 211 "-" "-"
172.190.142.176 - - [27/Aug/2025:10:49:10 +0300] "GET /k.php HTTP/1.1" 404 203 "-" "-"
172.190.142.176 - - [27/Aug/2025:10:49:10 +0300] "GET /sec.php HTTP/1.1" 404 205 "-" "-"
172.190.142.176 - - [27/Aug/2025:10:49:10 +0300] "GET /xp.php HTTP/1.1" 404 204 "-" "-"
172.190.142.176 - - [27/Aug/2025:10:49:10 +0300] "GET /ext.php HTTP/1.1" 404 205 "-" "-"
93.39.67.226 - - [27/Aug/2025:14:52:31 +0300] "GET / HTTP/1.1" 200 481 "-" "Mozilla/5.0 (Windows NT 10.0; Win64; x64) AppleWebKit/537.36 (KHTML, like Gecko) Chrome/74.0.3729.169 Safari/537.36"
93.39.67.226 - - [27/Aug/2025:14:52:31 +0300] "GET / HTTP/1.1" 200 481 "-" "Mozilla/5.0 (Windows NT 10.0; Win64; x64) AppleWebKit/537.36 (KHTML, like Gecko) Chrome/74.0.3729.169 Safari/537.36"
34.13.145.130 - - [27/Aug/2025:15:37:05 +0300] "GET / HTTP/1.1" 200 278 "-" "Scrapy/2.12.0 (+https://scrapy.org)"
66.249.70.39 - - [28/Aug/2025:00:15:40 +0300] "GET /robots.txt HTTP/1.1" 404 208 "-" "Mozilla/5.0 (compatible; Googlebot/2.1; +http://www.google.com/bot.html)"
93.39.67.226 - - [28/Aug/2025:00:52:21 +0300] "GET / HTTP/1.1" 200 481 "-" "Mozilla/5.0 (Windows NT 10.0; Win64; x64) AppleWebKit/537.36 (KHTML, like Gecko) Chrome/74.0.3729.169 Safari/537.36"
93.39.67.226 - - [28/Aug/2025:00:52:21 +0300] "GET / HTTP/1.1" 200 481 "-" "Mozilla/5.0 (Windows NT 10.0; Win64; x64) AppleWebKit/537.36 (KHTML, like Gecko) Chrome/74.0.3729.169 Safari/537.36"
104.210.140.130 - - [28/Aug/2025:03:09:16 +0300] "GET /robots.txt HTTP/1.1" 404 208 "-" "Mozilla/5.0 (Macintosh; Intel Mac OS X 10_15_7) AppleWebKit/537.36 (KHTML, like Gecko) Chrome/131.0.0.0 Safari/537.36; compatible; OAI-SearchBot/1.0; +https://openai.com/searchbot"
104.210.140.141 - - [28/Aug/2025:03:09:17 +0300] "GET /robots.txt HTTP/1.1" 404 208 "-" "Mozilla/5.0 (Macintosh; Intel Mac OS X 10_15_7) AppleWebKit/537.36 (KHTML, like Gecko) Chrome/131.0.0.0 Safari/537.36; compatible; OAI-SearchBot/1.0; +https://openai.com/searchbot"
205.210.31.28 - - [28/Aug/2025:03:14:42 +0300] "GET /shell.php HTTP/1.1" 404 207 "-" "Hello from Palo Alto Networks, find out more about our scans in https://docs-cortex.paloaltonetworks.com/r/1/Cortex-Xpanse/Scanning-activity"
198.235.24.211 - - [28/Aug/2025:03:16:38 +0300] "GET /shell HTTP/1.1" 404 203 "-" "Hello from Palo Alto Networks, find out more about our scans in https://docs-cortex.paloaltonetworks.com/r/1/Cortex-Xpanse/Scanning-activity"
198.235.24.118 - - [28/Aug/2025:03:19:41 +0300] "GET /webshell.php HTTP/1.1" 404 210 "-" "Hello from Palo Alto Networks, find out more about our scans in https://docs-cortex.paloaltonetworks.com/r/1/Cortex-Xpanse/Scanning-activity"
147.185.132.135 - - [28/Aug/2025:03:28:42 +0300] "GET /webshell HTTP/1.1" 404 206 "-" "Hello from Palo Alto Networks, find out more about our scans in https://docs-cortex.paloaltonetworks.com/r/1/Cortex-Xpanse/Scanning-activity"
93.39.67.226 - - [28/Aug/2025:13:34:20 +0300] "GET / HTTP/1.1" 200 481 "-" "Mozilla/5.0 (Windows NT 10.0; Win64; x64) AppleWebKit/537.36 (KHTML, like Gecko) Chrome/74.0.3729.169 Safari/537.36"
93.39.67.226 - - [28/Aug/2025:13:34:20 +0300] "GET / HTTP/1.1" 200 481 "-" "Mozilla/5.0 (Windows NT 10.0; Win64; x64) AppleWebKit/537.36 (KHTML, like Gecko) Chrome/74.0.3729.169 Safari/537.36"
123.6.49.10 - - [28/Aug/2025:17:09:42 +0300] "GET / HTTP/1.1" 200 481 "-" "Mozilla/5.0 (Macintosh; Intel Mac OS X 10_15_7) AppleWebKit/537.36 (KHTML, like Gecko) Chrome/120.0.0.0 Safari/537.36 Edg/120.0.0.0"
123.6.49.36 - - [28/Aug/2025:17:09:54 +0300] "GET /favicon.ico HTTP/1.1" 404 209 "-" "Mozilla/5.0 (Macintosh; Intel Mac OS X 10_7_0) AppleWebKit/535.11 (KHTML, like Gecko) Chrome/17.0.963.56 Safari/535.11"
123.6.49.38 - - [28/Aug/2025:17:10:03 +0300] "GET /robots.txt HTTP/1.1" 404 208 "-" "Mozilla/5.0 (Macintosh; Intel Mac OS X 10_7_0) AppleWebKit/535.11 (KHTML, like Gecko) Chrome/17.0.963.56 Safari/535.11"
123.6.49.38 - - [28/Aug/2025:17:10:09 +0300] "GET /sitemap.xml HTTP/1.1" 404 209 "-" "Mozilla/5.0 (Macintosh; Intel Mac OS X 10_7_0) AppleWebKit/535.11 (KHTML, like Gecko) Chrome/17.0.963.56 Safari/535.11"
123.6.49.42 - - [28/Aug/2025:17:10:50 +0300] "GET /config.json HTTP/1.1" 404 209 "-" "Mozilla/5.0 (Macintosh; Intel Mac OS X 10_7_0) AppleWebKit/535.11 (KHTML, like Gecko) Chrome/17.0.963.56 Safari/535.11"
123.6.49.9 - - [28/Aug/2025:17:11:05 +0300] "GET / HTTP/1.1" 200 278 "-" "Mozilla/5.0 (Macintosh; Intel Mac OS X 10_7_0) AppleWebKit/535.11 (KHTML, like Gecko) Chrome/17.0.963.56 Safari/535.11"
123.6.49.10 - - [28/Aug/2025:17:11:17 +0300] "GET / HTTP/1.1" 200 278 "-" "Mozilla/5.0 (Macintosh; Intel Mac OS X 10_7_0) AppleWebKit/535.11 (KHTML, like Gecko) Chrome/17.0.963.56 Safari/535.11"
35.195.58.168 - - [28/Aug/2025:21:30:03 +0300] "GET / HTTP/1.1" 200 278 "-" "Mozilla/5.0 (compatible; CMS-Checker/1.0; +https://example.com)"
104.210.140.133 - - [28/Aug/2025:21:31:11 +0300] "GET /robots.txt HTTP/1.1" 404 208 "-" "Mozilla/5.0 (Macintosh; Intel Mac OS X 10_15_7) AppleWebKit/537.36 (KHTML, like Gecko) Chrome/131.0.0.0 Safari/537.36; compatible; OAI-SearchBot/1.0; +https://openai.com/searchbot"
104.210.140.131 - - [28/Aug/2025:21:31:12 +0300] "GET /robots.txt HTTP/1.1" 404 208 "-" "Mozilla/5.0 (Macintosh; Intel Mac OS X 10_15_7) AppleWebKit/537.36 (KHTML, like Gecko) Chrome/131.0.0.0 Safari/537.36; compatible; OAI-SearchBot/1.0; +https://openai.com/searchbot"
52.163.230.57 - - [28/Aug/2025:22:36:30 +0300] "GET /wp-content/plugins/hellopress/wp_filemanager.php HTTP/1.1" 404 246 "-" "-"
52.163.230.57 - - [28/Aug/2025:22:36:30 +0300] "GET /class9.php HTTP/1.1" 404 208 "-" "-"
52.163.230.57 - - [28/Aug/2025:22:36:30 +0300] "GET /x.php HTTP/1.1" 404 203 "-" "-"
52.163.230.57 - - [28/Aug/2025:22:36:31 +0300] "GET /asasx.php HTTP/1.1" 404 207 "-" "-"
52.163.230.57 - - [28/Aug/2025:22:36:31 +0300] "GET /g.php HTTP/1.1" 404 203 "-" "-"
52.163.230.57 - - [28/Aug/2025:22:36:31 +0300] "GET /aaa.php HTTP/1.1" 404 205 "-" "-"
52.163.230.57 - - [28/Aug/2025:22:36:31 +0300] "GET /bypass.php HTTP/1.1" 404 208 "-" "-"
52.163.230.57 - - [28/Aug/2025:22:36:31 +0300] "GET /asd67.php HTTP/1.1" 404 207 "-" "-"
52.163.230.57 - - [28/Aug/2025:22:36:31 +0300] "GET /y.php HTTP/1.1" 404 203 "-" "-"
52.163.230.57 - - [28/Aug/2025:22:36:31 +0300] "GET /file18.php HTTP/1.1" 404 208 "-" "-"
52.163.230.57 - - [28/Aug/2025:22:36:32 +0300] "GET /file17.php HTTP/1.1" 404 208 "-" "-"
52.163.230.57 - - [28/Aug/2025:22:36:32 +0300] "GET /class20.php HTTP/1.1" 404 209 "-" "-"
52.163.230.57 - - [28/Aug/2025:22:36:32 +0300] "GET /nfile.php HTTP/1.1" 404 207 "-" "-"
52.163.230.57 - - [28/Aug/2025:22:36:32 +0300] "GET /akp.php HTTP/1.1" 404 205 "-" "-"
52.163.230.57 - - [28/Aug/2025:22:36:32 +0300] "GET /ot.php HTTP/1.1" 404 204 "-" "-"
52.163.230.57 - - [28/Aug/2025:22:36:32 +0300] "GET /1.php HTTP/1.1" 404 203 "-" "-"
52.163.230.57 - - [28/Aug/2025:22:36:33 +0300] "GET /xp.php HTTP/1.1" 404 204 "-" "-"
52.163.230.57 - - [28/Aug/2025:22:36:33 +0300] "GET /a.php HTTP/1.1" 404 203 "-" "-"
52.163.230.57 - - [28/Aug/2025:22:36:33 +0300] "GET /just2.php HTTP/1.1" 404 207 "-" "-"
