66.249.79.12 - - [22/Sep/2018:15:26:56 +0300] "GET / HTTP/1.1" 200 5533 "-" "Mozilla/5.0 (compatible; Googlebot/2.1; +http://www.google.com/bot.html)"
66.249.79.14 - - [22/Sep/2018:15:27:14 +0300] "GET /assetsweb/css/responsive-rtl.css HTTP/1.1" 404 3437 "http://f-knowledge.com/" "Mozilla/5.0 AppleWebKit/537.36 (KHTML, like Gecko; compatible; Googlebot/2.1; +http://www.google.com/bot.html) Safari/537.36"
51.158.78.206 - - [22/Sep/2018:15:29:10 +0300] "GET /installer.php HTTP/1.1" 404 3437 "-" "Googlebot/2.1 (+http://www.google.com/bot.html)"
66.249.79.12 - - [22/Sep/2018:15:55:48 +0300] "GET / HTTP/1.1" 200 5533 "-" "Mozilla/5.0 (Linux; Android 6.0.1; Nexus 5X Build/MMB29P) AppleWebKit/537.36 (KHTML, like Gecko) Chrome/41.0.2272.96 Mobile Safari/537.36 (compatible; Googlebot/2.1; +http://www.google.com/bot.html)"
66.249.79.197 - - [22/Sep/2018:15:56:00 +0300] "GET / HTTP/1.1" 200 5539 "-" "Mozilla/5.0 (Linux; Android 6.0.1; Nexus 5X Build/MMB29P) AppleWebKit/537.36 (KHTML, like Gecko) Chrome/41.0.2272.96 Mobile Safari/537.36 (compatible; Googlebot/2.1; +http://www.google.com/bot.html)"
66.249.79.194 - - [22/Sep/2018:15:56:04 +0300] "GET /assetsweb/js/magnific-popup/jquery.magnific-popup.min.js HTTP/1.1" 200 7346 "http://www.f-knowledge.com/" "Mozilla/5.0 (Linux; Android 6.0.1; Nexus 5X Build/MMB29P) AppleWebKit/537.36 (KHTML, like Gecko) Chrome/41.0.2272.96 Mobile Safari/537.36 (compatible; Googlebot/2.1; +http://www.google.com/bot.html)"
66.249.79.194 - - [22/Sep/2018:15:56:05 +0300] "GET /assetsweb/js/bootstrap.min.js HTTP/1.1" 200 9919 "http://www.f-knowledge.com/" "Mozilla/5.0 (Linux; Android 6.0.1; Nexus 5X Build/MMB29P) AppleWebKit/537.36 (KHTML, like Gecko) Chrome/41.0.2272.96 Mobile Safari/537.36 (compatible; Googlebot/2.1; +http://www.google.com/bot.html)"
66.249.79.197 - - [22/Sep/2018:16:54:10 +0300] "GET / HTTP/1.1" 200 5539 "-" "Mozilla/5.0 (compatible; Googlebot/2.1; +http://www.google.com/bot.html)"
66.249.79.14 - - [22/Sep/2018:16:56:30 +0300] "GET / HTTP/1.1" 200 5533 "-" "Mozilla/5.0 (compatible; Googlebot/2.1; +http://www.google.com/bot.html)"
66.249.79.14 - - [22/Sep/2018:16:56:41 +0300] "GET /assetsweb/css/responsive-rtl.css HTTP/1.1" 404 3437 "http://f-knowledge.com/" "Mozilla/5.0 AppleWebKit/537.36 (KHTML, like Gecko; compatible; Googlebot/2.1; +http://www.google.com/bot.html) Safari/537.36"
66.249.79.194 - - [22/Sep/2018:17:26:51 +0300] "GET / HTTP/1.1" 200 5539 "-" "Mozilla/5.0 (Linux; Android 6.0.1; Nexus 5X Build/MMB29P) AppleWebKit/537.36 (KHTML, like Gecko) Chrome/41.0.2272.96 Mobile Safari/537.36 (compatible; Googlebot/2.1; +http://www.google.com/bot.html)"
66.249.79.14 - - [22/Sep/2018:17:27:04 +0300] "GET / HTTP/1.1" 200 5533 "-" "Mozilla/5.0 (Linux; Android 6.0.1; Nexus 5X Build/MMB29P) AppleWebKit/537.36 (KHTML, like Gecko) Chrome/41.0.2272.96 Mobile Safari/537.36 (compatible; Googlebot/2.1; +http://www.google.com/bot.html)"
66.249.79.14 - - [22/Sep/2018:18:26:26 +0300] "GET / HTTP/1.1" 200 5533 "-" "Mozilla/5.0 (compatible; Googlebot/2.1; +http://www.google.com/bot.html)"
66.249.79.197 - - [22/Sep/2018:18:27:56 +0300] "GET / HTTP/1.1" 200 5539 "-" "Mozilla/5.0 (compatible; Googlebot/2.1; +http://www.google.com/bot.html)"
54.36.150.47 - - [22/Sep/2018:18:51:37 +0300] "GET /robots.txt HTTP/1.1" 200 24 "-" "Mozilla/5.0 (compatible; AhrefsBot/5.2; +http://ahrefs.com/robot/)"
66.249.79.16 - - [22/Sep/2018:18:54:28 +0300] "GET / HTTP/1.1" 200 5533 "-" "Mozilla/5.0 (Linux; Android 6.0.1; Nexus 5X Build/MMB29P) AppleWebKit/537.36 (KHTML, like Gecko) Chrome/41.0.2272.96 Mobile Safari/537.36 (compatible; Googlebot/2.1; +http://www.google.com/bot.html)"
66.249.79.197 - - [22/Sep/2018:19:23:07 +0300] "GET / HTTP/1.1" 200 5539 "-" "Mozilla/5.0 (Linux; Android 6.0.1; Nexus 5X Build/MMB29P) AppleWebKit/537.36 (KHTML, like Gecko) Chrome/41.0.2272.96 Mobile Safari/537.36 (compatible; Googlebot/2.1; +http://www.google.com/bot.html)"
66.249.79.14 - - [22/Sep/2018:19:53:16 +0300] "GET / HTTP/1.1" 200 5533 "-" "Mozilla/5.0 (compatible; Googlebot/2.1; +http://www.google.com/bot.html)"
66.249.79.12 - - [22/Sep/2018:20:24:28 +0300] "GET / HTTP/1.1" 200 5533 "-" "Mozilla/5.0 (Linux; Android 6.0.1; Nexus 5X Build/MMB29P) AppleWebKit/537.36 (KHTML, like Gecko) Chrome/41.0.2272.96 Mobile Safari/537.36 (compatible; Googlebot/2.1; +http://www.google.com/bot.html)"
66.249.79.222 - - [22/Sep/2018:20:56:18 +0300] "GET / HTTP/1.1" 200 5539 "-" "Mozilla/5.0 (compatible; Googlebot/2.1; +http://www.google.com/bot.html)"
66.249.79.194 - - [22/Sep/2018:20:56:31 +0300] "GET / HTTP/1.1" 200 5539 "-" "Mozilla/5.0 (Linux; Android 6.0.1; Nexus 5X Build/MMB29P) AppleWebKit/537.36 (KHTML, like Gecko) Chrome/41.0.2272.96 Mobile Safari/537.36 (compatible; Googlebot/2.1; +http://www.google.com/bot.html)"
66.249.79.12 - - [22/Sep/2018:21:27:30 +0300] "GET / HTTP/1.1" 200 5533 "-" "Mozilla/5.0 (compatible; Googlebot/2.1; +http://www.google.com/bot.html)"
66.249.79.12 - - [22/Sep/2018:21:27:36 +0300] "GET /assetsweb/js/bootstrap.min.js HTTP/1.1" 200 9919 "http://f-knowledge.com/" "Mozilla/5.0 AppleWebKit/537.36 (KHTML, like Gecko; compatible; Googlebot/2.1; +http://www.google.com/bot.html) Safari/537.36"
66.249.79.14 - - [22/Sep/2018:21:27:37 +0300] "GET /assetsweb/js/retina.min.js HTTP/1.1" 200 1220 "http://f-knowledge.com/" "Mozilla/5.0 AppleWebKit/537.36 (KHTML, like Gecko; compatible; Googlebot/2.1; +http://www.google.com/bot.html) Safari/537.36"
66.249.79.12 - - [22/Sep/2018:21:27:37 +0300] "GET /assetsweb/css/bootstrap.min.css HTTP/1.1" 200 20125 "http://f-knowledge.com/" "Mozilla/5.0 AppleWebKit/537.36 (KHTML, like Gecko; compatible; Googlebot/2.1; +http://www.google.com/bot.html) Safari/537.36"
52.53.201.78 - - [22/Sep/2018:21:29:05 +0300] "GET / HTTP/1.1" 200 5539 "-" "Mozilla/5.0 (Macintosh; Intel Mac OS X 10_12_6) AppleWebKit/537.36 (KHTML, like Gecko) Chrome/61.0.3163.100 Safari/537.36"
66.249.79.16 - - [22/Sep/2018:21:53:24 +0300] "GET / HTTP/1.1" 200 5533 "-" "Mozilla/5.0 (Linux; Android 6.0.1; Nexus 5X Build/MMB29P) AppleWebKit/537.36 (KHTML, like Gecko) Chrome/41.0.2272.96 Mobile Safari/537.36 (compatible; Googlebot/2.1; +http://www.google.com/bot.html)"
66.249.79.194 - - [22/Sep/2018:22:11:26 +0300] "GET / HTTP/1.1" 200 5539 "-" "Mozilla/5.0 (Linux; Android 6.0.1; Nexus 5X Build/MMB29P) AppleWebKit/537.36 (KHTML, like Gecko) Chrome/41.0.2272.96 Mobile Safari/537.36 (compatible; Googlebot/2.1; +http://www.google.com/bot.html)"
66.249.79.222 - - [22/Sep/2018:22:28:00 +0300] "GET / HTTP/1.1" 200 5539 "-" "Mozilla/5.0 (compatible; Googlebot/2.1; +http://www.google.com/bot.html)"
66.249.79.14 - - [22/Sep/2018:22:55:10 +0300] "GET / HTTP/1.1" 200 5533 "-" "Mozilla/5.0 (compatible; Googlebot/2.1; +http://www.google.com/bot.html)"
66.249.79.16 - - [22/Sep/2018:23:23:37 +0300] "GET / HTTP/1.1" 200 5533 "-" "Mozilla/5.0 (Linux; Android 6.0.1; Nexus 5X Build/MMB29P) AppleWebKit/537.36 (KHTML, like Gecko) Chrome/41.0.2272.96 Mobile Safari/537.36 (compatible; Googlebot/2.1; +http://www.google.com/bot.html)"
66.249.79.194 - - [22/Sep/2018:23:53:20 +0300] "GET /robots.txt HTTP/1.1" 200 24 "-" "Mozilla/5.0 (compatible; Googlebot/2.1; +http://www.google.com/bot.html)"
66.249.79.222 - - [22/Sep/2018:23:53:20 +0300] "GET / HTTP/1.1" 200 5539 "-" "Mozilla/5.0 (Linux; Android 6.0.1; Nexus 5X Build/MMB29P) AppleWebKit/537.36 (KHTML, like Gecko) Chrome/41.0.2272.96 Mobile Safari/537.36 (compatible; Googlebot/2.1; +http://www.google.com/bot.html)"
66.249.79.197 - - [22/Sep/2018:23:56:05 +0300] "GET / HTTP/1.1" 200 5539 "-" "Mozilla/5.0 (compatible; Googlebot/2.1; +http://www.google.com/bot.html)"
5.45.137.125 - - [22/Sep/2018:23:57:03 +0300] "GET /aboutview HTTP/1.1" 200 4133 "http://f-knowledge.com/teamview" "Mozilla/5.0 (Windows NT 10.0; Win64; x64) AppleWebKit/537.36 (KHTML, like Gecko) Chrome/68.0.3440.106 Safari/537.36"
5.45.137.125 - - [22/Sep/2018:23:57:03 +0300] "GET /assetsweb/css/responsive-rtl.css HTTP/1.1" 404 3437 "http://f-knowledge.com/aboutview" "Mozilla/5.0 (Windows NT 10.0; Win64; x64) AppleWebKit/537.36 (KHTML, like Gecko) Chrome/68.0.3440.106 Safari/537.36"
5.45.137.125 - - [22/Sep/2018:23:57:03 +0300] "GET /sett/153336555923.png HTTP/1.1" 200 47935 "http://f-knowledge.com/aboutview" "Mozilla/5.0 (Windows NT 10.0; Win64; x64) AppleWebKit/537.36 (KHTML, like Gecko) Chrome/68.0.3440.106 Safari/537.36"
5.45.137.125 - - [22/Sep/2018:23:57:04 +0300] "GET /sett/153336556226.jpg HTTP/1.1" 200 37212 "http://f-knowledge.com/aboutview" "Mozilla/5.0 (Windows NT 10.0; Win64; x64) AppleWebKit/537.36 (KHTML, like Gecko) Chrome/68.0.3440.106 Safari/537.36"
5.45.207.48 - - [23/Sep/2018:00:02:35 +0300] "GET /robots.txt HTTP/1.1" 200 24 "-" "Mozilla/5.0 (compatible; YandexBot/3.0; +http://yandex.com/bots)"
5.45.207.48 - - [23/Sep/2018:00:02:35 +0300] "GET /robots.txt HTTP/1.1" 200 24 "-" "Mozilla/5.0 (compatible; YandexBot/3.0; +http://yandex.com/bots)"
5.45.207.48 - - [23/Sep/2018:00:02:39 +0300] "GET / HTTP/1.1" 200 5533 "-" "Mozilla/5.0 (compatible; YandexBot/3.0; +http://yandex.com/bots)"
5.45.207.48 - - [23/Sep/2018:00:02:39 +0300] "GET / HTTP/1.1" 200 5539 "-" "Mozilla/5.0 (compatible; YandexBot/3.0; +http://yandex.com/bots)"
66.249.79.12 - - [23/Sep/2018:00:26:14 +0300] "GET / HTTP/1.1" 200 5533 "-" "Mozilla/5.0 (compatible; Googlebot/2.1; +http://www.google.com/bot.html)"
5.45.137.125 - - [23/Sep/2018:01:14:40 +0300] "GET /aboutview HTTP/1.1" 200 4133 "http://f-knowledge.com/teamview" "Mozilla/5.0 (Windows NT 10.0; Win64; x64) AppleWebKit/537.36 (KHTML, like Gecko) Chrome/69.0.3497.100 Safari/537.36"
5.45.137.125 - - [23/Sep/2018:01:14:43 +0300] "GET /assetsweb/css/bootstrap.min.css HTTP/1.1" 200 20125 "http://f-knowledge.com/aboutview" "Mozilla/5.0 (Windows NT 10.0; Win64; x64) AppleWebKit/537.36 (KHTML, like Gecko) Chrome/69.0.3497.100 Safari/537.36"
5.45.137.125 - - [23/Sep/2018:01:14:43 +0300] "GET /assetsweb/css/owl-carousel/owl.carousel.css HTTP/1.1" 200 1111 "http://f-knowledge.com/aboutview" "Mozilla/5.0 (Windows NT 10.0; Win64; x64) AppleWebKit/537.36 (KHTML, like Gecko) Chrome/69.0.3497.100 Safari/537.36"
5.45.137.125 - - [23/Sep/2018:01:14:43 +0300] "GET /assetsweb/css/font-awesome.css HTTP/1.1" 200 7450 "http://f-knowledge.com/aboutview" "Mozilla/5.0 (Windows NT 10.0; Win64; x64) AppleWebKit/537.36 (KHTML, like Gecko) Chrome/69.0.3497.100 Safari/537.36"
5.45.137.125 - - [23/Sep/2018:01:14:44 +0300] "GET /assetsweb/css/ionicons.min.css HTTP/1.1" 200 8291 "http://f-knowledge.com/aboutview" "Mozilla/5.0 (Windows NT 10.0; Win64; x64) AppleWebKit/537.36 (KHTML, like Gecko) Chrome/69.0.3497.100 Safari/537.36"
5.45.137.125 - - [23/Sep/2018:01:14:44 +0300] "GET /assetsweb/css/animate.css HTTP/1.1" 200 2922 "http://f-knowledge.com/aboutview" "Mozilla/5.0 (Windows NT 10.0; Win64; x64) AppleWebKit/537.36 (KHTML, like Gecko) Chrome/69.0.3497.100 Safari/537.36"
5.45.137.125 - - [23/Sep/2018:01:14:44 +0300] "GET /assetsweb/css/style-ar.css HTTP/1.1" 200 10943 "http://f-knowledge.com/aboutview" "Mozilla/5.0 (Windows NT 10.0; Win64; x64) AppleWebKit/537.36 (KHTML, like Gecko) Chrome/69.0.3497.100 Safari/537.36"
5.45.137.125 - - [23/Sep/2018:01:14:44 +0300] "GET /assetsweb/css/magnific-popup/magnific-popup.css HTTP/1.1" 200 1816 "http://f-knowledge.com/aboutview" "Mozilla/5.0 (Windows NT 10.0; Win64; x64) AppleWebKit/537.36 (KHTML, like Gecko) Chrome/69.0.3497.100 Safari/537.36"
5.45.137.125 - - [23/Sep/2018:01:14:44 +0300] "GET /assetsweb/css/bootstrap-rtl.css HTTP/1.1" 200 4651 "http://f-knowledge.com/aboutview" "Mozilla/5.0 (Windows NT 10.0; Win64; x64) AppleWebKit/537.36 (KHTML, like Gecko) Chrome/69.0.3497.100 Safari/537.36"
5.45.137.125 - - [23/Sep/2018:01:14:46 +0300] "GET /assetsweb/css/responsive-rtl.css HTTP/1.1" 404 3437 "http://f-knowledge.com/aboutview" "Mozilla/5.0 (Windows NT 10.0; Win64; x64) AppleWebKit/537.36 (KHTML, like Gecko) Chrome/69.0.3497.100 Safari/537.36"
5.45.137.125 - - [23/Sep/2018:01:14:47 +0300] "GET /assetsweb/css/custom.css HTTP/1.1" 200 195 "http://f-knowledge.com/aboutview" "Mozilla/5.0 (Windows NT 10.0; Win64; x64) AppleWebKit/537.36 (KHTML, like Gecko) Chrome/69.0.3497.100 Safari/537.36"
5.45.137.125 - - [23/Sep/2018:01:14:47 +0300] "GET /assetsweb/js/owl-carousel/owl.carousel.min.js HTTP/1.1" 200 11611 "http://f-knowledge.com/aboutview" "Mozilla/5.0 (Windows NT 10.0; Win64; x64) AppleWebKit/537.36 (KHTML, like Gecko) Chrome/69.0.3497.100 Safari/537.36"
5.45.137.125 - - [23/Sep/2018:01:14:47 +0300] "GET /assetsweb/js/jquery.min.js HTTP/1.1" 200 33760 "http://f-knowledge.com/aboutview" "Mozilla/5.0 (Windows NT 10.0; Win64; x64) AppleWebKit/537.36 (KHTML, like Gecko) Chrome/69.0.3497.100 Safari/537.36"
5.45.137.125 - - [23/Sep/2018:01:14:50 +0300] "GET /assetsweb/js/counter/jquery.countTo.js HTTP/1.1" 200 825 "http://f-knowledge.com/aboutview" "Mozilla/5.0 (Windows NT 10.0; Win64; x64) AppleWebKit/537.36 (KHTML, like Gecko) Chrome/69.0.3497.100 Safari/537.36"
5.45.137.125 - - [23/Sep/2018:01:14:50 +0300] "GET /assetsweb/js/jquery.appear.js HTTP/1.1" 200 674 "http://f-knowledge.com/aboutview" "Mozilla/5.0 (Windows NT 10.0; Win64; x64) AppleWebKit/537.36 (KHTML, like Gecko) Chrome/69.0.3497.100 Safari/537.36"
5.45.137.125 - - [23/Sep/2018:01:14:50 +0300] "GET /assetsweb/js/magnific-popup/jquery.magnific-popup.min.js HTTP/1.1" 200 7346 "http://f-knowledge.com/aboutview" "Mozilla/5.0 (Windows NT 10.0; Win64; x64) AppleWebKit/537.36 (KHTML, like Gecko) Chrome/69.0.3497.100 Safari/537.36"
5.45.137.125 - - [23/Sep/2018:01:14:52 +0300] "GET /assetsweb/js/jquery.countdown.min.js HTTP/1.1" 200 685 "http://f-knowledge.com/aboutview" "Mozilla/5.0 (Windows NT 10.0; Win64; x64) AppleWebKit/537.36 (KHTML, like Gecko) Chrome/69.0.3497.100 Safari/537.36"
5.45.137.125 - - [23/Sep/2018:01:14:52 +0300] "GET /assetsweb/js/retina.min.js HTTP/1.1" 200 1220 "http://f-knowledge.com/aboutview" "Mozilla/5.0 (Windows NT 10.0; Win64; x64) AppleWebKit/537.36 (KHTML, like Gecko) Chrome/69.0.3497.100 Safari/537.36"
5.45.137.125 - - [23/Sep/2018:01:14:52 +0300] "GET /assetsweb/js/wow.min.js HTTP/1.1" 200 2825 "http://f-knowledge.com/aboutview" "Mozilla/5.0 (Windows NT 10.0; Win64; x64) AppleWebKit/537.36 (KHTML, like Gecko) Chrome/69.0.3497.100 Safari/537.36"
5.45.137.125 - - [23/Sep/2018:01:14:54 +0300] "GET /assetsweb/js/particles/app.js HTTP/1.1" 200 865 "http://f-knowledge.com/aboutview" "Mozilla/5.0 (Windows NT 10.0; Win64; x64) AppleWebKit/537.36 (KHTML, like Gecko) Chrome/69.0.3497.100 Safari/537.36"
5.45.137.125 - - [23/Sep/2018:01:14:54 +0300] "GET /assetsweb/js/skrollr.min.js HTTP/1.1" 200 5591 "http://f-knowledge.com/aboutview" "Mozilla/5.0 (Windows NT 10.0; Win64; x64) AppleWebKit/537.36 (KHTML, like Gecko) Chrome/69.0.3497.100 Safari/537.36"
5.45.137.125 - - [23/Sep/2018:01:14:54 +0300] "GET /assetsweb/js/particles/particles.min.js HTTP/1.1" 200 5959 "http://f-knowledge.com/aboutview" "Mozilla/5.0 (Windows NT 10.0; Win64; x64) AppleWebKit/537.36 (KHTML, like Gecko) Chrome/69.0.3497.100 Safari/537.36"
5.45.137.125 - - [23/Sep/2018:01:14:58 +0300] "GET /sett/15154364921.png HTTP/1.1" 304 - "http://f-knowledge.com/aboutview" "Mozilla/5.0 (Windows NT 10.0; Win64; x64) AppleWebKit/537.36 (KHTML, like Gecko) Chrome/69.0.3497.100 Safari/537.36"
5.45.137.125 - - [23/Sep/2018:01:14:58 +0300] "GET /assetsweb/js/custom.js HTTP/1.1" 200 2656 "http://f-knowledge.com/aboutview" "Mozilla/5.0 (Windows NT 10.0; Win64; x64) AppleWebKit/537.36 (KHTML, like Gecko) Chrome/69.0.3497.100 Safari/537.36"
5.45.137.125 - - [23/Sep/2018:01:14:58 +0300] "GET /assetsweb/js/bootstrap.min.js HTTP/1.1" 200 9919 "http://f-knowledge.com/aboutview" "Mozilla/5.0 (Windows NT 10.0; Win64; x64) AppleWebKit/537.36 (KHTML, like Gecko) Chrome/69.0.3497.100 Safari/537.36"
66.249.79.197 - - [23/Sep/2018:01:20:22 +0300] "GET / HTTP/1.1" 200 5539 "-" "Mozilla/5.0 (Linux; Android 6.0.1; Nexus 5X Build/MMB29P) AppleWebKit/537.36 (KHTML, like Gecko) Chrome/41.0.2272.96 Mobile Safari/537.36 (compatible; Googlebot/2.1; +http://www.google.com/bot.html)"
66.249.79.12 - - [23/Sep/2018:01:51:59 +0300] "GET / HTTP/1.1" 200 5533 "-" "Mozilla/5.0 (Linux; Android 6.0.1; Nexus 5X Build/MMB29P) AppleWebKit/537.36 (KHTML, like Gecko) Chrome/41.0.2272.96 Mobile Safari/537.36 (compatible; Googlebot/2.1; +http://www.google.com/bot.html)"
66.249.79.194 - - [23/Sep/2018:01:57:30 +0300] "GET / HTTP/1.1" 200 5539 "-" "Mozilla/5.0 (compatible; Googlebot/2.1; +http://www.google.com/bot.html)"
66.249.79.16 - - [23/Sep/2018:01:59:50 +0300] "GET / HTTP/1.1" 200 5533 "-" "Mozilla/5.0 (compatible; Googlebot/2.1; +http://www.google.com/bot.html)"
66.249.79.197 - - [23/Sep/2018:02:40:10 +0300] "GET / HTTP/1.1" 200 5539 "-" "Mozilla/5.0 (Linux; Android 6.0.1; Nexus 5X Build/MMB29P) AppleWebKit/537.36 (KHTML, like Gecko) Chrome/41.0.2272.96 Mobile Safari/537.36 (compatible; Googlebot/2.1; +http://www.google.com/bot.html)"
66.249.79.16 - - [23/Sep/2018:03:20:18 +0300] "GET / HTTP/1.1" 200 5533 "-" "Mozilla/5.0 (Linux; Android 6.0.1; Nexus 5X Build/MMB29P) AppleWebKit/537.36 (KHTML, like Gecko) Chrome/41.0.2272.96 Mobile Safari/537.36 (compatible; Googlebot/2.1; +http://www.google.com/bot.html)"
66.249.79.16 - - [23/Sep/2018:03:23:03 +0300] "GET / HTTP/1.1" 200 5533 "-" "Mozilla/5.0 (compatible; Googlebot/2.1; +http://www.google.com/bot.html)"
66.249.79.197 - - [23/Sep/2018:03:25:36 +0300] "GET / HTTP/1.1" 200 5539 "-" "Mozilla/5.0 (compatible; Googlebot/2.1; +http://www.google.com/bot.html)"
5.45.207.48 - - [23/Sep/2018:03:47:03 +0300] "GET /robots.txt HTTP/1.1" 200 24 "-" "Mozilla/5.0 (compatible; YandexBot/3.0; +http://yandex.com/bots)"
5.45.207.48 - - [23/Sep/2018:03:47:07 +0300] "GET / HTTP/1.1" 200 5539 "-" "Mozilla/5.0 (compatible; YandexBot/3.0; +http://yandex.com/bots)"
66.249.79.222 - - [23/Sep/2018:04:03:31 +0300] "GET /contactview HTTP/1.1" 200 3567 "-" "Mozilla/5.0 (Linux; Android 6.0.1; Nexus 5X Build/MMB29P) AppleWebKit/537.36 (KHTML, like Gecko) Chrome/41.0.2272.96 Mobile Safari/537.36 (compatible; Googlebot/2.1; +http://www.google.com/bot.html)"
66.249.79.197 - - [23/Sep/2018:04:25:27 +0300] "GET / HTTP/1.1" 200 5539 "-" "Mozilla/5.0 (Linux; Android 6.0.1; Nexus 5X Build/MMB29P) AppleWebKit/537.36 (KHTML, like Gecko) Chrome/41.0.2272.96 Mobile Safari/537.36 (compatible; Googlebot/2.1; +http://www.google.com/bot.html)"
66.249.79.194 - - [23/Sep/2018:04:25:29 +0300] "GET /assetsweb/css/responsive-rtl.css HTTP/1.1" 404 3501 "http://www.f-knowledge.com/" "Mozilla/5.0 (Linux; Android 6.0.1; Nexus 5X Build/MMB29P) AppleWebKit/537.36 (KHTML, like Gecko) Chrome/41.0.2272.96 Mobile Safari/537.36 (compatible; Googlebot/2.1; +http://www.google.com/bot.html)"
66.249.79.197 - - [23/Sep/2018:04:25:30 +0300] "GET /assetsweb/css/bootstrap.min.css HTTP/1.1" 200 20125 "http://www.f-knowledge.com/" "Mozilla/5.0 (Linux; Android 6.0.1; Nexus 5X Build/MMB29P) AppleWebKit/537.36 (KHTML, like Gecko) Chrome/41.0.2272.96 Mobile Safari/537.36 (compatible; Googlebot/2.1; +http://www.google.com/bot.html)"
66.249.79.12 - - [23/Sep/2018:04:50:55 +0300] "GET / HTTP/1.1" 200 5533 "-" "Mozilla/5.0 (Linux; Android 6.0.1; Nexus 5X Build/MMB29P) AppleWebKit/537.36 (KHTML, like Gecko) Chrome/41.0.2272.96 Mobile Safari/537.36 (compatible; Googlebot/2.1; +http://www.google.com/bot.html)"
66.249.79.16 - - [23/Sep/2018:04:53:41 +0300] "GET / HTTP/1.1" 200 5533 "-" "Mozilla/5.0 (compatible; Googlebot/2.1; +http://www.google.com/bot.html)"
66.249.79.197 - - [23/Sep/2018:05:45:16 +0300] "GET / HTTP/1.1" 200 5539 "-" "Mozilla/5.0 (compatible; Googlebot/2.1; +http://www.google.com/bot.html)"
66.249.79.12 - - [23/Sep/2018:06:21:34 +0300] "GET / HTTP/1.1" 200 5533 "-" "Mozilla/5.0 (Linux; Android 6.0.1; Nexus 5X Build/MMB29P) AppleWebKit/537.36 (KHTML, like Gecko) Chrome/41.0.2272.96 Mobile Safari/537.36 (compatible; Googlebot/2.1; +http://www.google.com/bot.html)"
180.76.15.157 - - [23/Sep/2018:06:23:31 +0300] "GET / HTTP/1.1" 200 5533 "-" "Mozilla/5.0 (compatible; Baiduspider/2.0; +http://www.baidu.com/search/spider.html)"
66.249.79.16 - - [23/Sep/2018:06:25:48 +0300] "GET / HTTP/1.1" 200 5533 "-" "Mozilla/5.0 (compatible; Googlebot/2.1; +http://www.google.com/bot.html)"
180.76.15.142 - - [23/Sep/2018:06:56:51 +0300] "GET /assetsweb/css/bootstrap.min.css HTTP/1.1" 200 20125 "-" "Mozilla/5.0 (compatible; Baiduspider/2.0; +http://www.baidu.com/search/spider.html)"
66.249.79.222 - - [23/Sep/2018:07:23:45 +0300] "GET / HTTP/1.1" 200 5539 "-" "Mozilla/5.0 (Linux; Android 6.0.1; Nexus 5X Build/MMB29P) AppleWebKit/537.36 (KHTML, like Gecko) Chrome/41.0.2272.96 Mobile Safari/537.36 (compatible; Googlebot/2.1; +http://www.google.com/bot.html)"
66.249.79.194 - - [23/Sep/2018:07:24:49 +0300] "GET / HTTP/1.1" 200 5539 "-" "Mozilla/5.0 (compatible; Googlebot/2.1; +http://www.google.com/bot.html)"
66.249.79.222 - - [23/Sep/2018:07:24:52 +0300] "GET /assetsweb/css/responsive-rtl.css HTTP/1.1" 404 3501 "http://www.f-knowledge.com/" "Mozilla/5.0 AppleWebKit/537.36 (KHTML, like Gecko; compatible; Googlebot/2.1; +http://www.google.com/bot.html) Safari/537.36"
180.76.15.134 - - [23/Sep/2018:07:30:11 +0300] "GET /assetsweb/js/skrollr.min.js HTTP/1.1" 200 5591 "-" "Mozilla/5.0 (compatible; Baiduspider/2.0; +http://www.baidu.com/search/spider.html)"
66.249.79.12 - - [23/Sep/2018:07:50:55 +0300] "GET / HTTP/1.1" 200 5533 "-" "Mozilla/5.0 (Linux; Android 6.0.1; Nexus 5X Build/MMB29P) AppleWebKit/537.36 (KHTML, like Gecko) Chrome/41.0.2272.96 Mobile Safari/537.36 (compatible; Googlebot/2.1; +http://www.google.com/bot.html)"
66.249.79.16 - - [23/Sep/2018:07:55:35 +0300] "GET / HTTP/1.1" 200 5533 "-" "Mozilla/5.0 (compatible; Googlebot/2.1; +http://www.google.com/bot.html)"
66.249.79.197 - - [23/Sep/2018:08:41:52 +0300] "GET / HTTP/1.1" 200 5539 "-" "Mozilla/5.0 (Linux; Android 6.0.1; Nexus 5X Build/MMB29P) AppleWebKit/537.36 (KHTML, like Gecko) Chrome/41.0.2272.96 Mobile Safari/537.36 (compatible; Googlebot/2.1; +http://www.google.com/bot.html)"
66.249.79.14 - - [23/Sep/2018:09:18:48 +0300] "GET / HTTP/1.1" 200 5533 "-" "Mozilla/5.0 (Linux; Android 6.0.1; Nexus 5X Build/MMB29P) AppleWebKit/537.36 (KHTML, like Gecko) Chrome/41.0.2272.96 Mobile Safari/537.36 (compatible; Googlebot/2.1; +http://www.google.com/bot.html)"
66.249.79.12 - - [23/Sep/2018:09:20:42 +0300] "GET / HTTP/1.1" 200 5533 "-" "Mozilla/5.0 (compatible; Googlebot/2.1; +http://www.google.com/bot.html)"
66.249.79.14 - - [23/Sep/2018:09:20:45 +0300] "GET /assetsweb/css/responsive-rtl.css HTTP/1.1" 404 3437 "http://f-knowledge.com/" "Mozilla/5.0 AppleWebKit/537.36 (KHTML, like Gecko; compatible; Googlebot/2.1; +http://www.google.com/bot.html) Safari/537.36"
66.249.79.194 - - [23/Sep/2018:09:38:07 +0300] "GET / HTTP/1.1" 200 5539 "-" "Mozilla/5.0 (Linux; Android 6.0.1; Nexus 5X Build/MMB29P) AppleWebKit/537.36 (KHTML, like Gecko) Chrome/41.0.2272.96 Mobile Safari/537.36 (compatible; Googlebot/2.1; +http://www.google.com/bot.html)"
66.249.79.222 - - [23/Sep/2018:10:23:32 +0300] "GET / HTTP/1.1" 200 5539 "-" "Mozilla/5.0 (compatible; Googlebot/2.1; +http://www.google.com/bot.html)"
5.45.72.114 - - [23/Sep/2018:10:25:21 +0300] "GET / HTTP/1.1" 200 5533 "-" "Mozilla/5.0 (Windows; U; Windows NT 5.1; en-US; rv:1.9.0.1) Gecko/2008070208 Firefox/3.0.1"
5.45.72.114 - - [23/Sep/2018:10:25:21 +0300] "GET / HTTP/1.1" 200 5533 "-" "Mozilla/5.0 (Windows; U; Windows NT 5.1; en-US; rv:1.9.0.1) Gecko/2008070208 Firefox/3.0.1"
66.249.79.12 - - [23/Sep/2018:10:53:28 +0300] "GET / HTTP/1.1" 200 5533 "-" "Mozilla/5.0 (Linux; Android 6.0.1; Nexus 5X Build/MMB29P) AppleWebKit/537.36 (KHTML, like Gecko) Chrome/41.0.2272.96 Mobile Safari/537.36 (compatible; Googlebot/2.1; +http://www.google.com/bot.html)"
66.249.79.16 - - [23/Sep/2018:10:54:57 +0300] "GET / HTTP/1.1" 200 5533 "-" "Mozilla/5.0 (compatible; Googlebot/2.1; +http://www.google.com/bot.html)"
66.249.79.222 - - [23/Sep/2018:11:12:09 +0300] "GET / HTTP/1.1" 200 5539 "-" "Mozilla/5.0 (Linux; Android 6.0.1; Nexus 5X Build/MMB29P) AppleWebKit/537.36 (KHTML, like Gecko) Chrome/41.0.2272.96 Mobile Safari/537.36 (compatible; Googlebot/2.1; +http://www.google.com/bot.html)"
54.36.150.47 - - [23/Sep/2018:11:37:11 +0300] "GET /robots.txt HTTP/1.1" 200 24 "-" "Mozilla/5.0 (compatible; AhrefsBot/5.2; +http://ahrefs.com/robot/)"
54.36.149.48 - - [23/Sep/2018:11:37:11 +0300] "GET /index.html HTTP/1.1" 404 3437 "-" "Mozilla/5.0 (compatible; AhrefsBot/5.2; +http://ahrefs.com/robot/)"
66.249.79.16 - - [23/Sep/2018:12:25:14 +0300] "GET / HTTP/1.1" 200 5533 "-" "Mozilla/5.0 (Linux; Android 6.0.1; Nexus 5X Build/MMB29P) AppleWebKit/537.36 (KHTML, like Gecko) Chrome/41.0.2272.96 Mobile Safari/537.36 (compatible; Googlebot/2.1; +http://www.google.com/bot.html)"
66.249.79.197 - - [23/Sep/2018:12:45:37 +0300] "GET / HTTP/1.1" 200 5539 "-" "Mozilla/5.0 (Linux; Android 6.0.1; Nexus 5X Build/MMB29P) AppleWebKit/537.36 (KHTML, like Gecko) Chrome/41.0.2272.96 Mobile Safari/537.36 (compatible; Googlebot/2.1; +http://www.google.com/bot.html)"
66.249.79.222 - - [23/Sep/2018:12:59:12 +0300] "GET / HTTP/1.1" 200 5539 "-" "Mozilla/5.0 (compatible; Googlebot/2.1; +http://www.google.com/bot.html)"
66.249.79.12 - - [23/Sep/2018:13:01:58 +0300] "GET / HTTP/1.1" 200 5533 "-" "Mozilla/5.0 (compatible; Googlebot/2.1; +http://www.google.com/bot.html)"
66.249.79.12 - - [23/Sep/2018:13:53:07 +0300] "GET / HTTP/1.1" 200 5533 "-" "Mozilla/5.0 (Linux; Android 6.0.1; Nexus 5X Build/MMB29P) AppleWebKit/537.36 (KHTML, like Gecko) Chrome/41.0.2272.96 Mobile Safari/537.36 (compatible; Googlebot/2.1; +http://www.google.com/bot.html)"
66.249.79.194 - - [23/Sep/2018:14:06:42 +0300] "GET / HTTP/1.1" 200 5539 "-" "Mozilla/5.0 (Linux; Android 6.0.1; Nexus 5X Build/MMB29P) AppleWebKit/537.36 (KHTML, like Gecko) Chrome/41.0.2272.96 Mobile Safari/537.36 (compatible; Googlebot/2.1; +http://www.google.com/bot.html)"
66.249.79.194 - - [23/Sep/2018:14:20:17 +0300] "GET / HTTP/1.1" 200 5539 "-" "Mozilla/5.0 (compatible; Googlebot/2.1; +http://www.google.com/bot.html)"
66.249.79.14 - - [23/Sep/2018:14:23:28 +0300] "GET /robots.txt HTTP/1.1" 200 24 "-" "Mozilla/5.0 (compatible; Googlebot/2.1; +http://www.google.com/bot.html)"
66.249.79.14 - - [23/Sep/2018:14:23:28 +0300] "GET / HTTP/1.1" 200 5533 "-" "Mozilla/5.0 (compatible; Googlebot/2.1; +http://www.google.com/bot.html)"
14.18.55.222 - - [23/Sep/2018:14:52:57 +0300] "GET /favicon.ico HTTP/1.1" 200 - "-" "-"
14.18.55.222 - - [23/Sep/2018:14:52:58 +0300] "GET /robots.txt HTTP/1.1" 200 24 "-" "-"
14.18.55.222 - - [23/Sep/2018:14:52:58 +0300] "GET /data/cycle_image.xml HTTP/1.1" 404 3501 "-" "-"
35.210.112.53 - - [23/Sep/2018:14:55:35 +0300] "GET / HTTP/1.1" 200 5539 "https://www.google.es/" "Mozilla/5.0 (Linux; Android 7.0; SM-J330G Build/NRD90M) AppleWebKit/537.36 (KHTML, like Gecko) Chrome/64.0.3282.137 Mobile Safari/537.36"
35.210.112.53 - - [23/Sep/2018:14:55:35 +0300] "GET /assetsweb/css/bootstrap.min.css HTTP/1.1" 200 20125 "http://www.f-knowledge.com/" "Mozilla/5.0 (Linux; Android 7.0; SM-J330G Build/NRD90M) AppleWebKit/537.36 (KHTML, like Gecko) Chrome/64.0.3282.137 Mobile Safari/537.36"
35.210.112.53 - - [23/Sep/2018:14:55:35 +0300] "GET /assetsweb/css/owl-carousel/owl.carousel.css HTTP/1.1" 200 1111 "http://www.f-knowledge.com/" "Mozilla/5.0 (Linux; Android 7.0; SM-J330G Build/NRD90M) AppleWebKit/537.36 (KHTML, like Gecko) Chrome/64.0.3282.137 Mobile Safari/537.36"
35.210.112.53 - - [23/Sep/2018:14:55:35 +0300] "GET /assetsweb/css/animate.css HTTP/1.1" 200 2922 "http://www.f-knowledge.com/" "Mozilla/5.0 (Linux; Android 7.0; SM-J330G Build/NRD90M) AppleWebKit/537.36 (KHTML, like Gecko) Chrome/64.0.3282.137 Mobile Safari/537.36"
35.210.112.53 - - [23/Sep/2018:14:55:35 +0300] "GET /assetsweb/css/magnific-popup/magnific-popup.css HTTP/1.1" 200 1816 "http://www.f-knowledge.com/" "Mozilla/5.0 (Linux; Android 7.0; SM-J330G Build/NRD90M) AppleWebKit/537.36 (KHTML, like Gecko) Chrome/64.0.3282.137 Mobile Safari/537.36"
35.210.112.53 - - [23/Sep/2018:14:55:35 +0300] "GET /assetsweb/css/font-awesome.css HTTP/1.1" 200 7450 "http://www.f-knowledge.com/" "Mozilla/5.0 (Linux; Android 7.0; SM-J330G Build/NRD90M) AppleWebKit/537.36 (KHTML, like Gecko) Chrome/64.0.3282.137 Mobile Safari/537.36"
35.210.112.53 - - [23/Sep/2018:14:55:35 +0300] "GET /assetsweb/css/ionicons.min.css HTTP/1.1" 200 8291 "http://www.f-knowledge.com/" "Mozilla/5.0 (Linux; Android 7.0; SM-J330G Build/NRD90M) AppleWebKit/537.36 (KHTML, like Gecko) Chrome/64.0.3282.137 Mobile Safari/537.36"
35.210.112.53 - - [23/Sep/2018:14:55:35 +0300] "GET /assetsweb/css/style-ar.css HTTP/1.1" 200 10943 "http://www.f-knowledge.com/" "Mozilla/5.0 (Linux; Android 7.0; SM-J330G Build/NRD90M) AppleWebKit/537.36 (KHTML, like Gecko) Chrome/64.0.3282.137 Mobile Safari/537.36"
35.210.112.53 - - [23/Sep/2018:14:55:35 +0300] "GET /assetsweb/css/bootstrap-rtl.css HTTP/1.1" 200 4651 "http://www.f-knowledge.com/" "Mozilla/5.0 (Linux; Android 7.0; SM-J330G Build/NRD90M) AppleWebKit/537.36 (KHTML, like Gecko) Chrome/64.0.3282.137 Mobile Safari/537.36"
35.210.112.53 - - [23/Sep/2018:14:55:35 +0300] "GET /assetsweb/css/custom.css HTTP/1.1" 200 195 "http://www.f-knowledge.com/" "Mozilla/5.0 (Linux; Android 7.0; SM-J330G Build/NRD90M) AppleWebKit/537.36 (KHTML, like Gecko) Chrome/64.0.3282.137 Mobile Safari/537.36"
35.210.112.53 - - [23/Sep/2018:14:55:35 +0300] "GET /assetsweb/css/responsive-rtl.css HTTP/1.1" 404 3501 "http://www.f-knowledge.com/" "Mozilla/5.0 (Linux; Android 7.0; SM-J330G Build/NRD90M) AppleWebKit/537.36 (KHTML, like Gecko) Chrome/64.0.3282.137 Mobile Safari/537.36"
35.210.112.53 - - [23/Sep/2018:14:55:36 +0300] "GET /assetsweb/js/counter/jquery.countTo.js HTTP/1.1" 200 825 "http://www.f-knowledge.com/" "Mozilla/5.0 (Linux; Android 7.0; SM-J330G Build/NRD90M) AppleWebKit/537.36 (KHTML, like Gecko) Chrome/64.0.3282.137 Mobile Safari/537.36"
35.210.112.53 - - [23/Sep/2018:14:55:36 +0300] "GET /assetsweb/js/retina.min.js HTTP/1.1" 200 1220 "http://www.f-knowledge.com/" "Mozilla/5.0 (Linux; Android 7.0; SM-J330G Build/NRD90M) AppleWebKit/537.36 (KHTML, like Gecko) Chrome/64.0.3282.137 Mobile Safari/537.36"
35.210.112.53 - - [23/Sep/2018:14:55:36 +0300] "GET /assetsweb/js/owl-carousel/owl.carousel.min.js HTTP/1.1" 200 11611 "http://www.f-knowledge.com/" "Mozilla/5.0 (Linux; Android 7.0; SM-J330G Build/NRD90M) AppleWebKit/537.36 (KHTML, like Gecko) Chrome/64.0.3282.137 Mobile Safari/537.36"
35.210.112.53 - - [23/Sep/2018:14:55:36 +0300] "GET /assetsweb/js/jquery.appear.js HTTP/1.1" 200 674 "http://www.f-knowledge.com/" "Mozilla/5.0 (Linux; Android 7.0; SM-J330G Build/NRD90M) AppleWebKit/537.36 (KHTML, like Gecko) Chrome/64.0.3282.137 Mobile Safari/537.36"
35.210.112.53 - - [23/Sep/2018:14:55:36 +0300] "GET /assetsweb/js/magnific-popup/jquery.magnific-popup.min.js HTTP/1.1" 200 7346 "http://www.f-knowledge.com/" "Mozilla/5.0 (Linux; Android 7.0; SM-J330G Build/NRD90M) AppleWebKit/537.36 (KHTML, like Gecko) Chrome/64.0.3282.137 Mobile Safari/537.36"
35.210.112.53 - - [23/Sep/2018:14:55:36 +0300] "GET /assetsweb/js/jquery.min.js HTTP/1.1" 200 33760 "http://www.f-knowledge.com/" "Mozilla/5.0 (Linux; Android 7.0; SM-J330G Build/NRD90M) AppleWebKit/537.36 (KHTML, like Gecko) Chrome/64.0.3282.137 Mobile Safari/537.36"
35.210.112.53 - - [23/Sep/2018:14:55:36 +0300] "GET /assetsweb/js/jquery.countdown.min.js HTTP/1.1" 200 685 "http://www.f-knowledge.com/" "Mozilla/5.0 (Linux; Android 7.0; SM-J330G Build/NRD90M) AppleWebKit/537.36 (KHTML, like Gecko) Chrome/64.0.3282.137 Mobile Safari/537.36"
35.210.112.53 - - [23/Sep/2018:14:55:36 +0300] "GET /assetsweb/js/wow.min.js HTTP/1.1" 200 2825 "http://www.f-knowledge.com/" "Mozilla/5.0 (Linux; Android 7.0; SM-J330G Build/NRD90M) AppleWebKit/537.36 (KHTML, like Gecko) Chrome/64.0.3282.137 Mobile Safari/537.36"
35.210.112.53 - - [23/Sep/2018:14:55:36 +0300] "GET /assetsweb/js/particles/app.js HTTP/1.1" 200 865 "http://www.f-knowledge.com/" "Mozilla/5.0 (Linux; Android 7.0; SM-J330G Build/NRD90M) AppleWebKit/537.36 (KHTML, like Gecko) Chrome/64.0.3282.137 Mobile Safari/537.36"
35.210.112.53 - - [23/Sep/2018:14:55:36 +0300] "GET /assetsweb/js/skrollr.min.js HTTP/1.1" 200 5591 "http://www.f-knowledge.com/" "Mozilla/5.0 (Linux; Android 7.0; SM-J330G Build/NRD90M) AppleWebKit/537.36 (KHTML, like Gecko) Chrome/64.0.3282.137 Mobile Safari/537.36"
35.210.112.53 - - [23/Sep/2018:14:55:36 +0300] "GET /assetsweb/js/particles/particles.min.js HTTP/1.1" 200 5959 "http://www.f-knowledge.com/" "Mozilla/5.0 (Linux; Android 7.0; SM-J330G Build/NRD90M) AppleWebKit/537.36 (KHTML, like Gecko) Chrome/64.0.3282.137 Mobile Safari/537.36"
35.210.112.53 - - [23/Sep/2018:14:55:36 +0300] "GET /assetsweb/js/custom.js HTTP/1.1" 200 2656 "http://www.f-knowledge.com/" "Mozilla/5.0 (Linux; Android 7.0; SM-J330G Build/NRD90M) AppleWebKit/537.36 (KHTML, like Gecko) Chrome/64.0.3282.137 Mobile Safari/537.36"
35.210.112.53 - - [23/Sep/2018:14:55:36 +0300] "GET /assetsweb/js/bootstrap.min.js HTTP/1.1" 200 9919 "http://www.f-knowledge.com/" "Mozilla/5.0 (Linux; Android 7.0; SM-J330G Build/NRD90M) AppleWebKit/537.36 (KHTML, like Gecko) Chrome/64.0.3282.137 Mobile Safari/537.36"
35.210.112.53 - - [23/Sep/2018:14:55:36 +0300] "GET /sett/15154364921.png HTTP/1.1" 200 9408 "http://www.f-knowledge.com/" "Mozilla/5.0 (Linux; Android 7.0; SM-J330G Build/NRD90M) AppleWebKit/537.36 (KHTML, like Gecko) Chrome/64.0.3282.137 Mobile Safari/537.36"
35.210.112.53 - - [23/Sep/2018:14:55:36 +0300] "GET /assetsweb/images/drive/03.png HTTP/1.1" 200 12174 "http://www.f-knowledge.com/" "Mozilla/5.0 (Linux; Android 7.0; SM-J330G Build/NRD90M) AppleWebKit/537.36 (KHTML, like Gecko) Chrome/64.0.3282.137 Mobile Safari/537.36"
35.210.112.53 - - [23/Sep/2018:14:55:36 +0300] "GET /assetsweb/images/drive/04.png HTTP/1.1" 200 4375 "http://www.f-knowledge.com/" "Mozilla/5.0 (Linux; Android 7.0; SM-J330G Build/NRD90M) AppleWebKit/537.36 (KHTML, like Gecko) Chrome/64.0.3282.137 Mobile Safari/537.36"
35.210.112.53 - - [23/Sep/2018:14:55:36 +0300] "GET /assetsweb/images/drive/01.png HTTP/1.1" 200 55703 "http://www.f-knowledge.com/" "Mozilla/5.0 (Linux; Android 7.0; SM-J330G Build/NRD90M) AppleWebKit/537.36 (KHTML, like Gecko) Chrome/64.0.3282.137 Mobile Safari/537.36"
35.210.112.53 - - [23/Sep/2018:14:55:36 +0300] "GET /assetsweb/images/drive/02-ar.png HTTP/1.1" 200 68618 "http://www.f-knowledge.com/" "Mozilla/5.0 (Linux; Android 7.0; SM-J330G Build/NRD90M) AppleWebKit/537.36 (KHTML, like Gecko) Chrome/64.0.3282.137 Mobile Safari/537.36"
35.210.112.53 - - [23/Sep/2018:14:55:36 +0300] "GET /solution_image/1533364869.png HTTP/1.1" 200 61384 "http://www.f-knowledge.com/" "Mozilla/5.0 (Linux; Android 7.0; SM-J330G Build/NRD90M) AppleWebKit/537.36 (KHTML, like Gecko) Chrome/64.0.3282.137 Mobile Safari/537.36"
35.210.112.53 - - [23/Sep/2018:14:55:36 +0300] "GET /solution_image/1533363991.jpg HTTP/1.1" 200 85082 "http://www.f-knowledge.com/" "Mozilla/5.0 (Linux; Android 7.0; SM-J330G Build/NRD90M) AppleWebKit/537.36 (KHTML, like Gecko) Chrome/64.0.3282.137 Mobile Safari/537.36"
35.210.112.53 - - [23/Sep/2018:14:55:36 +0300] "GET /solution_image/1533364634.jpg HTTP/1.1" 200 47051 "http://www.f-knowledge.com/" "Mozilla/5.0 (Linux; Android 7.0; SM-J330G Build/NRD90M) AppleWebKit/537.36 (KHTML, like Gecko) Chrome/64.0.3282.137 Mobile Safari/537.36"
35.210.112.53 - - [23/Sep/2018:14:55:36 +0300] "GET /solution_image/1533364221.jpg HTTP/1.1" 200 113572 "http://www.f-knowledge.com/" "Mozilla/5.0 (Linux; Android 7.0; SM-J330G Build/NRD90M) AppleWebKit/537.36 (KHTML, like Gecko) Chrome/64.0.3282.137 Mobile Safari/537.36"
35.210.112.53 - - [23/Sep/2018:14:55:36 +0300] "GET /solution_image/1533364197.jpg HTTP/1.1" 200 103489 "http://www.f-knowledge.com/" "Mozilla/5.0 (Linux; Android 7.0; SM-J330G Build/NRD90M) AppleWebKit/537.36 (KHTML, like Gecko) Chrome/64.0.3282.137 Mobile Safari/537.36"
35.210.112.53 - - [23/Sep/2018:14:55:36 +0300] "GET /solution_image/1533364246.jpeg HTTP/1.1" 200 51244 "http://www.f-knowledge.com/" "Mozilla/5.0 (Linux; Android 7.0; SM-J330G Build/NRD90M) AppleWebKit/537.36 (KHTML, like Gecko) Chrome/64.0.3282.137 Mobile Safari/537.36"
35.210.112.53 - - [23/Sep/2018:14:55:36 +0300] "GET /assetsweb/images/banner/01.png HTTP/1.1" 200 104306 "http://www.f-knowledge.com/" "Mozilla/5.0 (Linux; Android 7.0; SM-J330G Build/NRD90M) AppleWebKit/537.36 (KHTML, like Gecko) Chrome/64.0.3282.137 Mobile Safari/537.36"
35.210.112.53 - - [23/Sep/2018:14:55:37 +0300] "GET /images/1533365116.jpg HTTP/1.1" 200 12886 "http://www.f-knowledge.com/" "Mozilla/5.0 (Linux; Android 7.0; SM-J330G Build/NRD90M) AppleWebKit/537.36 (KHTML, like Gecko) Chrome/64.0.3282.137 Mobile Safari/537.36"
35.210.112.53 - - [23/Sep/2018:14:55:37 +0300] "GET /images/1533365196.png HTTP/1.1" 200 21958 "http://www.f-knowledge.com/" "Mozilla/5.0 (Linux; Android 7.0; SM-J330G Build/NRD90M) AppleWebKit/537.36 (KHTML, like Gecko) Chrome/64.0.3282.137 Mobile Safari/537.36"
35.210.112.53 - - [23/Sep/2018:14:55:37 +0300] "GET /images/1533365268.png HTTP/1.1" 200 21958 "http://www.f-knowledge.com/" "Mozilla/5.0 (Linux; Android 7.0; SM-J330G Build/NRD90M) AppleWebKit/537.36 (KHTML, like Gecko) Chrome/64.0.3282.137 Mobile Safari/537.36"
35.210.112.53 - - [23/Sep/2018:14:55:37 +0300] "GET /images/1533365244.png HTTP/1.1" 200 21958 "http://www.f-knowledge.com/" "Mozilla/5.0 (Linux; Android 7.0; SM-J330G Build/NRD90M) AppleWebKit/537.36 (KHTML, like Gecko) Chrome/64.0.3282.137 Mobile Safari/537.36"
35.210.112.53 - - [23/Sep/2018:14:55:37 +0300] "GET /sett/151543639715.jpg HTTP/1.1" 200 145886 "http://www.f-knowledge.com/" "Mozilla/5.0 (Linux; Android 7.0; SM-J330G Build/NRD90M) AppleWebKit/537.36 (KHTML, like Gecko) Chrome/64.0.3282.137 Mobile Safari/537.36"
35.210.112.53 - - [23/Sep/2018:14:55:37 +0300] "GET /assetsweb/fonts/ionicons28b5.ttf?v=2.0.0 HTTP/1.1" 200 188508 "http://www.f-knowledge.com/assetsweb/css/ionicons.min.css" "Mozilla/5.0 (Linux; Android 7.0; SM-J330G Build/NRD90M) AppleWebKit/537.36 (KHTML, like Gecko) Chrome/64.0.3282.137 Mobile Safari/537.36"
35.210.112.53 - - [23/Sep/2018:14:55:37 +0300] "GET /assetsweb/images/banner/02-ar.png HTTP/1.1" 200 5104 "http://www.f-knowledge.com/assetsweb/css/style-ar.css" "Mozilla/5.0 (Linux; Android 7.0; SM-J330G Build/NRD90M) AppleWebKit/537.36 (KHTML, like Gecko) Chrome/64.0.3282.137 Mobile Safari/537.36"
35.210.112.53 - - [23/Sep/2018:14:55:37 +0300] "GET /assetsweb/images/bg/07.jpg HTTP/1.1" 200 998092 "http://www.f-knowledge.com/" "Mozilla/5.0 (Linux; Android 7.0; SM-J330G Build/NRD90M) AppleWebKit/537.36 (KHTML, like Gecko) Chrome/64.0.3282.137 Mobile Safari/537.36"
35.210.112.53 - - [23/Sep/2018:14:55:37 +0300] "GET /assetsweb/fonts/fontawesome-webfont3e6e.html?v=4.7.0 HTTP/1.1" 200 77162 "http://www.f-knowledge.com/assetsweb/css/font-awesome.css" "Mozilla/5.0 (Linux; Android 7.0; SM-J330G Build/NRD90M) AppleWebKit/537.36 (KHTML, like Gecko) Chrome/64.0.3282.137 Mobile Safari/537.36"
35.210.112.53 - - [23/Sep/2018:14:55:37 +0300] "GET /assetsweb/images/bg/04.jpg HTTP/1.1" 200 1501984 "http://www.f-knowledge.com/" "Mozilla/5.0 (Linux; Android 7.0; SM-J330G Build/NRD90M) AppleWebKit/537.36 (KHTML, like Gecko) Chrome/64.0.3282.137 Mobile Safari/537.36"
35.210.112.53 - - [23/Sep/2018:14:55:45 +0300] "HEAD /sett/15154364921@2x.png HTTP/1.1" 404 - "http://www.f-knowledge.com/" "Mozilla/5.0 (Linux; Android 7.0; SM-J330G Build/NRD90M) AppleWebKit/537.36 (KHTML, like Gecko) Chrome/64.0.3282.137 Mobile Safari/537.36"
35.210.112.53 - - [23/Sep/2018:14:55:45 +0300] "HEAD /assetsweb/images/banner/01@2x.png HTTP/1.1" 404 - "http://www.f-knowledge.com/" "Mozilla/5.0 (Linux; Android 7.0; SM-J330G Build/NRD90M) AppleWebKit/537.36 (KHTML, like Gecko) Chrome/64.0.3282.137 Mobile Safari/537.36"
35.210.112.53 - - [23/Sep/2018:14:55:45 +0300] "HEAD /assetsweb/images/drive/01@2x.png HTTP/1.1" 404 - "http://www.f-knowledge.com/" "Mozilla/5.0 (Linux; Android 7.0; SM-J330G Build/NRD90M) AppleWebKit/537.36 (KHTML, like Gecko) Chrome/64.0.3282.137 Mobile Safari/537.36"
35.210.112.53 - - [23/Sep/2018:14:55:45 +0300] "HEAD /solution_image/1533364869@2x.png HTTP/1.1" 404 - "http://www.f-knowledge.com/" "Mozilla/5.0 (Linux; Android 7.0; SM-J330G Build/NRD90M) AppleWebKit/537.36 (KHTML, like Gecko) Chrome/64.0.3282.137 Mobile Safari/537.36"
35.210.112.53 - - [23/Sep/2018:14:55:45 +0300] "HEAD /assetsweb/images/drive/04@2x.png HTTP/1.1" 404 - "http://www.f-knowledge.com/" "Mozilla/5.0 (Linux; Android 7.0; SM-J330G Build/NRD90M) AppleWebKit/537.36 (KHTML, like Gecko) Chrome/64.0.3282.137 Mobile Safari/537.36"
35.210.112.53 - - [23/Sep/2018:14:55:45 +0300] "HEAD /assetsweb/images/drive/03@2x.png HTTP/1.1" 404 - "http://www.f-knowledge.com/" "Mozilla/5.0 (Linux; Android 7.0; SM-J330G Build/NRD90M) AppleWebKit/537.36 (KHTML, like Gecko) Chrome/64.0.3282.137 Mobile Safari/537.36"
35.210.112.53 - - [23/Sep/2018:14:55:45 +0300] "HEAD /solution_image/1533364634@2x.jpg HTTP/1.1" 404 - "http://www.f-knowledge.com/" "Mozilla/5.0 (Linux; Android 7.0; SM-J330G Build/NRD90M) AppleWebKit/537.36 (KHTML, like Gecko) Chrome/64.0.3282.137 Mobile Safari/537.36"
35.210.112.53 - - [23/Sep/2018:14:55:45 +0300] "HEAD /solution_image/1533363991@2x.jpg HTTP/1.1" 404 - "http://www.f-knowledge.com/" "Mozilla/5.0 (Linux; Android 7.0; SM-J330G Build/NRD90M) AppleWebKit/537.36 (KHTML, like Gecko) Chrome/64.0.3282.137 Mobile Safari/537.36"
35.210.112.53 - - [23/Sep/2018:14:55:45 +0300] "HEAD /solution_image/1533364197@2x.jpg HTTP/1.1" 404 - "http://www.f-knowledge.com/" "Mozilla/5.0 (Linux; Android 7.0; SM-J330G Build/NRD90M) AppleWebKit/537.36 (KHTML, like Gecko) Chrome/64.0.3282.137 Mobile Safari/537.36"
35.210.112.53 - - [23/Sep/2018:14:55:46 +0300] "HEAD /solution_image/1533364221@2x.jpg HTTP/1.1" 404 - "http://www.f-knowledge.com/" "Mozilla/5.0 (Linux; Android 7.0; SM-J330G Build/NRD90M) AppleWebKit/537.36 (KHTML, like Gecko) Chrome/64.0.3282.137 Mobile Safari/537.36"
35.210.112.53 - - [23/Sep/2018:14:55:46 +0300] "HEAD /solution_image/1533364246@2x.jpeg HTTP/1.1" 404 - "http://www.f-knowledge.com/" "Mozilla/5.0 (Linux; Android 7.0; SM-J330G Build/NRD90M) AppleWebKit/537.36 (KHTML, like Gecko) Chrome/64.0.3282.137 Mobile Safari/537.36"
35.210.112.53 - - [23/Sep/2018:14:55:46 +0300] "HEAD /images/1533365116@2x.jpg HTTP/1.1" 404 - "http://www.f-knowledge.com/" "Mozilla/5.0 (Linux; Android 7.0; SM-J330G Build/NRD90M) AppleWebKit/537.36 (KHTML, like Gecko) Chrome/64.0.3282.137 Mobile Safari/537.36"
35.210.112.53 - - [23/Sep/2018:14:55:46 +0300] "HEAD /images/1533365244@2x.png HTTP/1.1" 404 - "http://www.f-knowledge.com/" "Mozilla/5.0 (Linux; Android 7.0; SM-J330G Build/NRD90M) AppleWebKit/537.36 (KHTML, like Gecko) Chrome/64.0.3282.137 Mobile Safari/537.36"
35.210.112.53 - - [23/Sep/2018:14:55:46 +0300] "HEAD /images/1533365196@2x.png HTTP/1.1" 404 - "http://www.f-knowledge.com/" "Mozilla/5.0 (Linux; Android 7.0; SM-J330G Build/NRD90M) AppleWebKit/537.36 (KHTML, like Gecko) Chrome/64.0.3282.137 Mobile Safari/537.36"
35.210.112.53 - - [23/Sep/2018:14:55:45 +0300] "HEAD /assetsweb/images/drive/03@2x.png HTTP/1.1" 404 - "http://www.f-knowledge.com/" "Mozilla/5.0 (Linux; Android 7.0; SM-J330G Build/NRD90M) AppleWebKit/537.36 (KHTML, like Gecko) Chrome/64.0.3282.137 Mobile Safari/537.36"
35.210.112.53 - - [23/Sep/2018:14:55:45 +0300] "HEAD /assetsweb/images/drive/04@2x.png HTTP/1.1" 404 - "http://www.f-knowledge.com/" "Mozilla/5.0 (Linux; Android 7.0; SM-J330G Build/NRD90M) AppleWebKit/537.36 (KHTML, like Gecko) Chrome/64.0.3282.137 Mobile Safari/537.36"
35.210.112.53 - - [23/Sep/2018:14:55:45 +0300] "HEAD /assetsweb/images/drive/02-ar@2x.png HTTP/1.1" 404 - "http://www.f-knowledge.com/" "Mozilla/5.0 (Linux; Android 7.0; SM-J330G Build/NRD90M) AppleWebKit/537.36 (KHTML, like Gecko) Chrome/64.0.3282.137 Mobile Safari/537.36"
35.210.112.53 - - [23/Sep/2018:14:55:46 +0300] "GET /assetsweb/images/favicon.ico HTTP/1.1" 200 15086 "http://www.f-knowledge.com/" "Mozilla/5.0 (Linux; Android 7.0; SM-J330G Build/NRD90M) AppleWebKit/537.36 (KHTML, like Gecko) Chrome/64.0.3282.137 Mobile Safari/537.36"
35.210.112.53 - - [23/Sep/2018:14:55:46 +0300] "HEAD /images/1533365268@2x.png HTTP/1.1" 404 - "http://www.f-knowledge.com/" "Mozilla/5.0 (Linux; Android 7.0; SM-J330G Build/NRD90M) AppleWebKit/537.36 (KHTML, like Gecko) Chrome/64.0.3282.137 Mobile Safari/537.36"
66.249.79.194 - - [23/Sep/2018:15:16:45 +0300] "GET / HTTP/1.1" 200 5539 "-" "Mozilla/5.0 (Linux; Android 6.0.1; Nexus 5X Build/MMB29P) AppleWebKit/537.36 (KHTML, like Gecko) Chrome/41.0.2272.96 Mobile Safari/537.36 (compatible; Googlebot/2.1; +http://www.google.com/bot.html)"
66.249.79.194 - - [23/Sep/2018:15:16:48 +0300] "GET /assetsweb/css/responsive-rtl.css HTTP/1.1" 404 3501 "http://www.f-knowledge.com/" "Mozilla/5.0 (Linux; Android 6.0.1; Nexus 5X Build/MMB29P) AppleWebKit/537.36 (KHTML, like Gecko) Chrome/41.0.2272.96 Mobile Safari/537.36 (compatible; Googlebot/2.1; +http://www.google.com/bot.html)"
66.249.79.14 - - [23/Sep/2018:15:23:45 +0300] "GET / HTTP/1.1" 200 5533 "-" "Mozilla/5.0 (Linux; Android 6.0.1; Nexus 5X Build/MMB29P) AppleWebKit/537.36 (KHTML, like Gecko) Chrome/41.0.2272.96 Mobile Safari/537.36 (compatible; Googlebot/2.1; +http://www.google.com/bot.html)"
66.249.79.16 - - [23/Sep/2018:15:54:32 +0300] "GET / HTTP/1.1" 200 5533 "-" "Mozilla/5.0 (compatible; Googlebot/2.1; +http://www.google.com/bot.html)"
66.249.79.197 - - [23/Sep/2018:15:56:14 +0300] "GET / HTTP/1.1" 200 5539 "-" "Mozilla/5.0 (compatible; Googlebot/2.1; +http://www.google.com/bot.html)"
66.249.79.16 - - [23/Sep/2018:16:55:02 +0300] "GET / HTTP/1.1" 200 5533 "-" "Mozilla/5.0 (Linux; Android 6.0.1; Nexus 5X Build/MMB29P) AppleWebKit/537.36 (KHTML, like Gecko) Chrome/41.0.2272.96 Mobile Safari/537.36 (compatible; Googlebot/2.1; +http://www.google.com/bot.html)"
66.249.79.14 - - [23/Sep/2018:16:55:05 +0300] "GET /assetsweb/css/responsive-rtl.css HTTP/1.1" 404 3437 "http://f-knowledge.com/" "Mozilla/5.0 (Linux; Android 6.0.1; Nexus 5X Build/MMB29P) AppleWebKit/537.36 (KHTML, like Gecko) Chrome/41.0.2272.96 Mobile Safari/537.36 (compatible; Googlebot/2.1; +http://www.google.com/bot.html)"
66.249.79.197 - - [23/Sep/2018:17:22:50 +0300] "GET / HTTP/1.1" 200 5539 "-" "Mozilla/5.0 (Linux; Android 6.0.1; Nexus 5X Build/MMB29P) AppleWebKit/537.36 (KHTML, like Gecko) Chrome/41.0.2272.96 Mobile Safari/537.36 (compatible; Googlebot/2.1; +http://www.google.com/bot.html)"
66.249.79.12 - - [23/Sep/2018:17:25:10 +0300] "GET / HTTP/1.1" 200 5533 "-" "Mozilla/5.0 (compatible; Googlebot/2.1; +http://www.google.com/bot.html)"
66.249.79.194 - - [23/Sep/2018:18:16:45 +0300] "GET /serviceview HTTP/1.1" 200 11987 "-" "Mozilla/5.0 (Linux; Android 6.0.1; Nexus 5X Build/MMB29P) AppleWebKit/537.36 (KHTML, like Gecko) Chrome/41.0.2272.96 Mobile Safari/537.36 (compatible; Googlebot/2.1; +http://www.google.com/bot.html)"
66.249.79.194 - - [23/Sep/2018:18:23:32 +0300] "GET / HTTP/1.1" 200 5539 "-" "Mozilla/5.0 (compatible; Googlebot/2.1; +http://www.google.com/bot.html)"
66.249.79.14 - - [23/Sep/2018:18:23:45 +0300] "GET / HTTP/1.1" 200 5533 "-" "Mozilla/5.0 (Linux; Android 6.0.1; Nexus 5X Build/MMB29P) AppleWebKit/537.36 (KHTML, like Gecko) Chrome/41.0.2272.96 Mobile Safari/537.36 (compatible; Googlebot/2.1; +http://www.google.com/bot.html)"
66.249.79.14 - - [23/Sep/2018:18:23:47 +0300] "GET /assetsweb/css/responsive-rtl.css HTTP/1.1" 404 3437 "http://f-knowledge.com/" "Mozilla/5.0 (Linux; Android 6.0.1; Nexus 5X Build/MMB29P) AppleWebKit/537.36 (KHTML, like Gecko) Chrome/41.0.2272.96 Mobile Safari/537.36 (compatible; Googlebot/2.1; +http://www.google.com/bot.html)"
185.234.217.192 - - [23/Sep/2018:18:28:17 +0300] "GET /wp-login.php HTTP/1.1" 404 3437 "-" "Mozilla/5.0 (compatible; MSIE 9.0; Windows NT 6.1; Trident/5.0)"
185.234.217.192 - - [23/Sep/2018:18:28:18 +0300] "GET //wp-login.php HTTP/1.1" 404 3437 "-" "Mozilla/5.0 (compatible; MSIE 9.0; Windows NT 6.1; Trident/5.0)"
66.249.79.194 - - [23/Sep/2018:18:53:03 +0300] "GET / HTTP/1.1" 200 5539 "-" "Mozilla/5.0 (Linux; Android 6.0.1; Nexus 5X Build/MMB29P) AppleWebKit/537.36 (KHTML, like Gecko) Chrome/41.0.2272.96 Mobile Safari/537.36 (compatible; Googlebot/2.1; +http://www.google.com/bot.html)"
66.249.79.12 - - [23/Sep/2018:18:55:10 +0300] "GET / HTTP/1.1" 200 5533 "-" "Mozilla/5.0 (compatible; Googlebot/2.1; +http://www.google.com/bot.html)"
66.249.79.222 - - [23/Sep/2018:19:38:40 +0300] "GET /serviceview HTTP/1.1" 200 11987 "-" "Mozilla/5.0 (Linux; Android 6.0.1; Nexus 5X Build/MMB29P) AppleWebKit/537.36 (KHTML, like Gecko) Chrome/41.0.2272.96 Mobile Safari/537.36 (compatible; Googlebot/2.1; +http://www.google.com/bot.html)"
66.249.79.222 - - [23/Sep/2018:19:50:52 +0300] "GET /sett/15154364921.png HTTP/1.1" 200 9408 "-" "Googlebot-Image/1.0"
66.249.79.12 - - [23/Sep/2018:19:51:00 +0300] "GET / HTTP/1.1" 200 5533 "-" "Mozilla/5.0 (Linux; Android 6.0.1; Nexus 5X Build/MMB29P) AppleWebKit/537.36 (KHTML, like Gecko) Chrome/41.0.2272.96 Mobile Safari/537.36 (compatible; Googlebot/2.1; +http://www.google.com/bot.html)"
66.249.79.194 - - [23/Sep/2018:20:30:19 +0300] "GET /index.html HTTP/1.1" 404 3501 "-" "Mozilla/5.0 (Linux; Android 6.0.1; Nexus 5X Build/MMB29P) AppleWebKit/537.36 (KHTML, like Gecko) Chrome/41.0.2272.96 Mobile Safari/537.36 (compatible; Googlebot/2.1; +http://www.google.com/bot.html)"
54.36.150.47 - - [23/Sep/2018:20:41:36 +0300] "GET /robots.txt HTTP/1.1" 200 24 "-" "Mozilla/5.0 (compatible; AhrefsBot/5.2; +http://ahrefs.com/robot/)"
66.249.79.14 - - [23/Sep/2018:20:47:53 +0300] "GET / HTTP/1.1" 200 5533 "-" "Mozilla/5.0 (compatible; Googlebot/2.1; +http://www.google.com/bot.html)"
5.45.207.48 - - [23/Sep/2018:21:16:47 +0300] "GET /robots.txt HTTP/1.1" 200 24 "-" "Mozilla/5.0 (compatible; YandexBot/3.0; +http://yandex.com/bots)"
5.45.207.48 - - [23/Sep/2018:21:16:51 +0300] "GET /assetsweb/images/favicon.ico HTTP/1.1" 200 15086 "-" "Mozilla/5.0 (compatible; YandexBot/3.0; +http://yandex.com/bots)"
