40.77.189.55 - - [11/Oct/2018:08:18:50 +0300] "GET /assetsweb/js/magnific-popup/jquery.magnific-popup.min.js HTTP/1.1" 200 20216 "-" "Mozilla/5.0 (Windows NT 6.1; WOW64) AppleWebKit/534+ (KHTML, like Gecko) BingPreview/1.0b"
40.77.190.120 - - [11/Oct/2018:08:18:51 +0300] "GET /solution_image/1533364246.jpeg HTTP/1.1" 200 51244 "-" "Mozilla/5.0 (Windows NT 6.1; WOW64) AppleWebKit/534+ (KHTML, like Gecko) BingPreview/1.0b"
40.77.190.127 - - [11/Oct/2018:08:18:51 +0300] "GET /images/1533365116.jpg HTTP/1.1" 200 12886 "-" "Mozilla/5.0 (Windows NT 6.1; WOW64) AppleWebKit/534+ (KHTML, like Gecko) BingPreview/1.0b"
40.77.189.55 - - [11/Oct/2018:08:18:51 +0300] "GET /images/1533365196.png HTTP/1.1" 200 21958 "-" "Mozilla/5.0 (Windows NT 6.1; WOW64) AppleWebKit/534+ (KHTML, like Gecko) BingPreview/1.0b"
40.77.189.6 - - [11/Oct/2018:08:18:52 +0300] "GET /images/1533365244.png HTTP/1.1" 200 21958 "-" "Mozilla/5.0 (Windows NT 6.1; WOW64) AppleWebKit/534+ (KHTML, like Gecko) BingPreview/1.0b"
40.77.189.55 - - [11/Oct/2018:08:18:52 +0300] "GET /assetsweb/js/wow.min.js HTTP/1.1" 200 8155 "-" "Mozilla/5.0 (Windows NT 6.1; WOW64) AppleWebKit/534+ (KHTML, like Gecko) BingPreview/1.0b"
40.77.190.120 - - [11/Oct/2018:08:18:52 +0300] "GET /images/1533365268.png HTTP/1.1" 200 21958 "-" "Mozilla/5.0 (Windows NT 6.1; WOW64) AppleWebKit/534+ (KHTML, like Gecko) BingPreview/1.0b"
40.77.189.55 - - [11/Oct/2018:08:18:52 +0300] "GET /assetsweb/js/jquery.countdown.min.js HTTP/1.1" 200 1310 "-" "Mozilla/5.0 (Windows NT 6.1; WOW64) AppleWebKit/534+ (KHTML, like Gecko) BingPreview/1.0b"
40.77.189.70 - - [11/Oct/2018:08:18:52 +0300] "GET /assetsweb/js/skrollr.min.js HTTP/1.1" 200 12615 "-" "Mozilla/5.0 (Windows NT 6.1; WOW64) AppleWebKit/534+ (KHTML, like Gecko) BingPreview/1.0b"
40.77.189.29 - - [11/Oct/2018:08:18:53 +0300] "GET /assetsweb/js/particles/particles.min.js HTTP/1.1" 200 23364 "-" "Mozilla/5.0 (Windows NT 6.1; WOW64) AppleWebKit/534+ (KHTML, like Gecko) BingPreview/1.0b"
40.77.190.120 - - [11/Oct/2018:08:18:53 +0300] "GET /assetsweb/js/bootstrap.min.js HTTP/1.1" 200 37330 "-" "Mozilla/5.0 (Windows NT 6.1; WOW64) AppleWebKit/534+ (KHTML, like Gecko) BingPreview/1.0b"
40.77.189.215 - - [11/Oct/2018:08:18:54 +0300] "GET /sett/151543639715.jpg HTTP/1.1" 200 145886 "-" "Mozilla/5.0 (Windows NT 6.1; WOW64) AppleWebKit/534+ (KHTML, like Gecko) BingPreview/1.0b"
40.77.190.127 - - [11/Oct/2018:08:18:54 +0300] "GET /assetsweb/js/custom.js HTTP/1.1" 200 11108 "-" "Mozilla/5.0 (Windows NT 6.1; WOW64) AppleWebKit/534+ (KHTML, like Gecko) BingPreview/1.0b"
40.77.190.127 - - [11/Oct/2018:08:18:54 +0300] "GET /assetsweb/images/banner/02-ar.png HTTP/1.1" 200 5104 "-" "Mozilla/5.0 (Windows NT 6.1; WOW64) AppleWebKit/534+ (KHTML, like Gecko) BingPreview/1.0b"
40.77.190.120 - - [11/Oct/2018:08:18:55 +0300] "GET /assetsweb/images/bg/07.jpg HTTP/1.1" 200 998092 "-" "Mozilla/5.0 (Windows NT 6.1; WOW64) AppleWebKit/534+ (KHTML, like Gecko) BingPreview/1.0b"
40.77.190.120 - - [11/Oct/2018:08:18:56 +0300] "GET /assetsweb/images/bg/04.jpg HTTP/1.1" 200 1501984 "-" "Mozilla/5.0 (Windows NT 6.1; WOW64) AppleWebKit/534+ (KHTML, like Gecko) BingPreview/1.0b"
40.77.188.185 - - [11/Oct/2018:08:18:57 +0300] "GET /assetsweb/fonts/ionicons28b5.ttf?v=2.0.0 HTTP/1.1" 200 188508 "-" "Mozilla/5.0 (Windows NT 6.1; WOW64) AppleWebKit/534+ (KHTML, like Gecko) BingPreview/1.0b"
40.77.189.55 - - [11/Oct/2018:08:18:57 +0300] "GET /assetsweb/fonts/fontawesome-webfont3e6e.ttf?v=4.7.0 HTTP/1.1" 200 165548 "-" "Mozilla/5.0 (Windows NT 6.1; WOW64) AppleWebKit/534+ (KHTML, like Gecko) BingPreview/1.0b"
95.211.209.158 - - [11/Oct/2018:10:34:59 +0300] "GET /index.php?page=../../../../../../../../../../../../../etc/my.cnf HTTP/1.1" 200 31899 "-" "Mozilla/5.0 (Windows NT 10.0; Win64; x64; rv:58.0) Gecko/20100101 Firefox/58.0"
5.45.207.48 - - [11/Oct/2018:10:35:41 +0300] "GET /robots.txt HTTP/1.1" 200 24 "-" "Mozilla/5.0 (compatible; YandexBot/3.0; +http://yandex.com/bots)"
5.45.207.48 - - [11/Oct/2018:10:35:45 +0300] "GET / HTTP/1.1" 200 5539 "-" "Mozilla/5.0 (compatible; YandexBot/3.0; +http://yandex.com/bots)"
66.249.66.30 - - [11/Oct/2018:11:37:03 +0300] "GET /index HTTP/1.1" 200 5533 "-" "Mozilla/5.0 (Linux; Android 6.0.1; Nexus 5X Build/MMB29P) AppleWebKit/537.36 (KHTML, like Gecko) Chrome/41.0.2272.96 Mobile Safari/537.36 (compatible; Googlebot/2.1; +http://www.google.com/bot.html)"
66.249.66.28 - - [11/Oct/2018:12:07:18 +0300] "GET / HTTP/1.1" 200 5533 "-" "Mozilla/5.0 (Linux; Android 6.0.1; Nexus 5X Build/MMB29P) AppleWebKit/537.36 (KHTML, like Gecko) Chrome/41.0.2272.96 Mobile Safari/537.36 (compatible; Googlebot/2.1; +http://www.google.com/bot.html)"
66.249.66.28 - - [11/Oct/2018:12:07:20 +0300] "GET /assetsweb/css/responsive-rtl.css HTTP/1.1" 404 3437 "http://f-knowledge.com/" "Mozilla/5.0 (Linux; Android 6.0.1; Nexus 5X Build/MMB29P) AppleWebKit/537.36 (KHTML, like Gecko) Chrome/41.0.2272.96 Mobile Safari/537.36 (compatible; Googlebot/2.1; +http://www.google.com/bot.html)"
66.249.66.29 - - [11/Oct/2018:12:52:00 +0300] "GET /newview HTTP/1.1" 200 3021 "-" "Mozilla/5.0 (Linux; Android 6.0.1; Nexus 5X Build/MMB29P) AppleWebKit/537.36 (KHTML, like Gecko) Chrome/41.0.2272.96 Mobile Safari/537.36 (compatible; Googlebot/2.1; +http://www.google.com/bot.html)"
66.249.66.29 - - [11/Oct/2018:14:07:50 +0300] "GET /teamview HTTP/1.1" 200 3363 "-" "Mozilla/5.0 (Linux; Android 6.0.1; Nexus 5X Build/MMB29P) AppleWebKit/537.36 (KHTML, like Gecko) Chrome/41.0.2272.96 Mobile Safari/537.36 (compatible; Googlebot/2.1; +http://www.google.com/bot.html)"
180.76.15.146 - - [11/Oct/2018:15:17:17 +0300] "GET / HTTP/1.1" 200 5533 "-" "Mozilla/5.0 (compatible; Baiduspider/2.0; +http://www.baidu.com/search/spider.html)"
5.45.207.48 - - [11/Oct/2018:15:19:48 +0300] "GET /robots.txt HTTP/1.1" 200 24 "-" "Mozilla/5.0 (compatible; YandexBot/3.0; +http://yandex.com/bots)"
178.154.200.21 - - [11/Oct/2018:15:19:48 +0300] "GET /robots.txt HTTP/1.1" 200 24 "-" "Mozilla/5.0 (compatible; YandexBot/3.0; +http://yandex.com/bots)"
5.45.207.48 - - [11/Oct/2018:15:19:51 +0300] "GET / HTTP/1.1" 200 5533 "-" "Mozilla/5.0 (compatible; YandexBot/3.0; +http://yandex.com/bots)"
178.154.200.21 - - [11/Oct/2018:15:19:51 +0300] "GET / HTTP/1.1" 200 5539 "-" "Mozilla/5.0 (compatible; YandexBot/3.0; +http://yandex.com/bots)"
180.76.15.153 - - [11/Oct/2018:15:50:37 +0300] "GET /assetsweb/js/jquery.appear.js HTTP/1.1" 200 674 "-" "Mozilla/5.0 (compatible; Baiduspider/2.0; +http://www.baidu.com/search/spider.html)"
66.249.66.37 - - [11/Oct/2018:17:01:31 +0300] "GET / HTTP/1.1" 200 5539 "-" "Mozilla/5.0 (Linux; Android 6.0.1; Nexus 5X Build/MMB29P) AppleWebKit/537.36 (KHTML, like Gecko) Chrome/41.0.2272.96 Mobile Safari/537.36 (compatible; Googlebot/2.1; +http://www.google.com/bot.html)"
66.249.66.30 - - [11/Oct/2018:17:20:07 +0300] "GET / HTTP/1.1" 200 5533 "-" "Mozilla/5.0 (compatible; Googlebot/2.1; +http://www.google.com/bot.html)"
66.249.66.30 - - [11/Oct/2018:17:20:10 +0300] "GET /assetsweb/css/responsive-rtl.css HTTP/1.1" 404 3437 "http://f-knowledge.com/" "Mozilla/5.0 AppleWebKit/537.36 (KHTML, like Gecko; compatible; Googlebot/2.1; +http://www.google.com/bot.html) Safari/537.36"
78.95.42.40 - - [11/Oct/2018:17:59:04 +0300] "GET /assetsweb/js/skrollr.min.js HTTP/1.1" 200 5591 "http://egyptschools.org/aboutview.aspx" "Mozilla/5.0 (Windows NT 6.1) AppleWebKit/537.36 (KHTML, like Gecko) Chrome/69.0.3497.100 Safari/537.36"
193.106.30.98 - - [11/Oct/2018:20:11:20 +0300] "POST /wp-content/plugins/background-image-cropper/image/ico/search.php HTTP/1.1" 404 3437 "-" "Mozilla/5.0 (Windows NT 6.1; rv:34.0) Gecko/20100101 Firefox/34.0"
220.243.135.227 - - [11/Oct/2018:20:27:50 +0300] "GET /r2/newsletter.htm HTTP/1.1" 404 3501 "-" "Mozilla/5.0 (Linux; Android 6.0; Nexus 5 Build/MRA58N) AppleWebKit/537.36 (KHTML, like Gecko) Chrome/65.0.3325.181 Mobile Safari/537.36"
180.76.15.9 - - [11/Oct/2018:20:36:50 +0300] "GET /newview HTTP/1.1" 200 3021 "-" "Mozilla/5.0 (compatible; Baiduspider/2.0; +http://www.baidu.com/search/spider.html)"
66.249.66.62 - - [11/Oct/2018:21:05:30 +0300] "GET / HTTP/1.1" 200 5539 "-" "Mozilla/5.0 (compatible; Googlebot/2.1; +http://www.google.com/bot.html)"
66.249.66.62 - - [11/Oct/2018:21:05:32 +0300] "GET /assetsweb/css/responsive-rtl.css HTTP/1.1" 404 3501 "http://www.f-knowledge.com/" "Mozilla/5.0 AppleWebKit/537.36 (KHTML, like Gecko; compatible; Googlebot/2.1; +http://www.google.com/bot.html) Safari/537.36"
66.249.66.30 - - [11/Oct/2018:21:37:42 +0300] "GET / HTTP/1.1" 200 5533 "-" "Mozilla/5.0 (Linux; Android 6.0.1; Nexus 5X Build/MMB29P) AppleWebKit/537.36 (KHTML, like Gecko) Chrome/41.0.2272.96 Mobile Safari/537.36 (compatible; Googlebot/2.1; +http://www.google.com/bot.html)"
46.229.168.134 - - [11/Oct/2018:21:47:35 +0300] "GET /robots.txt HTTP/1.1" 200 24 "-" "Mozilla/5.0 (compatible; SemrushBot/2~bl; +http://www.semrush.com/bot.html)"
46.229.168.136 - - [11/Oct/2018:21:47:36 +0300] "GET /serviceview HTTP/1.1" 200 11987 "-" "Mozilla/5.0 (compatible; SemrushBot/2~bl; +http://www.semrush.com/bot.html)"
207.46.13.72 - - [12/Oct/2018:00:16:41 +0300] "GET / HTTP/1.1" 200 5533 "-" "Mozilla/5.0 (compatible; bingbot/2.0; +http://www.bing.com/bingbot.htm)"
207.46.13.205 - - [12/Oct/2018:02:16:58 +0300] "GET /solutionview HTTP/1.1" 200 3362 "-" "Mozilla/5.0 (compatible; bingbot/2.0; +http://www.bing.com/bingbot.htm)"
207.46.13.72 - - [12/Oct/2018:02:17:03 +0300] "GET /assetsweb/css/font-awesome.css HTTP/1.1" 200 7450 "-" "Mozilla/5.0 (compatible; bingbot/2.0; +http://www.bing.com/bingbot.htm)"
207.46.13.72 - - [12/Oct/2018:02:17:03 +0300] "GET /assetsweb/css/magnific-popup/magnific-popup.css HTTP/1.1" 200 1816 "-" "Mozilla/5.0 (compatible; bingbot/2.0; +http://www.bing.com/bingbot.htm)"
207.46.13.72 - - [12/Oct/2018:02:17:03 +0300] "GET /assetsweb/css/style-ar.css HTTP/1.1" 200 10943 "-" "Mozilla/5.0 (compatible; bingbot/2.0; +http://www.bing.com/bingbot.htm)"
207.46.13.72 - - [12/Oct/2018:02:17:04 +0300] "GET /assetsweb/css/custom.css HTTP/1.1" 200 195 "-" "Mozilla/5.0 (compatible; bingbot/2.0; +http://www.bing.com/bingbot.htm)"
207.46.13.72 - - [12/Oct/2018:02:17:04 +0300] "GET /assetsweb/js/jquery.appear.js HTTP/1.1" 200 674 "-" "Mozilla/5.0 (compatible; bingbot/2.0; +http://www.bing.com/bingbot.htm)"
207.46.13.72 - - [12/Oct/2018:02:17:04 +0300] "GET /assetsweb/js/skrollr.min.js HTTP/1.1" 200 5591 "-" "Mozilla/5.0 (compatible; bingbot/2.0; +http://www.bing.com/bingbot.htm)"
207.46.13.72 - - [12/Oct/2018:02:17:04 +0300] "GET /assetsweb/js/custom.js HTTP/1.1" 200 2656 "-" "Mozilla/5.0 (compatible; bingbot/2.0; +http://www.bing.com/bingbot.htm)"
207.46.13.205 - - [12/Oct/2018:02:17:09 +0300] "GET /robots.txt HTTP/1.1" 200 24 "-" "Mozilla/5.0 (compatible; bingbot/2.0; +http://www.bing.com/bingbot.htm)"
207.46.13.205 - - [12/Oct/2018:02:17:09 +0300] "GET /robots.txt HTTP/1.1" 200 24 "-" "Mozilla/5.0 (compatible; bingbot/2.0; +http://www.bing.com/bingbot.htm)"
207.46.13.205 - - [12/Oct/2018:02:17:09 +0300] "GET /assetsweb/js/particles/particles.min.js HTTP/1.1" 200 5959 "-" "Mozilla/5.0 (compatible; bingbot/2.0; +http://www.bing.com/bingbot.htm)"
40.77.167.46 - - [12/Oct/2018:02:17:15 +0300] "GET /assetsweb/css/bootstrap.min.css HTTP/1.1" 200 20125 "-" "Mozilla/5.0 (compatible; bingbot/2.0; +http://www.bing.com/bingbot.htm)"
40.77.167.46 - - [12/Oct/2018:02:17:15 +0300] "GET /assetsweb/css/bootstrap-rtl.css HTTP/1.1" 200 4651 "-" "Mozilla/5.0 (compatible; bingbot/2.0; +http://www.bing.com/bingbot.htm)"
40.77.167.46 - - [12/Oct/2018:02:17:15 +0300] "GET /assetsweb/css/responsive-rtl.css HTTP/1.1" 404 3437 "-" "Mozilla/5.0 (compatible; bingbot/2.0; +http://www.bing.com/bingbot.htm)"
40.77.167.46 - - [12/Oct/2018:02:17:15 +0300] "GET /assetsweb/js/jquery.min.js HTTP/1.1" 200 33760 "-" "Mozilla/5.0 (compatible; bingbot/2.0; +http://www.bing.com/bingbot.htm)"
40.77.167.46 - - [12/Oct/2018:02:17:15 +0300] "GET /assetsweb/js/retina.min.js HTTP/1.1" 200 1220 "-" "Mozilla/5.0 (compatible; bingbot/2.0; +http://www.bing.com/bingbot.htm)"
40.77.167.91 - - [12/Oct/2018:02:17:19 +0300] "GET /assetsweb/css/owl-carousel/owl.carousel.css HTTP/1.1" 200 1111 "-" "Mozilla/5.0 (compatible; bingbot/2.0; +http://www.bing.com/bingbot.htm)"
40.77.167.91 - - [12/Oct/2018:02:17:19 +0300] "GET /assetsweb/css/animate.css HTTP/1.1" 200 2922 "-" "Mozilla/5.0 (compatible; bingbot/2.0; +http://www.bing.com/bingbot.htm)"
40.77.167.91 - - [12/Oct/2018:02:17:20 +0300] "GET /assetsweb/css/ionicons.min.css HTTP/1.1" 200 8291 "-" "Mozilla/5.0 (compatible; bingbot/2.0; +http://www.bing.com/bingbot.htm)"
40.77.167.91 - - [12/Oct/2018:02:17:20 +0300] "GET /assetsweb/js/owl-carousel/owl.carousel.min.js HTTP/1.1" 200 11611 "-" "Mozilla/5.0 (compatible; bingbot/2.0; +http://www.bing.com/bingbot.htm)"
40.77.167.91 - - [12/Oct/2018:02:17:20 +0300] "GET /assetsweb/js/counter/jquery.countTo.js HTTP/1.1" 200 825 "-" "Mozilla/5.0 (compatible; bingbot/2.0; +http://www.bing.com/bingbot.htm)"
40.77.167.91 - - [12/Oct/2018:02:17:20 +0300] "GET /assetsweb/js/magnific-popup/jquery.magnific-popup.min.js HTTP/1.1" 200 7346 "-" "Mozilla/5.0 (compatible; bingbot/2.0; +http://www.bing.com/bingbot.htm)"
40.77.167.91 - - [12/Oct/2018:02:17:21 +0300] "GET /assetsweb/js/wow.min.js HTTP/1.1" 200 2825 "-" "Mozilla/5.0 (compatible; bingbot/2.0; +http://www.bing.com/bingbot.htm)"
40.77.167.91 - - [12/Oct/2018:02:17:21 +0300] "GET /assetsweb/js/jquery.countdown.min.js HTTP/1.1" 200 685 "-" "Mozilla/5.0 (compatible; bingbot/2.0; +http://www.bing.com/bingbot.htm)"
40.77.167.91 - - [12/Oct/2018:02:17:21 +0300] "GET /assetsweb/js/bootstrap.min.js HTTP/1.1" 200 9919 "-" "Mozilla/5.0 (compatible; bingbot/2.0; +http://www.bing.com/bingbot.htm)"
173.244.36.45 - - [12/Oct/2018:03:02:12 +0300] "GET / HTTP/1.1" 200 5533 "-" "python-requests/2.18.4"
40.77.189.172 - - [12/Oct/2018:03:18:04 +0300] "GET /assetsweb/fonts/ionicons28b5.ttf?v=2.0.0 HTTP/1.1" 200 188508 "-" "Mozilla/5.0 (Windows NT 6.1; WOW64) AppleWebKit/534+ (KHTML, like Gecko) BingPreview/1.0b"
40.77.190.78 - - [12/Oct/2018:03:18:05 +0300] "GET /assetsweb/fonts/fontawesome-webfont3e6e.ttf?v=4.7.0 HTTP/1.1" 200 165548 "-" "Mozilla/5.0 (Windows NT 6.1; WOW64) AppleWebKit/534+ (KHTML, like Gecko) BingPreview/1.0b"
66.249.66.34 - - [12/Oct/2018:05:39:21 +0300] "GET /robots.txt HTTP/1.1" 200 24 "-" "Mozilla/5.0 (compatible; Googlebot/2.1; +http://www.google.com/bot.html)"
66.249.66.37 - - [12/Oct/2018:05:39:21 +0300] "GET / HTTP/1.1" 200 5539 "-" "Mozilla/5.0 (Linux; Android 6.0.1; Nexus 5X Build/MMB29P) AppleWebKit/537.36 (KHTML, like Gecko) Chrome/41.0.2272.96 Mobile Safari/537.36 (compatible; Googlebot/2.1; +http://www.google.com/bot.html)"
66.249.66.29 - - [12/Oct/2018:07:08:17 +0300] "GET /robots.txt HTTP/1.1" 200 24 "-" "Mozilla/5.0 (compatible; Googlebot/2.1; +http://www.google.com/bot.html)"
66.249.66.30 - - [12/Oct/2018:07:08:17 +0300] "GET / HTTP/1.1" 200 5533 "-" "Mozilla/5.0 (Linux; Android 6.0.1; Nexus 5X Build/MMB29P) AppleWebKit/537.36 (KHTML, like Gecko) Chrome/41.0.2272.96 Mobile Safari/537.36 (compatible; Googlebot/2.1; +http://www.google.com/bot.html)"
86.110.118.182 - - [12/Oct/2018:07:15:01 +0300] "GET /wp-login.php HTTP/1.1" 404 3437 "-" "Mozilla/5.0 (compatible; MSIE 9.0; Windows NT 6.1; Trident/5.0)"
86.110.118.182 - - [12/Oct/2018:07:15:01 +0300] "GET //wp-login.php HTTP/1.1" 404 3437 "-" "Mozilla/5.0 (compatible; MSIE 9.0; Windows NT 6.1; Trident/5.0)"
66.249.66.29 - - [12/Oct/2018:07:46:07 +0300] "GET / HTTP/1.1" 200 5533 "-" "Mozilla/5.0 (compatible; Googlebot/2.1; +http://www.google.com/bot.html)"
66.249.66.28 - - [12/Oct/2018:07:46:19 +0300] "GET /assetsweb/css/responsive-rtl.css HTTP/1.1" 404 3437 "http://f-knowledge.com/" "Mozilla/5.0 AppleWebKit/537.36 (KHTML, like Gecko; compatible; Googlebot/2.1; +http://www.google.com/bot.html) Safari/537.36"
66.249.66.34 - - [12/Oct/2018:07:48:58 +0300] "GET / HTTP/1.1" 200 5539 "-" "Mozilla/5.0 (compatible; Googlebot/2.1; +http://www.google.com/bot.html)"
66.249.66.62 - - [12/Oct/2018:07:49:05 +0300] "GET /assetsweb/css/responsive-rtl.css HTTP/1.1" 404 3501 "http://www.f-knowledge.com/" "Mozilla/5.0 AppleWebKit/537.36 (KHTML, like Gecko; compatible; Googlebot/2.1; +http://www.google.com/bot.html) Safari/537.36"
207.46.13.205 - - [12/Oct/2018:08:11:04 +0300] "GET /solutionview HTTP/1.1" 200 3362 "-" "Mozilla/5.0 (compatible; bingbot/2.0; +http://www.bing.com/bingbot.htm)"
46.229.168.136 - - [12/Oct/2018:10:15:32 +0300] "GET /robots.txt HTTP/1.1" 200 24 "-" "Mozilla/5.0 (compatible; SemrushBot/2~bl; +http://www.semrush.com/bot.html)"
46.229.168.129 - - [12/Oct/2018:10:15:33 +0300] "GET /solutionview HTTP/1.1" 200 3366 "-" "Mozilla/5.0 (compatible; SemrushBot/2~bl; +http://www.semrush.com/bot.html)"
193.106.30.98 - - [12/Oct/2018:10:55:28 +0300] "POST /wp-admin/includes/index.php HTTP/1.1" 404 3437 "-" "Mozilla/5.0 (Windows NT 6.1; rv:34.0) Gecko/20100101 Firefox/34.0"
101.78.150.98 - - [12/Oct/2018:13:03:48 +0300] "GET /status?full HTTP/1.1" 404 3437 "-" "Mozilla/5.0 (Windows NT 10.0; Win64; x64; rv:57.0) Gecko/20100101 Firefox/57.0"
101.78.150.98 - - [12/Oct/2018:13:03:52 +0300] "GET /phpMyAdmin/scripts/setup.php HTTP/1.1" 404 3437 "-" "Mozilla/5.0 (Windows NT 10.0; Win64; x64; rv:57.0) Gecko/20100101 Firefox/57.0"
101.78.150.98 - - [12/Oct/2018:13:03:53 +0300] "GET /phpmyadmin/scripts/setup.php HTTP/1.1" 404 3437 "-" "Mozilla/5.0 (Windows NT 10.0; Win64; x64; rv:57.0) Gecko/20100101 Firefox/57.0"
101.78.150.98 - - [12/Oct/2018:13:03:54 +0300] "GET /_phpMyAdmin/scripts/setup.php HTTP/1.1" 404 3437 "-" "Mozilla/5.0 (Windows NT 10.0; Win64; x64; rv:57.0) Gecko/20100101 Firefox/57.0"
101.78.150.98 - - [12/Oct/2018:13:03:58 +0300] "GET /admin/scripts/setup.php HTTP/1.1" 404 3437 "-" "Mozilla/5.0 (Windows NT 10.0; Win64; x64; rv:57.0) Gecko/20100101 Firefox/57.0"
101.78.150.98 - - [12/Oct/2018:13:03:59 +0300] "GET /scripts/setup.php HTTP/1.1" 404 3437 "-" "Mozilla/5.0 (Windows NT 10.0; Win64; x64; rv:57.0) Gecko/20100101 Firefox/57.0"
101.78.150.98 - - [12/Oct/2018:13:03:59 +0300] "GET /pma/scripts/setup.php HTTP/1.1" 404 3437 "-" "Mozilla/5.0 (Windows NT 10.0; Win64; x64; rv:57.0) Gecko/20100101 Firefox/57.0"
185.212.171.108 - - [12/Oct/2018:13:16:19 +0300] "GET / HTTP/1.0" 200 31779 "http://f-knowledge.com/" "Mozilla/5.0 (Windows NT 5.0; rv:30.1) Gecko/20100101 Firefox/30.1"
185.212.171.108 - - [12/Oct/2018:13:16:20 +0300] "GET /contactview HTTP/1.0" 200 15735 "http://f-knowledge.com/contactview" "Mozilla/5.0 (Windows NT 5.0; rv:30.1) Gecko/20100101 Firefox/30.1"
185.212.171.108 - - [12/Oct/2018:13:16:21 +0300] "POST /storecon HTTP/1.0" 302 356 "http://f-knowledge.com/contactview" "Mozilla/5.0 (Windows NT 5.0; rv:30.1) Gecko/20100101 Firefox/30.1"
185.212.171.108 - - [12/Oct/2018:13:16:22 +0300] "GET /login HTTP/1.0" 200 8016 "http://f-knowledge.com/login" "Mozilla/5.0 (Windows NT 5.0; rv:30.1) Gecko/20100101 Firefox/30.1"
46.229.168.142 - - [12/Oct/2018:17:04:42 +0300] "GET /robots.txt HTTP/1.1" 200 24 "-" "Mozilla/5.0 (compatible; SemrushBot/2~bl; +http://www.semrush.com/bot.html)"
46.229.168.145 - - [12/Oct/2018:17:04:44 +0300] "GET /serviceview HTTP/1.1" 200 11987 "-" "Mozilla/5.0 (compatible; SemrushBot/2~bl; +http://www.semrush.com/bot.html)"
54.36.150.47 - - [12/Oct/2018:17:14:08 +0300] "GET /robots.txt HTTP/1.1" 200 24 "-" "Mozilla/5.0 (compatible; AhrefsBot/5.2; +http://ahrefs.com/robot/)"
66.249.66.29 - - [12/Oct/2018:17:22:05 +0300] "GET / HTTP/1.1" 200 5533 "-" "Mozilla/5.0 (compatible; Googlebot/2.1; +http://www.google.com/bot.html)"
66.249.66.28 - - [12/Oct/2018:17:22:14 +0300] "GET /assetsweb/css/responsive-rtl.css HTTP/1.1" 404 3437 "http://f-knowledge.com/" "Mozilla/5.0 AppleWebKit/537.36 (KHTML, like Gecko; compatible; Googlebot/2.1; +http://www.google.com/bot.html) Safari/537.36"
66.249.66.37 - - [12/Oct/2018:17:22:19 +0300] "GET / HTTP/1.1" 200 5539 "-" "Mozilla/5.0 (compatible; Googlebot/2.1; +http://www.google.com/bot.html)"
66.249.66.34 - - [12/Oct/2018:17:22:23 +0300] "GET /assetsweb/css/responsive-rtl.css HTTP/1.1" 404 3501 "http://www.f-knowledge.com/" "Mozilla/5.0 AppleWebKit/537.36 (KHTML, like Gecko; compatible; Googlebot/2.1; +http://www.google.com/bot.html) Safari/537.36"
157.55.39.4 - - [12/Oct/2018:18:08:50 +0300] "GET /robots.txt HTTP/1.1" 200 24 "-" "Mozilla/5.0 (compatible; bingbot/2.0; +http://www.bing.com/bingbot.htm)"
40.77.167.46 - - [12/Oct/2018:18:08:54 +0300] "GET /serviceview HTTP/1.1" 200 11984 "-" "Mozilla/5.0 (compatible; bingbot/2.0; +http://www.bing.com/bingbot.htm)"
66.249.93.64 - - [12/Oct/2018:18:35:00 +0300] "GET / HTTP/1.1" 200 5539 "https://www.google.com.sa/" "Mozilla/5.0 (Linux; Android 7.1.1; E6633 Build/32.4.A.1.54) AppleWebKit/537.36 (KHTML, like Gecko) Chrome/69.0.3497.100 Mobile Safari/537.36"
66.249.93.64 - - [12/Oct/2018:18:35:00 +0300] "GET /assetsweb/css/bootstrap.min.css HTTP/1.1" 200 20125 "http://www.f-knowledge.com/" "Mozilla/5.0 (Linux; Android 7.1.1; E6633 Build/32.4.A.1.54) AppleWebKit/537.36 (KHTML, like Gecko) Chrome/69.0.3497.100 Mobile Safari/537.36"
66.249.93.94 - - [12/Oct/2018:18:35:00 +0300] "GET /assetsweb/css/owl-carousel/owl.carousel.css HTTP/1.1" 200 1111 "http://www.f-knowledge.com/" "Mozilla/5.0 (Linux; Android 7.1.1; E6633 Build/32.4.A.1.54) AppleWebKit/537.36 (KHTML, like Gecko) Chrome/69.0.3497.100 Mobile Safari/537.36"
66.249.93.94 - - [12/Oct/2018:18:35:00 +0300] "GET /assetsweb/css/ionicons.min.css HTTP/1.1" 200 8291 "http://www.f-knowledge.com/" "Mozilla/5.0 (Linux; Android 7.1.1; E6633 Build/32.4.A.1.54) AppleWebKit/537.36 (KHTML, like Gecko) Chrome/69.0.3497.100 Mobile Safari/537.36"
66.249.93.67 - - [12/Oct/2018:18:35:00 +0300] "GET /assetsweb/css/magnific-popup/magnific-popup.css HTTP/1.1" 200 1816 "http://www.f-knowledge.com/" "Mozilla/5.0 (Linux; Android 7.1.1; E6633 Build/32.4.A.1.54) AppleWebKit/537.36 (KHTML, like Gecko) Chrome/69.0.3497.100 Mobile Safari/537.36"
66.249.93.94 - - [12/Oct/2018:18:35:00 +0300] "GET /assetsweb/css/font-awesome.css HTTP/1.1" 200 7450 "http://www.f-knowledge.com/" "Mozilla/5.0 (Linux; Android 7.1.1; E6633 Build/32.4.A.1.54) AppleWebKit/537.36 (KHTML, like Gecko) Chrome/69.0.3497.100 Mobile Safari/537.36"
66.249.93.67 - - [12/Oct/2018:18:35:00 +0300] "GET /assetsweb/css/animate.css HTTP/1.1" 200 2922 "http://www.f-knowledge.com/" "Mozilla/5.0 (Linux; Android 7.1.1; E6633 Build/32.4.A.1.54) AppleWebKit/537.36 (KHTML, like Gecko) Chrome/69.0.3497.100 Mobile Safari/537.36"
66.249.93.64 - - [12/Oct/2018:18:35:00 +0300] "GET /assetsweb/css/style-ar.css HTTP/1.1" 200 10943 "http://www.f-knowledge.com/" "Mozilla/5.0 (Linux; Android 7.1.1; E6633 Build/32.4.A.1.54) AppleWebKit/537.36 (KHTML, like Gecko) Chrome/69.0.3497.100 Mobile Safari/537.36"
66.249.93.64 - - [12/Oct/2018:18:35:00 +0300] "GET /assetsweb/css/bootstrap-rtl.css HTTP/1.1" 200 4651 "http://www.f-knowledge.com/" "Mozilla/5.0 (Linux; Android 7.1.1; E6633 Build/32.4.A.1.54) AppleWebKit/537.36 (KHTML, like Gecko) Chrome/69.0.3497.100 Mobile Safari/537.36"
66.249.93.67 - - [12/Oct/2018:18:35:01 +0300] "GET /sett/15154364921.png HTTP/1.1" 200 9408 "http://www.f-knowledge.com/" "Mozilla/5.0 (Linux; Android 7.1.1; E6633 Build/32.4.A.1.54) AppleWebKit/537.36 (KHTML, like Gecko) Chrome/69.0.3497.100 Mobile Safari/537.36"
66.249.93.94 - - [12/Oct/2018:18:35:01 +0300] "GET /assetsweb/css/custom.css HTTP/1.1" 200 195 "http://www.f-knowledge.com/" "Mozilla/5.0 (Linux; Android 7.1.1; E6633 Build/32.4.A.1.54) AppleWebKit/537.36 (KHTML, like Gecko) Chrome/69.0.3497.100 Mobile Safari/537.36"
66.249.93.94 - - [12/Oct/2018:18:35:01 +0300] "GET /assetsweb/css/responsive-rtl.css HTTP/1.1" 404 3501 "http://www.f-knowledge.com/" "Mozilla/5.0 (Linux; Android 7.1.1; E6633 Build/32.4.A.1.54) AppleWebKit/537.36 (KHTML, like Gecko) Chrome/69.0.3497.100 Mobile Safari/537.36"
66.249.93.94 - - [12/Oct/2018:18:35:01 +0300] "GET /sett/151543639715.jpg HTTP/1.1" 200 145886 "http://www.f-knowledge.com/" "Mozilla/5.0 (Linux; Android 7.1.1; E6633 Build/32.4.A.1.54) AppleWebKit/537.36 (KHTML, like Gecko) Chrome/69.0.3497.100 Mobile Safari/537.36"
66.249.93.94 - - [12/Oct/2018:18:35:01 +0300] "GET /assetsweb/js/jquery.min.js HTTP/1.1" 200 33760 "http://www.f-knowledge.com/" "Mozilla/5.0 (Linux; Android 7.1.1; E6633 Build/32.4.A.1.54) AppleWebKit/537.36 (KHTML, like Gecko) Chrome/69.0.3497.100 Mobile Safari/537.36"
66.249.93.94 - - [12/Oct/2018:18:35:01 +0300] "GET /assetsweb/js/owl-carousel/owl.carousel.min.js HTTP/1.1" 200 11611 "http://www.f-knowledge.com/" "Mozilla/5.0 (Linux; Android 7.1.1; E6633 Build/32.4.A.1.54) AppleWebKit/537.36 (KHTML, like Gecko) Chrome/69.0.3497.100 Mobile Safari/537.36"
66.249.93.67 - - [12/Oct/2018:18:35:01 +0300] "GET /assetsweb/js/jquery.appear.js HTTP/1.1" 200 674 "http://www.f-knowledge.com/" "Mozilla/5.0 (Linux; Android 7.1.1; E6633 Build/32.4.A.1.54) AppleWebKit/537.36 (KHTML, like Gecko) Chrome/69.0.3497.100 Mobile Safari/537.36"
66.249.93.67 - - [12/Oct/2018:18:35:01 +0300] "GET /assetsweb/js/magnific-popup/jquery.magnific-popup.min.js HTTP/1.1" 200 7346 "http://www.f-knowledge.com/" "Mozilla/5.0 (Linux; Android 7.1.1; E6633 Build/32.4.A.1.54) AppleWebKit/537.36 (KHTML, like Gecko) Chrome/69.0.3497.100 Mobile Safari/537.36"
66.249.93.67 - - [12/Oct/2018:18:35:01 +0300] "GET /assetsweb/js/counter/jquery.countTo.js HTTP/1.1" 200 825 "http://www.f-knowledge.com/" "Mozilla/5.0 (Linux; Android 7.1.1; E6633 Build/32.4.A.1.54) AppleWebKit/537.36 (KHTML, like Gecko) Chrome/69.0.3497.100 Mobile Safari/537.36"
66.249.93.67 - - [12/Oct/2018:18:35:01 +0300] "GET /assetsweb/js/retina.min.js HTTP/1.1" 200 1220 "http://www.f-knowledge.com/" "Mozilla/5.0 (Linux; Android 7.1.1; E6633 Build/32.4.A.1.54) AppleWebKit/537.36 (KHTML, like Gecko) Chrome/69.0.3497.100 Mobile Safari/537.36"
66.249.93.94 - - [12/Oct/2018:18:35:01 +0300] "GET /assetsweb/js/wow.min.js HTTP/1.1" 200 2825 "http://www.f-knowledge.com/" "Mozilla/5.0 (Linux; Android 7.1.1; E6633 Build/32.4.A.1.54) AppleWebKit/537.36 (KHTML, like Gecko) Chrome/69.0.3497.100 Mobile Safari/537.36"
66.249.93.64 - - [12/Oct/2018:18:35:01 +0300] "GET /assetsweb/js/skrollr.min.js HTTP/1.1" 200 5591 "http://www.f-knowledge.com/" "Mozilla/5.0 (Linux; Android 7.1.1; E6633 Build/32.4.A.1.54) AppleWebKit/537.36 (KHTML, like Gecko) Chrome/69.0.3497.100 Mobile Safari/537.36"
66.249.93.67 - - [12/Oct/2018:18:35:01 +0300] "GET /assetsweb/js/jquery.countdown.min.js HTTP/1.1" 200 685 "http://www.f-knowledge.com/" "Mozilla/5.0 (Linux; Android 7.1.1; E6633 Build/32.4.A.1.54) AppleWebKit/537.36 (KHTML, like Gecko) Chrome/69.0.3497.100 Mobile Safari/537.36"
66.249.93.67 - - [12/Oct/2018:18:35:01 +0300] "GET /assetsweb/js/particles/app.js HTTP/1.1" 200 865 "http://www.f-knowledge.com/" "Mozilla/5.0 (Linux; Android 7.1.1; E6633 Build/32.4.A.1.54) AppleWebKit/537.36 (KHTML, like Gecko) Chrome/69.0.3497.100 Mobile Safari/537.36"
66.249.93.64 - - [12/Oct/2018:18:35:01 +0300] "GET /assetsweb/js/particles/particles.min.js HTTP/1.1" 200 5959 "http://www.f-knowledge.com/" "Mozilla/5.0 (Linux; Android 7.1.1; E6633 Build/32.4.A.1.54) AppleWebKit/537.36 (KHTML, like Gecko) Chrome/69.0.3497.100 Mobile Safari/537.36"
66.249.93.64 - - [12/Oct/2018:18:35:01 +0300] "GET /assetsweb/js/bootstrap.min.js HTTP/1.1" 200 9919 "http://www.f-knowledge.com/" "Mozilla/5.0 (Linux; Android 7.1.1; E6633 Build/32.4.A.1.54) AppleWebKit/537.36 (KHTML, like Gecko) Chrome/69.0.3497.100 Mobile Safari/537.36"
66.249.93.64 - - [12/Oct/2018:18:35:01 +0300] "GET /assetsweb/js/custom.js HTTP/1.1" 200 2656 "http://www.f-knowledge.com/" "Mozilla/5.0 (Linux; Android 7.1.1; E6633 Build/32.4.A.1.54) AppleWebKit/537.36 (KHTML, like Gecko) Chrome/69.0.3497.100 Mobile Safari/537.36"
66.249.93.94 - - [12/Oct/2018:18:35:01 +0300] "GET /assetsweb/images/banner/01.png HTTP/1.1" 200 104306 "http://www.f-knowledge.com/" "Mozilla/5.0 (Linux; Android 7.1.1; E6633 Build/32.4.A.1.54) AppleWebKit/537.36 (KHTML, like Gecko) Chrome/69.0.3497.100 Mobile Safari/537.36"
66.249.93.64 - - [12/Oct/2018:18:35:01 +0300] "GET /assetsweb/images/drive/04.png HTTP/1.1" 200 4375 "http://www.f-knowledge.com/" "Mozilla/5.0 (Linux; Android 7.1.1; E6633 Build/32.4.A.1.54) AppleWebKit/537.36 (KHTML, like Gecko) Chrome/69.0.3497.100 Mobile Safari/537.36"
66.249.93.67 - - [12/Oct/2018:18:35:01 +0300] "GET /assetsweb/images/drive/03.png HTTP/1.1" 200 12174 "http://www.f-knowledge.com/" "Mozilla/5.0 (Linux; Android 7.1.1; E6633 Build/32.4.A.1.54) AppleWebKit/537.36 (KHTML, like Gecko) Chrome/69.0.3497.100 Mobile Safari/537.36"
66.249.93.94 - - [12/Oct/2018:18:35:01 +0300] "GET /assetsweb/images/drive/01.png HTTP/1.1" 200 55703 "http://www.f-knowledge.com/" "Mozilla/5.0 (Linux; Android 7.1.1; E6633 Build/32.4.A.1.54) AppleWebKit/537.36 (KHTML, like Gecko) Chrome/69.0.3497.100 Mobile Safari/537.36"
66.249.93.94 - - [12/Oct/2018:18:35:01 +0300] "GET /assetsweb/images/drive/02-ar.png HTTP/1.1" 200 68618 "http://www.f-knowledge.com/" "Mozilla/5.0 (Linux; Android 7.1.1; E6633 Build/32.4.A.1.54) AppleWebKit/537.36 (KHTML, like Gecko) Chrome/69.0.3497.100 Mobile Safari/537.36"
66.249.93.67 - - [12/Oct/2018:18:35:01 +0300] "GET /solution_image/1533364869.png HTTP/1.1" 200 61384 "http://www.f-knowledge.com/" "Mozilla/5.0 (Linux; Android 7.1.1; E6633 Build/32.4.A.1.54) AppleWebKit/537.36 (KHTML, like Gecko) Chrome/69.0.3497.100 Mobile Safari/537.36"
66.249.93.94 - - [12/Oct/2018:18:35:01 +0300] "GET /solution_image/1533363991.jpg HTTP/1.1" 200 85082 "http://www.f-knowledge.com/" "Mozilla/5.0 (Linux; Android 7.1.1; E6633 Build/32.4.A.1.54) AppleWebKit/537.36 (KHTML, like Gecko) Chrome/69.0.3497.100 Mobile Safari/537.36"
66.249.93.94 - - [12/Oct/2018:18:35:01 +0300] "GET /solution_image/1533364634.jpg HTTP/1.1" 200 47051 "http://www.f-knowledge.com/" "Mozilla/5.0 (Linux; Android 7.1.1; E6633 Build/32.4.A.1.54) AppleWebKit/537.36 (KHTML, like Gecko) Chrome/69.0.3497.100 Mobile Safari/537.36"
66.249.93.67 - - [12/Oct/2018:18:35:01 +0300] "GET /solution_image/1533364197.jpg HTTP/1.1" 200 103489 "http://www.f-knowledge.com/" "Mozilla/5.0 (Linux; Android 7.1.1; E6633 Build/32.4.A.1.54) AppleWebKit/537.36 (KHTML, like Gecko) Chrome/69.0.3497.100 Mobile Safari/537.36"
66.249.93.94 - - [12/Oct/2018:18:35:02 +0300] "GET /solution_image/1533364246.jpeg HTTP/1.1" 200 51244 "http://www.f-knowledge.com/" "Mozilla/5.0 (Linux; Android 7.1.1; E6633 Build/32.4.A.1.54) AppleWebKit/537.36 (KHTML, like Gecko) Chrome/69.0.3497.100 Mobile Safari/537.36"
66.249.93.64 - - [12/Oct/2018:18:35:01 +0300] "GET /solution_image/1533364221.jpg HTTP/1.1" 200 113572 "http://www.f-knowledge.com/" "Mozilla/5.0 (Linux; Android 7.1.1; E6633 Build/32.4.A.1.54) AppleWebKit/537.36 (KHTML, like Gecko) Chrome/69.0.3497.100 Mobile Safari/537.36"
66.249.93.67 - - [12/Oct/2018:18:35:02 +0300] "GET /images/1533365116.jpg HTTP/1.1" 200 12886 "http://www.f-knowledge.com/" "Mozilla/5.0 (Linux; Android 7.1.1; E6633 Build/32.4.A.1.54) AppleWebKit/537.36 (KHTML, like Gecko) Chrome/69.0.3497.100 Mobile Safari/537.36"
66.249.93.64 - - [12/Oct/2018:18:35:02 +0300] "GET /images/1533365196.png HTTP/1.1" 200 21958 "http://www.f-knowledge.com/" "Mozilla/5.0 (Linux; Android 7.1.1; E6633 Build/32.4.A.1.54) AppleWebKit/537.36 (KHTML, like Gecko) Chrome/69.0.3497.100 Mobile Safari/537.36"
66.249.93.67 - - [12/Oct/2018:18:35:02 +0300] "GET /images/1533365244.png HTTP/1.1" 200 21958 "http://www.f-knowledge.com/" "Mozilla/5.0 (Linux; Android 7.1.1; E6633 Build/32.4.A.1.54) AppleWebKit/537.36 (KHTML, like Gecko) Chrome/69.0.3497.100 Mobile Safari/537.36"
66.249.93.64 - - [12/Oct/2018:18:35:02 +0300] "GET /images/1533365268.png HTTP/1.1" 200 21958 "http://www.f-knowledge.com/" "Mozilla/5.0 (Linux; Android 7.1.1; E6633 Build/32.4.A.1.54) AppleWebKit/537.36 (KHTML, like Gecko) Chrome/69.0.3497.100 Mobile Safari/537.36"
66.249.93.67 - - [12/Oct/2018:18:35:02 +0300] "GET /assetsweb/images/bg/07.jpg HTTP/1.1" 200 998092 "http://www.f-knowledge.com/" "Mozilla/5.0 (Linux; Android 7.1.1; E6633 Build/32.4.A.1.54) AppleWebKit/537.36 (KHTML, like Gecko) Chrome/69.0.3497.100 Mobile Safari/537.36"
66.249.93.94 - - [12/Oct/2018:18:35:02 +0300] "GET /assetsweb/images/bg/04.jpg HTTP/1.1" 200 1501984 "http://www.f-knowledge.com/" "Mozilla/5.0 (Linux; Android 7.1.1; E6633 Build/32.4.A.1.54) AppleWebKit/537.36 (KHTML, like Gecko) Chrome/69.0.3497.100 Mobile Safari/537.36"
66.249.93.67 - - [12/Oct/2018:18:35:02 +0300] "GET /assetsweb/fonts/ionicons28b5.ttf?v=2.0.0 HTTP/1.1" 200 188508 "http://www.f-knowledge.com/assetsweb/css/ionicons.min.css" "Mozilla/5.0 (Linux; Android 7.1.1; E6633 Build/32.4.A.1.54) AppleWebKit/537.36 (KHTML, like Gecko) Chrome/69.0.3497.100 Mobile Safari/537.36"
66.249.93.67 - - [12/Oct/2018:18:35:02 +0300] "GET /assetsweb/images/banner/02-ar.png HTTP/1.1" 200 5104 "http://www.f-knowledge.com/assetsweb/css/style-ar.css" "Mozilla/5.0 (Linux; Android 7.1.1; E6633 Build/32.4.A.1.54) AppleWebKit/537.36 (KHTML, like Gecko) Chrome/69.0.3497.100 Mobile Safari/537.36"
66.249.93.64 - - [12/Oct/2018:18:35:02 +0300] "GET /assetsweb/fonts/fontawesome-webfont3e6e.html?v=4.7.0 HTTP/1.1" 200 77162 "http://www.f-knowledge.com/assetsweb/css/font-awesome.css" "Mozilla/5.0 (Linux; Android 7.1.1; E6633 Build/32.4.A.1.54) AppleWebKit/537.36 (KHTML, like Gecko) Chrome/69.0.3497.100 Mobile Safari/537.36"
66.249.93.94 - - [12/Oct/2018:18:35:05 +0300] "HEAD /assetsweb/images/drive/02-ar@2x.png HTTP/1.1" 404 - "http://www.f-knowledge.com/" "Mozilla/5.0 (Linux; Android 7.1.1; E6633 Build/32.4.A.1.54) AppleWebKit/537.36 (KHTML, like Gecko) Chrome/69.0.3497.100 Mobile Safari/537.36"
66.249.93.67 - - [12/Oct/2018:18:35:05 +0300] "HEAD /sett/15154364921@2x.png HTTP/1.1" 404 - "http://www.f-knowledge.com/" "Mozilla/5.0 (Linux; Android 7.1.1; E6633 Build/32.4.A.1.54) AppleWebKit/537.36 (KHTML, like Gecko) Chrome/69.0.3497.100 Mobile Safari/537.36"
66.249.93.67 - - [12/Oct/2018:18:35:05 +0300] "HEAD /assetsweb/images/drive/01@2x.png HTTP/1.1" 404 - "http://www.f-knowledge.com/" "Mozilla/5.0 (Linux; Android 7.1.1; E6633 Build/32.4.A.1.54) AppleWebKit/537.36 (KHTML, like Gecko) Chrome/69.0.3497.100 Mobile Safari/537.36"
66.249.93.67 - - [12/Oct/2018:18:35:06 +0300] "HEAD /assetsweb/images/drive/04@2x.png HTTP/1.1" 404 - "http://www.f-knowledge.com/" "Mozilla/5.0 (Linux; Android 7.1.1; E6633 Build/32.4.A.1.54) AppleWebKit/537.36 (KHTML, like Gecko) Chrome/69.0.3497.100 Mobile Safari/537.36"
66.249.93.64 - - [12/Oct/2018:18:35:06 +0300] "HEAD /assetsweb/images/drive/03@2x.png HTTP/1.1" 404 - "http://www.f-knowledge.com/" "Mozilla/5.0 (Linux; Android 7.1.1; E6633 Build/32.4.A.1.54) AppleWebKit/537.36 (KHTML, like Gecko) Chrome/69.0.3497.100 Mobile Safari/537.36"
66.249.93.94 - - [12/Oct/2018:18:35:06 +0300] "HEAD /solution_image/1533364869@2x.png HTTP/1.1" 404 - "http://www.f-knowledge.com/" "Mozilla/5.0 (Linux; Android 7.1.1; E6633 Build/32.4.A.1.54) AppleWebKit/537.36 (KHTML, like Gecko) Chrome/69.0.3497.100 Mobile Safari/537.36"
66.249.93.67 - - [12/Oct/2018:18:35:06 +0300] "HEAD /solution_image/1533363991@2x.jpg HTTP/1.1" 404 - "http://www.f-knowledge.com/" "Mozilla/5.0 (Linux; Android 7.1.1; E6633 Build/32.4.A.1.54) AppleWebKit/537.36 (KHTML, like Gecko) Chrome/69.0.3497.100 Mobile Safari/537.36"
66.249.93.64 - - [12/Oct/2018:18:35:06 +0300] "HEAD /solution_image/1533364634@2x.jpg HTTP/1.1" 404 - "http://www.f-knowledge.com/" "Mozilla/5.0 (Linux; Android 7.1.1; E6633 Build/32.4.A.1.54) AppleWebKit/537.36 (KHTML, like Gecko) Chrome/69.0.3497.100 Mobile Safari/537.36"
66.249.93.67 - - [12/Oct/2018:18:35:06 +0300] "HEAD /solution_image/1533364197@2x.jpg HTTP/1.1" 404 - "http://www.f-knowledge.com/" "Mozilla/5.0 (Linux; Android 7.1.1; E6633 Build/32.4.A.1.54) AppleWebKit/537.36 (KHTML, like Gecko) Chrome/69.0.3497.100 Mobile Safari/537.36"
66.249.93.64 - - [12/Oct/2018:18:35:06 +0300] "HEAD /solution_image/1533364221@2x.jpg HTTP/1.1" 404 - "http://www.f-knowledge.com/" "Mozilla/5.0 (Linux; Android 7.1.1; E6633 Build/32.4.A.1.54) AppleWebKit/537.36 (KHTML, like Gecko) Chrome/69.0.3497.100 Mobile Safari/537.36"
66.249.93.94 - - [12/Oct/2018:18:35:06 +0300] "HEAD /solution_image/1533364246@2x.jpeg HTTP/1.1" 404 - "http://www.f-knowledge.com/" "Mozilla/5.0 (Linux; Android 7.1.1; E6633 Build/32.4.A.1.54) AppleWebKit/537.36 (KHTML, like Gecko) Chrome/69.0.3497.100 Mobile Safari/537.36"
66.249.93.94 - - [12/Oct/2018:18:35:06 +0300] "HEAD /images/1533365116@2x.jpg HTTP/1.1" 404 - "http://www.f-knowledge.com/" "Mozilla/5.0 (Linux; Android 7.1.1; E6633 Build/32.4.A.1.54) AppleWebKit/537.36 (KHTML, like Gecko) Chrome/69.0.3497.100 Mobile Safari/537.36"
66.249.93.67 - - [12/Oct/2018:18:35:06 +0300] "HEAD /images/1533365196@2x.png HTTP/1.1" 404 - "http://www.f-knowledge.com/" "Mozilla/5.0 (Linux; Android 7.1.1; E6633 Build/32.4.A.1.54) AppleWebKit/537.36 (KHTML, like Gecko) Chrome/69.0.3497.100 Mobile Safari/537.36"
66.249.93.64 - - [12/Oct/2018:18:35:06 +0300] "HEAD /images/1533365244@2x.png HTTP/1.1" 404 - "http://www.f-knowledge.com/" "Mozilla/5.0 (Linux; Android 7.1.1; E6633 Build/32.4.A.1.54) AppleWebKit/537.36 (KHTML, like Gecko) Chrome/69.0.3497.100 Mobile Safari/537.36"
66.249.93.94 - - [12/Oct/2018:18:35:06 +0300] "HEAD /images/1533365268@2x.png HTTP/1.1" 404 - "http://www.f-knowledge.com/" "Mozilla/5.0 (Linux; Android 7.1.1; E6633 Build/32.4.A.1.54) AppleWebKit/537.36 (KHTML, like Gecko) Chrome/69.0.3497.100 Mobile Safari/537.36"
66.249.93.64 - - [12/Oct/2018:18:35:06 +0300] "GET /assetsweb/images/favicon.ico HTTP/1.1" 200 15086 "http://www.f-knowledge.com/" "Mozilla/5.0 (Linux; Android 7.1.1; E6633 Build/32.4.A.1.54) AppleWebKit/537.36 (KHTML, like Gecko) Chrome/69.0.3497.100 Mobile Safari/537.36"
66.249.93.64 - - [12/Oct/2018:18:35:05 +0300] "HEAD /assetsweb/images/banner/01@2x.png HTTP/1.1" 404 - "http://www.f-knowledge.com/" "Mozilla/5.0 (Linux; Android 7.1.1; E6633 Build/32.4.A.1.54) AppleWebKit/537.36 (KHTML, like Gecko) Chrome/69.0.3497.100 Mobile Safari/537.36"
66.249.93.64 - - [12/Oct/2018:18:35:05 +0300] "HEAD /assetsweb/images/drive/04@2x.png HTTP/1.1" 404 - "http://www.f-knowledge.com/" "Mozilla/5.0 (Linux; Android 7.1.1; E6633 Build/32.4.A.1.54) AppleWebKit/537.36 (KHTML, like Gecko) Chrome/69.0.3497.100 Mobile Safari/537.36"
66.249.93.94 - - [12/Oct/2018:18:35:05 +0300] "HEAD /assetsweb/images/drive/03@2x.png HTTP/1.1" 404 - "http://www.f-knowledge.com/" "Mozilla/5.0 (Linux; Android 7.1.1; E6633 Build/32.4.A.1.54) AppleWebKit/537.36 (KHTML, like Gecko) Chrome/69.0.3497.100 Mobile Safari/537.36"
46.229.168.132 - - [12/Oct/2018:21:42:08 +0300] "GET /robots.txt HTTP/1.1" 200 24 "-" "Mozilla/5.0 (compatible; SemrushBot/2~bl; +http://www.semrush.com/bot.html)"
46.229.168.142 - - [12/Oct/2018:21:42:10 +0300] "GET /serviceview HTTP/1.1" 200 11987 "-" "Mozilla/5.0 (compatible; SemrushBot/2~bl; +http://www.semrush.com/bot.html)"
193.106.30.98 - - [13/Oct/2018:01:26:17 +0300] "POST /wp-content/themes/better-mag/footer.php HTTP/1.1" 404 3437 "-" "Mozilla/5.0 (Windows NT 6.1; rv:34.0) Gecko/20100101 Firefox/34.0"
40.77.167.159 - - [13/Oct/2018:01:37:04 +0300] "GET /solution_image/1533364634.jpg HTTP/1.1" 200 47051 "-" "Mozilla/5.0 (compatible; bingbot/2.0; +http://www.bing.com/bingbot.htm)"
66.249.66.62 - - [13/Oct/2018:02:29:59 +0300] "GET /aboutview HTTP/1.1" 200 4136 "-" "Mozilla/5.0 (Linux; Android 6.0.1; Nexus 5X Build/MMB29P) AppleWebKit/537.36 (KHTML, like Gecko) Chrome/41.0.2272.96 Mobile Safari/537.36 (compatible; Googlebot/2.1; +http://www.google.com/bot.html)"
178.154.200.21 - - [13/Oct/2018:02:45:04 +0300] "GET /robots.txt HTTP/1.1" 200 24 "-" "Mozilla/5.0 (compatible; YandexBot/3.0; +http://yandex.com/bots)"
178.154.200.21 - - [13/Oct/2018:02:45:04 +0300] "GET /robots.txt HTTP/1.1" 200 24 "-" "Mozilla/5.0 (compatible; YandexBot/3.0; +http://yandex.com/bots)"
178.154.200.21 - - [13/Oct/2018:02:45:08 +0300] "GET / HTTP/1.1" 200 5539 "-" "Mozilla/5.0 (compatible; YandexBot/3.0; +http://yandex.com/bots)"
178.154.171.21 - - [13/Oct/2018:02:45:08 +0300] "GET / HTTP/1.1" 200 5533 "-" "Mozilla/5.0 (compatible; YandexBot/3.0; +http://yandex.com/bots)"
207.46.13.205 - - [13/Oct/2018:03:03:48 +0300] "GET /index HTTP/1.1" 200 5533 "-" "Mozilla/5.0 (compatible; bingbot/2.0; +http://www.bing.com/bingbot.htm)"
66.249.66.62 - - [13/Oct/2018:04:05:16 +0300] "GET /images/1533365244.png HTTP/1.1" 304 - "-" "Googlebot-Image/1.0"
180.76.15.11 - - [13/Oct/2018:06:20:47 +0300] "GET /robots.txt HTTP/1.1" 200 24 "-" "Mozilla/5.0 (Windows NT 5.1; rv:6.0.2) Gecko/20100101 Firefox/6.0.2"
180.76.15.158 - - [13/Oct/2018:06:22:48 +0300] "GET /assetsweb/js/skrollr.min.js HTTP/1.1" 200 5591 "-" "Mozilla/5.0 (compatible; Baiduspider/2.0; +http://www.baidu.com/search/spider.html)"
66.249.66.34 - - [13/Oct/2018:06:58:58 +0300] "GET /robots.txt HTTP/1.1" 200 24 "-" "Mozilla/5.0 (compatible; Googlebot/2.1; +http://www.google.com/bot.html)"
66.249.66.62 - - [13/Oct/2018:06:58:58 +0300] "GET / HTTP/1.1" 200 5539 "-" "Mozilla/5.0 (Linux; Android 6.0.1; Nexus 5X Build/MMB29P) AppleWebKit/537.36 (KHTML, like Gecko) Chrome/41.0.2272.96 Mobile Safari/537.36 (compatible; Googlebot/2.1; +http://www.google.com/bot.html)"
66.249.66.37 - - [13/Oct/2018:07:26:16 +0300] "GET / HTTP/1.1" 200 5539 "-" "Mozilla/5.0 (compatible; Googlebot/2.1; +http://www.google.com/bot.html)"
66.249.66.34 - - [13/Oct/2018:07:26:23 +0300] "GET /assetsweb/js/jquery.min.js HTTP/1.1" 200 33760 "http://www.f-knowledge.com/" "Mozilla/5.0 AppleWebKit/537.36 (KHTML, like Gecko; compatible; Googlebot/2.1; +http://www.google.com/bot.html) Safari/537.36"
66.249.66.34 - - [13/Oct/2018:07:26:23 +0300] "GET /assetsweb/css/responsive-rtl.css HTTP/1.1" 404 3501 "http://www.f-knowledge.com/" "Mozilla/5.0 AppleWebKit/537.36 (KHTML, like Gecko; compatible; Googlebot/2.1; +http://www.google.com/bot.html) Safari/537.36"
66.249.66.28 - - [13/Oct/2018:08:16:50 +0300] "GET /robots.txt HTTP/1.1" 200 24 "-" "Mozilla/5.0 (compatible; Googlebot/2.1; +http://www.google.com/bot.html)"
66.249.66.28 - - [13/Oct/2018:08:16:50 +0300] "GET / HTTP/1.1" 200 5533 "-" "Mozilla/5.0 (compatible; Googlebot/2.1; +http://www.google.com/bot.html)"
91.109.118.73 - - [13/Oct/2018:08:48:17 +0300] "GET / HTTP/1.1" 200 5533 "http://f-knowledge.com" "Mozilla/5.0 (Windows NT 6.1; WOW64) AppleWebKit/537.36 (KHTML, like Gecko) Chrome/66.0.3359.181 Safari/537.36"
220.181.108.180 - - [13/Oct/2018:08:50:04 +0300] "GET /robots.txt HTTP/1.1" 200 24 "-" "Mozilla/5.0 (compatible; Baiduspider/2.0; +http://www.baidu.com/search/spider.html)"
123.125.71.22 - - [13/Oct/2018:08:51:07 +0300] "GET / HTTP/1.1" 200 5533 "-" "Mozilla/5.0 (compatible; Baiduspider/2.0; +http://www.baidu.com/search/spider.html)"
46.229.168.147 - - [13/Oct/2018:10:58:32 +0300] "GET /robots.txt HTTP/1.1" 200 24 "-" "Mozilla/5.0 (compatible; SemrushBot/2~bl; +http://www.semrush.com/bot.html)"
46.229.168.143 - - [13/Oct/2018:10:58:33 +0300] "GET /solutionview HTTP/1.1" 200 3366 "-" "Mozilla/5.0 (compatible; SemrushBot/2~bl; +http://www.semrush.com/bot.html)"
52.53.201.78 - - [13/Oct/2018:11:26:55 +0300] "GET / HTTP/1.1" 200 5539 "-" "Mozilla/5.0 (Macintosh; Intel Mac OS X 10_12_6) AppleWebKit/537.36 (KHTML, like Gecko) Chrome/61.0.3163.100 Safari/537.36"
66.249.66.62 - - [13/Oct/2018:11:41:44 +0300] "GET /aboutview HTTP/1.1" 200 4136 "-" "Mozilla/5.0 (Linux; Android 6.0.1; Nexus 5X Build/MMB29P) AppleWebKit/537.36 (KHTML, like Gecko) Chrome/41.0.2272.96 Mobile Safari/537.36 (compatible; Googlebot/2.1; +http://www.google.com/bot.html)"
5.45.207.48 - - [13/Oct/2018:13:15:11 +0300] "GET /robots.txt HTTP/1.1" 200 24 "-" "Mozilla/5.0 (compatible; YandexBot/3.0; +http://yandex.com/bots)"
5.45.207.48 - - [13/Oct/2018:13:15:15 +0300] "GET / HTTP/1.1" 200 5539 "-" "Mozilla/5.0 (compatible; YandexBot/3.0; +http://yandex.com/bots)"
180.76.15.30 - - [13/Oct/2018:14:22:13 +0300] "GET / HTTP/1.1" 200 5533 "-" "Mozilla/5.0 (compatible; Baiduspider/2.0; +http://www.baidu.com/search/spider.html)"
180.76.15.139 - - [13/Oct/2018:14:55:33 +0300] "GET /solutionview HTTP/1.1" 200 3362 "-" "Mozilla/5.0 (compatible; Baiduspider/2.0; +http://www.baidu.com/search/spider.html)"
193.106.30.98 - - [13/Oct/2018:15:43:41 +0300] "POST /cache/cachee.php HTTP/1.1" 404 3437 "-" "Mozilla/5.0 (Windows NT 6.1; rv:34.0) Gecko/20100101 Firefox/34.0"
207.46.13.30 - - [13/Oct/2018:17:19:20 +0300] "GET /solution_image/1533364246.jpeg HTTP/1.1" 200 51244 "-" "Mozilla/5.0 (compatible; bingbot/2.0; +http://www.bing.com/bingbot.htm)"
66.249.66.34 - - [13/Oct/2018:18:44:44 +0300] "GET / HTTP/1.1" 200 5539 "-" "Mozilla/5.0 (compatible; Googlebot/2.1; +http://www.google.com/bot.html)"
66.249.66.34 - - [13/Oct/2018:19:00:49 +0300] "GET /assetsweb/css/responsive-rtl.css HTTP/1.1" 404 3501 "http://www.f-knowledge.com/" "Mozilla/5.0 (Linux; Android 6.0.1; Nexus 5X Build/MMB29P) AppleWebKit/537.36 (KHTML, like Gecko) Chrome/41.0.2272.96 Mobile Safari/537.36 (compatible; Googlebot/2.1; +http://www.google.com/bot.html)"
46.229.168.144 - - [13/Oct/2018:19:03:11 +0300] "GET /robots.txt HTTP/1.1" 200 24 "-" "Mozilla/5.0 (compatible; SemrushBot/2~bl; +http://www.semrush.com/bot.html)"
46.229.168.152 - - [13/Oct/2018:19:03:11 +0300] "GET /serviceview HTTP/1.1" 200 11987 "-" "Mozilla/5.0 (compatible; SemrushBot/2~bl; +http://www.semrush.com/bot.html)"
66.249.66.34 - - [13/Oct/2018:19:48:33 +0300] "GET /assetsweb/css/responsive-rtl.css HTTP/1.1" 404 3501 "http://www.f-knowledge.com/" "Mozilla/5.0 AppleWebKit/537.36 (KHTML, like Gecko; compatible; Googlebot/2.1; +http://www.google.com/bot.html) Safari/537.36"
54.36.150.47 - - [13/Oct/2018:21:58:29 +0300] "GET /robots.txt HTTP/1.1" 200 24 "-" "Mozilla/5.0 (compatible; AhrefsBot/5.2; +http://ahrefs.com/robot/)"
54.36.148.12 - - [13/Oct/2018:21:58:30 +0300] "GET / HTTP/1.1" 200 5533 "-" "Mozilla/5.0 (compatible; AhrefsBot/5.2; +http://ahrefs.com/robot/)"
66.249.66.37 - - [14/Oct/2018:01:05:44 +0300] "GET /assetsweb/js/jquery.min.js HTTP/1.1" 200 33760 "http://www.f-knowledge.com/" "Mozilla/5.0 AppleWebKit/537.36 (KHTML, like Gecko; compatible; Googlebot/2.1; +http://www.google.com/bot.html) Safari/537.36"
54.36.150.47 - - [14/Oct/2018:01:22:47 +0300] "GET /robots.txt HTTP/1.1" 200 24 "-" "Mozilla/5.0 (compatible; AhrefsBot/5.2; +http://ahrefs.com/robot/)"
54.173.35.129 - - [14/Oct/2018:02:28:32 +0300] "GET /robots.txt HTTP/1.0" 200 24 "-" "ia_archiver"
54.173.35.129 - - [14/Oct/2018:02:28:32 +0300] "GET / HTTP/1.0" 200 31779 "-" "ia_archiver"
54.36.148.233 - - [14/Oct/2018:03:27:26 +0300] "GET /teamview HTTP/1.1" 200 3363 "-" "Mozilla/5.0 (compatible; AhrefsBot/5.2; +http://ahrefs.com/robot/)"
206.180.165.147 - - [14/Oct/2018:04:18:20 +0300] "GET / HTTP/1.1" 200 5533 "-" "Mozilla/5.0 (Windows NT 10.0; Win64; x64) AppleWebKit/537.36 (KHTML, like Gecko) Chrome/65.0.3325.181 Safari/537.36"
207.46.13.43 - - [14/Oct/2018:05:06:30 +0300] "GET /news/1514165359.jpg HTTP/1.1" 200 21230 "-" "Mozilla/5.0 (compatible; bingbot/2.0; +http://www.bing.com/bingbot.htm)"
66.249.66.62 - - [14/Oct/2018:05:22:56 +0300] "GET / HTTP/1.1" 200 5539 "-" "Mozilla/5.0 (compatible; Googlebot/2.1; +http://www.google.com/bot.html)"
66.249.66.37 - - [14/Oct/2018:05:22:58 +0300] "GET /assetsweb/js/jquery.min.js HTTP/1.1" 200 33760 "http://www.f-knowledge.com/" "Mozilla/5.0 AppleWebKit/537.36 (KHTML, like Gecko; compatible; Googlebot/2.1; +http://www.google.com/bot.html) Safari/537.36"
193.106.30.98 - - [14/Oct/2018:06:06:55 +0300] "POST /wp-content/themes/twentyfifteen/content-link.php HTTP/1.1" 404 3437 "-" "Mozilla/5.0 (Windows NT 6.1; rv:34.0) Gecko/20100101 Firefox/34.0"
5.45.207.48 - - [14/Oct/2018:07:02:37 +0300] "GET /robots.txt HTTP/1.1" 200 24 "-" "Mozilla/5.0 (compatible; YandexBot/3.0; +http://yandex.com/bots)"
5.45.207.48 - - [14/Oct/2018:07:02:41 +0300] "GET /assetsweb/images/favicon.ico HTTP/1.1" 200 15086 "-" "Mozilla/5.0 (compatible; YandexBot/3.0; +http://yandex.com/bots)"
54.36.148.10 - - [14/Oct/2018:11:48:17 +0300] "GET /r2/index.htm HTTP/1.1" 404 3501 "-" "Mozilla/5.0 (compatible; AhrefsBot/5.2; +http://ahrefs.com/robot/)"
180.76.15.22 - - [14/Oct/2018:12:08:55 +0300] "GET / HTTP/1.1" 200 5533 "-" "Mozilla/5.0 (compatible; Baiduspider/2.0; +http://www.baidu.com/search/spider.html)"
180.76.15.31 - - [14/Oct/2018:12:42:15 +0300] "GET /assetsweb/js/wow.min.js HTTP/1.1" 200 2825 "-" "Mozilla/5.0 (compatible; Baiduspider/2.0; +http://www.baidu.com/search/spider.html)"
46.229.168.132 - - [14/Oct/2018:12:42:51 +0300] "GET /robots.txt HTTP/1.1" 200 24 "-" "Mozilla/5.0 (compatible; SemrushBot/2~bl; +http://www.semrush.com/bot.html)"
46.229.168.141 - - [14/Oct/2018:12:42:53 +0300] "GET /serviceview HTTP/1.1" 200 11987 "-" "Mozilla/5.0 (compatible; SemrushBot/2~bl; +http://www.semrush.com/bot.html)"
178.214.89.139 - - [14/Oct/2018:13:12:28 +0300] "GET / HTTP/1.1" 200 5533 "-" "Mozilla/5.0 (Windows NT 10.0; Win64; x64; rv:62.0) Gecko/20100101 Firefox/62.0"
178.214.89.139 - - [14/Oct/2018:13:12:28 +0300] "GET /assetsweb/css/bootstrap.min.css HTTP/1.1" 200 20125 "http://f-knowledge.com/" "Mozilla/5.0 (Windows NT 10.0; Win64; x64; rv:62.0) Gecko/20100101 Firefox/62.0"
178.214.89.139 - - [14/Oct/2018:13:12:28 +0300] "GET /assetsweb/css/owl-carousel/owl.carousel.css HTTP/1.1" 200 1111 "http://f-knowledge.com/" "Mozilla/5.0 (Windows NT 10.0; Win64; x64; rv:62.0) Gecko/20100101 Firefox/62.0"
178.214.89.139 - - [14/Oct/2018:13:12:28 +0300] "GET /assetsweb/css/font-awesome.css HTTP/1.1" 200 7450 "http://f-knowledge.com/" "Mozilla/5.0 (Windows NT 10.0; Win64; x64; rv:62.0) Gecko/20100101 Firefox/62.0"
178.214.89.139 - - [14/Oct/2018:13:12:28 +0300] "GET /assetsweb/css/magnific-popup/magnific-popup.css HTTP/1.1" 200 1816 "http://f-knowledge.com/" "Mozilla/5.0 (Windows NT 10.0; Win64; x64; rv:62.0) Gecko/20100101 Firefox/62.0"
178.214.89.139 - - [14/Oct/2018:13:12:28 +0300] "GET /assetsweb/css/animate.css HTTP/1.1" 200 2922 "http://f-knowledge.com/" "Mozilla/5.0 (Windows NT 10.0; Win64; x64; rv:62.0) Gecko/20100101 Firefox/62.0"
