195.154.226.17 - - [24/Oct/2018:16:35:53 +0300] "GET /old HTTP/1.1" 404 3437 "-" "Mozilla/5.0 (Windows NT 10.0; Win64; x64; rv:58.0) Gecko/20100101 Firefox/58.0"
195.154.226.17 - - [24/Oct/2018:16:35:53 +0300] "GET /wp_old/ HTTP/1.1" 301 237 "-" "Mozilla/5.0 (Windows NT 10.0; Win64; x64; rv:58.0) Gecko/20100101 Firefox/58.0"
195.154.226.17 - - [24/Oct/2018:16:35:53 +0300] "GET /wp_old HTTP/1.1" 404 3437 "-" "Mozilla/5.0 (Windows NT 10.0; Win64; x64; rv:58.0) Gecko/20100101 Firefox/58.0"
195.154.226.17 - - [24/Oct/2018:16:35:53 +0300] "GET /old_wp/ HTTP/1.1" 301 237 "-" "Mozilla/5.0 (Windows NT 10.0; Win64; x64; rv:58.0) Gecko/20100101 Firefox/58.0"
195.154.226.17 - - [24/Oct/2018:16:35:53 +0300] "GET /old_wp HTTP/1.1" 404 3437 "-" "Mozilla/5.0 (Windows NT 10.0; Win64; x64; rv:58.0) Gecko/20100101 Firefox/58.0"
46.229.168.152 - - [24/Oct/2018:17:10:02 +0300] "GET /robots.txt HTTP/1.1" 200 24 "-" "Mozilla/5.0 (compatible; SemrushBot/2~bl; +http://www.semrush.com/bot.html)"
46.229.168.130 - - [24/Oct/2018:17:10:02 +0300] "GET /serviceview HTTP/1.1" 200 11987 "-" "Mozilla/5.0 (compatible; SemrushBot/2~bl; +http://www.semrush.com/bot.html)"
66.249.66.29 - - [24/Oct/2018:18:27:57 +0300] "GET /robots.txt HTTP/1.1" 200 24 "-" "Mozilla/5.0 (compatible; Googlebot/2.1; +http://www.google.com/bot.html)"
66.249.66.30 - - [24/Oct/2018:18:27:57 +0300] "GET / HTTP/1.1" 200 5533 "-" "Mozilla/5.0 (Linux; Android 6.0.1; Nexus 5X Build/MMB29P) AppleWebKit/537.36 (KHTML, like Gecko) Chrome/41.0.2272.96 Mobile Safari/537.36 (compatible; Googlebot/2.1; +http://www.google.com/bot.html)"
66.249.66.29 - - [24/Oct/2018:18:28:25 +0300] "GET /assetsweb/css/responsive-rtl.css HTTP/1.1" 404 3437 "http://f-knowledge.com/" "Mozilla/5.0 (Linux; Android 6.0.1; Nexus 5X Build/MMB29P) AppleWebKit/537.36 (KHTML, like Gecko) Chrome/41.0.2272.96 Mobile Safari/537.36 (compatible; Googlebot/2.1; +http://www.google.com/bot.html)"
52.53.201.78 - - [24/Oct/2018:19:06:06 +0300] "GET / HTTP/1.1" 200 5539 "-" "Mozilla/5.0 (Macintosh; Intel Mac OS X 10_12_6) AppleWebKit/537.36 (KHTML, like Gecko) Chrome/61.0.3163.100 Safari/537.36"
157.55.39.102 - - [24/Oct/2018:19:22:52 +0300] "GET /serviceview HTTP/1.1" 200 11984 "-" "Mozilla/5.0 (compatible; bingbot/2.0; +http://www.bing.com/bingbot.htm)"
94.130.16.27 - - [24/Oct/2018:19:27:53 +0300] "GET /robots.txt HTTP/1.1" 200 24 "-" "Mozilla/5.0 (compatible; BLEXBot/1.0; +http://webmeup-crawler.com/)"
94.130.16.27 - - [24/Oct/2018:19:27:53 +0300] "GET /r2/index.htm HTTP/1.1" 404 3501 "-" "Mozilla/5.0 (compatible; BLEXBot/1.0; +http://webmeup-crawler.com/)"
157.55.39.239 - - [24/Oct/2018:19:32:19 +0300] "GET / HTTP/1.1" 200 5533 "-" "Mozilla/5.0 (compatible; bingbot/2.0; +http://www.bing.com/bingbot.htm)"
180.76.15.136 - - [24/Oct/2018:21:20:07 +0300] "GET /assetsweb/js/retina.min.js HTTP/1.1" 200 1220 "-" "Mozilla/5.0 (compatible; Baiduspider/2.0; +http://www.baidu.com/search/spider.html)"
46.229.168.138 - - [24/Oct/2018:22:01:41 +0300] "GET /robots.txt HTTP/1.1" 200 24 "-" "Mozilla/5.0 (compatible; SemrushBot/2~bl; +http://www.semrush.com/bot.html)"
46.229.168.134 - - [24/Oct/2018:22:01:44 +0300] "GET /solutionview HTTP/1.1" 200 3366 "-" "Mozilla/5.0 (compatible; SemrushBot/2~bl; +http://www.semrush.com/bot.html)"
66.249.66.62 - - [24/Oct/2018:22:07:10 +0300] "GET / HTTP/1.1" 200 5539 "-" "Mozilla/5.0 (Linux; Android 6.0.1; Nexus 5X Build/MMB29P) AppleWebKit/537.36 (KHTML, like Gecko) Chrome/41.0.2272.96 Mobile Safari/537.36 (compatible; Googlebot/2.1; +http://www.google.com/bot.html)"
66.249.66.62 - - [24/Oct/2018:22:07:35 +0300] "GET /assetsweb/css/bootstrap-rtl.css HTTP/1.1" 200 4651 "http://www.f-knowledge.com/" "Mozilla/5.0 (Linux; Android 6.0.1; Nexus 5X Build/MMB29P) AppleWebKit/537.36 (KHTML, like Gecko) Chrome/41.0.2272.96 Mobile Safari/537.36 (compatible; Googlebot/2.1; +http://www.google.com/bot.html)"
66.249.66.62 - - [24/Oct/2018:22:07:35 +0300] "GET /assetsweb/css/responsive-rtl.css HTTP/1.1" 404 3501 "http://www.f-knowledge.com/" "Mozilla/5.0 (Linux; Android 6.0.1; Nexus 5X Build/MMB29P) AppleWebKit/537.36 (KHTML, like Gecko) Chrome/41.0.2272.96 Mobile Safari/537.36 (compatible; Googlebot/2.1; +http://www.google.com/bot.html)"
193.106.30.98 - - [24/Oct/2018:22:32:13 +0300] "POST /wp-content/themes/twentyfifteen/content.php HTTP/1.1" 404 3437 "-" "Mozilla/5.0 (Windows NT 6.1; rv:34.0) Gecko/20100101 Firefox/34.0"
207.46.13.147 - - [24/Oct/2018:22:43:13 +0300] "GET /solutionview HTTP/1.1" 200 3362 "-" "Mozilla/5.0 (compatible; bingbot/2.0; +http://www.bing.com/bingbot.htm)"
157.55.39.239 - - [24/Oct/2018:22:43:18 +0300] "GET /assetsweb/css/font-awesome.css HTTP/1.1" 200 7450 "-" "Mozilla/5.0 (compatible; bingbot/2.0; +http://www.bing.com/bingbot.htm)"
157.55.39.239 - - [24/Oct/2018:22:43:21 +0300] "GET /assetsweb/css/magnific-popup/magnific-popup.css HTTP/1.1" 200 1816 "-" "Mozilla/5.0 (compatible; bingbot/2.0; +http://www.bing.com/bingbot.htm)"
207.46.13.147 - - [24/Oct/2018:22:43:22 +0300] "GET /robots.txt HTTP/1.1" 200 24 "-" "Mozilla/5.0 (compatible; bingbot/2.0; +http://www.bing.com/bingbot.htm)"
207.46.13.147 - - [24/Oct/2018:22:43:22 +0300] "GET /robots.txt HTTP/1.1" 200 24 "-" "Mozilla/5.0 (compatible; bingbot/2.0; +http://www.bing.com/bingbot.htm)"
207.46.13.147 - - [24/Oct/2018:22:43:22 +0300] "GET /robots.txt HTTP/1.1" 200 24 "-" "Mozilla/5.0 (compatible; bingbot/2.0; +http://www.bing.com/bingbot.htm)"
207.46.13.147 - - [24/Oct/2018:22:43:22 +0300] "GET /robots.txt HTTP/1.1" 200 24 "-" "Mozilla/5.0 (compatible; bingbot/2.0; +http://www.bing.com/bingbot.htm)"
207.46.13.147 - - [24/Oct/2018:22:43:22 +0300] "GET /assetsweb/js/particles/particles.min.js HTTP/1.1" 200 5959 "-" "Mozilla/5.0 (compatible; bingbot/2.0; +http://www.bing.com/bingbot.htm)"
207.46.13.147 - - [24/Oct/2018:22:43:23 +0300] "GET /assetsweb/js/particles/app.js HTTP/1.1" 200 865 "-" "Mozilla/5.0 (compatible; bingbot/2.0; +http://www.bing.com/bingbot.htm)"
157.55.39.239 - - [24/Oct/2018:22:43:26 +0300] "GET /assetsweb/css/style-ar.css HTTP/1.1" 200 10943 "-" "Mozilla/5.0 (compatible; bingbot/2.0; +http://www.bing.com/bingbot.htm)"
157.55.39.239 - - [24/Oct/2018:22:43:28 +0300] "GET /assetsweb/css/custom.css HTTP/1.1" 200 195 "-" "Mozilla/5.0 (compatible; bingbot/2.0; +http://www.bing.com/bingbot.htm)"
157.55.39.239 - - [24/Oct/2018:22:43:31 +0300] "GET /assetsweb/js/jquery.appear.js HTTP/1.1" 200 674 "-" "Mozilla/5.0 (compatible; bingbot/2.0; +http://www.bing.com/bingbot.htm)"
157.55.39.102 - - [24/Oct/2018:22:43:33 +0300] "GET /assetsweb/css/bootstrap.min.css HTTP/1.1" 200 20125 "-" "Mozilla/5.0 (compatible; bingbot/2.0; +http://www.bing.com/bingbot.htm)"
157.55.39.102 - - [24/Oct/2018:22:43:33 +0300] "GET /assetsweb/css/bootstrap-rtl.css HTTP/1.1" 200 4651 "-" "Mozilla/5.0 (compatible; bingbot/2.0; +http://www.bing.com/bingbot.htm)"
157.55.39.102 - - [24/Oct/2018:22:43:33 +0300] "GET /assetsweb/css/responsive-rtl.css HTTP/1.1" 404 3437 "-" "Mozilla/5.0 (compatible; bingbot/2.0; +http://www.bing.com/bingbot.htm)"
157.55.39.102 - - [24/Oct/2018:22:43:34 +0300] "GET /assetsweb/js/jquery.min.js HTTP/1.1" 200 33760 "-" "Mozilla/5.0 (compatible; bingbot/2.0; +http://www.bing.com/bingbot.htm)"
157.55.39.239 - - [24/Oct/2018:22:43:34 +0300] "GET /assetsweb/js/skrollr.min.js HTTP/1.1" 200 5591 "-" "Mozilla/5.0 (compatible; bingbot/2.0; +http://www.bing.com/bingbot.htm)"
157.55.39.102 - - [24/Oct/2018:22:43:34 +0300] "GET /assetsweb/js/retina.min.js HTTP/1.1" 200 1220 "-" "Mozilla/5.0 (compatible; bingbot/2.0; +http://www.bing.com/bingbot.htm)"
207.46.13.126 - - [24/Oct/2018:22:43:40 +0300] "GET /assetsweb/css/owl-carousel/owl.carousel.css HTTP/1.1" 200 1111 "-" "Mozilla/5.0 (compatible; bingbot/2.0; +http://www.bing.com/bingbot.htm)"
207.46.13.126 - - [24/Oct/2018:22:43:40 +0300] "GET /assetsweb/css/animate.css HTTP/1.1" 200 2922 "-" "Mozilla/5.0 (compatible; bingbot/2.0; +http://www.bing.com/bingbot.htm)"
207.46.13.126 - - [24/Oct/2018:22:43:42 +0300] "GET /assetsweb/css/ionicons.min.css HTTP/1.1" 200 8291 "-" "Mozilla/5.0 (compatible; bingbot/2.0; +http://www.bing.com/bingbot.htm)"
207.46.13.126 - - [24/Oct/2018:22:43:46 +0300] "GET /assetsweb/js/owl-carousel/owl.carousel.min.js HTTP/1.1" 200 11611 "-" "Mozilla/5.0 (compatible; bingbot/2.0; +http://www.bing.com/bingbot.htm)"
157.55.39.239 - - [24/Oct/2018:22:43:47 +0300] "GET /assetsweb/js/custom.js HTTP/1.1" 200 2656 "-" "Mozilla/5.0 (compatible; bingbot/2.0; +http://www.bing.com/bingbot.htm)"
207.46.13.126 - - [24/Oct/2018:22:43:47 +0300] "GET /assetsweb/js/counter/jquery.countTo.js HTTP/1.1" 200 825 "-" "Mozilla/5.0 (compatible; bingbot/2.0; +http://www.bing.com/bingbot.htm)"
207.46.13.126 - - [24/Oct/2018:22:43:47 +0300] "GET /assetsweb/js/magnific-popup/jquery.magnific-popup.min.js HTTP/1.1" 200 7346 "-" "Mozilla/5.0 (compatible; bingbot/2.0; +http://www.bing.com/bingbot.htm)"
207.46.13.126 - - [24/Oct/2018:22:43:48 +0300] "GET /assetsweb/js/wow.min.js HTTP/1.1" 200 2825 "-" "Mozilla/5.0 (compatible; bingbot/2.0; +http://www.bing.com/bingbot.htm)"
207.46.13.126 - - [24/Oct/2018:22:43:48 +0300] "GET /assetsweb/js/jquery.countdown.min.js HTTP/1.1" 200 685 "-" "Mozilla/5.0 (compatible; bingbot/2.0; +http://www.bing.com/bingbot.htm)"
207.46.13.126 - - [24/Oct/2018:22:43:48 +0300] "GET /assetsweb/js/bootstrap.min.js HTTP/1.1" 200 9919 "-" "Mozilla/5.0 (compatible; bingbot/2.0; +http://www.bing.com/bingbot.htm)"
192.99.35.63 - - [24/Oct/2018:22:53:02 +0300] "GET /wp-login.php HTTP/1.1" 404 3437 "-" "Mozilla/5.0 (Windows NT 10.0; WOW64) AppleWebKit/537.36 (KHTML, like Gecko) Chrome/46.0.2490.80 Safari/537.36"
192.99.35.63 - - [24/Oct/2018:22:53:17 +0300] "GET /robots.txt HTTP/1.1" 200 24 "-" "Mozilla/5.0 (Windows NT 10.0; WOW64) AppleWebKit/537.36 (KHTML, like Gecko) Chrome/46.0.2490.80 Safari/537.36"
46.229.168.145 - - [24/Oct/2018:23:18:25 +0300] "GET /robots.txt HTTP/1.1" 200 24 "-" "Mozilla/5.0 (compatible; SemrushBot/2~bl; +http://www.semrush.com/bot.html)"
46.229.168.152 - - [24/Oct/2018:23:18:26 +0300] "GET /serviceview HTTP/1.1" 200 11987 "-" "Mozilla/5.0 (compatible; SemrushBot/2~bl; +http://www.semrush.com/bot.html)"
40.77.190.90 - - [24/Oct/2018:23:44:20 +0300] "GET /assetsweb/fonts/ionicons28b5.ttf?v=2.0.0 HTTP/1.1" 200 188508 "-" "Mozilla/5.0 (Windows NT 6.1; WOW64) AppleWebKit/534+ (KHTML, like Gecko) BingPreview/1.0b"
40.77.188.97 - - [24/Oct/2018:23:44:21 +0300] "GET /assetsweb/fonts/fontawesome-webfont3e6e.ttf?v=4.7.0 HTTP/1.1" 200 165548 "-" "Mozilla/5.0 (Windows NT 6.1; WOW64) AppleWebKit/534+ (KHTML, like Gecko) BingPreview/1.0b"
46.229.168.133 - - [25/Oct/2018:02:46:58 +0300] "GET /robots.txt HTTP/1.1" 200 24 "-" "Mozilla/5.0 (compatible; SemrushBot/2~bl; +http://www.semrush.com/bot.html)"
46.229.168.153 - - [25/Oct/2018:02:46:58 +0300] "GET /serviceview HTTP/1.1" 200 11987 "-" "Mozilla/5.0 (compatible; SemrushBot/2~bl; +http://www.semrush.com/bot.html)"
66.249.66.29 - - [25/Oct/2018:03:30:50 +0300] "GET / HTTP/1.1" 200 5533 "-" "Mozilla/5.0 (Linux; Android 6.0.1; Nexus 5X Build/MMB29P) AppleWebKit/537.36 (KHTML, like Gecko) Chrome/41.0.2272.96 Mobile Safari/537.36 (compatible; Googlebot/2.1; +http://www.google.com/bot.html)"
180.76.15.144 - - [25/Oct/2018:05:36:28 +0300] "GET /lang/en HTTP/1.1" 302 332 "-" "Mozilla/5.0 (compatible; Baiduspider/2.0; +http://www.baidu.com/search/spider.html)"
180.76.15.134 - - [25/Oct/2018:05:36:29 +0300] "GET / HTTP/1.1" 200 4985 "-" "Mozilla/5.0 (compatible; Baiduspider/2.0; +http://www.baidu.com/search/spider.html)"
195.154.226.17 - - [25/Oct/2018:07:18:42 +0300] "GET /wp1/ HTTP/1.1" 301 234 "-" "Mozilla/5.0 (Windows NT 10.0; Win64; x64; rv:58.0) Gecko/20100101 Firefox/58.0"
195.154.226.17 - - [25/Oct/2018:07:18:42 +0300] "GET /wp1 HTTP/1.1" 404 3437 "-" "Mozilla/5.0 (Windows NT 10.0; Win64; x64; rv:58.0) Gecko/20100101 Firefox/58.0"
195.154.226.17 - - [25/Oct/2018:07:18:42 +0300] "GET /wp2/ HTTP/1.1" 301 234 "-" "Mozilla/5.0 (Windows NT 10.0; Win64; x64; rv:58.0) Gecko/20100101 Firefox/58.0"
195.154.226.17 - - [25/Oct/2018:07:18:42 +0300] "GET /wp2 HTTP/1.1" 404 3437 "-" "Mozilla/5.0 (Windows NT 10.0; Win64; x64; rv:58.0) Gecko/20100101 Firefox/58.0"
195.154.226.17 - - [25/Oct/2018:07:18:42 +0300] "GET /wp3/ HTTP/1.1" 301 234 "-" "Mozilla/5.0 (Windows NT 10.0; Win64; x64; rv:58.0) Gecko/20100101 Firefox/58.0"
195.154.226.17 - - [25/Oct/2018:07:18:42 +0300] "GET /wp3 HTTP/1.1" 404 3437 "-" "Mozilla/5.0 (Windows NT 10.0; Win64; x64; rv:58.0) Gecko/20100101 Firefox/58.0"
195.154.226.17 - - [25/Oct/2018:07:18:42 +0300] "GET /Old/ HTTP/1.1" 301 234 "-" "Mozilla/5.0 (Windows NT 10.0; Win64; x64; rv:58.0) Gecko/20100101 Firefox/58.0"
195.154.226.17 - - [25/Oct/2018:07:18:42 +0300] "GET /Old HTTP/1.1" 404 3437 "-" "Mozilla/5.0 (Windows NT 10.0; Win64; x64; rv:58.0) Gecko/20100101 Firefox/58.0"
66.249.66.34 - - [25/Oct/2018:07:45:36 +0300] "GET / HTTP/1.1" 200 5539 "-" "Mozilla/5.0 (Linux; Android 6.0.1; Nexus 5X Build/MMB29P) AppleWebKit/537.36 (KHTML, like Gecko) Chrome/41.0.2272.96 Mobile Safari/537.36 (compatible; Googlebot/2.1; +http://www.google.com/bot.html)"
66.249.66.34 - - [25/Oct/2018:07:45:39 +0300] "GET /assetsweb/css/responsive-rtl.css HTTP/1.1" 404 3501 "http://www.f-knowledge.com/" "Mozilla/5.0 (Linux; Android 6.0.1; Nexus 5X Build/MMB29P) AppleWebKit/537.36 (KHTML, like Gecko) Chrome/41.0.2272.96 Mobile Safari/537.36 (compatible; Googlebot/2.1; +http://www.google.com/bot.html)"
66.249.93.94 - - [25/Oct/2018:07:55:52 +0300] "GET / HTTP/1.1" 200 5539 "-" "Mozilla/5.0 (X11; Linux x86_64) AppleWebKit/537.36 (KHTML, like Gecko) Chrome/49.0.2623.75 Safari/537.36 Google Favicon"
66.249.93.94 - - [25/Oct/2018:07:55:52 +0300] "GET /assetsweb/images/favicon.ico HTTP/1.1" 200 15086 "-" "Mozilla/5.0 (X11; Linux x86_64) AppleWebKit/537.36 (KHTML, like Gecko) Chrome/49.0.2623.75 Safari/537.36 Google Favicon"
46.229.168.139 - - [25/Oct/2018:08:46:11 +0300] "GET /robots.txt HTTP/1.1" 200 24 "-" "Mozilla/5.0 (compatible; SemrushBot/2~bl; +http://www.semrush.com/bot.html)"
46.229.168.133 - - [25/Oct/2018:08:46:11 +0300] "GET /serviceview HTTP/1.1" 200 11987 "-" "Mozilla/5.0 (compatible; SemrushBot/2~bl; +http://www.semrush.com/bot.html)"
157.55.39.102 - - [25/Oct/2018:11:06:14 +0300] "GET /serviceview HTTP/1.1" 200 11984 "-" "Mozilla/5.0 (compatible; bingbot/2.0; +http://www.bing.com/bingbot.htm)"
207.46.13.126 - - [25/Oct/2018:11:35:48 +0300] "GET /assetsweb/images/drive/04.png HTTP/1.1" 200 4375 "-" "Mozilla/5.0 (compatible; bingbot/2.0; +http://www.bing.com/bingbot.htm)"
66.249.66.28 - - [25/Oct/2018:12:22:47 +0300] "GET / HTTP/1.1" 200 5533 "-" "Mozilla/5.0 (Linux; Android 6.0.1; Nexus 5X Build/MMB29P) AppleWebKit/537.36 (KHTML, like Gecko) Chrome/41.0.2272.96 Mobile Safari/537.36 (compatible; Googlebot/2.1; +http://www.google.com/bot.html)"
5.45.207.48 - - [25/Oct/2018:13:17:29 +0300] "GET /robots.txt HTTP/1.1" 200 24 "-" "Mozilla/5.0 (compatible; YandexBot/3.0; +http://yandex.com/bots)"
5.45.207.48 - - [25/Oct/2018:13:17:33 +0300] "GET / HTTP/1.1" 200 5539 "-" "Mozilla/5.0 (compatible; YandexBot/3.0; +http://yandex.com/bots)"
193.106.30.98 - - [25/Oct/2018:13:25:00 +0300] "GET /wp-content/themes/bloggingcream/404.php HTTP/1.1" 404 3437 "-" "Mozilla/5.0 (Windows NT 6.1; rv:34.0) Gecko/20100101 Firefox/34.0"
123.125.71.20 - - [25/Oct/2018:15:00:15 +0300] "GET / HTTP/1.1" 200 5533 "-" "Mozilla/5.0 (compatible; Baiduspider/2.0; +http://www.baidu.com/search/spider.html)"
185.244.39.4 - - [25/Oct/2018:15:10:38 +0300] "GET /.git/HEAD HTTP/1.1" 404 3437 "-" "Python-urllib/3.6"
103.194.169.16 - - [25/Oct/2018:16:27:33 +0300] "GET / HTTP/1.1" 200 31779 "-" "Mozilla/5.0 (Windows NT 10.0; Win64; x64) AppleWebKit/537.36 (KHTML, like Gecko) Chrome/63.0.3239.132 Safari/537.36"
103.194.169.16 - - [25/Oct/2018:16:27:39 +0300] "GET /wp-includes/wlwmanifest.xml HTTP/1.1" 404 3437 "-" "Mozilla/5.0 (Windows NT 10.0; Win64; x64) AppleWebKit/537.36 (KHTML, like Gecko) Chrome/63.0.3239.132 Safari/537.36"
103.194.169.16 - - [25/Oct/2018:16:27:44 +0300] "GET /xmlrpc.php?rsd HTTP/1.1" 404 3437 "-" "Mozilla/5.0 (Windows NT 10.0; Win64; x64) AppleWebKit/537.36 (KHTML, like Gecko) Chrome/63.0.3239.132 Safari/537.36"
103.194.169.16 - - [25/Oct/2018:16:27:49 +0300] "GET /blog/wp-includes/wlwmanifest.xml HTTP/1.1" 404 3437 "-" "Mozilla/5.0 (Windows NT 10.0; Win64; x64) AppleWebKit/537.36 (KHTML, like Gecko) Chrome/63.0.3239.132 Safari/537.36"
103.194.169.16 - - [25/Oct/2018:16:27:54 +0300] "GET /wp/wp-includes/wlwmanifest.xml HTTP/1.1" 404 3437 "-" "Mozilla/5.0 (Windows NT 10.0; Win64; x64) AppleWebKit/537.36 (KHTML, like Gecko) Chrome/63.0.3239.132 Safari/537.36"
103.194.169.16 - - [25/Oct/2018:16:27:59 +0300] "GET /site/wp-includes/wlwmanifest.xml HTTP/1.1" 404 3437 "-" "Mozilla/5.0 (Windows NT 10.0; Win64; x64) AppleWebKit/537.36 (KHTML, like Gecko) Chrome/63.0.3239.132 Safari/537.36"
66.249.66.62 - - [25/Oct/2018:17:29:06 +0300] "GET /robots.txt HTTP/1.1" 200 24 "-" "Mozilla/5.0 (compatible; Googlebot/2.1; +http://www.google.com/bot.html)"
66.249.66.37 - - [25/Oct/2018:17:29:07 +0300] "GET / HTTP/1.1" 200 5539 "-" "Mozilla/5.0 (Linux; Android 6.0.1; Nexus 5X Build/MMB29P) AppleWebKit/537.36 (KHTML, like Gecko) Chrome/41.0.2272.96 Mobile Safari/537.36 (compatible; Googlebot/2.1; +http://www.google.com/bot.html)"
66.249.66.62 - - [25/Oct/2018:17:29:41 +0300] "GET /assetsweb/css/bootstrap-rtl.css HTTP/1.1" 200 4651 "http://www.f-knowledge.com/" "Mozilla/5.0 (Linux; Android 6.0.1; Nexus 5X Build/MMB29P) AppleWebKit/537.36 (KHTML, like Gecko) Chrome/41.0.2272.96 Mobile Safari/537.36 (compatible; Googlebot/2.1; +http://www.google.com/bot.html)"
66.249.66.30 - - [25/Oct/2018:19:41:04 +0300] "GET /robots.txt HTTP/1.1" 200 24 "-" "Mozilla/5.0 (compatible; Googlebot/2.1; +http://www.google.com/bot.html)"
66.249.66.29 - - [25/Oct/2018:19:41:04 +0300] "GET / HTTP/1.1" 200 5533 "-" "Mozilla/5.0 (compatible; Googlebot/2.1; +http://www.google.com/bot.html)"
66.249.66.29 - - [25/Oct/2018:19:41:09 +0300] "GET /assetsweb/css/responsive-rtl.css HTTP/1.1" 404 3437 "http://f-knowledge.com/" "Mozilla/5.0 AppleWebKit/537.36 (KHTML, like Gecko; compatible; Googlebot/2.1; +http://www.google.com/bot.html) Safari/537.36"
5.45.207.48 - - [25/Oct/2018:20:30:51 +0300] "GET /robots.txt HTTP/1.1" 200 24 "-" "Mozilla/5.0 (compatible; YandexBot/3.0; +http://yandex.com/bots)"
5.45.207.48 - - [25/Oct/2018:20:30:51 +0300] "GET /robots.txt HTTP/1.1" 200 24 "-" "Mozilla/5.0 (compatible; YandexBot/3.0; +http://yandex.com/bots)"
5.45.207.48 - - [25/Oct/2018:20:30:55 +0300] "GET / HTTP/1.1" 200 5539 "-" "Mozilla/5.0 (compatible; YandexBot/3.0; +http://yandex.com/bots)"
5.45.207.48 - - [25/Oct/2018:20:30:55 +0300] "GET / HTTP/1.1" 200 5533 "-" "Mozilla/5.0 (compatible; YandexBot/3.0; +http://yandex.com/bots)"
180.76.15.15 - - [25/Oct/2018:21:38:17 +0300] "GET / HTTP/1.1" 200 5533 "-" "Mozilla/5.0 (compatible; Baiduspider/2.0; +http://www.baidu.com/search/spider.html)"
180.76.15.141 - - [25/Oct/2018:22:11:37 +0300] "GET /assetsweb/css/font-awesome.css HTTP/1.1" 200 7450 "-" "Mozilla/5.0 (compatible; Baiduspider/2.0; +http://www.baidu.com/search/spider.html)"
180.76.15.12 - - [25/Oct/2018:22:44:57 +0300] "GET /assetsweb/js/particles/app.js HTTP/1.1" 200 865 "-" "Mozilla/5.0 (compatible; Baiduspider/2.0; +http://www.baidu.com/search/spider.html)"
66.249.66.34 - - [25/Oct/2018:23:29:15 +0300] "GET /aboutview HTTP/1.1" 200 4136 "-" "Mozilla/5.0 (Linux; Android 6.0.1; Nexus 5X Build/MMB29P) AppleWebKit/537.36 (KHTML, like Gecko) Chrome/41.0.2272.96 Mobile Safari/537.36 (compatible; Googlebot/2.1; +http://www.google.com/bot.html)"
66.249.66.62 - - [25/Oct/2018:23:29:16 +0300] "GET /assetsweb/js/particles/particles.min.js HTTP/1.1" 200 5959 "http://www.f-knowledge.com/aboutview" "Mozilla/5.0 (Linux; Android 6.0.1; Nexus 5X Build/MMB29P) AppleWebKit/537.36 (KHTML, like Gecko) Chrome/41.0.2272.96 Mobile Safari/537.36 (compatible; Googlebot/2.1; +http://www.google.com/bot.html)"
66.249.66.34 - - [25/Oct/2018:23:29:16 +0300] "GET /assetsweb/js/skrollr.min.js HTTP/1.1" 200 5591 "http://www.f-knowledge.com/aboutview" "Mozilla/5.0 (Linux; Android 6.0.1; Nexus 5X Build/MMB29P) AppleWebKit/537.36 (KHTML, like Gecko) Chrome/41.0.2272.96 Mobile Safari/537.36 (compatible; Googlebot/2.1; +http://www.google.com/bot.html)"
66.249.66.62 - - [25/Oct/2018:23:29:17 +0300] "GET /assetsweb/js/particles/app.js HTTP/1.1" 200 865 "http://www.f-knowledge.com/aboutview" "Mozilla/5.0 (Linux; Android 6.0.1; Nexus 5X Build/MMB29P) AppleWebKit/537.36 (KHTML, like Gecko) Chrome/41.0.2272.96 Mobile Safari/537.36 (compatible; Googlebot/2.1; +http://www.google.com/bot.html)"
66.249.66.62 - - [25/Oct/2018:23:29:17 +0300] "GET /assetsweb/js/bootstrap.min.js HTTP/1.1" 200 9919 "http://www.f-knowledge.com/aboutview" "Mozilla/5.0 (Linux; Android 6.0.1; Nexus 5X Build/MMB29P) AppleWebKit/537.36 (KHTML, like Gecko) Chrome/41.0.2272.96 Mobile Safari/537.36 (compatible; Googlebot/2.1; +http://www.google.com/bot.html)"
66.249.66.62 - - [25/Oct/2018:23:29:18 +0300] "GET /assetsweb/js/jquery.appear.js HTTP/1.1" 200 674 "http://www.f-knowledge.com/aboutview" "Mozilla/5.0 (Linux; Android 6.0.1; Nexus 5X Build/MMB29P) AppleWebKit/537.36 (KHTML, like Gecko) Chrome/41.0.2272.96 Mobile Safari/537.36 (compatible; Googlebot/2.1; +http://www.google.com/bot.html)"
66.249.66.34 - - [25/Oct/2018:23:29:18 +0300] "GET /sett/153336555923.png HTTP/1.1" 200 47935 "http://www.f-knowledge.com/aboutview" "Mozilla/5.0 (Linux; Android 6.0.1; Nexus 5X Build/MMB29P) AppleWebKit/537.36 (KHTML, like Gecko) Chrome/41.0.2272.96 Mobile Safari/537.36 (compatible; Googlebot/2.1; +http://www.google.com/bot.html)"
66.249.66.62 - - [25/Oct/2018:23:29:18 +0300] "GET /sett/15154364921.png HTTP/1.1" 200 9408 "http://www.f-knowledge.com/aboutview" "Mozilla/5.0 (Linux; Android 6.0.1; Nexus 5X Build/MMB29P) AppleWebKit/537.36 (KHTML, like Gecko) Chrome/41.0.2272.96 Mobile Safari/537.36 (compatible; Googlebot/2.1; +http://www.google.com/bot.html)"
66.249.66.62 - - [25/Oct/2018:23:29:19 +0300] "GET /assetsweb/images/drive/03.png HTTP/1.1" 200 12174 "http://www.f-knowledge.com/aboutview" "Mozilla/5.0 (Linux; Android 6.0.1; Nexus 5X Build/MMB29P) AppleWebKit/537.36 (KHTML, like Gecko) Chrome/41.0.2272.96 Mobile Safari/537.36 (compatible; Googlebot/2.1; +http://www.google.com/bot.html)"
66.249.66.34 - - [25/Oct/2018:23:29:19 +0300] "GET /assetsweb/css/custom.css HTTP/1.1" 200 195 "http://www.f-knowledge.com/aboutview" "Mozilla/5.0 (Linux; Android 6.0.1; Nexus 5X Build/MMB29P) AppleWebKit/537.36 (KHTML, like Gecko) Chrome/41.0.2272.96 Mobile Safari/537.36 (compatible; Googlebot/2.1; +http://www.google.com/bot.html)"
66.249.66.34 - - [25/Oct/2018:23:29:20 +0300] "GET /assetsweb/css/bootstrap-rtl.css HTTP/1.1" 200 4651 "http://www.f-knowledge.com/aboutview" "Mozilla/5.0 (Linux; Android 6.0.1; Nexus 5X Build/MMB29P) AppleWebKit/537.36 (KHTML, like Gecko) Chrome/41.0.2272.96 Mobile Safari/537.36 (compatible; Googlebot/2.1; +http://www.google.com/bot.html)"
66.249.66.34 - - [25/Oct/2018:23:29:20 +0300] "GET /assetsweb/js/jquery.countdown.min.js HTTP/1.1" 200 685 "http://www.f-knowledge.com/aboutview" "Mozilla/5.0 (Linux; Android 6.0.1; Nexus 5X Build/MMB29P) AppleWebKit/537.36 (KHTML, like Gecko) Chrome/41.0.2272.96 Mobile Safari/537.36 (compatible; Googlebot/2.1; +http://www.google.com/bot.html)"
66.249.66.34 - - [25/Oct/2018:23:29:21 +0300] "GET /assetsweb/css/bootstrap.min.css HTTP/1.1" 200 20125 "http://www.f-knowledge.com/aboutview" "Mozilla/5.0 (Linux; Android 6.0.1; Nexus 5X Build/MMB29P) AppleWebKit/537.36 (KHTML, like Gecko) Chrome/41.0.2272.96 Mobile Safari/537.36 (compatible; Googlebot/2.1; +http://www.google.com/bot.html)"
66.249.66.34 - - [25/Oct/2018:23:29:21 +0300] "GET /assetsweb/js/wow.min.js HTTP/1.1" 200 2825 "http://www.f-knowledge.com/aboutview" "Mozilla/5.0 (Linux; Android 6.0.1; Nexus 5X Build/MMB29P) AppleWebKit/537.36 (KHTML, like Gecko) Chrome/41.0.2272.96 Mobile Safari/537.36 (compatible; Googlebot/2.1; +http://www.google.com/bot.html)"
66.249.66.34 - - [25/Oct/2018:23:29:22 +0300] "GET /assetsweb/js/custom.js HTTP/1.1" 200 2656 "http://www.f-knowledge.com/aboutview" "Mozilla/5.0 (Linux; Android 6.0.1; Nexus 5X Build/MMB29P) AppleWebKit/537.36 (KHTML, like Gecko) Chrome/41.0.2272.96 Mobile Safari/537.36 (compatible; Googlebot/2.1; +http://www.google.com/bot.html)"
66.249.66.34 - - [25/Oct/2018:23:29:22 +0300] "GET /assetsweb/images/bg/04.jpg HTTP/1.1" 200 1501984 "http://www.f-knowledge.com/aboutview" "Mozilla/5.0 (Linux; Android 6.0.1; Nexus 5X Build/MMB29P) AppleWebKit/537.36 (KHTML, like Gecko) Chrome/41.0.2272.96 Mobile Safari/537.36 (compatible; Googlebot/2.1; +http://www.google.com/bot.html)"
66.249.66.34 - - [25/Oct/2018:23:29:23 +0300] "GET /assetsweb/images/bg/01.jpg HTTP/1.1" 200 111304 "http://www.f-knowledge.com/aboutview" "Mozilla/5.0 (Linux; Android 6.0.1; Nexus 5X Build/MMB29P) AppleWebKit/537.36 (KHTML, like Gecko) Chrome/41.0.2272.96 Mobile Safari/537.36 (compatible; Googlebot/2.1; +http://www.google.com/bot.html)"
157.55.39.36 - - [26/Oct/2018:00:14:27 +0300] "GET /robots.txt HTTP/1.1" 200 24 "-" "Mozilla/5.0 (compatible; bingbot/2.0; +http://www.bing.com/bingbot.htm)"
207.46.13.126 - - [26/Oct/2018:00:14:29 +0300] "GET /contactview HTTP/1.1" 200 3560 "-" "Mozilla/5.0 (compatible; bingbot/2.0; +http://www.bing.com/bingbot.htm)"
66.249.66.34 - - [26/Oct/2018:01:59:42 +0300] "GET /favicon.ico HTTP/1.1" 200 - "-" "Googlebot-Image/1.0"
66.249.66.37 - - [26/Oct/2018:04:24:46 +0300] "GET /favicon.ico HTTP/1.1" 200 - "-" "Googlebot-Image/1.0"
193.106.30.98 - - [26/Oct/2018:05:16:14 +0300] "GET /wp-content/themes/default/404.php HTTP/1.1" 404 3437 "-" "Mozilla/5.0 (Windows NT 6.1; rv:34.0) Gecko/20100101 Firefox/34.0"
66.249.66.34 - - [26/Oct/2018:07:17:32 +0300] "GET /favicon.ico HTTP/1.1" 200 - "-" "Googlebot-Image/1.0"
157.55.39.239 - - [26/Oct/2018:07:47:29 +0300] "GET / HTTP/1.1" 200 5533 "-" "Mozilla/5.0 (compatible; bingbot/2.0; +http://www.bing.com/bingbot.htm)"
207.46.13.126 - - [26/Oct/2018:07:47:35 +0300] "GET /assetsweb/css/owl-carousel/owl.carousel.css HTTP/1.1" 200 1111 "-" "Mozilla/5.0 (compatible; bingbot/2.0; +http://www.bing.com/bingbot.htm)"
207.46.13.126 - - [26/Oct/2018:07:47:35 +0300] "GET /assetsweb/css/animate.css HTTP/1.1" 200 2922 "-" "Mozilla/5.0 (compatible; bingbot/2.0; +http://www.bing.com/bingbot.htm)"
207.46.13.126 - - [26/Oct/2018:07:47:35 +0300] "GET /assetsweb/css/ionicons.min.css HTTP/1.1" 200 8291 "-" "Mozilla/5.0 (compatible; bingbot/2.0; +http://www.bing.com/bingbot.htm)"
207.46.13.126 - - [26/Oct/2018:07:47:36 +0300] "GET /assetsweb/js/owl-carousel/owl.carousel.min.js HTTP/1.1" 200 11611 "-" "Mozilla/5.0 (compatible; bingbot/2.0; +http://www.bing.com/bingbot.htm)"
207.46.13.126 - - [26/Oct/2018:07:47:36 +0300] "GET /assetsweb/js/counter/jquery.countTo.js HTTP/1.1" 200 825 "-" "Mozilla/5.0 (compatible; bingbot/2.0; +http://www.bing.com/bingbot.htm)"
207.46.13.147 - - [26/Oct/2018:07:47:39 +0300] "GET /robots.txt HTTP/1.1" 200 24 "-" "Mozilla/5.0 (compatible; bingbot/2.0; +http://www.bing.com/bingbot.htm)"
207.46.13.147 - - [26/Oct/2018:07:47:39 +0300] "GET /robots.txt HTTP/1.1" 200 24 "-" "Mozilla/5.0 (compatible; bingbot/2.0; +http://www.bing.com/bingbot.htm)"
207.46.13.147 - - [26/Oct/2018:07:47:39 +0300] "GET /assetsweb/js/particles/particles.min.js HTTP/1.1" 200 5959 "-" "Mozilla/5.0 (compatible; bingbot/2.0; +http://www.bing.com/bingbot.htm)"
207.46.13.147 - - [26/Oct/2018:07:47:39 +0300] "GET /assetsweb/js/particles/app.js HTTP/1.1" 200 865 "-" "Mozilla/5.0 (compatible; bingbot/2.0; +http://www.bing.com/bingbot.htm)"
207.46.13.126 - - [26/Oct/2018:07:47:44 +0300] "GET /assetsweb/js/magnific-popup/jquery.magnific-popup.min.js HTTP/1.1" 200 7346 "-" "Mozilla/5.0 (compatible; bingbot/2.0; +http://www.bing.com/bingbot.htm)"
207.46.13.126 - - [26/Oct/2018:07:47:44 +0300] "GET /assetsweb/js/wow.min.js HTTP/1.1" 200 2825 "-" "Mozilla/5.0 (compatible; bingbot/2.0; +http://www.bing.com/bingbot.htm)"
207.46.13.126 - - [26/Oct/2018:07:47:44 +0300] "GET /assetsweb/js/jquery.countdown.min.js HTTP/1.1" 200 685 "-" "Mozilla/5.0 (compatible; bingbot/2.0; +http://www.bing.com/bingbot.htm)"
207.46.13.126 - - [26/Oct/2018:07:47:44 +0300] "GET /assetsweb/js/bootstrap.min.js HTTP/1.1" 200 9919 "-" "Mozilla/5.0 (compatible; bingbot/2.0; +http://www.bing.com/bingbot.htm)"
157.55.39.239 - - [26/Oct/2018:07:47:49 +0300] "GET /assetsweb/css/font-awesome.css HTTP/1.1" 200 7450 "-" "Mozilla/5.0 (compatible; bingbot/2.0; +http://www.bing.com/bingbot.htm)"
157.55.39.239 - - [26/Oct/2018:07:47:49 +0300] "GET /assetsweb/css/magnific-popup/magnific-popup.css HTTP/1.1" 200 1816 "-" "Mozilla/5.0 (compatible; bingbot/2.0; +http://www.bing.com/bingbot.htm)"
157.55.39.239 - - [26/Oct/2018:07:47:50 +0300] "GET /assetsweb/css/style-ar.css HTTP/1.1" 200 10943 "-" "Mozilla/5.0 (compatible; bingbot/2.0; +http://www.bing.com/bingbot.htm)"
157.55.39.239 - - [26/Oct/2018:07:47:50 +0300] "GET /assetsweb/css/custom.css HTTP/1.1" 200 195 "-" "Mozilla/5.0 (compatible; bingbot/2.0; +http://www.bing.com/bingbot.htm)"
157.55.39.239 - - [26/Oct/2018:07:47:50 +0300] "GET /assetsweb/js/jquery.appear.js HTTP/1.1" 200 674 "-" "Mozilla/5.0 (compatible; bingbot/2.0; +http://www.bing.com/bingbot.htm)"
157.55.39.239 - - [26/Oct/2018:07:47:50 +0300] "GET /assetsweb/js/skrollr.min.js HTTP/1.1" 200 5591 "-" "Mozilla/5.0 (compatible; bingbot/2.0; +http://www.bing.com/bingbot.htm)"
157.55.39.239 - - [26/Oct/2018:07:47:50 +0300] "GET /assetsweb/js/custom.js HTTP/1.1" 200 2656 "-" "Mozilla/5.0 (compatible; bingbot/2.0; +http://www.bing.com/bingbot.htm)"
157.55.39.102 - - [26/Oct/2018:07:48:30 +0300] "GET /assetsweb/css/bootstrap.min.css HTTP/1.1" 200 20125 "-" "Mozilla/5.0 (compatible; bingbot/2.0; +http://www.bing.com/bingbot.htm)"
157.55.39.102 - - [26/Oct/2018:07:48:30 +0300] "GET /assetsweb/css/bootstrap-rtl.css HTTP/1.1" 200 4651 "-" "Mozilla/5.0 (compatible; bingbot/2.0; +http://www.bing.com/bingbot.htm)"
157.55.39.102 - - [26/Oct/2018:07:48:30 +0300] "GET /assetsweb/css/responsive-rtl.css HTTP/1.1" 404 3437 "-" "Mozilla/5.0 (compatible; bingbot/2.0; +http://www.bing.com/bingbot.htm)"
157.55.39.102 - - [26/Oct/2018:07:48:30 +0300] "GET /assetsweb/js/jquery.min.js HTTP/1.1" 200 33760 "-" "Mozilla/5.0 (compatible; bingbot/2.0; +http://www.bing.com/bingbot.htm)"
157.55.39.102 - - [26/Oct/2018:07:48:31 +0300] "GET /assetsweb/js/retina.min.js HTTP/1.1" 200 1220 "-" "Mozilla/5.0 (compatible; bingbot/2.0; +http://www.bing.com/bingbot.htm)"
46.229.168.139 - - [26/Oct/2018:08:05:52 +0300] "GET /robots.txt HTTP/1.1" 200 24 "-" "Mozilla/5.0 (compatible; SemrushBot/2~bl; +http://www.semrush.com/bot.html)"
46.229.168.144 - - [26/Oct/2018:08:05:53 +0300] "GET /solutionview HTTP/1.1" 200 3366 "-" "Mozilla/5.0 (compatible; SemrushBot/2~bl; +http://www.semrush.com/bot.html)"
46.229.168.134 - - [26/Oct/2018:08:05:53 +0300] "GET /sitemap.xml HTTP/1.1" 404 3501 "-" "Mozilla/5.0 (compatible; SemrushBot/2~bl; +http://www.semrush.com/bot.html)"
138.68.180.18 - - [26/Oct/2018:08:09:57 +0300] "GET / HTTP/1.1" 200 5533 "-" "Mozilla/5.0 (Windows NT 6.0) AppleWebKit/537.36 (KHTML, like Gecko) Chrome/34.0.1847.116 Safari/537.36"
138.68.180.18 - - [26/Oct/2018:08:09:57 +0300] "GET /index HTTP/1.1" 200 5533 "-" "Mozilla/5.0 (Windows NT 6.0) AppleWebKit/537.36 (KHTML, like Gecko) Chrome/34.0.1847.116 Safari/537.36"
138.68.180.18 - - [26/Oct/2018:08:09:58 +0300] "GET /lang/en HTTP/1.1" 302 332 "-" "Mozilla/5.0 (Windows NT 6.0) AppleWebKit/537.36 (KHTML, like Gecko) Chrome/34.0.1847.116 Safari/537.36"
138.68.180.18 - - [26/Oct/2018:08:09:58 +0300] "GET / HTTP/1.1" 200 5533 "-" "Mozilla/5.0 (Windows NT 6.0) AppleWebKit/537.36 (KHTML, like Gecko) Chrome/34.0.1847.116 Safari/537.36"
138.68.180.18 - - [26/Oct/2018:08:09:59 +0300] "GET /lang/ar HTTP/1.1" 302 332 "-" "Mozilla/5.0 (Windows NT 6.0) AppleWebKit/537.36 (KHTML, like Gecko) Chrome/34.0.1847.116 Safari/537.36"
138.68.180.18 - - [26/Oct/2018:08:10:00 +0300] "GET / HTTP/1.1" 200 5533 "-" "Mozilla/5.0 (Windows NT 6.0) AppleWebKit/537.36 (KHTML, like Gecko) Chrome/34.0.1847.116 Safari/537.36"
138.68.180.18 - - [26/Oct/2018:08:10:00 +0300] "GET /contactview HTTP/1.1" 200 3562 "-" "Mozilla/5.0 (Windows NT 6.0) AppleWebKit/537.36 (KHTML, like Gecko) Chrome/34.0.1847.116 Safari/537.36"
138.68.180.18 - - [26/Oct/2018:08:10:01 +0300] "GET /serviceview HTTP/1.1" 200 11984 "-" "Mozilla/5.0 (Windows NT 6.0) AppleWebKit/537.36 (KHTML, like Gecko) Chrome/34.0.1847.116 Safari/537.36"
157.55.39.102 - - [26/Oct/2018:08:49:10 +0300] "GET /assetsweb/fonts/fontawesome-webfont3e6e.svg?v=4.7.0 HTTP/1.1" 200 444379 "-" "Mozilla/5.0 (compatible; bingbot/2.0; +http://www.bing.com/bingbot.htm)"
157.55.39.102 - - [26/Oct/2018:08:49:12 +0300] "GET /assetsweb/fonts/fontawesome-webfont3e6e.ttf?v=4.7.0 HTTP/1.1" 200 165548 "-" "Mozilla/5.0 (compatible; bingbot/2.0; +http://www.bing.com/bingbot.htm)"
157.55.39.102 - - [26/Oct/2018:08:49:13 +0300] "GET /assetsweb/fonts/ionicons28b5.svg?v=2.0.0 HTTP/1.1" 200 333834 "-" "Mozilla/5.0 (compatible; bingbot/2.0; +http://www.bing.com/bingbot.htm)"
157.55.39.102 - - [26/Oct/2018:08:49:15 +0300] "GET /assetsweb/fonts/ionicons28b5.ttf?v=2.0.0 HTTP/1.1" 200 188508 "-" "Mozilla/5.0 (compatible; bingbot/2.0; +http://www.bing.com/bingbot.htm)"
91.90.192.195 - - [26/Oct/2018:09:38:06 +0300] "GET / HTTP/1.1" 200 5533 "-" "Mozilla/5.0 (X11; Ubuntu; Linux x86_64; rv:42.0) Gecko/20100101 Firefox/42.0"
91.109.118.73 - - [26/Oct/2018:09:57:10 +0300] "GET / HTTP/1.1" 200 5533 "http://f-knowledge.com" "Mozilla/5.0 (Windows NT 6.1; WOW64) AppleWebKit/537.36 (KHTML, like Gecko) Chrome/68.0.3416.0 Safari/537.36"
66.249.66.30 - - [26/Oct/2018:10:53:27 +0300] "GET / HTTP/1.1" 200 5533 "-" "Mozilla/5.0 (Linux; Android 6.0.1; Nexus 5X Build/MMB29P) AppleWebKit/537.36 (KHTML, like Gecko) Chrome/41.0.2272.96 Mobile Safari/537.36 (compatible; Googlebot/2.1; +http://www.google.com/bot.html)"
66.249.66.29 - - [26/Oct/2018:10:53:33 +0300] "GET /assetsweb/css/responsive-rtl.css HTTP/1.1" 404 3437 "http://f-knowledge.com/" "Mozilla/5.0 (Linux; Android 6.0.1; Nexus 5X Build/MMB29P) AppleWebKit/537.36 (KHTML, like Gecko) Chrome/41.0.2272.96 Mobile Safari/537.36 (compatible; Googlebot/2.1; +http://www.google.com/bot.html)"
66.249.66.37 - - [26/Oct/2018:10:53:58 +0300] "GET / HTTP/1.1" 200 5539 "-" "Mozilla/5.0 (compatible; Googlebot/2.1; +http://www.google.com/bot.html)"
66.249.66.62 - - [26/Oct/2018:10:54:04 +0300] "GET /assetsweb/css/responsive-rtl.css HTTP/1.1" 404 3501 "http://www.f-knowledge.com/" "Mozilla/5.0 AppleWebKit/537.36 (KHTML, like Gecko; compatible; Googlebot/2.1; +http://www.google.com/bot.html) Safari/537.36"
66.249.66.62 - - [26/Oct/2018:11:23:24 +0300] "GET / HTTP/1.1" 200 5539 "-" "Mozilla/5.0 (Linux; Android 6.0.1; Nexus 5X Build/MMB29P) AppleWebKit/537.36 (KHTML, like Gecko) Chrome/41.0.2272.96 Mobile Safari/537.36 (compatible; Googlebot/2.1; +http://www.google.com/bot.html)"
66.249.66.34 - - [26/Oct/2018:11:23:32 +0300] "GET /assetsweb/css/responsive-rtl.css HTTP/1.1" 404 3501 "http://www.f-knowledge.com/" "Mozilla/5.0 (Linux; Android 6.0.1; Nexus 5X Build/MMB29P) AppleWebKit/537.36 (KHTML, like Gecko) Chrome/41.0.2272.96 Mobile Safari/537.36 (compatible; Googlebot/2.1; +http://www.google.com/bot.html)"
46.229.168.150 - - [26/Oct/2018:11:32:13 +0300] "GET /robots.txt HTTP/1.1" 200 24 "-" "Mozilla/5.0 (compatible; SemrushBot/2~bl; +http://www.semrush.com/bot.html)"
46.229.168.130 - - [26/Oct/2018:11:32:13 +0300] "GET /serviceview HTTP/1.1" 200 11987 "-" "Mozilla/5.0 (compatible; SemrushBot/2~bl; +http://www.semrush.com/bot.html)"
66.249.66.28 - - [26/Oct/2018:12:04:37 +0300] "GET / HTTP/1.1" 200 5533 "-" "Mozilla/5.0 (compatible; Googlebot/2.1; +http://www.google.com/bot.html)"
185.117.118.146 - - [26/Oct/2018:12:09:45 +0300] "GET /robots.txt HTTP/1.1" 200 24 "-" "Mozilla/5.0 (compatible; Uptimebot/1.0; +http://www.uptime.com/uptimebot)"
185.117.118.152 - - [26/Oct/2018:12:09:45 +0300] "HEAD / HTTP/1.1" 200 - "-" "Mozilla/5.0 (compatible; Uptimebot/1.0; +http://www.uptime.com/uptimebot)"
46.229.168.130 - - [26/Oct/2018:16:26:19 +0300] "GET /robots.txt HTTP/1.1" 200 24 "-" "Mozilla/5.0 (compatible; SemrushBot/2~bl; +http://www.semrush.com/bot.html)"
46.229.168.135 - - [26/Oct/2018:16:26:19 +0300] "GET /serviceview HTTP/1.1" 200 11987 "-" "Mozilla/5.0 (compatible; SemrushBot/2~bl; +http://www.semrush.com/bot.html)"
178.154.200.21 - - [26/Oct/2018:16:49:09 +0300] "GET /robots.txt HTTP/1.1" 200 24 "-" "Mozilla/5.0 (compatible; YandexBot/3.0; +http://yandex.com/bots)"
178.154.200.21 - - [26/Oct/2018:16:49:13 +0300] "GET /serviceview HTTP/1.1" 200 11987 "-" "Mozilla/5.0 (compatible; YandexBot/3.0; +http://yandex.com/bots)"
66.249.66.29 - - [26/Oct/2018:20:04:24 +0300] "GET /robots.txt HTTP/1.1" 200 24 "-" "Mozilla/5.0 (compatible; Googlebot/2.1; +http://www.google.com/bot.html)"
66.249.66.29 - - [26/Oct/2018:20:04:24 +0300] "GET / HTTP/1.1" 200 5533 "-" "Mozilla/5.0 (Linux; Android 6.0.1; Nexus 5X Build/MMB29P) AppleWebKit/537.36 (KHTML, like Gecko) Chrome/41.0.2272.96 Mobile Safari/537.36 (compatible; Googlebot/2.1; +http://www.google.com/bot.html)"
66.249.66.28 - - [26/Oct/2018:20:04:51 +0300] "GET /assetsweb/css/style-ar.css HTTP/1.1" 200 10943 "http://f-knowledge.com/" "Mozilla/5.0 (Linux; Android 6.0.1; Nexus 5X Build/MMB29P) AppleWebKit/537.36 (KHTML, like Gecko) Chrome/41.0.2272.96 Mobile Safari/537.36 (compatible; Googlebot/2.1; +http://www.google.com/bot.html)"
66.249.66.28 - - [26/Oct/2018:20:04:52 +0300] "GET /assetsweb/js/skrollr.min.js HTTP/1.1" 200 5591 "http://f-knowledge.com/" "Mozilla/5.0 (Linux; Android 6.0.1; Nexus 5X Build/MMB29P) AppleWebKit/537.36 (KHTML, like Gecko) Chrome/41.0.2272.96 Mobile Safari/537.36 (compatible; Googlebot/2.1; +http://www.google.com/bot.html)"
66.249.66.29 - - [26/Oct/2018:20:04:52 +0300] "GET /assetsweb/js/magnific-popup/jquery.magnific-popup.min.js HTTP/1.1" 200 7346 "http://f-knowledge.com/" "Mozilla/5.0 (Linux; Android 6.0.1; Nexus 5X Build/MMB29P) AppleWebKit/537.36 (KHTML, like Gecko) Chrome/41.0.2272.96 Mobile Safari/537.36 (compatible; Googlebot/2.1; +http://www.google.com/bot.html)"
66.249.66.28 - - [26/Oct/2018:20:04:53 +0300] "GET /assetsweb/js/retina.min.js HTTP/1.1" 200 1220 "http://f-knowledge.com/" "Mozilla/5.0 (Linux; Android 6.0.1; Nexus 5X Build/MMB29P) AppleWebKit/537.36 (KHTML, like Gecko) Chrome/41.0.2272.96 Mobile Safari/537.36 (compatible; Googlebot/2.1; +http://www.google.com/bot.html)"
66.249.66.28 - - [26/Oct/2018:20:04:53 +0300] "GET /assetsweb/css/responsive-rtl.css HTTP/1.1" 404 3437 "http://f-knowledge.com/" "Mozilla/5.0 (Linux; Android 6.0.1; Nexus 5X Build/MMB29P) AppleWebKit/537.36 (KHTML, like Gecko) Chrome/41.0.2272.96 Mobile Safari/537.36 (compatible; Googlebot/2.1; +http://www.google.com/bot.html)"
66.249.66.62 - - [26/Oct/2018:20:20:41 +0300] "GET /robots.txt HTTP/1.1" 200 24 "-" "Mozilla/5.0 (compatible; Googlebot/2.1; +http://www.google.com/bot.html)"
66.249.66.62 - - [26/Oct/2018:20:20:41 +0300] "GET / HTTP/1.1" 200 5539 "-" "Mozilla/5.0 (Linux; Android 6.0.1; Nexus 5X Build/MMB29P) AppleWebKit/537.36 (KHTML, like Gecko) Chrome/41.0.2272.96 Mobile Safari/537.36 (compatible; Googlebot/2.1; +http://www.google.com/bot.html)"
180.76.15.161 - - [26/Oct/2018:20:58:34 +0300] "GET / HTTP/1.1" 200 5533 "-" "Mozilla/5.0 (compatible; Baiduspider/2.0; +http://www.baidu.com/search/spider.html)"
66.249.66.34 - - [26/Oct/2018:21:02:31 +0300] "GET / HTTP/1.1" 200 5539 "-" "Mozilla/5.0 (compatible; Googlebot/2.1; +http://www.google.com/bot.html)"
193.106.30.98 - - [26/Oct/2018:21:13:43 +0300] "GET /wp-content/themes/agregado/404.php HTTP/1.1" 404 3437 "-" "Mozilla/5.0 (Windows NT 6.1; rv:34.0) Gecko/20100101 Firefox/34.0"
180.76.15.18 - - [26/Oct/2018:21:31:54 +0300] "GET /teamview HTTP/1.1" 200 3363 "-" "Mozilla/5.0 (compatible; Baiduspider/2.0; +http://www.baidu.com/search/spider.html)"
157.55.39.239 - - [26/Oct/2018:21:39:22 +0300] "GET / HTTP/1.1" 200 5533 "-" "Mozilla/5.0 (compatible; bingbot/2.0; +http://www.bing.com/bingbot.htm)"
66.249.66.28 - - [26/Oct/2018:22:21:21 +0300] "GET / HTTP/1.1" 200 5533 "-" "Mozilla/5.0 (compatible; Googlebot/2.1; +http://www.google.com/bot.html)"
66.249.66.30 - - [26/Oct/2018:22:21:23 +0300] "GET /assetsweb/css/responsive-rtl.css HTTP/1.1" 404 3437 "http://f-knowledge.com/" "Mozilla/5.0 AppleWebKit/537.36 (KHTML, like Gecko; compatible; Googlebot/2.1; +http://www.google.com/bot.html) Safari/537.36"
46.229.168.129 - - [26/Oct/2018:23:56:18 +0300] "GET /robots.txt HTTP/1.1" 200 24 "-" "Mozilla/5.0 (compatible; SemrushBot/2~bl; +http://www.semrush.com/bot.html)"
46.229.168.139 - - [26/Oct/2018:23:56:19 +0300] "GET /serviceview HTTP/1.1" 200 11987 "-" "Mozilla/5.0 (compatible; SemrushBot/2~bl; +http://www.semrush.com/bot.html)"
207.46.13.147 - - [27/Oct/2018:01:13:46 +0300] "GET /index HTTP/1.1" 200 5533 "-" "Mozilla/5.0 (compatible; bingbot/2.0; +http://www.bing.com/bingbot.htm)"
157.55.39.117 - - [27/Oct/2018:01:45:58 +0300] "GET /teamview HTTP/1.1" 200 3363 "-" "Mozilla/5.0 (compatible; bingbot/2.0; +http://www.bing.com/bingbot.htm)"
194.34.132.112 - - [27/Oct/2018:01:50:00 +0300] "GET / HTTP/1.0" 200 31779 "http://f-knowledge.com/" "Mozilla/5.0 (Windows NT 6.1; WOW64; rv:40.1) Gecko/20100101 Firefox/40.1"
194.34.132.112 - - [27/Oct/2018:01:50:00 +0300] "GET /contactview HTTP/1.0" 200 15735 "http://f-knowledge.com/contactview" "Mozilla/5.0 (Windows NT 6.1; WOW64; rv:40.1) Gecko/20100101 Firefox/40.1"
194.34.132.112 - - [27/Oct/2018:01:50:01 +0300] "POST /storecon HTTP/1.0" 302 356 "http://f-knowledge.com/contactview" "Mozilla/5.0 (Windows NT 6.1; WOW64; rv:40.1) Gecko/20100101 Firefox/40.1"
194.34.132.112 - - [27/Oct/2018:01:50:01 +0300] "GET /login HTTP/1.0" 200 8016 "http://f-knowledge.com/login" "Mozilla/5.0 (Windows NT 6.1; WOW64; rv:40.1) Gecko/20100101 Firefox/40.1"
52.53.201.78 - - [27/Oct/2018:02:06:11 +0300] "GET / HTTP/1.1" 200 5539 "-" "Mozilla/5.0 (Macintosh; Intel Mac OS X 10_12_6) AppleWebKit/537.36 (KHTML, like Gecko) Chrome/61.0.3163.100 Safari/537.36"
207.46.13.147 - - [27/Oct/2018:04:35:06 +0300] "GET /solutionview HTTP/1.1" 200 3362 "-" "Mozilla/5.0 (compatible; bingbot/2.0; +http://www.bing.com/bingbot.htm)"
180.76.15.9 - - [27/Oct/2018:05:12:51 +0300] "GET /lang/en HTTP/1.1" 302 332 "-" "Mozilla/5.0 (compatible; Baiduspider/2.0; +http://www.baidu.com/search/spider.html)"
180.76.15.158 - - [27/Oct/2018:05:12:51 +0300] "GET / HTTP/1.1" 200 4985 "-" "Mozilla/5.0 (compatible; Baiduspider/2.0; +http://www.baidu.com/search/spider.html)"
180.76.15.152 - - [27/Oct/2018:05:12:53 +0300] "GET /robots.txt HTTP/1.1" 200 24 "-" "Mozilla/5.0 (Windows NT 5.1; rv:6.0.2) Gecko/20100101 Firefox/6.0.2"
157.55.39.117 - - [27/Oct/2018:05:22:30 +0300] "GET /newview HTTP/1.1" 200 3021 "-" "Mozilla/5.0 (compatible; bingbot/2.0; +http://www.bing.com/bingbot.htm)"
35.153.52.107 - - [27/Oct/2018:06:30:33 +0300] "GET / HTTP/1.1" 200 5533 "-" "Mozilla/5.0 (X11; Ubuntu; Linux x86_64) AppleWebKit/537.36 (KHTML, like Gecko) Chrome/60.0.3112.101 Safari/537.36"
188.40.102.170 - - [27/Oct/2018:07:12:49 +0300] "GET /robots.txt HTTP/1.1" 200 24 "-" "Mozilla/5.0 (compatible; BLEXBot/1.0; +http://webmeup-crawler.com/)"
188.40.102.170 - - [27/Oct/2018:07:12:50 +0300] "GET /sitemap.xml HTTP/1.1" 404 3437 "-" "Mozilla/5.0 (compatible; BLEXBot/1.0; +http://webmeup-crawler.com/)"
188.40.102.170 - - [27/Oct/2018:07:13:04 +0300] "GET /sitemap.xml HTTP/1.1" 404 3501 "-" "Mozilla/5.0 (compatible; BLEXBot/1.0; +http://webmeup-crawler.com/)"
5.9.123.164 - - [27/Oct/2018:10:52:06 +0300] "GET /robots.txt HTTP/1.1" 200 24 "-" "Mozilla/5.0 (compatible; MJ12bot/v1.4.8; http://mj12bot.com/)"
5.9.123.164 - - [27/Oct/2018:10:52:16 +0300] "GET /teamview HTTP/1.1" 200 16912 "-" "Mozilla/5.0 (compatible; MJ12bot/v1.4.8; http://mj12bot.com/)"
180.76.15.143 - - [27/Oct/2018:12:09:09 +0300] "GET / HTTP/1.1" 200 5533 "-" "Mozilla/5.0 (compatible; Baiduspider/2.0; +http://www.baidu.com/search/spider.html)"
46.229.168.140 - - [27/Oct/2018:12:17:03 +0300] "GET /robots.txt HTTP/1.1" 200 24 "-" "Mozilla/5.0 (compatible; SemrushBot/2~bl; +http://www.semrush.com/bot.html)"
46.229.168.137 - - [27/Oct/2018:12:17:03 +0300] "GET /index.html HTTP/1.1" 404 3501 "-" "Mozilla/5.0 (compatible; SemrushBot/2~bl; +http://www.semrush.com/bot.html)"
151.237.184.27 - - [27/Oct/2018:12:45:52 +0300] "GET / HTTP/1.1" 200 31779 "-" "Mozilla/5.0 (Windows NT 10.0; Win64; x64) AppleWebKit/537.36 (KHTML, like Gecko) Chrome/63.0.3239.84 Safari/537.36"
151.237.184.27 - - [27/Oct/2018:12:45:54 +0300] "GET /index.php?option=com_user&task=register HTTP/1.1" 200 31899 "-" "Mozilla/5.0 (Windows NT 10.0; Win64; x64) AppleWebKit/537.36 (KHTML, like Gecko) Chrome/63.0.3239.84 Safari/537.36"
151.237.184.27 - - [27/Oct/2018:12:45:55 +0300] "GET /index.php/component/users/?view=registration HTTP/1.1" 301 274 "-" "Mozilla/5.0 (Windows NT 10.0; Win64; x64) AppleWebKit/537.36 (KHTML, like Gecko) Chrome/63.0.3239.84 Safari/537.36"
151.237.184.27 - - [27/Oct/2018:12:45:56 +0300] "GET /index.php/component/users?view=registration HTTP/1.1" 404 3447 "-" "Mozilla/5.0 (Windows NT 10.0; Win64; x64) AppleWebKit/537.36 (KHTML, like Gecko) Chrome/63.0.3239.84 Safari/537.36"
151.237.184.27 - - [27/Oct/2018:12:45:56 +0300] "GET /modules.php?name=Your_Account HTTP/1.1" 404 3437 "-" "Mozilla/5.0 (Windows NT 10.0; Win64; x64) AppleWebKit/537.36 (KHTML, like Gecko) Chrome/63.0.3239.84 Safari/537.36"
151.237.184.27 - - [27/Oct/2018:12:45:57 +0300] "GET /member/ HTTP/1.1" 301 237 "-" "Mozilla/5.0 (Windows NT 10.0; Win64; x64) AppleWebKit/537.36 (KHTML, like Gecko) Chrome/63.0.3239.84 Safari/537.36"
151.237.184.27 - - [27/Oct/2018:12:45:58 +0300] "GET /member HTTP/1.1" 404 3437 "-" "Mozilla/5.0 (Windows NT 10.0; Win64; x64) AppleWebKit/537.36 (KHTML, like Gecko) Chrome/63.0.3239.84 Safari/537.36"
151.237.184.27 - - [27/Oct/2018:12:45:59 +0300] "GET /index.php?act=dispMemberLoginForm HTTP/1.1" 200 31899 "-" "Mozilla/5.0 (Windows NT 10.0; Win64; x64) AppleWebKit/537.36 (KHTML, like Gecko) Chrome/63.0.3239.84 Safari/537.36"
151.237.184.27 - - [27/Oct/2018:12:46:00 +0300] "GET /home.php HTTP/1.1" 404 3437 "-" "Mozilla/5.0 (Windows NT 10.0; Win64; x64) AppleWebKit/537.36 (KHTML, like Gecko) Chrome/63.0.3239.84 Safari/537.36"
151.237.184.27 - - [27/Oct/2018:12:46:00 +0300] "GET /bbs.cgi HTTP/1.1" 404 3437 "-" "Mozilla/5.0 (Windows NT 10.0; Win64; x64) AppleWebKit/537.36 (KHTML, like Gecko) Chrome/63.0.3239.84 Safari/537.36"
151.237.184.27 - - [27/Oct/2018:12:46:01 +0300] "GET /CGI/guestbook?page=1 HTTP/1.1" 404 3437 "-" "Mozilla/5.0 (Windows NT 10.0; Win64; x64) AppleWebKit/537.36 (KHTML, like Gecko) Chrome/63.0.3239.84 Safari/537.36"
151.237.184.27 - - [27/Oct/2018:12:46:02 +0300] "GET /yybbs.cgi HTTP/1.1" 404 3437 "-" "Mozilla/5.0 (Windows NT 10.0; Win64; x64) AppleWebKit/537.36 (KHTML, like Gecko) Chrome/63.0.3239.84 Safari/537.36"
151.237.184.27 - - [27/Oct/2018:12:46:03 +0300] "GET /guestbook HTTP/1.1" 404 3437 "-" "Mozilla/5.0 (Windows NT 10.0; Win64; x64) AppleWebKit/537.36 (KHTML, like Gecko) Chrome/63.0.3239.84 Safari/537.36"
151.237.184.27 - - [27/Oct/2018:12:46:03 +0300] "GET /aska.cgi HTTP/1.1" 404 3437 "-" "Mozilla/5.0 (Windows NT 10.0; Win64; x64) AppleWebKit/537.36 (KHTML, like Gecko) Chrome/63.0.3239.84 Safari/537.36"
151.237.184.27 - - [27/Oct/2018:12:46:04 +0300] "GET /jax_guestbook.php HTTP/1.1" 404 3437 "-" "Mozilla/5.0 (Windows NT 10.0; Win64; x64) AppleWebKit/537.36 (KHTML, like Gecko) Chrome/63.0.3239.84 Safari/537.36"
151.237.184.27 - - [27/Oct/2018:12:46:05 +0300] "GET /sbb.cgi HTTP/1.1" 404 3437 "-" "Mozilla/5.0 (Windows NT 10.0; Win64; x64) AppleWebKit/537.36 (KHTML, like Gecko) Chrome/63.0.3239.84 Safari/537.36"
151.237.184.27 - - [27/Oct/2018:12:46:06 +0300] "GET /default.asp HTTP/1.1" 404 3437 "-" "Mozilla/5.0 (Windows NT 10.0; Win64; x64) AppleWebKit/537.36 (KHTML, like Gecko) Chrome/63.0.3239.84 Safari/537.36"
151.237.184.27 - - [27/Oct/2018:12:46:07 +0300] "GET /scarbook.php HTTP/1.1" 404 3437 "-" "Mozilla/5.0 (Windows NT 10.0; Win64; x64) AppleWebKit/537.36 (KHTML, like Gecko) Chrome/63.0.3239.84 Safari/537.36"
151.237.184.27 - - [27/Oct/2018:12:46:07 +0300] "GET /guestbook.html HTTP/1.1" 404 3437 "-" "Mozilla/5.0 (Windows NT 10.0; Win64; x64) AppleWebKit/537.36 (KHTML, like Gecko) Chrome/63.0.3239.84 Safari/537.36"
151.237.184.27 - - [27/Oct/2018:12:46:08 +0300] "GET /gaestebuch.php HTTP/1.1" 404 3437 "-" "Mozilla/5.0 (Windows NT 10.0; Win64; x64) AppleWebKit/537.36 (KHTML, like Gecko) Chrome/63.0.3239.84 Safari/537.36"
151.237.184.27 - - [27/Oct/2018:12:46:09 +0300] "GET /g_book.cgi HTTP/1.1" 404 3437 "-" "Mozilla/5.0 (Windows NT 10.0; Win64; x64) AppleWebKit/537.36 (KHTML, like Gecko) Chrome/63.0.3239.84 Safari/537.36"
193.106.30.98 - - [27/Oct/2018:13:28:40 +0300] "GET /wp-content/themes/CherryFramework/404.php HTTP/1.1" 404 3437 "-" "Mozilla/5.0 (Windows NT 6.1; rv:34.0) Gecko/20100101 Firefox/34.0"
54.173.35.129 - - [27/Oct/2018:14:54:35 +0300] "GET /robots.txt HTTP/1.0" 200 24 "-" "ia_archiver"
54.173.35.129 - - [27/Oct/2018:14:54:35 +0300] "GET /index HTTP/1.0" 200 31991 "-" "ia_archiver"
54.36.150.47 - - [27/Oct/2018:15:21:15 +0300] "GET /robots.txt HTTP/1.1" 200 24 "-" "Mozilla/5.0 (compatible; AhrefsBot/5.2; +http://ahrefs.com/robot/)"
54.36.148.254 - - [27/Oct/2018:15:21:16 +0300] "GET /newview HTTP/1.1" 200 3021 "-" "Mozilla/5.0 (compatible; AhrefsBot/5.2; +http://ahrefs.com/robot/)"
35.201.220.138 - - [27/Oct/2018:15:38:50 +0300] "GET / HTTP/1.1" 200 5533 "" "Mozilla/5.0 (Windows; U; Windows NT 6.0; en-US; rv:1.9.1.6) Gecko/20091201 Firefox/3.5.6 GTB5"
35.221.177.80 - - [27/Oct/2018:15:38:55 +0300] "GET /lang/en HTTP/1.1" 302 332 "" "Mozilla/5.0 (Windows; U; Windows NT 6.0; en-US; rv:1.9.1.6) Gecko/20091201 Firefox/3.5.6 GTB5"
