46.152.127.124 - - [17/Oct/2018:10:17:58 +0300] "GET /solution_image/1533364197.jpg HTTP/1.1" 200 103489 "http://f-knowledge.com/" "Mozilla/5.0 (Windows NT 10.0; Win64; x64) AppleWebKit/537.36 (KHTML, like Gecko) Chrome/69.0.3497.100 Safari/537.36"
46.152.127.124 - - [17/Oct/2018:10:17:58 +0300] "GET /solution_image/1533364221.jpg HTTP/1.1" 200 113572 "http://f-knowledge.com/" "Mozilla/5.0 (Windows NT 10.0; Win64; x64) AppleWebKit/537.36 (KHTML, like Gecko) Chrome/69.0.3497.100 Safari/537.36"
46.152.127.124 - - [17/Oct/2018:10:17:58 +0300] "GET /solution_image/1533364246.jpeg HTTP/1.1" 200 51244 "http://f-knowledge.com/" "Mozilla/5.0 (Windows NT 10.0; Win64; x64) AppleWebKit/537.36 (KHTML, like Gecko) Chrome/69.0.3497.100 Safari/537.36"
46.152.127.124 - - [17/Oct/2018:10:17:58 +0300] "GET /images/1533365116.jpg HTTP/1.1" 200 12886 "http://f-knowledge.com/" "Mozilla/5.0 (Windows NT 10.0; Win64; x64) AppleWebKit/537.36 (KHTML, like Gecko) Chrome/69.0.3497.100 Safari/537.36"
46.152.127.124 - - [17/Oct/2018:10:17:58 +0300] "GET /images/1533365196.png HTTP/1.1" 200 21958 "http://f-knowledge.com/" "Mozilla/5.0 (Windows NT 10.0; Win64; x64) AppleWebKit/537.36 (KHTML, like Gecko) Chrome/69.0.3497.100 Safari/537.36"
46.152.127.124 - - [17/Oct/2018:10:17:58 +0300] "GET /images/1533365244.png HTTP/1.1" 200 21958 "http://f-knowledge.com/" "Mozilla/5.0 (Windows NT 10.0; Win64; x64) AppleWebKit/537.36 (KHTML, like Gecko) Chrome/69.0.3497.100 Safari/537.36"
46.152.127.124 - - [17/Oct/2018:10:17:58 +0300] "GET /images/1533365268.png HTTP/1.1" 200 21958 "http://f-knowledge.com/" "Mozilla/5.0 (Windows NT 10.0; Win64; x64) AppleWebKit/537.36 (KHTML, like Gecko) Chrome/69.0.3497.100 Safari/537.36"
46.152.127.124 - - [17/Oct/2018:10:17:58 +0300] "GET /assetsweb/images/bg/04.jpg HTTP/1.1" 304 - "http://f-knowledge.com/" "Mozilla/5.0 (Windows NT 10.0; Win64; x64) AppleWebKit/537.36 (KHTML, like Gecko) Chrome/69.0.3497.100 Safari/537.36"
46.152.127.124 - - [17/Oct/2018:10:17:58 +0300] "GET /assetsweb/images/bg/07.jpg HTTP/1.1" 304 - "http://f-knowledge.com/" "Mozilla/5.0 (Windows NT 10.0; Win64; x64) AppleWebKit/537.36 (KHTML, like Gecko) Chrome/69.0.3497.100 Safari/537.36"
46.152.127.124 - - [17/Oct/2018:10:18:00 +0300] "GET /assetsweb/css/animate.css HTTP/1.1" 304 - "http://f-knowledge.com/" "Mozilla/5.0 (Windows NT 10.0; Win64; x64) AppleWebKit/537.36 (KHTML, like Gecko) Chrome/69.0.3497.100 Safari/537.36"
46.152.127.124 - - [17/Oct/2018:10:18:00 +0300] "GET /assetsweb/images/banner/02-ar.png HTTP/1.1" 304 - "http://f-knowledge.com/assetsweb/css/style-ar.css" "Mozilla/5.0 (Windows NT 10.0; Win64; x64) AppleWebKit/537.36 (KHTML, like Gecko) Chrome/69.0.3497.100 Safari/537.36"
46.152.127.124 - - [17/Oct/2018:10:18:00 +0300] "GET /assetsweb/fonts/fontawesome-webfont3e6e.html?v=4.7.0 HTTP/1.1" 304 - "http://f-knowledge.com/assetsweb/css/font-awesome.css" "Mozilla/5.0 (Windows NT 10.0; Win64; x64) AppleWebKit/537.36 (KHTML, like Gecko) Chrome/69.0.3497.100 Safari/537.36"
46.152.127.124 - - [17/Oct/2018:10:18:00 +0300] "GET /assetsweb/fonts/ionicons28b5.ttf?v=2.0.0 HTTP/1.1" 304 - "http://f-knowledge.com/assetsweb/css/ionicons.min.css" "Mozilla/5.0 (Windows NT 10.0; Win64; x64) AppleWebKit/537.36 (KHTML, like Gecko) Chrome/69.0.3497.100 Safari/537.36"
46.152.127.124 - - [17/Oct/2018:10:18:01 +0300] "GET /assetsweb/images/favicon.ico HTTP/1.1" 304 - "http://f-knowledge.com/" "Mozilla/5.0 (Windows NT 10.0; Win64; x64) AppleWebKit/537.36 (KHTML, like Gecko) Chrome/69.0.3497.100 Safari/537.36"
46.152.127.124 - - [17/Oct/2018:10:18:15 +0300] "GET /index HTTP/1.1" 200 5533 "http://f-knowledge.com/" "Mozilla/5.0 (Windows NT 10.0; Win64; x64) AppleWebKit/537.36 (KHTML, like Gecko) Chrome/69.0.3497.100 Safari/537.36"
46.152.127.124 - - [17/Oct/2018:10:18:16 +0300] "GET /assetsweb/css/responsive-rtl.css HTTP/1.1" 404 3437 "http://f-knowledge.com/index" "Mozilla/5.0 (Windows NT 10.0; Win64; x64) AppleWebKit/537.36 (KHTML, like Gecko) Chrome/69.0.3497.100 Safari/537.36"
46.152.127.124 - - [17/Oct/2018:10:18:20 +0300] "GET /aboutview HTTP/1.1" 200 4133 "http://f-knowledge.com/index" "Mozilla/5.0 (Windows NT 10.0; Win64; x64) AppleWebKit/537.36 (KHTML, like Gecko) Chrome/69.0.3497.100 Safari/537.36"
46.152.127.124 - - [17/Oct/2018:10:18:20 +0300] "GET /sett/153336555923.png HTTP/1.1" 200 47935 "http://f-knowledge.com/aboutview" "Mozilla/5.0 (Windows NT 10.0; Win64; x64) AppleWebKit/537.36 (KHTML, like Gecko) Chrome/69.0.3497.100 Safari/537.36"
46.152.127.124 - - [17/Oct/2018:10:18:20 +0300] "GET /sett/153336556226.jpg HTTP/1.1" 200 37212 "http://f-knowledge.com/aboutview" "Mozilla/5.0 (Windows NT 10.0; Win64; x64) AppleWebKit/537.36 (KHTML, like Gecko) Chrome/69.0.3497.100 Safari/537.36"
46.152.127.124 - - [17/Oct/2018:10:18:22 +0300] "GET /assetsweb/css/responsive-rtl.css HTTP/1.1" 404 3437 "http://f-knowledge.com/aboutview" "Mozilla/5.0 (Windows NT 10.0; Win64; x64) AppleWebKit/537.36 (KHTML, like Gecko) Chrome/69.0.3497.100 Safari/537.36"
46.152.127.124 - - [17/Oct/2018:10:18:22 +0300] "GET /assetsweb/images/bg/01.jpg HTTP/1.1" 200 111304 "http://f-knowledge.com/aboutview" "Mozilla/5.0 (Windows NT 10.0; Win64; x64) AppleWebKit/537.36 (KHTML, like Gecko) Chrome/69.0.3497.100 Safari/537.36"
46.152.127.124 - - [17/Oct/2018:10:18:26 +0300] "GET /serviceview HTTP/1.1" 200 11984 "http://f-knowledge.com/aboutview" "Mozilla/5.0 (Windows NT 10.0; Win64; x64) AppleWebKit/537.36 (KHTML, like Gecko) Chrome/69.0.3497.100 Safari/537.36"
46.152.127.124 - - [17/Oct/2018:10:18:26 +0300] "GET /assetsweb/css/responsive-rtl.css HTTP/1.1" 404 3437 "http://f-knowledge.com/serviceview" "Mozilla/5.0 (Windows NT 10.0; Win64; x64) AppleWebKit/537.36 (KHTML, like Gecko) Chrome/69.0.3497.100 Safari/537.36"
46.152.127.124 - - [17/Oct/2018:10:18:27 +0300] "GET /images/bg/01.jpg HTTP/1.1" 404 3437 "http://f-knowledge.com/serviceview" "Mozilla/5.0 (Windows NT 10.0; Win64; x64) AppleWebKit/537.36 (KHTML, like Gecko) Chrome/69.0.3497.100 Safari/537.36"
46.152.127.124 - - [17/Oct/2018:10:18:33 +0300] "GET /solutionview HTTP/1.1" 200 3362 "http://f-knowledge.com/serviceview" "Mozilla/5.0 (Windows NT 10.0; Win64; x64) AppleWebKit/537.36 (KHTML, like Gecko) Chrome/69.0.3497.100 Safari/537.36"
46.152.127.124 - - [17/Oct/2018:10:18:33 +0300] "GET /assetsweb/css/responsive-rtl.css HTTP/1.1" 404 3437 "http://f-knowledge.com/solutionview" "Mozilla/5.0 (Windows NT 10.0; Win64; x64) AppleWebKit/537.36 (KHTML, like Gecko) Chrome/69.0.3497.100 Safari/537.36"
46.152.127.124 - - [17/Oct/2018:10:19:07 +0300] "GET /teamview HTTP/1.1" 200 3363 "http://f-knowledge.com/solutionview" "Mozilla/5.0 (Windows NT 10.0; Win64; x64) AppleWebKit/537.36 (KHTML, like Gecko) Chrome/69.0.3497.100 Safari/537.36"
46.152.127.124 - - [17/Oct/2018:10:19:07 +0300] "GET /assetsweb/css/responsive-rtl.css HTTP/1.1" 404 3437 "http://f-knowledge.com/teamview" "Mozilla/5.0 (Windows NT 10.0; Win64; x64) AppleWebKit/537.36 (KHTML, like Gecko) Chrome/69.0.3497.100 Safari/537.36"
46.152.127.124 - - [17/Oct/2018:10:19:12 +0300] "GET /newview HTTP/1.1" 200 3021 "http://f-knowledge.com/teamview" "Mozilla/5.0 (Windows NT 10.0; Win64; x64) AppleWebKit/537.36 (KHTML, like Gecko) Chrome/69.0.3497.100 Safari/537.36"
46.152.127.124 - - [17/Oct/2018:10:19:12 +0300] "GET /assetsweb/css/responsive-rtl.css HTTP/1.1" 404 3437 "http://f-knowledge.com/newview" "Mozilla/5.0 (Windows NT 10.0; Win64; x64) AppleWebKit/537.36 (KHTML, like Gecko) Chrome/69.0.3497.100 Safari/537.36"
46.152.127.124 - - [17/Oct/2018:10:19:26 +0300] "GET /contactview HTTP/1.1" 200 3559 "http://f-knowledge.com/newview" "Mozilla/5.0 (Windows NT 10.0; Win64; x64) AppleWebKit/537.36 (KHTML, like Gecko) Chrome/69.0.3497.100 Safari/537.36"
46.152.127.124 - - [17/Oct/2018:10:19:26 +0300] "GET /assetsweb/css/responsive-rtl.css HTTP/1.1" 404 3437 "http://f-knowledge.com/contactview" "Mozilla/5.0 (Windows NT 10.0; Win64; x64) AppleWebKit/537.36 (KHTML, like Gecko) Chrome/69.0.3497.100 Safari/537.36"
46.152.127.124 - - [17/Oct/2018:10:19:27 +0300] "GET /assets/js/general/contact.js HTTP/1.1" 200 1638 "http://f-knowledge.com/contactview" "Mozilla/5.0 (Windows NT 10.0; Win64; x64) AppleWebKit/537.36 (KHTML, like Gecko) Chrome/69.0.3497.100 Safari/537.36"
46.152.127.124 - - [17/Oct/2018:10:19:27 +0300] "GET /assets/global/plugins/jquery-validation/js/jquery.validate.min.js HTTP/1.1" 200 6805 "http://f-knowledge.com/contactview" "Mozilla/5.0 (Windows NT 10.0; Win64; x64) AppleWebKit/537.36 (KHTML, like Gecko) Chrome/69.0.3497.100 Safari/537.36"
46.152.127.124 - - [17/Oct/2018:10:19:27 +0300] "GET /assets/global/plugins/jquery-validation/js/additional-methods.min.js HTTP/1.1" 200 5009 "http://f-knowledge.com/contactview" "Mozilla/5.0 (Windows NT 10.0; Win64; x64) AppleWebKit/537.36 (KHTML, like Gecko) Chrome/69.0.3497.100 Safari/537.36"
46.152.127.124 - - [17/Oct/2018:10:19:27 +0300] "GET /assets/global/plugins/jquery-validation/js/localization/messages_ar.js HTTP/1.1" 200 659 "http://f-knowledge.com/contactview" "Mozilla/5.0 (Windows NT 10.0; Win64; x64) AppleWebKit/537.36 (KHTML, like Gecko) Chrome/69.0.3497.100 Safari/537.36"
46.152.127.124 - - [17/Oct/2018:10:19:27 +0300] "GET /images/ajax-loader.gif HTTP/1.1" 404 3437 "http://f-knowledge.com/contactview" "Mozilla/5.0 (Windows NT 10.0; Win64; x64) AppleWebKit/537.36 (KHTML, like Gecko) Chrome/69.0.3497.100 Safari/537.36"
46.152.127.124 - - [17/Oct/2018:10:19:27 +0300] "GET /images/bg/01.jpg HTTP/1.1" 404 3437 "http://f-knowledge.com/contactview" "Mozilla/5.0 (Windows NT 10.0; Win64; x64) AppleWebKit/537.36 (KHTML, like Gecko) Chrome/69.0.3497.100 Safari/537.36"
46.152.127.124 - - [17/Oct/2018:10:19:55 +0300] "GET /assetsweb/css/responsive-rtl.css HTTP/1.1" 404 3437 "http://f-knowledge.com/newview" "Mozilla/5.0 (Windows NT 10.0; Win64; x64) AppleWebKit/537.36 (KHTML, like Gecko) Chrome/69.0.3497.100 Safari/537.36"
193.106.30.98 - - [17/Oct/2018:10:25:26 +0300] "POST /wp-content/themes/template-parts/content-single.php HTTP/1.1" 404 3437 "-" "Mozilla/5.0 (Windows NT 6.1; rv:34.0) Gecko/20100101 Firefox/34.0"
66.249.66.62 - - [17/Oct/2018:10:54:46 +0300] "GET /teamview HTTP/1.1" 200 3366 "-" "Mozilla/5.0 (Linux; Android 6.0.1; Nexus 5X Build/MMB29P) AppleWebKit/537.36 (KHTML, like Gecko) Chrome/41.0.2272.96 Mobile Safari/537.36 (compatible; Googlebot/2.1; +http://www.google.com/bot.html)"
46.229.168.136 - - [17/Oct/2018:13:31:51 +0300] "GET /robots.txt HTTP/1.1" 200 24 "-" "Mozilla/5.0 (compatible; SemrushBot/2~bl; +http://www.semrush.com/bot.html)"
46.229.168.143 - - [17/Oct/2018:13:31:53 +0300] "GET /serviceview HTTP/1.1" 200 11987 "-" "Mozilla/5.0 (compatible; SemrushBot/2~bl; +http://www.semrush.com/bot.html)"
180.76.15.30 - - [17/Oct/2018:13:50:45 +0300] "GET / HTTP/1.1" 200 5533 "-" "Mozilla/5.0 (compatible; Baiduspider/2.0; +http://www.baidu.com/search/spider.html)"
180.76.15.33 - - [17/Oct/2018:14:24:05 +0300] "GET /assetsweb/js/skrollr.min.js HTTP/1.1" 200 5591 "-" "Mozilla/5.0 (compatible; Baiduspider/2.0; +http://www.baidu.com/search/spider.html)"
54.36.148.99 - - [17/Oct/2018:16:07:43 +0300] "GET /r2/mailmagazine.htm HTTP/1.1" 404 3501 "-" "Mozilla/5.0 (compatible; AhrefsBot/5.2; +http://ahrefs.com/robot/)"
66.249.66.37 - - [17/Oct/2018:16:07:59 +0300] "GET /aboutview HTTP/1.1" 200 4136 "-" "Mozilla/5.0 (Linux; Android 6.0.1; Nexus 5X Build/MMB29P) AppleWebKit/537.36 (KHTML, like Gecko) Chrome/41.0.2272.96 Mobile Safari/537.36 (compatible; Googlebot/2.1; +http://www.google.com/bot.html)"
66.249.66.34 - - [17/Oct/2018:16:08:00 +0300] "GET /assetsweb/css/responsive-rtl.css HTTP/1.1" 404 3501 "http://www.f-knowledge.com/aboutview" "Mozilla/5.0 (Linux; Android 6.0.1; Nexus 5X Build/MMB29P) AppleWebKit/537.36 (KHTML, like Gecko) Chrome/41.0.2272.96 Mobile Safari/537.36 (compatible; Googlebot/2.1; +http://www.google.com/bot.html)"
157.55.39.12 - - [17/Oct/2018:16:09:24 +0300] "GET /robots.txt HTTP/1.1" 200 24 "-" "Mozilla/5.0 (compatible; bingbot/2.0; +http://www.bing.com/bingbot.htm)"
207.46.13.192 - - [17/Oct/2018:16:19:04 +0300] "GET /sitemap.xml HTTP/1.1" 404 3437 "-" "Mozilla/5.0 (compatible; bingbot/2.0; +http://www.bing.com/bingbot.htm)"
40.77.167.36 - - [17/Oct/2018:16:28:43 +0300] "GET /serviceview HTTP/1.1" 200 11984 "-" "Mozilla/5.0 (compatible; bingbot/2.0; +http://www.bing.com/bingbot.htm)"
46.229.168.138 - - [17/Oct/2018:16:29:43 +0300] "GET /robots.txt HTTP/1.1" 200 24 "-" "Mozilla/5.0 (compatible; SemrushBot/2~bl; +http://www.semrush.com/bot.html)"
46.229.168.135 - - [17/Oct/2018:16:29:44 +0300] "GET /serviceview HTTP/1.1" 200 11987 "-" "Mozilla/5.0 (compatible; SemrushBot/2~bl; +http://www.semrush.com/bot.html)"
66.249.66.28 - - [17/Oct/2018:17:03:58 +0300] "GET / HTTP/1.1" 200 5533 "-" "Mozilla/5.0 (Linux; Android 6.0.1; Nexus 5X Build/MMB29P) AppleWebKit/537.36 (KHTML, like Gecko) Chrome/41.0.2272.96 Mobile Safari/537.36 (compatible; Googlebot/2.1; +http://www.google.com/bot.html)"
66.249.66.29 - - [17/Oct/2018:17:04:09 +0300] "GET /assetsweb/css/responsive-rtl.css HTTP/1.1" 404 3437 "http://f-knowledge.com/" "Mozilla/5.0 (Linux; Android 6.0.1; Nexus 5X Build/MMB29P) AppleWebKit/537.36 (KHTML, like Gecko) Chrome/41.0.2272.96 Mobile Safari/537.36 (compatible; Googlebot/2.1; +http://www.google.com/bot.html)"
66.249.66.62 - - [17/Oct/2018:17:07:02 +0300] "GET / HTTP/1.1" 200 5539 "-" "Mozilla/5.0 (Linux; Android 6.0.1; Nexus 5X Build/MMB29P) AppleWebKit/537.36 (KHTML, like Gecko) Chrome/41.0.2272.96 Mobile Safari/537.36 (compatible; Googlebot/2.1; +http://www.google.com/bot.html)"
66.249.66.28 - - [17/Oct/2018:17:21:13 +0300] "GET / HTTP/1.1" 200 5533 "-" "Mozilla/5.0 (compatible; Googlebot/2.1; +http://www.google.com/bot.html)"
95.211.209.158 - - [17/Oct/2018:19:01:35 +0300] "GET /v1/ HTTP/1.1" 301 233 "-" "Mozilla/5.0 (Windows NT 10.0; Win64; x64; rv:58.0) Gecko/20100101 Firefox/58.0"
95.211.209.158 - - [17/Oct/2018:19:01:35 +0300] "GET /v1 HTTP/1.1" 404 3437 "-" "Mozilla/5.0 (Windows NT 10.0; Win64; x64; rv:58.0) Gecko/20100101 Firefox/58.0"
95.211.209.158 - - [17/Oct/2018:19:01:35 +0300] "GET /v2/ HTTP/1.1" 301 233 "-" "Mozilla/5.0 (Windows NT 10.0; Win64; x64; rv:58.0) Gecko/20100101 Firefox/58.0"
95.211.209.158 - - [17/Oct/2018:19:01:35 +0300] "GET /v2 HTTP/1.1" 404 3437 "-" "Mozilla/5.0 (Windows NT 10.0; Win64; x64; rv:58.0) Gecko/20100101 Firefox/58.0"
95.211.209.158 - - [17/Oct/2018:19:01:35 +0300] "GET /joomla/ HTTP/1.1" 301 237 "-" "Mozilla/5.0 (Windows NT 10.0; Win64; x64; rv:58.0) Gecko/20100101 Firefox/58.0"
95.211.209.158 - - [17/Oct/2018:19:01:35 +0300] "GET /joomla HTTP/1.1" 404 3437 "-" "Mozilla/5.0 (Windows NT 10.0; Win64; x64; rv:58.0) Gecko/20100101 Firefox/58.0"
95.211.209.158 - - [17/Oct/2018:19:01:35 +0300] "GET /cms/ HTTP/1.1" 301 234 "-" "Mozilla/5.0 (Windows NT 10.0; Win64; x64; rv:58.0) Gecko/20100101 Firefox/58.0"
95.211.209.158 - - [17/Oct/2018:19:01:35 +0300] "GET /cms HTTP/1.1" 404 3437 "-" "Mozilla/5.0 (Windows NT 10.0; Win64; x64; rv:58.0) Gecko/20100101 Firefox/58.0"
40.77.167.36 - - [17/Oct/2018:19:16:08 +0300] "GET /teamview HTTP/1.1" 200 3363 "-" "Mozilla/5.0 (compatible; bingbot/2.0; +http://www.bing.com/bingbot.htm)"
40.77.167.129 - - [17/Oct/2018:19:22:33 +0300] "GET / HTTP/1.1" 200 5533 "-" "Mozilla/5.0 (compatible; bingbot/2.0; +http://www.bing.com/bingbot.htm)"
40.77.167.129 - - [17/Oct/2018:19:23:33 +0300] "GET /assetsweb/css/font-awesome.css HTTP/1.1" 200 7450 "-" "Mozilla/5.0 (compatible; bingbot/2.0; +http://www.bing.com/bingbot.htm)"
40.77.167.129 - - [17/Oct/2018:19:23:34 +0300] "GET /assetsweb/css/magnific-popup/magnific-popup.css HTTP/1.1" 200 1816 "-" "Mozilla/5.0 (compatible; bingbot/2.0; +http://www.bing.com/bingbot.htm)"
40.77.167.129 - - [17/Oct/2018:19:23:34 +0300] "GET /assetsweb/css/custom.css HTTP/1.1" 200 195 "-" "Mozilla/5.0 (compatible; bingbot/2.0; +http://www.bing.com/bingbot.htm)"
40.77.167.129 - - [17/Oct/2018:19:23:34 +0300] "GET /assetsweb/js/jquery.appear.js HTTP/1.1" 200 674 "-" "Mozilla/5.0 (compatible; bingbot/2.0; +http://www.bing.com/bingbot.htm)"
40.77.167.129 - - [17/Oct/2018:19:23:34 +0300] "GET /assetsweb/js/skrollr.min.js HTTP/1.1" 200 5591 "-" "Mozilla/5.0 (compatible; bingbot/2.0; +http://www.bing.com/bingbot.htm)"
40.77.167.36 - - [17/Oct/2018:19:26:08 +0300] "GET /assetsweb/css/bootstrap.min.css HTTP/1.1" 200 20125 "-" "Mozilla/5.0 (compatible; bingbot/2.0; +http://www.bing.com/bingbot.htm)"
40.77.167.36 - - [17/Oct/2018:19:26:08 +0300] "GET /assetsweb/css/bootstrap-rtl.css HTTP/1.1" 200 4651 "-" "Mozilla/5.0 (compatible; bingbot/2.0; +http://www.bing.com/bingbot.htm)"
40.77.167.36 - - [17/Oct/2018:19:26:08 +0300] "GET /assetsweb/js/jquery.min.js HTTP/1.1" 200 33760 "-" "Mozilla/5.0 (compatible; bingbot/2.0; +http://www.bing.com/bingbot.htm)"
40.77.167.36 - - [17/Oct/2018:19:26:08 +0300] "GET /assetsweb/js/retina.min.js HTTP/1.1" 200 1220 "-" "Mozilla/5.0 (compatible; bingbot/2.0; +http://www.bing.com/bingbot.htm)"
40.77.167.36 - - [17/Oct/2018:19:26:08 +0300] "GET /assetsweb/css/responsive-rtl.css HTTP/1.1" 404 3437 "-" "Mozilla/5.0 (compatible; bingbot/2.0; +http://www.bing.com/bingbot.htm)"
40.77.167.129 - - [17/Oct/2018:19:26:14 +0300] "GET /assetsweb/css/style-ar.css HTTP/1.1" 200 10943 "-" "Mozilla/5.0 (compatible; bingbot/2.0; +http://www.bing.com/bingbot.htm)"
40.77.167.129 - - [17/Oct/2018:19:26:21 +0300] "GET /assetsweb/js/custom.js HTTP/1.1" 200 2656 "-" "Mozilla/5.0 (compatible; bingbot/2.0; +http://www.bing.com/bingbot.htm)"
207.46.13.102 - - [17/Oct/2018:19:37:19 +0300] "GET /assetsweb/css/owl-carousel/owl.carousel.css HTTP/1.1" 200 1111 "-" "Mozilla/5.0 (compatible; bingbot/2.0; +http://www.bing.com/bingbot.htm)"
207.46.13.102 - - [17/Oct/2018:19:37:23 +0300] "GET /assetsweb/css/animate.css HTTP/1.1" 200 2922 "-" "Mozilla/5.0 (compatible; bingbot/2.0; +http://www.bing.com/bingbot.htm)"
207.46.13.102 - - [17/Oct/2018:19:45:53 +0300] "GET /assetsweb/css/ionicons.min.css HTTP/1.1" 200 8291 "-" "Mozilla/5.0 (compatible; bingbot/2.0; +http://www.bing.com/bingbot.htm)"
207.46.13.102 - - [17/Oct/2018:19:45:55 +0300] "GET /assetsweb/js/owl-carousel/owl.carousel.min.js HTTP/1.1" 200 11611 "-" "Mozilla/5.0 (compatible; bingbot/2.0; +http://www.bing.com/bingbot.htm)"
207.46.13.102 - - [17/Oct/2018:19:45:58 +0300] "GET /assetsweb/js/counter/jquery.countTo.js HTTP/1.1" 200 825 "-" "Mozilla/5.0 (compatible; bingbot/2.0; +http://www.bing.com/bingbot.htm)"
207.46.13.102 - - [17/Oct/2018:19:46:00 +0300] "GET /assetsweb/js/magnific-popup/jquery.magnific-popup.min.js HTTP/1.1" 200 7346 "-" "Mozilla/5.0 (compatible; bingbot/2.0; +http://www.bing.com/bingbot.htm)"
207.46.13.102 - - [17/Oct/2018:19:46:02 +0300] "GET /assetsweb/js/jquery.countdown.min.js HTTP/1.1" 200 685 "-" "Mozilla/5.0 (compatible; bingbot/2.0; +http://www.bing.com/bingbot.htm)"
207.46.13.102 - - [17/Oct/2018:19:46:04 +0300] "GET /assetsweb/js/wow.min.js HTTP/1.1" 200 2825 "-" "Mozilla/5.0 (compatible; bingbot/2.0; +http://www.bing.com/bingbot.htm)"
207.46.13.102 - - [17/Oct/2018:19:46:04 +0300] "GET /assetsweb/js/bootstrap.min.js HTTP/1.1" 200 9919 "-" "Mozilla/5.0 (compatible; bingbot/2.0; +http://www.bing.com/bingbot.htm)"
46.229.168.136 - - [17/Oct/2018:19:59:44 +0300] "GET /robots.txt HTTP/1.1" 200 24 "-" "Mozilla/5.0 (compatible; SemrushBot/2~bl; +http://www.semrush.com/bot.html)"
46.229.168.153 - - [17/Oct/2018:19:59:48 +0300] "GET /serviceview HTTP/1.1" 200 11987 "-" "Mozilla/5.0 (compatible; SemrushBot/2~bl; +http://www.semrush.com/bot.html)"
66.249.66.37 - - [17/Oct/2018:20:04:41 +0300] "GET /newview HTTP/1.1" 200 3024 "-" "Mozilla/5.0 (compatible; Googlebot/2.1; +http://www.google.com/bot.html)"
66.249.66.62 - - [17/Oct/2018:20:05:09 +0300] "GET /contactview HTTP/1.1" 200 3563 "-" "Mozilla/5.0 (Linux; Android 6.0.1; Nexus 5X Build/MMB29P) AppleWebKit/537.36 (KHTML, like Gecko) Chrome/41.0.2272.96 Mobile Safari/537.36 (compatible; Googlebot/2.1; +http://www.google.com/bot.html)"
66.249.66.62 - - [17/Oct/2018:20:05:12 +0300] "GET /assets/global/plugins/jquery-validation/js/localization/messages_ar.js HTTP/1.1" 200 659 "http://www.f-knowledge.com/contactview" "Mozilla/5.0 (Linux; Android 6.0.1; Nexus 5X Build/MMB29P) AppleWebKit/537.36 (KHTML, like Gecko) Chrome/41.0.2272.96 Mobile Safari/537.36 (compatible; Googlebot/2.1; +http://www.google.com/bot.html)"
66.249.66.34 - - [17/Oct/2018:20:05:13 +0300] "GET /assets/global/plugins/jquery-validation/js/additional-methods.min.js HTTP/1.1" 200 5009 "http://www.f-knowledge.com/contactview" "Mozilla/5.0 (Linux; Android 6.0.1; Nexus 5X Build/MMB29P) AppleWebKit/537.36 (KHTML, like Gecko) Chrome/41.0.2272.96 Mobile Safari/537.36 (compatible; Googlebot/2.1; +http://www.google.com/bot.html)"
66.249.66.62 - - [17/Oct/2018:20:05:13 +0300] "GET /assets/global/plugins/jquery-validation/js/jquery.validate.min.js HTTP/1.1" 200 6805 "http://www.f-knowledge.com/contactview" "Mozilla/5.0 (Linux; Android 6.0.1; Nexus 5X Build/MMB29P) AppleWebKit/537.36 (KHTML, like Gecko) Chrome/41.0.2272.96 Mobile Safari/537.36 (compatible; Googlebot/2.1; +http://www.google.com/bot.html)"
66.249.66.62 - - [17/Oct/2018:20:05:14 +0300] "GET /assets/js/general/contact.js HTTP/1.1" 200 1638 "http://www.f-knowledge.com/contactview" "Mozilla/5.0 (Linux; Android 6.0.1; Nexus 5X Build/MMB29P) AppleWebKit/537.36 (KHTML, like Gecko) Chrome/41.0.2272.96 Mobile Safari/537.36 (compatible; Googlebot/2.1; +http://www.google.com/bot.html)"
5.45.207.48 - - [17/Oct/2018:20:09:27 +0300] "GET /robots.txt HTTP/1.1" 200 24 "-" "Mozilla/5.0 (compatible; YandexBot/3.0; +http://yandex.com/bots)"
5.45.207.48 - - [17/Oct/2018:20:09:27 +0300] "GET /robots.txt HTTP/1.1" 200 24 "-" "Mozilla/5.0 (compatible; YandexBot/3.0; +http://yandex.com/bots)"
5.45.207.48 - - [17/Oct/2018:20:09:31 +0300] "GET / HTTP/1.1" 200 5533 "-" "Mozilla/5.0 (compatible; YandexBot/3.0; +http://yandex.com/bots)"
5.45.207.48 - - [17/Oct/2018:20:09:31 +0300] "GET / HTTP/1.1" 200 5539 "-" "Mozilla/5.0 (compatible; YandexBot/3.0; +http://yandex.com/bots)"
40.77.189.171 - - [17/Oct/2018:20:23:46 +0300] "GET /assetsweb/js/particles/particles.min.js HTTP/1.1" 200 23364 "-" "Mozilla/5.0 (Windows NT 6.1; WOW64) AppleWebKit/534+ (KHTML, like Gecko) BingPreview/1.0b"
40.77.188.102 - - [17/Oct/2018:20:23:46 +0300] "GET /assetsweb/js/particles/app.js HTTP/1.1" 200 2821 "-" "Mozilla/5.0 (Windows NT 6.1; WOW64) AppleWebKit/534+ (KHTML, like Gecko) BingPreview/1.0b"
40.77.188.239 - - [17/Oct/2018:20:23:48 +0300] "GET /assetsweb/fonts/ionicons28b5.ttf?v=2.0.0 HTTP/1.1" 200 188508 "-" "Mozilla/5.0 (Windows NT 6.1; WOW64) AppleWebKit/534+ (KHTML, like Gecko) BingPreview/1.0b"
40.77.188.86 - - [17/Oct/2018:20:23:49 +0300] "GET /assetsweb/fonts/fontawesome-webfont3e6e.ttf?v=4.7.0 HTTP/1.1" 200 165548 "-" "Mozilla/5.0 (Windows NT 6.1; WOW64) AppleWebKit/534+ (KHTML, like Gecko) BingPreview/1.0b"
66.249.66.37 - - [17/Oct/2018:20:28:30 +0300] "GET /assetsweb/images/favicon.ico HTTP/1.1" 200 15086 "-" "Googlebot-Image/1.0"
180.76.15.151 - - [17/Oct/2018:21:44:38 +0300] "GET / HTTP/1.1" 200 5533 "-" "Mozilla/5.0 (compatible; Baiduspider/2.0; +http://www.baidu.com/search/spider.html)"
52.53.201.78 - - [17/Oct/2018:21:57:29 +0300] "GET / HTTP/1.1" 200 5539 "-" "Mozilla/5.0 (Macintosh; Intel Mac OS X 10_12_6) AppleWebKit/537.36 (KHTML, like Gecko) Chrome/61.0.3163.100 Safari/537.36"
180.76.15.134 - - [17/Oct/2018:22:17:58 +0300] "GET /assetsweb/js/custom.js HTTP/1.1" 200 2656 "-" "Mozilla/5.0 (compatible; Baiduspider/2.0; +http://www.baidu.com/search/spider.html)"
66.249.66.34 - - [17/Oct/2018:22:26:16 +0300] "GET /teamview HTTP/1.1" 200 3366 "-" "Mozilla/5.0 (Linux; Android 6.0.1; Nexus 5X Build/MMB29P) AppleWebKit/537.36 (KHTML, like Gecko) Chrome/41.0.2272.96 Mobile Safari/537.36 (compatible; Googlebot/2.1; +http://www.google.com/bot.html)"
54.36.150.47 - - [17/Oct/2018:22:28:59 +0300] "GET /robots.txt HTTP/1.1" 200 24 "-" "Mozilla/5.0 (compatible; AhrefsBot/5.2; +http://ahrefs.com/robot/)"
54.36.148.169 - - [17/Oct/2018:22:29:00 +0300] "GET /index HTTP/1.1" 200 5533 "-" "Mozilla/5.0 (compatible; AhrefsBot/5.2; +http://ahrefs.com/robot/)"
180.76.15.153 - - [17/Oct/2018:22:51:18 +0300] "GET /assetsweb/js/jquery.min.js HTTP/1.1" 200 33760 "-" "Mozilla/5.0 (compatible; Baiduspider/2.0; +http://www.baidu.com/search/spider.html)"
193.106.30.98 - - [18/Oct/2018:00:35:36 +0300] "POST /wp-content/themes/twentyseventeen/inc/color-patterns.php HTTP/1.1" 404 3437 "-" "Mozilla/5.0 (Windows NT 6.1; rv:34.0) Gecko/20100101 Firefox/34.0"
66.249.66.62 - - [18/Oct/2018:03:32:09 +0300] "GET /robots.txt HTTP/1.1" 200 24 "-" "Mozilla/5.0 (compatible; Googlebot/2.1; +http://www.google.com/bot.html)"
66.249.66.37 - - [18/Oct/2018:03:32:09 +0300] "GET / HTTP/1.1" 200 5539 "-" "Mozilla/5.0 (Linux; Android 6.0.1; Nexus 5X Build/MMB29P) AppleWebKit/537.36 (KHTML, like Gecko) Chrome/41.0.2272.96 Mobile Safari/537.36 (compatible; Googlebot/2.1; +http://www.google.com/bot.html)"
66.249.66.34 - - [18/Oct/2018:03:32:12 +0300] "GET /assetsweb/css/responsive-rtl.css HTTP/1.1" 404 3501 "http://www.f-knowledge.com/" "Mozilla/5.0 (Linux; Android 6.0.1; Nexus 5X Build/MMB29P) AppleWebKit/537.36 (KHTML, like Gecko) Chrome/41.0.2272.96 Mobile Safari/537.36 (compatible; Googlebot/2.1; +http://www.google.com/bot.html)"
66.249.66.28 - - [18/Oct/2018:03:35:34 +0300] "GET / HTTP/1.1" 200 5533 "-" "Mozilla/5.0 (Linux; Android 6.0.1; Nexus 5X Build/MMB29P) AppleWebKit/537.36 (KHTML, like Gecko) Chrome/41.0.2272.96 Mobile Safari/537.36 (compatible; Googlebot/2.1; +http://www.google.com/bot.html)"
180.76.117.89 - - [18/Oct/2018:03:42:35 +0300] "GET /console/css/dashboard-min.css HTTP/1.1" 404 3437 "-" "Mozilla/5.0 (Windows NT 10.0; Win64; x64; rv:57.0) Gecko/20100101 Firefox/57.0"
180.76.117.89 - - [18/Oct/2018:03:42:36 +0300] "GET /status HTTP/1.1" 404 3437 "-" "Mozilla/5.0 (Windows NT 10.0; Win64; x64; rv:57.0) Gecko/20100101 Firefox/57.0"
157.55.39.139 - - [18/Oct/2018:04:01:50 +0300] "GET /newview HTTP/1.1" 200 3021 "-" "Mozilla/5.0 (compatible; bingbot/2.0; +http://www.bing.com/bingbot.htm)"
157.55.39.139 - - [18/Oct/2018:04:01:52 +0300] "GET /assetsweb/css/bootstrap.min.css HTTP/1.1" 200 20125 "-" "Mozilla/5.0 (compatible; bingbot/2.0; +http://www.bing.com/bingbot.htm)"
157.55.39.139 - - [18/Oct/2018:04:02:02 +0300] "GET /assetsweb/css/bootstrap-rtl.css HTTP/1.1" 200 4651 "-" "Mozilla/5.0 (compatible; bingbot/2.0; +http://www.bing.com/bingbot.htm)"
157.55.39.139 - - [18/Oct/2018:04:02:02 +0300] "GET /assetsweb/js/jquery.min.js HTTP/1.1" 200 33760 "-" "Mozilla/5.0 (compatible; bingbot/2.0; +http://www.bing.com/bingbot.htm)"
66.249.66.30 - - [18/Oct/2018:04:02:43 +0300] "GET / HTTP/1.1" 200 5533 "-" "Mozilla/5.0 (compatible; Googlebot/2.1; +http://www.google.com/bot.html)"
207.46.13.192 - - [18/Oct/2018:04:02:47 +0300] "GET /robots.txt HTTP/1.1" 200 24 "-" "Mozilla/5.0 (compatible; bingbot/2.0; +http://www.bing.com/bingbot.htm)"
207.46.13.192 - - [18/Oct/2018:04:02:48 +0300] "GET /assetsweb/js/particles/particles.min.js HTTP/1.1" 200 5959 "-" "Mozilla/5.0 (compatible; bingbot/2.0; +http://www.bing.com/bingbot.htm)"
207.46.13.192 - - [18/Oct/2018:04:02:48 +0300] "GET /assetsweb/js/particles/app.js HTTP/1.1" 200 865 "-" "Mozilla/5.0 (compatible; bingbot/2.0; +http://www.bing.com/bingbot.htm)"
46.229.168.135 - - [18/Oct/2018:04:29:12 +0300] "GET /robots.txt HTTP/1.1" 200 24 "-" "Mozilla/5.0 (compatible; SemrushBot/2~bl; +http://www.semrush.com/bot.html)"
46.229.168.143 - - [18/Oct/2018:04:29:35 +0300] "GET /solutionview HTTP/1.1" 200 3366 "-" "Mozilla/5.0 (compatible; SemrushBot/2~bl; +http://www.semrush.com/bot.html)"
157.55.39.139 - - [18/Oct/2018:05:03:05 +0300] "GET /assetsweb/fonts/fontawesome-webfont3e6e.svg?v=4.7.0 HTTP/1.1" 200 444379 "-" "Mozilla/5.0 (compatible; bingbot/2.0; +http://www.bing.com/bingbot.htm)"
157.55.39.139 - - [18/Oct/2018:05:03:07 +0300] "GET /assetsweb/fonts/fontawesome-webfont3e6e.ttf?v=4.7.0 HTTP/1.1" 200 165548 "-" "Mozilla/5.0 (compatible; bingbot/2.0; +http://www.bing.com/bingbot.htm)"
157.55.39.139 - - [18/Oct/2018:05:03:08 +0300] "GET /assetsweb/fonts/ionicons28b5.svg?v=2.0.0 HTTP/1.1" 200 333834 "-" "Mozilla/5.0 (compatible; bingbot/2.0; +http://www.bing.com/bingbot.htm)"
157.55.39.139 - - [18/Oct/2018:05:03:09 +0300] "GET /assetsweb/fonts/ionicons28b5.ttf?v=2.0.0 HTTP/1.1" 200 188508 "-" "Mozilla/5.0 (compatible; bingbot/2.0; +http://www.bing.com/bingbot.htm)"
66.249.66.62 - - [18/Oct/2018:05:04:50 +0300] "GET /contactview HTTP/1.1" 200 3565 "-" "Mozilla/5.0 (compatible; Googlebot/2.1; +http://www.google.com/bot.html)"
46.229.168.138 - - [18/Oct/2018:05:27:36 +0300] "GET /serviceview HTTP/1.1" 200 11987 "-" "Mozilla/5.0 (compatible; SemrushBot/2~bl; +http://www.semrush.com/bot.html)"
66.249.66.37 - - [18/Oct/2018:05:37:55 +0300] "GET / HTTP/1.1" 200 5539 "-" "Mozilla/5.0 (compatible; Googlebot/2.1; +http://www.google.com/bot.html)"
66.249.66.62 - - [18/Oct/2018:06:03:54 +0300] "GET /aboutview HTTP/1.1" 200 4136 "-" "Mozilla/5.0 (Linux; Android 6.0.1; Nexus 5X Build/MMB29P) AppleWebKit/537.36 (KHTML, like Gecko) Chrome/41.0.2272.96 Mobile Safari/537.36 (compatible; Googlebot/2.1; +http://www.google.com/bot.html)"
66.249.66.62 - - [18/Oct/2018:06:09:48 +0300] "GET /contactview HTTP/1.1" 200 3568 "-" "Mozilla/5.0 (Linux; Android 6.0.1; Nexus 5X Build/MMB29P) AppleWebKit/537.36 (KHTML, like Gecko) Chrome/41.0.2272.96 Mobile Safari/537.36 (compatible; Googlebot/2.1; +http://www.google.com/bot.html)"
66.249.66.34 - - [18/Oct/2018:06:10:04 +0300] "GET /assets/global/plugins/jquery-validation/js/additional-methods.min.js HTTP/1.1" 200 5009 "http://www.f-knowledge.com/contactview" "Mozilla/5.0 (Linux; Android 6.0.1; Nexus 5X Build/MMB29P) AppleWebKit/537.36 (KHTML, like Gecko) Chrome/41.0.2272.96 Mobile Safari/537.36 (compatible; Googlebot/2.1; +http://www.google.com/bot.html)"
66.249.66.62 - - [18/Oct/2018:06:10:05 +0300] "GET /assets/global/plugins/jquery-validation/js/localization/messages_ar.js HTTP/1.1" 200 659 "http://www.f-knowledge.com/contactview" "Mozilla/5.0 (Linux; Android 6.0.1; Nexus 5X Build/MMB29P) AppleWebKit/537.36 (KHTML, like Gecko) Chrome/41.0.2272.96 Mobile Safari/537.36 (compatible; Googlebot/2.1; +http://www.google.com/bot.html)"
66.249.66.34 - - [18/Oct/2018:06:10:05 +0300] "GET /assets/global/plugins/jquery-validation/js/jquery.validate.min.js HTTP/1.1" 200 6805 "http://www.f-knowledge.com/contactview" "Mozilla/5.0 (Linux; Android 6.0.1; Nexus 5X Build/MMB29P) AppleWebKit/537.36 (KHTML, like Gecko) Chrome/41.0.2272.96 Mobile Safari/537.36 (compatible; Googlebot/2.1; +http://www.google.com/bot.html)"
66.249.66.62 - - [18/Oct/2018:06:10:06 +0300] "GET /assets/js/general/contact.js HTTP/1.1" 200 1638 "http://www.f-knowledge.com/contactview" "Mozilla/5.0 (Linux; Android 6.0.1; Nexus 5X Build/MMB29P) AppleWebKit/537.36 (KHTML, like Gecko) Chrome/41.0.2272.96 Mobile Safari/537.36 (compatible; Googlebot/2.1; +http://www.google.com/bot.html)"
54.173.35.129 - - [18/Oct/2018:07:29:42 +0300] "GET /robots.txt HTTP/1.0" 200 24 "-" "ia_archiver"
54.173.35.129 - - [18/Oct/2018:07:29:42 +0300] "GET /lang/en HTTP/1.0" 302 348 "-" "ia_archiver"
54.173.35.129 - - [18/Oct/2018:07:29:42 +0300] "GET / HTTP/1.0" 200 29357 "-" "ia_archiver"
54.173.35.129 - - [18/Oct/2018:07:41:25 +0300] "GET /robots.txt HTTP/1.0" 200 24 "-" "ia_archiver"
54.173.35.129 - - [18/Oct/2018:07:41:25 +0300] "GET /lang/ar HTTP/1.0" 302 348 "-" "ia_archiver"
47.95.198.8 - - [18/Oct/2018:08:00:32 +0300] "GET /console/css/dashboard-min.css HTTP/1.1" 404 3437 "-" "Mozilla/5.0 (Windows NT 10.0; Win64; x64; rv:57.0) Gecko/20100101 Firefox/57.0"
47.95.198.8 - - [18/Oct/2018:08:00:33 +0300] "GET /status HTTP/1.1" 404 3437 "-" "Mozilla/5.0 (Windows NT 10.0; Win64; x64; rv:57.0) Gecko/20100101 Firefox/57.0"
66.249.66.30 - - [18/Oct/2018:10:04:20 +0300] "GET /robots.txt HTTP/1.1" 200 24 "-" "Mozilla/5.0 (compatible; Googlebot/2.1; +http://www.google.com/bot.html)"
66.249.66.29 - - [18/Oct/2018:10:04:21 +0300] "GET /aboutview HTTP/1.1" 200 4133 "-" "Mozilla/5.0 (Linux; Android 6.0.1; Nexus 5X Build/MMB29P) AppleWebKit/537.36 (KHTML, like Gecko) Chrome/41.0.2272.96 Mobile Safari/537.36 (compatible; Googlebot/2.1; +http://www.google.com/bot.html)"
82.223.12.134 - - [18/Oct/2018:10:07:49 +0300] "GET /console/css/dashboard-min.css HTTP/1.1" 404 3437 "-" "Mozilla/5.0 (Windows NT 10.0; Win64; x64; rv:57.0) Gecko/20100101 Firefox/57.0"
82.223.12.134 - - [18/Oct/2018:10:07:57 +0300] "GET /status HTTP/1.1" 404 3437 "-" "Mozilla/5.0 (Windows NT 10.0; Win64; x64; rv:57.0) Gecko/20100101 Firefox/57.0"
118.31.47.154 - - [18/Oct/2018:10:28:39 +0300] "GET /console/css/dashboard-min.css HTTP/1.1" 404 3437 "-" "Mozilla/5.0 (Windows NT 10.0; Win64; x64; rv:57.0) Gecko/20100101 Firefox/57.0"
118.31.47.154 - - [18/Oct/2018:10:28:41 +0300] "GET /status HTTP/1.1" 404 3437 "-" "Mozilla/5.0 (Windows NT 10.0; Win64; x64; rv:57.0) Gecko/20100101 Firefox/57.0"
51.39.34.51 - - [18/Oct/2018:10:42:11 +0300] "GET /serviceview HTTP/1.1" 200 11987 "https://www.google.com.sa/" "Mozilla/5.0 (Linux; Android 8.0.0; ANE-LX1 Build/HUAWEIANE-LX1) AppleWebKit/537.36 (KHTML, like Gecko) Chrome/67.0.3396.87 Mobile Safari/537.36"
51.39.34.51 - - [18/Oct/2018:10:42:11 +0300] "GET /assetsweb/css/owl-carousel/owl.carousel.css HTTP/1.1" 200 1111 "http://www.f-knowledge.com/serviceview" "Mozilla/5.0 (Linux; Android 8.0.0; ANE-LX1 Build/HUAWEIANE-LX1) AppleWebKit/537.36 (KHTML, like Gecko) Chrome/67.0.3396.87 Mobile Safari/537.36"
51.39.34.51 - - [18/Oct/2018:10:42:11 +0300] "GET /assetsweb/css/bootstrap.min.css HTTP/1.1" 200 20125 "http://www.f-knowledge.com/serviceview" "Mozilla/5.0 (Linux; Android 8.0.0; ANE-LX1 Build/HUAWEIANE-LX1) AppleWebKit/537.36 (KHTML, like Gecko) Chrome/67.0.3396.87 Mobile Safari/537.36"
51.39.34.51 - - [18/Oct/2018:10:42:11 +0300] "GET /assetsweb/css/font-awesome.css HTTP/1.1" 200 7450 "http://www.f-knowledge.com/serviceview" "Mozilla/5.0 (Linux; Android 8.0.0; ANE-LX1 Build/HUAWEIANE-LX1) AppleWebKit/537.36 (KHTML, like Gecko) Chrome/67.0.3396.87 Mobile Safari/537.36"
51.39.34.51 - - [18/Oct/2018:10:42:11 +0300] "GET /assetsweb/css/magnific-popup/magnific-popup.css HTTP/1.1" 200 1816 "http://www.f-knowledge.com/serviceview" "Mozilla/5.0 (Linux; Android 8.0.0; ANE-LX1 Build/HUAWEIANE-LX1) AppleWebKit/537.36 (KHTML, like Gecko) Chrome/67.0.3396.87 Mobile Safari/537.36"
51.39.34.51 - - [18/Oct/2018:10:42:11 +0300] "GET /assetsweb/css/animate.css HTTP/1.1" 200 2922 "http://www.f-knowledge.com/serviceview" "Mozilla/5.0 (Linux; Android 8.0.0; ANE-LX1 Build/HUAWEIANE-LX1) AppleWebKit/537.36 (KHTML, like Gecko) Chrome/67.0.3396.87 Mobile Safari/537.36"
51.39.34.51 - - [18/Oct/2018:10:42:11 +0300] "GET /assetsweb/css/ionicons.min.css HTTP/1.1" 200 8291 "http://www.f-knowledge.com/serviceview" "Mozilla/5.0 (Linux; Android 8.0.0; ANE-LX1 Build/HUAWEIANE-LX1) AppleWebKit/537.36 (KHTML, like Gecko) Chrome/67.0.3396.87 Mobile Safari/537.36"
51.39.34.51 - - [18/Oct/2018:10:42:11 +0300] "GET /assetsweb/css/style-ar.css HTTP/1.1" 200 10943 "http://www.f-knowledge.com/serviceview" "Mozilla/5.0 (Linux; Android 8.0.0; ANE-LX1 Build/HUAWEIANE-LX1) AppleWebKit/537.36 (KHTML, like Gecko) Chrome/67.0.3396.87 Mobile Safari/537.36"
51.39.34.51 - - [18/Oct/2018:10:42:11 +0300] "GET /assetsweb/css/bootstrap-rtl.css HTTP/1.1" 200 4651 "http://www.f-knowledge.com/serviceview" "Mozilla/5.0 (Linux; Android 8.0.0; ANE-LX1 Build/HUAWEIANE-LX1) AppleWebKit/537.36 (KHTML, like Gecko) Chrome/67.0.3396.87 Mobile Safari/537.36"
51.39.34.51 - - [18/Oct/2018:10:42:12 +0300] "GET /assetsweb/css/custom.css HTTP/1.1" 200 195 "http://www.f-knowledge.com/serviceview" "Mozilla/5.0 (Linux; Android 8.0.0; ANE-LX1 Build/HUAWEIANE-LX1) AppleWebKit/537.36 (KHTML, like Gecko) Chrome/67.0.3396.87 Mobile Safari/537.36"
51.39.34.51 - - [18/Oct/2018:10:42:12 +0300] "GET /assetsweb/js/jquery.min.js HTTP/1.1" 200 33760 "http://www.f-knowledge.com/serviceview" "Mozilla/5.0 (Linux; Android 8.0.0; ANE-LX1 Build/HUAWEIANE-LX1) AppleWebKit/537.36 (KHTML, like Gecko) Chrome/67.0.3396.87 Mobile Safari/537.36"
51.39.34.51 - - [18/Oct/2018:10:42:11 +0300] "GET /assetsweb/css/responsive-rtl.css HTTP/1.1" 404 3501 "http://www.f-knowledge.com/serviceview" "Mozilla/5.0 (Linux; Android 8.0.0; ANE-LX1 Build/HUAWEIANE-LX1) AppleWebKit/537.36 (KHTML, like Gecko) Chrome/67.0.3396.87 Mobile Safari/537.36"
51.39.34.51 - - [18/Oct/2018:10:42:12 +0300] "GET /assetsweb/js/owl-carousel/owl.carousel.min.js HTTP/1.1" 200 11611 "http://www.f-knowledge.com/serviceview" "Mozilla/5.0 (Linux; Android 8.0.0; ANE-LX1 Build/HUAWEIANE-LX1) AppleWebKit/537.36 (KHTML, like Gecko) Chrome/67.0.3396.87 Mobile Safari/537.36"
51.39.34.51 - - [18/Oct/2018:10:42:12 +0300] "GET /assetsweb/js/counter/jquery.countTo.js HTTP/1.1" 200 825 "http://www.f-knowledge.com/serviceview" "Mozilla/5.0 (Linux; Android 8.0.0; ANE-LX1 Build/HUAWEIANE-LX1) AppleWebKit/537.36 (KHTML, like Gecko) Chrome/67.0.3396.87 Mobile Safari/537.36"
51.39.34.51 - - [18/Oct/2018:10:42:12 +0300] "GET /assetsweb/js/jquery.appear.js HTTP/1.1" 200 674 "http://www.f-knowledge.com/serviceview" "Mozilla/5.0 (Linux; Android 8.0.0; ANE-LX1 Build/HUAWEIANE-LX1) AppleWebKit/537.36 (KHTML, like Gecko) Chrome/67.0.3396.87 Mobile Safari/537.36"
51.39.34.51 - - [18/Oct/2018:10:42:12 +0300] "GET /assetsweb/js/magnific-popup/jquery.magnific-popup.min.js HTTP/1.1" 200 7346 "http://www.f-knowledge.com/serviceview" "Mozilla/5.0 (Linux; Android 8.0.0; ANE-LX1 Build/HUAWEIANE-LX1) AppleWebKit/537.36 (KHTML, like Gecko) Chrome/67.0.3396.87 Mobile Safari/537.36"
51.39.34.51 - - [18/Oct/2018:10:42:12 +0300] "GET /assetsweb/js/retina.min.js HTTP/1.1" 200 1220 "http://www.f-knowledge.com/serviceview" "Mozilla/5.0 (Linux; Android 8.0.0; ANE-LX1 Build/HUAWEIANE-LX1) AppleWebKit/537.36 (KHTML, like Gecko) Chrome/67.0.3396.87 Mobile Safari/537.36"
51.39.34.51 - - [18/Oct/2018:10:42:12 +0300] "GET /assetsweb/js/jquery.countdown.min.js HTTP/1.1" 200 685 "http://www.f-knowledge.com/serviceview" "Mozilla/5.0 (Linux; Android 8.0.0; ANE-LX1 Build/HUAWEIANE-LX1) AppleWebKit/537.36 (KHTML, like Gecko) Chrome/67.0.3396.87 Mobile Safari/537.36"
51.39.34.51 - - [18/Oct/2018:10:42:12 +0300] "GET /assetsweb/js/wow.min.js HTTP/1.1" 200 2825 "http://www.f-knowledge.com/serviceview" "Mozilla/5.0 (Linux; Android 8.0.0; ANE-LX1 Build/HUAWEIANE-LX1) AppleWebKit/537.36 (KHTML, like Gecko) Chrome/67.0.3396.87 Mobile Safari/537.36"
51.39.34.51 - - [18/Oct/2018:10:42:12 +0300] "GET /assetsweb/js/skrollr.min.js HTTP/1.1" 200 5591 "http://www.f-knowledge.com/serviceview" "Mozilla/5.0 (Linux; Android 8.0.0; ANE-LX1 Build/HUAWEIANE-LX1) AppleWebKit/537.36 (KHTML, like Gecko) Chrome/67.0.3396.87 Mobile Safari/537.36"
51.39.34.51 - - [18/Oct/2018:10:42:12 +0300] "GET /assetsweb/js/particles/particles.min.js HTTP/1.1" 200 5959 "http://www.f-knowledge.com/serviceview" "Mozilla/5.0 (Linux; Android 8.0.0; ANE-LX1 Build/HUAWEIANE-LX1) AppleWebKit/537.36 (KHTML, like Gecko) Chrome/67.0.3396.87 Mobile Safari/537.36"
51.39.34.51 - - [18/Oct/2018:10:42:12 +0300] "GET /assetsweb/js/bootstrap.min.js HTTP/1.1" 200 9919 "http://www.f-knowledge.com/serviceview" "Mozilla/5.0 (Linux; Android 8.0.0; ANE-LX1 Build/HUAWEIANE-LX1) AppleWebKit/537.36 (KHTML, like Gecko) Chrome/67.0.3396.87 Mobile Safari/537.36"
51.39.34.51 - - [18/Oct/2018:10:42:12 +0300] "GET /assetsweb/js/particles/app.js HTTP/1.1" 200 865 "http://www.f-knowledge.com/serviceview" "Mozilla/5.0 (Linux; Android 8.0.0; ANE-LX1 Build/HUAWEIANE-LX1) AppleWebKit/537.36 (KHTML, like Gecko) Chrome/67.0.3396.87 Mobile Safari/537.36"
51.39.34.51 - - [18/Oct/2018:10:42:12 +0300] "GET /assetsweb/js/custom.js HTTP/1.1" 200 2656 "http://www.f-knowledge.com/serviceview" "Mozilla/5.0 (Linux; Android 8.0.0; ANE-LX1 Build/HUAWEIANE-LX1) AppleWebKit/537.36 (KHTML, like Gecko) Chrome/67.0.3396.87 Mobile Safari/537.36"
51.39.34.51 - - [18/Oct/2018:10:42:12 +0300] "GET /sett/15154364921.png HTTP/1.1" 200 9408 "http://www.f-knowledge.com/serviceview" "Mozilla/5.0 (Linux; Android 8.0.0; ANE-LX1 Build/HUAWEIANE-LX1) AppleWebKit/537.36 (KHTML, like Gecko) Chrome/67.0.3396.87 Mobile Safari/537.36"
51.39.34.51 - - [18/Oct/2018:10:42:14 +0300] "GET /assetsweb/fonts/fontawesome-webfont3e6e.html?v=4.7.0 HTTP/1.1" 200 77162 "http://www.f-knowledge.com/assetsweb/css/font-awesome.css" "Mozilla/5.0 (Linux; Android 8.0.0; ANE-LX1 Build/HUAWEIANE-LX1) AppleWebKit/537.36 (KHTML, like Gecko) Chrome/67.0.3396.87 Mobile Safari/537.36"
51.39.34.51 - - [18/Oct/2018:10:42:14 +0300] "GET /images/bg/01.jpg HTTP/1.1" 404 3501 "http://www.f-knowledge.com/serviceview" "Mozilla/5.0 (Linux; Android 8.0.0; ANE-LX1 Build/HUAWEIANE-LX1) AppleWebKit/537.36 (KHTML, like Gecko) Chrome/67.0.3396.87 Mobile Safari/537.36"
51.39.34.51 - - [18/Oct/2018:10:42:14 +0300] "GET /assetsweb/fonts/ionicons28b5.ttf?v=2.0.0 HTTP/1.1" 200 188508 "http://www.f-knowledge.com/assetsweb/css/ionicons.min.css" "Mozilla/5.0 (Linux; Android 8.0.0; ANE-LX1 Build/HUAWEIANE-LX1) AppleWebKit/537.36 (KHTML, like Gecko) Chrome/67.0.3396.87 Mobile Safari/537.36"
51.39.34.51 - - [18/Oct/2018:10:42:14 +0300] "GET /assetsweb/images/bg/04.jpg HTTP/1.1" 200 1501984 "http://www.f-knowledge.com/serviceview" "Mozilla/5.0 (Linux; Android 8.0.0; ANE-LX1 Build/HUAWEIANE-LX1) AppleWebKit/537.36 (KHTML, like Gecko) Chrome/67.0.3396.87 Mobile Safari/537.36"
51.39.34.51 - - [18/Oct/2018:10:42:21 +0300] "GET /assetsweb/images/favicon.ico HTTP/1.1" 200 15086 "http://www.f-knowledge.com/serviceview" "Mozilla/5.0 (Linux; Android 8.0.0; ANE-LX1 Build/HUAWEIANE-LX1) AppleWebKit/537.36 (KHTML, like Gecko) Chrome/67.0.3396.87 Mobile Safari/537.36"
51.39.34.51 - - [18/Oct/2018:10:42:21 +0300] "HEAD /sett/15154364921@2x.png HTTP/1.1" 404 - "http://www.f-knowledge.com/serviceview" "Mozilla/5.0 (Linux; Android 8.0.0; ANE-LX1 Build/HUAWEIANE-LX1) AppleWebKit/537.36 (KHTML, like Gecko) Chrome/67.0.3396.87 Mobile Safari/537.36"
207.46.13.156 - - [18/Oct/2018:10:47:57 +0300] "GET /assetsweb/images/drive/04.png HTTP/1.1" 200 4375 "-" "Mozilla/5.0 (compatible; bingbot/2.0; +http://www.bing.com/bingbot.htm)"
46.229.168.141 - - [18/Oct/2018:11:19:25 +0300] "GET /robots.txt HTTP/1.1" 200 24 "-" "Mozilla/5.0 (compatible; SemrushBot/2~bl; +http://www.semrush.com/bot.html)"
46.229.168.138 - - [18/Oct/2018:11:19:33 +0300] "GET /serviceview HTTP/1.1" 200 11987 "-" "Mozilla/5.0 (compatible; SemrushBot/2~bl; +http://www.semrush.com/bot.html)"
66.249.66.30 - - [18/Oct/2018:11:20:07 +0300] "GET /solutionview HTTP/1.1" 200 3362 "-" "Mozilla/5.0 (Linux; Android 6.0.1; Nexus 5X Build/MMB29P) AppleWebKit/537.36 (KHTML, like Gecko) Chrome/41.0.2272.96 Mobile Safari/537.36 (compatible; Googlebot/2.1; +http://www.google.com/bot.html)"
192.141.122.67 - - [18/Oct/2018:11:22:48 +0300] "GET /status HTTP/1.1" 404 3437 "-" "Mozilla/5.0 (Windows NT 10.0; Win64; x64; rv:57.0) Gecko/20100101 Firefox/57.0"
116.62.237.2 - - [18/Oct/2018:12:36:26 +0300] "GET /console/css/dashboard-min.css HTTP/1.1" 404 3437 "-" "Mozilla/5.0 (Windows NT 10.0; Win64; x64; rv:57.0) Gecko/20100101 Firefox/57.0"
116.62.237.2 - - [18/Oct/2018:12:36:27 +0300] "GET /status HTTP/1.1" 404 3437 "-" "Mozilla/5.0 (Windows NT 10.0; Win64; x64; rv:57.0) Gecko/20100101 Firefox/57.0"
66.249.66.30 - - [18/Oct/2018:12:36:58 +0300] "GET /lang/en HTTP/1.1" 302 332 "-" "Mozilla/5.0 (Linux; Android 6.0.1; Nexus 5X Build/MMB29P) AppleWebKit/537.36 (KHTML, like Gecko) Chrome/41.0.2272.96 Mobile Safari/537.36 (compatible; Googlebot/2.1; +http://www.google.com/bot.html)"
66.249.66.29 - - [18/Oct/2018:12:36:59 +0300] "GET / HTTP/1.1" 200 4985 "-" "Mozilla/5.0 (Linux; Android 6.0.1; Nexus 5X Build/MMB29P) AppleWebKit/537.36 (KHTML, like Gecko) Chrome/41.0.2272.96 Mobile Safari/537.36 (compatible; Googlebot/2.1; +http://www.google.com/bot.html)"
125.71.216.114 - - [18/Oct/2018:12:53:22 +0300] "GET / HTTP/1.1" 200 5533 "-" "Scrapy/1.5.0 (+https://scrapy.org)"
69.58.178.56 - - [18/Oct/2018:13:02:42 +0300] "GET /robots.txt HTTP/1.1" 200 24 "-" "Mozilla/5.0 (compatible; ips-agent)"
69.58.178.56 - - [18/Oct/2018:13:02:43 +0300] "GET / HTTP/1.1" 200 31991 "-" "Mozilla/5.0 (compatible; ips-agent)"
69.58.178.56 - - [18/Oct/2018:13:02:44 +0300] "GET /serviceview HTTP/1.1" 200 52353 "-" "Mozilla/5.0 (compatible; ips-agent)"
69.58.178.56 - - [18/Oct/2018:13:02:46 +0300] "GET /index HTTP/1.1" 200 31991 "-" "Mozilla/5.0 (compatible; ips-agent)"
66.249.66.28 - - [18/Oct/2018:13:53:14 +0300] "GET /lang/ar HTTP/1.1" 302 332 "-" "Mozilla/5.0 (Linux; Android 6.0.1; Nexus 5X Build/MMB29P) AppleWebKit/537.36 (KHTML, like Gecko) Chrome/41.0.2272.96 Mobile Safari/537.36 (compatible; Googlebot/2.1; +http://www.google.com/bot.html)"
66.249.66.28 - - [18/Oct/2018:13:53:14 +0300] "GET / HTTP/1.1" 200 5533 "-" "Mozilla/5.0 (Linux; Android 6.0.1; Nexus 5X Build/MMB29P) AppleWebKit/537.36 (KHTML, like Gecko) Chrome/41.0.2272.96 Mobile Safari/537.36 (compatible; Googlebot/2.1; +http://www.google.com/bot.html)"
95.211.209.158 - - [18/Oct/2018:14:21:02 +0300] "GET /v3/ HTTP/1.1" 301 233 "-" "Mozilla/5.0 (Windows NT 10.0; Win64; x64; rv:58.0) Gecko/20100101 Firefox/58.0"
95.211.209.158 - - [18/Oct/2018:14:21:02 +0300] "GET /v3 HTTP/1.1" 404 3437 "-" "Mozilla/5.0 (Windows NT 10.0; Win64; x64; rv:58.0) Gecko/20100101 Firefox/58.0"
95.211.209.158 - - [18/Oct/2018:14:21:02 +0300] "GET /panel/ HTTP/1.1" 301 236 "-" "Mozilla/5.0 (Windows NT 10.0; Win64; x64; rv:58.0) Gecko/20100101 Firefox/58.0"
95.211.209.158 - - [18/Oct/2018:14:21:02 +0300] "GET /panel HTTP/1.1" 404 3437 "-" "Mozilla/5.0 (Windows NT 10.0; Win64; x64; rv:58.0) Gecko/20100101 Firefox/58.0"
95.211.209.158 - - [18/Oct/2018:14:21:02 +0300] "GET /demo/ HTTP/1.1" 301 235 "-" "Mozilla/5.0 (Windows NT 10.0; Win64; x64; rv:58.0) Gecko/20100101 Firefox/58.0"
95.211.209.158 - - [18/Oct/2018:14:21:02 +0300] "GET /demo HTTP/1.1" 404 3437 "-" "Mozilla/5.0 (Windows NT 10.0; Win64; x64; rv:58.0) Gecko/20100101 Firefox/58.0"
95.211.209.158 - - [18/Oct/2018:14:21:03 +0300] "GET /home/ HTTP/1.1" 301 235 "-" "Mozilla/5.0 (Windows NT 10.0; Win64; x64; rv:58.0) Gecko/20100101 Firefox/58.0"
95.211.209.158 - - [18/Oct/2018:14:21:03 +0300] "GET /home HTTP/1.1" 302 356 "-" "Mozilla/5.0 (Windows NT 10.0; Win64; x64; rv:58.0) Gecko/20100101 Firefox/58.0"
95.211.209.158 - - [18/Oct/2018:14:21:03 +0300] "GET /login HTTP/1.1" 200 8016 "-" "Mozilla/5.0 (Windows NT 10.0; Win64; x64; rv:58.0) Gecko/20100101 Firefox/58.0"
95.211.209.158 - - [18/Oct/2018:14:21:03 +0300] "GET /main/ HTTP/1.1" 301 235 "-" "Mozilla/5.0 (Windows NT 10.0; Win64; x64; rv:58.0) Gecko/20100101 Firefox/58.0"
95.211.209.158 - - [18/Oct/2018:14:21:03 +0300] "GET /main HTTP/1.1" 404 3437 "-" "Mozilla/5.0 (Windows NT 10.0; Win64; x64; rv:58.0) Gecko/20100101 Firefox/58.0"
91.109.118.73 - - [18/Oct/2018:14:46:30 +0300] "GET / HTTP/1.1" 200 5533 "http://f-knowledge.com" "Mozilla/5.0 (Windows NT 6.1; WOW64) AppleWebKit/537.36 (KHTML, like Gecko) Chrome/66.0.3359.117 Safari/537.36"
193.106.30.98 - - [18/Oct/2018:15:06:31 +0300] "POST /wp-content/themes/twentyseventeen/404.php HTTP/1.1" 404 3437 "-" "Mozilla/5.0 (Windows NT 6.1; rv:34.0) Gecko/20100101 Firefox/34.0"
157.55.39.12 - - [18/Oct/2018:15:07:18 +0300] "GET /robots.txt HTTP/1.1" 200 24 "-" "Mozilla/5.0 (compatible; bingbot/2.0; +http://www.bing.com/bingbot.htm)"
207.46.13.192 - - [18/Oct/2018:15:07:20 +0300] "GET /index HTTP/1.1" 200 5533 "-" "Mozilla/5.0 (compatible; bingbot/2.0; +http://www.bing.com/bingbot.htm)"
39.106.0.145 - - [18/Oct/2018:16:01:29 +0300] "GET /console/css/dashboard-min.css HTTP/1.1" 404 3437 "-" "Mozilla/5.0 (Windows NT 10.0; Win64; x64; rv:57.0) Gecko/20100101 Firefox/57.0"
39.106.0.145 - - [18/Oct/2018:16:01:31 +0300] "GET /status HTTP/1.1" 404 3437 "-" "Mozilla/5.0 (Windows NT 10.0; Win64; x64; rv:57.0) Gecko/20100101 Firefox/57.0"
157.55.39.139 - - [18/Oct/2018:17:59:34 +0300] "GET /serviceview HTTP/1.1" 200 11984 "-" "Mozilla/5.0 (compatible; bingbot/2.0; +http://www.bing.com/bingbot.htm)"
66.249.66.30 - - [18/Oct/2018:18:09:03 +0300] "GET / HTTP/1.1" 200 5533 "-" "Mozilla/5.0 (Linux; Android 6.0.1; Nexus 5X Build/MMB29P) AppleWebKit/537.36 (KHTML, like Gecko) Chrome/41.0.2272.96 Mobile Safari/537.36 (compatible; Googlebot/2.1; +http://www.google.com/bot.html)"
66.249.66.29 - - [18/Oct/2018:18:09:11 +0300] "GET /assetsweb/css/responsive-rtl.css HTTP/1.1" 404 3437 "http://f-knowledge.com/" "Mozilla/5.0 (Linux; Android 6.0.1; Nexus 5X Build/MMB29P) AppleWebKit/537.36 (KHTML, like Gecko) Chrome/41.0.2272.96 Mobile Safari/537.36 (compatible; Googlebot/2.1; +http://www.google.com/bot.html)"
66.249.66.62 - - [18/Oct/2018:22:00:49 +0300] "GET / HTTP/1.1" 200 5539 "-" "Mozilla/5.0 (Linux; Android 6.0.1; Nexus 5X Build/MMB29P) AppleWebKit/537.36 (KHTML, like Gecko) Chrome/41.0.2272.96 Mobile Safari/537.36 (compatible; Googlebot/2.1; +http://www.google.com/bot.html)"
46.229.168.134 - - [18/Oct/2018:22:22:05 +0300] "GET /robots.txt HTTP/1.1" 200 24 "-" "Mozilla/5.0 (compatible; SemrushBot/2~bl; +http://www.semrush.com/bot.html)"
46.229.168.154 - - [18/Oct/2018:22:22:06 +0300] "GET /serviceview HTTP/1.1" 200 11987 "-" "Mozilla/5.0 (compatible; SemrushBot/2~bl; +http://www.semrush.com/bot.html)"
46.229.168.141 - - [18/Oct/2018:22:22:06 +0300] "GET /sitemap.xml HTTP/1.1" 404 3501 "-" "Mozilla/5.0 (compatible; SemrushBot/2~bl; +http://www.semrush.com/bot.html)"
157.55.39.139 - - [18/Oct/2018:23:00:51 +0300] "GET /teamview HTTP/1.1" 200 3363 "-" "Mozilla/5.0 (compatible; bingbot/2.0; +http://www.bing.com/bingbot.htm)"
207.46.13.156 - - [19/Oct/2018:01:41:25 +0300] "GET /solution_image/1533364246.jpeg HTTP/1.1" 200 51244 "-" "Mozilla/5.0 (compatible; bingbot/2.0; +http://www.bing.com/bingbot.htm)"
46.229.168.149 - - [19/Oct/2018:02:26:22 +0300] "GET /robots.txt HTTP/1.1" 200 24 "-" "Mozilla/5.0 (compatible; SemrushBot/2~bl; +http://www.semrush.com/bot.html)"
46.229.168.133 - - [19/Oct/2018:02:26:22 +0300] "GET /serviceview HTTP/1.1" 200 11987 "-" "Mozilla/5.0 (compatible; SemrushBot/2~bl; +http://www.semrush.com/bot.html)"
