66.249.79.197 - - [23/Sep/2018:21:18:14 +0300] "GET / HTTP/1.1" 200 5539 "-" "Mozilla/5.0 (Linux; Android 6.0.1; Nexus 5X Build/MMB29P) AppleWebKit/537.36 (KHTML, like Gecko) Chrome/41.0.2272.96 Mobile Safari/537.36 (compatible; Googlebot/2.1; +http://www.google.com/bot.html)"
66.249.79.194 - - [23/Sep/2018:21:20:34 +0300] "GET / HTTP/1.1" 200 5539 "-" "Mozilla/5.0 (compatible; Googlebot/2.1; +http://www.google.com/bot.html)"
66.249.79.14 - - [23/Sep/2018:21:21:12 +0300] "GET / HTTP/1.1" 200 5533 "-" "Mozilla/5.0 (Linux; Android 6.0.1; Nexus 5X Build/MMB29P) AppleWebKit/537.36 (KHTML, like Gecko) Chrome/41.0.2272.96 Mobile Safari/537.36 (compatible; Googlebot/2.1; +http://www.google.com/bot.html)"
66.249.79.14 - - [23/Sep/2018:22:20:26 +0300] "GET / HTTP/1.1" 200 5533 "-" "Mozilla/5.0 (Linux; Android 6.0.1; Nexus 5X Build/MMB29P) AppleWebKit/537.36 (KHTML, like Gecko) Chrome/41.0.2272.96 Mobile Safari/537.36 (compatible; Googlebot/2.1; +http://www.google.com/bot.html)"
66.249.79.14 - - [23/Sep/2018:22:21:04 +0300] "GET / HTTP/1.1" 200 5533 "-" "Mozilla/5.0 (compatible; Googlebot/2.1; +http://www.google.com/bot.html)"
66.249.79.197 - - [23/Sep/2018:22:48:27 +0300] "GET / HTTP/1.1" 200 5539 "-" "Mozilla/5.0 (Linux; Android 6.0.1; Nexus 5X Build/MMB29P) AppleWebKit/537.36 (KHTML, like Gecko) Chrome/41.0.2272.96 Mobile Safari/537.36 (compatible; Googlebot/2.1; +http://www.google.com/bot.html)"
66.249.79.197 - - [23/Sep/2018:22:50:09 +0300] "GET / HTTP/1.1" 200 5539 "-" "Mozilla/5.0 (compatible; Googlebot/2.1; +http://www.google.com/bot.html)"
66.249.79.12 - - [23/Sep/2018:23:54:28 +0300] "GET / HTTP/1.1" 200 5533 "-" "Mozilla/5.0 (Linux; Android 6.0.1; Nexus 5X Build/MMB29P) AppleWebKit/537.36 (KHTML, like Gecko) Chrome/41.0.2272.96 Mobile Safari/537.36 (compatible; Googlebot/2.1; +http://www.google.com/bot.html)"
66.249.79.14 - - [23/Sep/2018:23:56:35 +0300] "GET / HTTP/1.1" 200 5533 "-" "Mozilla/5.0 (compatible; Googlebot/2.1; +http://www.google.com/bot.html)"
66.249.79.197 - - [24/Sep/2018:00:20:47 +0300] "GET /robots.txt HTTP/1.1" 200 24 "-" "Mozilla/5.0 (compatible; Googlebot/2.1; +http://www.google.com/bot.html)"
66.249.79.197 - - [24/Sep/2018:00:20:47 +0300] "GET / HTTP/1.1" 200 5539 "-" "Mozilla/5.0 (Linux; Android 6.0.1; Nexus 5X Build/MMB29P) AppleWebKit/537.36 (KHTML, like Gecko) Chrome/41.0.2272.96 Mobile Safari/537.36 (compatible; Googlebot/2.1; +http://www.google.com/bot.html)"
66.249.79.197 - - [24/Sep/2018:00:21:25 +0300] "GET / HTTP/1.1" 200 5539 "-" "Mozilla/5.0 (compatible; Googlebot/2.1; +http://www.google.com/bot.html)"
115.68.227.41 - - [24/Sep/2018:00:59:49 +0300] "GET / HTTP/1.1" 200 31779 "-" "-"
66.249.79.12 - - [24/Sep/2018:01:45:21 +0300] "GET / HTTP/1.1" 200 5533 "-" "Mozilla/5.0 (Linux; Android 6.0.1; Nexus 5X Build/MMB29P) AppleWebKit/537.36 (KHTML, like Gecko) Chrome/41.0.2272.96 Mobile Safari/537.36 (compatible; Googlebot/2.1; +http://www.google.com/bot.html)"
66.249.79.14 - - [24/Sep/2018:01:51:42 +0300] "GET / HTTP/1.1" 200 5533 "-" "Mozilla/5.0 (compatible; Googlebot/2.1; +http://www.google.com/bot.html)"
38.132.117.195 - - [24/Sep/2018:03:50:22 +0300] "GET / HTTP/1.1" 200 5533 "http://f-knowledge.com/" "Mozilla/5.0 (Windows NT 6.0) AppleWebKit/533.93.40 (KHTML, like Gecko) Version/5.3.8 Safari/531.86"
38.132.117.195 - - [24/Sep/2018:03:50:23 +0300] "GET //blog/ HTTP/1.1" 301 235 "http://f-knowledge.com/" "Mozilla/5.0 (Windows NT 6.0) AppleWebKit/533.93.40 (KHTML, like Gecko) Version/5.3.8 Safari/531.86"
38.132.117.195 - - [24/Sep/2018:03:50:23 +0300] "GET /blog HTTP/1.1" 404 3437 "http://f-knowledge.com/" "Mozilla/5.0 (Windows NT 6.0) AppleWebKit/533.93.40 (KHTML, like Gecko) Version/5.3.8 Safari/531.86"
207.46.13.201 - - [24/Sep/2018:05:41:43 +0300] "GET /robots.txt HTTP/1.1" 200 24 "-" "Mozilla/5.0 (compatible; bingbot/2.0; +http://www.bing.com/bingbot.htm)"
207.46.13.150 - - [24/Sep/2018:05:41:47 +0300] "GET /teamview HTTP/1.1" 200 3363 "-" "Mozilla/5.0 (compatible; bingbot/2.0; +http://www.bing.com/bingbot.htm)"
207.46.13.249 - - [24/Sep/2018:08:30:25 +0300] "GET / HTTP/1.1" 200 5533 "-" "Mozilla/5.0 (compatible; bingbot/2.0; +http://www.bing.com/bingbot.htm)"
69.30.211.2 - - [24/Sep/2018:10:29:24 +0300] "GET /robots.txt HTTP/1.1" 200 24 "-" "Mozilla/5.0 (compatible; MJ12bot/v1.4.8; http://mj12bot.com/)"
69.30.211.2 - - [24/Sep/2018:10:29:31 +0300] "GET / HTTP/1.1" 200 31991 "-" "Mozilla/5.0 (compatible; MJ12bot/v1.4.8; http://mj12bot.com/)"
180.76.15.32 - - [24/Sep/2018:10:53:35 +0300] "GET /robots.txt HTTP/1.1" 200 24 "-" "Mozilla/5.0 (Windows NT 5.1; rv:6.0.2) Gecko/20100101 Firefox/6.0.2"
180.76.15.162 - - [24/Sep/2018:10:53:36 +0300] "GET /robots.txt HTTP/1.1" 200 24 "-" "Mozilla/5.0 (Windows NT 5.1; rv:6.0.2) Gecko/20100101 Firefox/6.0.2"
180.76.15.30 - - [24/Sep/2018:10:56:28 +0300] "GET / HTTP/1.1" 200 5533 "-" "Mozilla/5.0 (compatible; Baiduspider/2.0; +http://www.baidu.com/search/spider.html)"
180.76.15.156 - - [24/Sep/2018:11:29:48 +0300] "GET /assetsweb/js/particles/app.js HTTP/1.1" 200 865 "-" "Mozilla/5.0 (compatible; Baiduspider/2.0; +http://www.baidu.com/search/spider.html)"
180.76.15.157 - - [24/Sep/2018:19:23:08 +0300] "GET / HTTP/1.1" 200 5533 "-" "Mozilla/5.0 (compatible; Baiduspider/2.0; +http://www.baidu.com/search/spider.html)"
180.76.15.140 - - [24/Sep/2018:19:56:28 +0300] "GET /assetsweb/js/magnific-popup/jquery.magnific-popup.min.js HTTP/1.1" 200 7346 "-" "Mozilla/5.0 (compatible; Baiduspider/2.0; +http://www.baidu.com/search/spider.html)"
180.76.15.22 - - [24/Sep/2018:20:29:48 +0300] "GET /assetsweb/js/counter/jquery.countTo.js HTTP/1.1" 200 825 "-" "Mozilla/5.0 (compatible; Baiduspider/2.0; +http://www.baidu.com/search/spider.html)"
95.37.52.44 - - [24/Sep/2018:21:34:11 +0300] "GET / HTTP/1.1" 200 31779 "-" "-"
95.37.52.44 - - [24/Sep/2018:21:34:12 +0300] "GET /cms/editor/filemanager/connectors/uploadtest404.html HTTP/1.1" 404 3437 "-" "-"
95.37.52.44 - - [24/Sep/2018:21:34:12 +0300] "GET /cms/editor/filemanager/connectors/uploadtest.html HTTP/1.1" 404 3437 "-" "-"
95.37.52.44 - - [24/Sep/2018:21:34:12 +0300] "GET /fckeditor/editor/filemanager/connectors/uploadtest.html HTTP/1.1" 404 3437 "-" "-"
95.37.52.44 - - [24/Sep/2018:21:34:12 +0300] "GET /plugins/p_fckeditor/fckeditor/editor/filemanager/connectors/uploadtest.html HTTP/1.1" 404 3437 "-" "-"
95.37.52.44 - - [24/Sep/2018:21:34:12 +0300] "GET /js/fckeditor/editor/filemanager/connectors/uploadtest.html HTTP/1.1" 404 3437 "-" "-"
95.37.52.44 - - [24/Sep/2018:21:34:13 +0300] "GET /cms/fckeditor/editor/filemanager/connectors/uploadtest.html HTTP/1.1" 404 3437 "-" "-"
95.37.52.44 - - [24/Sep/2018:21:34:13 +0300] "GET /editor/editor/filemanager/upload/test.html HTTP/1.1" 404 3437 "-" "-"
95.37.52.44 - - [24/Sep/2018:21:34:13 +0300] "GET /admin/FCKeditor/editor/filemanager/connectors/uploadtest.html HTTP/1.1" 404 3437 "-" "-"
95.37.52.44 - - [24/Sep/2018:21:34:13 +0300] "GET /editor/filemanager/connectors/uploadtest.html HTTP/1.1" 404 3437 "-" "-"
95.37.52.44 - - [24/Sep/2018:21:34:13 +0300] "GET /sites/all/modules/fckeditor/fckeditor/editor/filemanager/connectors/uploadtest.html HTTP/1.1" 404 3437 "-" "-"
95.37.52.44 - - [24/Sep/2018:21:34:14 +0300] "GET /HTMLEditor/editor/filemanager/connectors/uploadtest.html HTTP/1.1" 404 3437 "-" "-"
95.37.52.44 - - [24/Sep/2018:21:34:14 +0300] "GET /ckeditor/filemanager/connectors/uploadtest.html HTTP/1.1" 404 3437 "-" "-"
95.37.52.44 - - [24/Sep/2018:21:34:14 +0300] "GET /wysiwyg/fckeditor/editor/filemanager/connectors/uploadtest.html HTTP/1.1" 404 3437 "-" "-"
95.37.52.44 - - [24/Sep/2018:21:34:14 +0300] "GET /editor/editor/filemanager/connectors/uploadtest.html HTTP/1.1" 404 3437 "-" "-"
95.37.52.44 - - [24/Sep/2018:21:34:14 +0300] "GET /admin/editor/filemanager/connectors/uploadtest.html HTTP/1.1" 404 3437 "-" "-"
95.37.52.44 - - [24/Sep/2018:21:34:15 +0300] "GET /modules/fckeditor/fckeditor/editor/filemanager/connectors/uploadtest.html HTTP/1.1" 404 3437 "-" "-"
95.37.52.44 - - [24/Sep/2018:21:34:15 +0300] "GET /administrator/fckeditor/editor/filemanager/connectors/uploadtest.html HTTP/1.1" 404 3437 "-" "-"
95.37.52.44 - - [24/Sep/2018:21:34:15 +0300] "GET /admin/editor/editor/filemanager/connectors/uploadtest.html HTTP/1.1" 404 3437 "-" "-"
207.46.13.150 - - [24/Sep/2018:21:58:59 +0300] "GET /teamview HTTP/1.1" 200 3363 "-" "Mozilla/5.0 (compatible; bingbot/2.0; +http://www.bing.com/bingbot.htm)"
5.45.207.48 - - [24/Sep/2018:22:26:39 +0300] "GET /robots.txt HTTP/1.1" 200 24 "-" "Mozilla/5.0 (compatible; YandexBot/3.0; +http://yandex.com/bots)"
5.45.207.48 - - [24/Sep/2018:22:26:39 +0300] "GET /robots.txt HTTP/1.1" 200 24 "-" "Mozilla/5.0 (compatible; YandexBot/3.0; +http://yandex.com/bots)"
5.45.207.48 - - [24/Sep/2018:22:26:42 +0300] "GET / HTTP/1.1" 200 5539 "-" "Mozilla/5.0 (compatible; YandexBot/3.0; +http://yandex.com/bots)"
5.45.207.48 - - [24/Sep/2018:22:26:43 +0300] "GET / HTTP/1.1" 200 5533 "-" "Mozilla/5.0 (compatible; YandexBot/3.0; +http://yandex.com/bots)"
207.46.13.249 - - [24/Sep/2018:23:07:03 +0300] "GET / HTTP/1.1" 200 5533 "-" "Mozilla/5.0 (compatible; bingbot/2.0; +http://www.bing.com/bingbot.htm)"
157.55.39.54 - - [25/Sep/2018:02:21:29 +0300] "GET /solutionview HTTP/1.1" 200 3362 "-" "Mozilla/5.0 (compatible; bingbot/2.0; +http://www.bing.com/bingbot.htm)"
157.55.39.54 - - [25/Sep/2018:02:21:36 +0300] "GET /robots.txt HTTP/1.1" 200 24 "-" "Mozilla/5.0 (compatible; bingbot/2.0; +http://www.bing.com/bingbot.htm)"
207.46.13.150 - - [25/Sep/2018:02:21:37 +0300] "GET /assetsweb/css/bootstrap.min.css HTTP/1.1" 200 20125 "-" "Mozilla/5.0 (compatible; bingbot/2.0; +http://www.bing.com/bingbot.htm)"
207.46.13.150 - - [25/Sep/2018:02:21:37 +0300] "GET /assetsweb/css/bootstrap-rtl.css HTTP/1.1" 200 4651 "-" "Mozilla/5.0 (compatible; bingbot/2.0; +http://www.bing.com/bingbot.htm)"
207.46.13.150 - - [25/Sep/2018:02:21:37 +0300] "GET /assetsweb/css/responsive-rtl.css HTTP/1.1" 404 3437 "-" "Mozilla/5.0 (compatible; bingbot/2.0; +http://www.bing.com/bingbot.htm)"
207.46.13.150 - - [25/Sep/2018:02:21:37 +0300] "GET /assetsweb/js/jquery.min.js HTTP/1.1" 200 33760 "-" "Mozilla/5.0 (compatible; bingbot/2.0; +http://www.bing.com/bingbot.htm)"
207.46.13.150 - - [25/Sep/2018:02:21:38 +0300] "GET /assetsweb/js/retina.min.js HTTP/1.1" 200 1220 "-" "Mozilla/5.0 (compatible; bingbot/2.0; +http://www.bing.com/bingbot.htm)"
207.46.13.249 - - [25/Sep/2018:02:21:44 +0300] "GET /assetsweb/css/font-awesome.css HTTP/1.1" 200 7450 "-" "Mozilla/5.0 (compatible; bingbot/2.0; +http://www.bing.com/bingbot.htm)"
207.46.13.249 - - [25/Sep/2018:02:21:44 +0300] "GET /assetsweb/css/magnific-popup/magnific-popup.css HTTP/1.1" 200 1816 "-" "Mozilla/5.0 (compatible; bingbot/2.0; +http://www.bing.com/bingbot.htm)"
207.46.13.249 - - [25/Sep/2018:02:21:45 +0300] "GET /assetsweb/css/style-ar.css HTTP/1.1" 200 10943 "-" "Mozilla/5.0 (compatible; bingbot/2.0; +http://www.bing.com/bingbot.htm)"
207.46.13.249 - - [25/Sep/2018:02:21:45 +0300] "GET /assetsweb/css/custom.css HTTP/1.1" 200 195 "-" "Mozilla/5.0 (compatible; bingbot/2.0; +http://www.bing.com/bingbot.htm)"
207.46.13.249 - - [25/Sep/2018:02:21:45 +0300] "GET /assetsweb/js/jquery.appear.js HTTP/1.1" 200 674 "-" "Mozilla/5.0 (compatible; bingbot/2.0; +http://www.bing.com/bingbot.htm)"
207.46.13.249 - - [25/Sep/2018:02:21:45 +0300] "GET /assetsweb/js/skrollr.min.js HTTP/1.1" 200 5591 "-" "Mozilla/5.0 (compatible; bingbot/2.0; +http://www.bing.com/bingbot.htm)"
207.46.13.249 - - [25/Sep/2018:02:21:45 +0300] "GET /assetsweb/js/custom.js HTTP/1.1" 200 2656 "-" "Mozilla/5.0 (compatible; bingbot/2.0; +http://www.bing.com/bingbot.htm)"
157.55.39.54 - - [25/Sep/2018:02:21:50 +0300] "GET /robots.txt HTTP/1.1" 200 24 "-" "Mozilla/5.0 (compatible; bingbot/2.0; +http://www.bing.com/bingbot.htm)"
157.55.39.54 - - [25/Sep/2018:02:21:50 +0300] "GET /robots.txt HTTP/1.1" 200 24 "-" "Mozilla/5.0 (compatible; bingbot/2.0; +http://www.bing.com/bingbot.htm)"
157.55.39.54 - - [25/Sep/2018:02:21:50 +0300] "GET /robots.txt HTTP/1.1" 200 24 "-" "Mozilla/5.0 (compatible; bingbot/2.0; +http://www.bing.com/bingbot.htm)"
157.55.39.54 - - [25/Sep/2018:02:21:50 +0300] "GET /assetsweb/js/particles/app.js HTTP/1.1" 200 865 "-" "Mozilla/5.0 (compatible; bingbot/2.0; +http://www.bing.com/bingbot.htm)"
157.55.39.54 - - [25/Sep/2018:02:21:50 +0300] "GET /assetsweb/js/particles/particles.min.js HTTP/1.1" 200 5959 "-" "Mozilla/5.0 (compatible; bingbot/2.0; +http://www.bing.com/bingbot.htm)"
65.55.210.40 - - [25/Sep/2018:03:22:33 +0300] "GET /assetsweb/css/owl-carousel/owl.carousel.css HTTP/1.1" 200 1111 "http://f-knowledge.com/solutionview" "Mozilla/5.0 (Windows NT 6.1; WOW64) AppleWebKit/534+ (KHTML, like Gecko) BingPreview/1.0b"
65.55.210.40 - - [25/Sep/2018:03:22:33 +0300] "GET /assetsweb/css/animate.css HTTP/1.1" 200 2922 "http://f-knowledge.com/solutionview" "Mozilla/5.0 (Windows NT 6.1; WOW64) AppleWebKit/534+ (KHTML, like Gecko) BingPreview/1.0b"
65.55.210.40 - - [25/Sep/2018:03:22:33 +0300] "GET /assetsweb/css/ionicons.min.css HTTP/1.1" 200 8291 "http://f-knowledge.com/solutionview" "Mozilla/5.0 (Windows NT 6.1; WOW64) AppleWebKit/534+ (KHTML, like Gecko) BingPreview/1.0b"
65.55.210.40 - - [25/Sep/2018:03:22:34 +0300] "GET /assetsweb/js/owl-carousel/owl.carousel.min.js HTTP/1.1" 200 11611 "http://f-knowledge.com/solutionview" "Mozilla/5.0 (Windows NT 6.1; WOW64) AppleWebKit/534+ (KHTML, like Gecko) BingPreview/1.0b"
65.55.210.40 - - [25/Sep/2018:03:22:34 +0300] "GET /assetsweb/js/counter/jquery.countTo.js HTTP/1.1" 200 825 "http://f-knowledge.com/solutionview" "Mozilla/5.0 (Windows NT 6.1; WOW64) AppleWebKit/534+ (KHTML, like Gecko) BingPreview/1.0b"
65.55.210.40 - - [25/Sep/2018:03:22:34 +0300] "GET /assetsweb/js/magnific-popup/jquery.magnific-popup.min.js HTTP/1.1" 200 7346 "http://f-knowledge.com/solutionview" "Mozilla/5.0 (Windows NT 6.1; WOW64) AppleWebKit/534+ (KHTML, like Gecko) BingPreview/1.0b"
65.55.210.40 - - [25/Sep/2018:03:22:34 +0300] "GET /assetsweb/fonts/fontawesome-webfont3e6e.ttf?v=4.7.0 HTTP/1.1" 200 165548 "http://f-knowledge.com/solutionview" "Mozilla/5.0 (Windows NT 6.1; WOW64) AppleWebKit/534+ (KHTML, like Gecko) BingPreview/1.0b"
65.55.210.40 - - [25/Sep/2018:03:22:34 +0300] "GET /assetsweb/fonts/ionicons28b5.ttf?v=2.0.0 HTTP/1.1" 200 188508 "http://f-knowledge.com/solutionview" "Mozilla/5.0 (Windows NT 6.1; WOW64) AppleWebKit/534+ (KHTML, like Gecko) BingPreview/1.0b"
65.55.210.40 - - [25/Sep/2018:03:22:35 +0300] "GET /assetsweb/js/wow.min.js HTTP/1.1" 200 2825 "http://f-knowledge.com/solutionview" "Mozilla/5.0 (Windows NT 6.1; WOW64) AppleWebKit/534+ (KHTML, like Gecko) BingPreview/1.0b"
65.55.210.40 - - [25/Sep/2018:03:22:35 +0300] "GET /assetsweb/js/jquery.countdown.min.js HTTP/1.1" 200 685 "http://f-knowledge.com/solutionview" "Mozilla/5.0 (Windows NT 6.1; WOW64) AppleWebKit/534+ (KHTML, like Gecko) BingPreview/1.0b"
65.55.210.40 - - [25/Sep/2018:03:22:35 +0300] "GET /assetsweb/js/bootstrap.min.js HTTP/1.1" 200 9919 "http://f-knowledge.com/solutionview" "Mozilla/5.0 (Windows NT 6.1; WOW64) AppleWebKit/534+ (KHTML, like Gecko) BingPreview/1.0b"
52.53.201.78 - - [25/Sep/2018:04:01:48 +0300] "GET / HTTP/1.1" 200 5539 "-" "Mozilla/5.0 (Macintosh; Intel Mac OS X 10_12_6) AppleWebKit/537.36 (KHTML, like Gecko) Chrome/61.0.3163.100 Safari/537.36"
5.45.207.48 - - [25/Sep/2018:06:08:07 +0300] "GET /robots.txt HTTP/1.1" 200 24 "-" "Mozilla/5.0 (compatible; YandexBot/3.0; +http://yandex.com/bots)"
5.45.207.48 - - [25/Sep/2018:06:08:11 +0300] "GET /assetsweb/images/favicon.ico HTTP/1.1" 200 15086 "-" "Mozilla/5.0 (compatible; YandexBot/3.0; +http://yandex.com/bots)"
216.244.66.202 - - [25/Sep/2018:08:35:47 +0300] "GET /robots.txt HTTP/1.1" 200 24 "-" "Mozilla/5.0 (compatible; DotBot/1.1; http://www.opensiteexplorer.org/dotbot, help@moz.com)"
216.244.66.202 - - [25/Sep/2018:08:56:09 +0300] "GET /r2/mailmagazine.htm HTTP/1.1" 404 3501 "-" "Mozilla/5.0 (compatible; DotBot/1.1; http://www.opensiteexplorer.org/dotbot, help@moz.com)"
195.246.54.200 - - [25/Sep/2018:09:52:48 +0300] "GET /sett/153336555923.png HTTP/1.1" 200 47935 "https://www.google.com/" "Mozilla/5.0 (Windows NT 10.0; Win64; x64) AppleWebKit/537.36 (KHTML, like Gecko) Chrome/69.0.3497.100 Safari/537.36"
31.167.199.131 - - [25/Sep/2018:13:28:40 +0300] "GET /assetsweb/js/skrollr.min.js HTTP/1.1" 200 5591 "http://www.atschool.kkischools.com/aboutview.aspx" "Mozilla/5.0 (Windows NT 10.0; Win64; x64) AppleWebKit/537.36 (KHTML, like Gecko) Chrome/69.0.3497.100 Safari/537.36"
54.36.150.47 - - [25/Sep/2018:14:17:52 +0300] "GET /robots.txt HTTP/1.1" 200 24 "-" "Mozilla/5.0 (compatible; AhrefsBot/5.2; +http://ahrefs.com/robot/)"
180.76.15.22 - - [25/Sep/2018:17:22:43 +0300] "GET /assetsweb/js/retina.min.js HTTP/1.1" 200 1220 "-" "Mozilla/5.0 (compatible; Baiduspider/2.0; +http://www.baidu.com/search/spider.html)"
46.101.166.133 - - [25/Sep/2018:18:05:00 +0300] "GET / HTTP/1.1" 200 5533 "-" "Mozilla/5.0 (Macintosh; Intel Mac OS X 10_10_5) AppleWebKit/537.36 (KHTML, like Gecko) Chrome/45.0.2454.101 Safari/537.36"
54.36.150.47 - - [25/Sep/2018:23:12:52 +0300] "GET /robots.txt HTTP/1.1" 200 24 "-" "Mozilla/5.0 (compatible; AhrefsBot/5.2; +http://ahrefs.com/robot/)"
54.36.149.57 - - [25/Sep/2018:23:12:53 +0300] "GET /aboutview HTTP/1.1" 200 4133 "-" "Mozilla/5.0 (compatible; AhrefsBot/5.2; +http://ahrefs.com/robot/)"
123.207.111.74 - - [26/Sep/2018:00:28:03 +0300] "GET /console HTTP/1.1" 404 3437 "-" "Mozilla/5.0 (Windows NT 10.0; Win64; x64; rv:57.0) Gecko/20100101 Firefox/57.0"
123.207.111.74 - - [26/Sep/2018:00:28:04 +0300] "GET /phpmyadmin/scripts/setup.php HTTP/1.1" 404 3437 "-" "Mozilla/5.0 (Windows NT 10.0; Win64; x64; rv:57.0) Gecko/20100101 Firefox/57.0"
123.207.111.74 - - [26/Sep/2018:00:28:05 +0300] "GET /STRUTS_STRU HTTP/1.1" 404 3437 "-" "Mozilla/5.0 (Windows NT 10.0; Win64; x64; rv:57.0) Gecko/20100101 Firefox/57.0"
153.126.143.158 - - [26/Sep/2018:00:49:31 +0300] "HEAD /r2/newsletter.htm HTTP/1.1" 404 - "-" "CakePHP"
180.76.15.20 - - [26/Sep/2018:02:52:38 +0300] "GET / HTTP/1.1" 200 5533 "-" "Mozilla/5.0 (compatible; Baiduspider/2.0; +http://www.baidu.com/search/spider.html)"
180.76.15.146 - - [26/Sep/2018:03:25:58 +0300] "GET /assetsweb/js/jquery.min.js HTTP/1.1" 200 33760 "-" "Mozilla/5.0 (compatible; Baiduspider/2.0; +http://www.baidu.com/search/spider.html)"
180.76.15.28 - - [26/Sep/2018:03:59:18 +0300] "GET /assetsweb/js/jquery.appear.js HTTP/1.1" 200 674 "-" "Mozilla/5.0 (compatible; Baiduspider/2.0; +http://www.baidu.com/search/spider.html)"
101.132.243.11 - - [26/Sep/2018:04:24:11 +0300] "GET /console HTTP/1.1" 404 3437 "-" "Mozilla/5.0 (Windows NT 10.0; Win64; x64; rv:57.0) Gecko/20100101 Firefox/57.0"
101.132.243.11 - - [26/Sep/2018:04:24:12 +0300] "GET /phpmyadmin/scripts/setup.php HTTP/1.1" 404 3437 "-" "Mozilla/5.0 (Windows NT 10.0; Win64; x64; rv:57.0) Gecko/20100101 Firefox/57.0"
101.132.243.11 - - [26/Sep/2018:04:24:13 +0300] "GET /STRUTS_STRU HTTP/1.1" 404 3437 "-" "Mozilla/5.0 (Windows NT 10.0; Win64; x64; rv:57.0) Gecko/20100101 Firefox/57.0"
54.173.35.129 - - [26/Sep/2018:07:02:59 +0300] "GET /robots.txt HTTP/1.0" 200 24 "-" "ia_archiver"
54.173.35.129 - - [26/Sep/2018:07:02:59 +0300] "GET /index HTTP/1.0" 200 31991 "-" "ia_archiver"
51.36.52.149 - - [26/Sep/2018:08:38:48 +0300] "GET / HTTP/1.1" 200 5533 "-" "Mozilla/5.0 (Windows NT 10.0; Win64; x64) AppleWebKit/537.36 (KHTML, like Gecko) Chrome/69.0.3497.100 Safari/537.36"
51.36.52.149 - - [26/Sep/2018:08:38:48 +0300] "GET /assetsweb/css/responsive-rtl.css HTTP/1.1" 404 3437 "http://f-knowledge.com/" "Mozilla/5.0 (Windows NT 10.0; Win64; x64) AppleWebKit/537.36 (KHTML, like Gecko) Chrome/69.0.3497.100 Safari/537.36"
51.36.52.149 - - [26/Sep/2018:08:38:49 +0300] "GET /assetsweb/images/drive/04.png HTTP/1.1" 200 4375 "http://f-knowledge.com/" "Mozilla/5.0 (Windows NT 10.0; Win64; x64) AppleWebKit/537.36 (KHTML, like Gecko) Chrome/69.0.3497.100 Safari/537.36"
51.36.52.149 - - [26/Sep/2018:08:38:49 +0300] "GET /sett/15154364921.png HTTP/1.1" 200 9408 "http://f-knowledge.com/" "Mozilla/5.0 (Windows NT 10.0; Win64; x64) AppleWebKit/537.36 (KHTML, like Gecko) Chrome/69.0.3497.100 Safari/537.36"
51.36.52.149 - - [26/Sep/2018:08:38:49 +0300] "GET /assetsweb/images/drive/03.png HTTP/1.1" 200 12174 "http://f-knowledge.com/" "Mozilla/5.0 (Windows NT 10.0; Win64; x64) AppleWebKit/537.36 (KHTML, like Gecko) Chrome/69.0.3497.100 Safari/537.36"
51.36.52.149 - - [26/Sep/2018:08:38:49 +0300] "GET /assetsweb/images/drive/01.png HTTP/1.1" 200 55703 "http://f-knowledge.com/" "Mozilla/5.0 (Windows NT 10.0; Win64; x64) AppleWebKit/537.36 (KHTML, like Gecko) Chrome/69.0.3497.100 Safari/537.36"
51.36.52.149 - - [26/Sep/2018:08:38:49 +0300] "GET /assetsweb/images/drive/02-ar.png HTTP/1.1" 200 68618 "http://f-knowledge.com/" "Mozilla/5.0 (Windows NT 10.0; Win64; x64) AppleWebKit/537.36 (KHTML, like Gecko) Chrome/69.0.3497.100 Safari/537.36"
51.36.52.149 - - [26/Sep/2018:08:38:49 +0300] "GET /solution_image/1533364869.png HTTP/1.1" 200 61384 "http://f-knowledge.com/" "Mozilla/5.0 (Windows NT 10.0; Win64; x64) AppleWebKit/537.36 (KHTML, like Gecko) Chrome/69.0.3497.100 Safari/537.36"
51.36.52.149 - - [26/Sep/2018:08:38:49 +0300] "GET /sett/151543639715.jpg HTTP/1.1" 200 145886 "http://f-knowledge.com/" "Mozilla/5.0 (Windows NT 10.0; Win64; x64) AppleWebKit/537.36 (KHTML, like Gecko) Chrome/69.0.3497.100 Safari/537.36"
51.36.52.149 - - [26/Sep/2018:08:38:49 +0300] "GET /assetsweb/images/banner/01.png HTTP/1.1" 200 104306 "http://f-knowledge.com/" "Mozilla/5.0 (Windows NT 10.0; Win64; x64) AppleWebKit/537.36 (KHTML, like Gecko) Chrome/69.0.3497.100 Safari/537.36"
51.36.52.149 - - [26/Sep/2018:08:38:49 +0300] "GET /solution_image/1533363991.jpg HTTP/1.1" 200 85082 "http://f-knowledge.com/" "Mozilla/5.0 (Windows NT 10.0; Win64; x64) AppleWebKit/537.36 (KHTML, like Gecko) Chrome/69.0.3497.100 Safari/537.36"
51.36.52.149 - - [26/Sep/2018:08:38:49 +0300] "GET /solution_image/1533364634.jpg HTTP/1.1" 200 47051 "http://f-knowledge.com/" "Mozilla/5.0 (Windows NT 10.0; Win64; x64) AppleWebKit/537.36 (KHTML, like Gecko) Chrome/69.0.3497.100 Safari/537.36"
51.36.52.149 - - [26/Sep/2018:08:38:49 +0300] "GET /solution_image/1533364197.jpg HTTP/1.1" 200 103489 "http://f-knowledge.com/" "Mozilla/5.0 (Windows NT 10.0; Win64; x64) AppleWebKit/537.36 (KHTML, like Gecko) Chrome/69.0.3497.100 Safari/537.36"
51.36.52.149 - - [26/Sep/2018:08:38:49 +0300] "GET /solution_image/1533364221.jpg HTTP/1.1" 200 113572 "http://f-knowledge.com/" "Mozilla/5.0 (Windows NT 10.0; Win64; x64) AppleWebKit/537.36 (KHTML, like Gecko) Chrome/69.0.3497.100 Safari/537.36"
51.36.52.149 - - [26/Sep/2018:08:38:49 +0300] "GET /assetsweb/images/banner/02-ar.png HTTP/1.1" 200 5104 "http://f-knowledge.com/assetsweb/css/style-ar.css" "Mozilla/5.0 (Windows NT 10.0; Win64; x64) AppleWebKit/537.36 (KHTML, like Gecko) Chrome/69.0.3497.100 Safari/537.36"
51.36.52.149 - - [26/Sep/2018:08:38:49 +0300] "GET /solution_image/1533364246.jpeg HTTP/1.1" 200 51244 "http://f-knowledge.com/" "Mozilla/5.0 (Windows NT 10.0; Win64; x64) AppleWebKit/537.36 (KHTML, like Gecko) Chrome/69.0.3497.100 Safari/537.36"
51.36.52.149 - - [26/Sep/2018:08:38:49 +0300] "GET /images/1533365196.png HTTP/1.1" 200 21958 "http://f-knowledge.com/" "Mozilla/5.0 (Windows NT 10.0; Win64; x64) AppleWebKit/537.36 (KHTML, like Gecko) Chrome/69.0.3497.100 Safari/537.36"
51.36.52.149 - - [26/Sep/2018:08:38:49 +0300] "GET /images/1533365244.png HTTP/1.1" 200 21958 "http://f-knowledge.com/" "Mozilla/5.0 (Windows NT 10.0; Win64; x64) AppleWebKit/537.36 (KHTML, like Gecko) Chrome/69.0.3497.100 Safari/537.36"
51.36.52.149 - - [26/Sep/2018:08:38:49 +0300] "GET /images/1533365116.jpg HTTP/1.1" 200 12886 "http://f-knowledge.com/" "Mozilla/5.0 (Windows NT 10.0; Win64; x64) AppleWebKit/537.36 (KHTML, like Gecko) Chrome/69.0.3497.100 Safari/537.36"
51.36.52.149 - - [26/Sep/2018:08:38:49 +0300] "GET /images/1533365268.png HTTP/1.1" 200 21958 "http://f-knowledge.com/" "Mozilla/5.0 (Windows NT 10.0; Win64; x64) AppleWebKit/537.36 (KHTML, like Gecko) Chrome/69.0.3497.100 Safari/537.36"
51.36.52.149 - - [26/Sep/2018:08:38:49 +0300] "GET /assetsweb/fonts/fontawesome-webfont3e6e.html?v=4.7.0 HTTP/1.1" 200 77162 "http://f-knowledge.com/assetsweb/css/font-awesome.css" "Mozilla/5.0 (Windows NT 10.0; Win64; x64) AppleWebKit/537.36 (KHTML, like Gecko) Chrome/69.0.3497.100 Safari/537.36"
51.36.52.149 - - [26/Sep/2018:08:38:49 +0300] "GET /assetsweb/fonts/ionicons28b5.ttf?v=2.0.0 HTTP/1.1" 200 188508 "http://f-knowledge.com/assetsweb/css/ionicons.min.css" "Mozilla/5.0 (Windows NT 10.0; Win64; x64) AppleWebKit/537.36 (KHTML, like Gecko) Chrome/69.0.3497.100 Safari/537.36"
51.36.52.149 - - [26/Sep/2018:08:38:49 +0300] "GET /assetsweb/images/bg/04.jpg HTTP/1.1" 200 1501984 "http://f-knowledge.com/" "Mozilla/5.0 (Windows NT 10.0; Win64; x64) AppleWebKit/537.36 (KHTML, like Gecko) Chrome/69.0.3497.100 Safari/537.36"
51.36.52.149 - - [26/Sep/2018:08:38:49 +0300] "GET /assetsweb/images/bg/07.jpg HTTP/1.1" 200 998092 "http://f-knowledge.com/" "Mozilla/5.0 (Windows NT 10.0; Win64; x64) AppleWebKit/537.36 (KHTML, like Gecko) Chrome/69.0.3497.100 Safari/537.36"
51.36.52.149 - - [26/Sep/2018:08:38:50 +0300] "HEAD /assetsweb/images/drive/04@2x.png HTTP/1.1" 404 - "http://f-knowledge.com/" "Mozilla/5.0 (Windows NT 10.0; Win64; x64) AppleWebKit/537.36 (KHTML, like Gecko) Chrome/69.0.3497.100 Safari/537.36"
51.36.52.149 - - [26/Sep/2018:08:38:50 +0300] "HEAD /assetsweb/images/drive/02-ar@2x.png HTTP/1.1" 404 - "http://f-knowledge.com/" "Mozilla/5.0 (Windows NT 10.0; Win64; x64) AppleWebKit/537.36 (KHTML, like Gecko) Chrome/69.0.3497.100 Safari/537.36"
51.36.52.149 - - [26/Sep/2018:08:38:50 +0300] "HEAD /assetsweb/images/drive/01@2x.png HTTP/1.1" 404 - "http://f-knowledge.com/" "Mozilla/5.0 (Windows NT 10.0; Win64; x64) AppleWebKit/537.36 (KHTML, like Gecko) Chrome/69.0.3497.100 Safari/537.36"
51.36.52.149 - - [26/Sep/2018:08:38:50 +0300] "HEAD /sett/15154364921@2x.png HTTP/1.1" 404 - "http://f-knowledge.com/" "Mozilla/5.0 (Windows NT 10.0; Win64; x64) AppleWebKit/537.36 (KHTML, like Gecko) Chrome/69.0.3497.100 Safari/537.36"
51.36.52.149 - - [26/Sep/2018:08:38:50 +0300] "HEAD /assetsweb/images/drive/03@2x.png HTTP/1.1" 404 - "http://f-knowledge.com/" "Mozilla/5.0 (Windows NT 10.0; Win64; x64) AppleWebKit/537.36 (KHTML, like Gecko) Chrome/69.0.3497.100 Safari/537.36"
51.36.52.149 - - [26/Sep/2018:08:38:50 +0300] "HEAD /assetsweb/images/drive/04@2x.png HTTP/1.1" 404 - "http://f-knowledge.com/" "Mozilla/5.0 (Windows NT 10.0; Win64; x64) AppleWebKit/537.36 (KHTML, like Gecko) Chrome/69.0.3497.100 Safari/537.36"
51.36.52.149 - - [26/Sep/2018:08:38:50 +0300] "HEAD /solution_image/1533364634@2x.jpg HTTP/1.1" 404 - "http://f-knowledge.com/" "Mozilla/5.0 (Windows NT 10.0; Win64; x64) AppleWebKit/537.36 (KHTML, like Gecko) Chrome/69.0.3497.100 Safari/537.36"
51.36.52.149 - - [26/Sep/2018:08:38:50 +0300] "HEAD /solution_image/1533363991@2x.jpg HTTP/1.1" 404 - "http://f-knowledge.com/" "Mozilla/5.0 (Windows NT 10.0; Win64; x64) AppleWebKit/537.36 (KHTML, like Gecko) Chrome/69.0.3497.100 Safari/537.36"
51.36.52.149 - - [26/Sep/2018:08:38:50 +0300] "HEAD /solution_image/1533364197@2x.jpg HTTP/1.1" 404 - "http://f-knowledge.com/" "Mozilla/5.0 (Windows NT 10.0; Win64; x64) AppleWebKit/537.36 (KHTML, like Gecko) Chrome/69.0.3497.100 Safari/537.36"
51.36.52.149 - - [26/Sep/2018:08:38:51 +0300] "HEAD /solution_image/1533364221@2x.jpg HTTP/1.1" 404 - "http://f-knowledge.com/" "Mozilla/5.0 (Windows NT 10.0; Win64; x64) AppleWebKit/537.36 (KHTML, like Gecko) Chrome/69.0.3497.100 Safari/537.36"
51.36.52.149 - - [26/Sep/2018:08:38:51 +0300] "HEAD /solution_image/1533364246@2x.jpeg HTTP/1.1" 404 - "http://f-knowledge.com/" "Mozilla/5.0 (Windows NT 10.0; Win64; x64) AppleWebKit/537.36 (KHTML, like Gecko) Chrome/69.0.3497.100 Safari/537.36"
51.36.52.149 - - [26/Sep/2018:08:38:51 +0300] "HEAD /images/1533365116@2x.jpg HTTP/1.1" 404 - "http://f-knowledge.com/" "Mozilla/5.0 (Windows NT 10.0; Win64; x64) AppleWebKit/537.36 (KHTML, like Gecko) Chrome/69.0.3497.100 Safari/537.36"
51.36.52.149 - - [26/Sep/2018:08:38:51 +0300] "HEAD /images/1533365196@2x.png HTTP/1.1" 404 - "http://f-knowledge.com/" "Mozilla/5.0 (Windows NT 10.0; Win64; x64) AppleWebKit/537.36 (KHTML, like Gecko) Chrome/69.0.3497.100 Safari/537.36"
51.36.52.149 - - [26/Sep/2018:08:38:51 +0300] "HEAD /images/1533365244@2x.png HTTP/1.1" 404 - "http://f-knowledge.com/" "Mozilla/5.0 (Windows NT 10.0; Win64; x64) AppleWebKit/537.36 (KHTML, like Gecko) Chrome/69.0.3497.100 Safari/537.36"
51.36.52.149 - - [26/Sep/2018:08:38:51 +0300] "HEAD /images/1533365268@2x.png HTTP/1.1" 404 - "http://f-knowledge.com/" "Mozilla/5.0 (Windows NT 10.0; Win64; x64) AppleWebKit/537.36 (KHTML, like Gecko) Chrome/69.0.3497.100 Safari/537.36"
51.36.52.149 - - [26/Sep/2018:08:38:50 +0300] "HEAD /assetsweb/images/drive/03@2x.png HTTP/1.1" 404 - "http://f-knowledge.com/" "Mozilla/5.0 (Windows NT 10.0; Win64; x64) AppleWebKit/537.36 (KHTML, like Gecko) Chrome/69.0.3497.100 Safari/537.36"
51.36.52.149 - - [26/Sep/2018:08:38:50 +0300] "HEAD /assetsweb/images/banner/01@2x.png HTTP/1.1" 404 - "http://f-knowledge.com/" "Mozilla/5.0 (Windows NT 10.0; Win64; x64) AppleWebKit/537.36 (KHTML, like Gecko) Chrome/69.0.3497.100 Safari/537.36"
51.36.52.149 - - [26/Sep/2018:08:38:50 +0300] "HEAD /solution_image/1533364869@2x.png HTTP/1.1" 404 - "http://f-knowledge.com/" "Mozilla/5.0 (Windows NT 10.0; Win64; x64) AppleWebKit/537.36 (KHTML, like Gecko) Chrome/69.0.3497.100 Safari/537.36"
5.45.207.48 - - [26/Sep/2018:08:39:54 +0300] "GET /robots.txt HTTP/1.1" 200 24 "-" "Mozilla/5.0 (compatible; YandexBot/3.0; +http://yandex.com/bots)"
5.45.207.48 - - [26/Sep/2018:08:39:58 +0300] "GET / HTTP/1.1" 200 5539 "-" "Mozilla/5.0 (compatible; YandexBot/3.0; +http://yandex.com/bots)"
66.249.70.4 - - [26/Sep/2018:08:55:32 +0300] "GET /robots.txt HTTP/1.1" 200 24 "-" "Mozilla/5.0 (compatible; Googlebot/2.1; +http://www.google.com/bot.html)"
66.249.70.3 - - [26/Sep/2018:08:55:32 +0300] "GET / HTTP/1.1" 200 5539 "-" "Mozilla/5.0 (Linux; Android 6.0.1; Nexus 5X Build/MMB29P) AppleWebKit/537.36 (KHTML, like Gecko) Chrome/41.0.2272.96 Mobile Safari/537.36 (compatible; Googlebot/2.1; +http://www.google.com/bot.html)"
66.249.70.4 - - [26/Sep/2018:08:55:34 +0300] "GET /assetsweb/css/responsive-rtl.css HTTP/1.1" 404 3501 "http://www.f-knowledge.com/" "Mozilla/5.0 (Linux; Android 6.0.1; Nexus 5X Build/MMB29P) AppleWebKit/537.36 (KHTML, like Gecko) Chrome/41.0.2272.96 Mobile Safari/537.36 (compatible; Googlebot/2.1; +http://www.google.com/bot.html)"
66.249.70.3 - - [26/Sep/2018:08:55:34 +0300] "GET /assetsweb/js/jquery.countdown.min.js HTTP/1.1" 200 685 "http://www.f-knowledge.com/" "Mozilla/5.0 (Linux; Android 6.0.1; Nexus 5X Build/MMB29P) AppleWebKit/537.36 (KHTML, like Gecko) Chrome/41.0.2272.96 Mobile Safari/537.36 (compatible; Googlebot/2.1; +http://www.google.com/bot.html)"
66.249.70.4 - - [26/Sep/2018:08:55:35 +0300] "GET /assetsweb/css/animate.css HTTP/1.1" 200 2922 "http://www.f-knowledge.com/" "Mozilla/5.0 (Linux; Android 6.0.1; Nexus 5X Build/MMB29P) AppleWebKit/537.36 (KHTML, like Gecko) Chrome/41.0.2272.96 Mobile Safari/537.36 (compatible; Googlebot/2.1; +http://www.google.com/bot.html)"
66.249.70.3 - - [26/Sep/2018:08:55:35 +0300] "GET /assetsweb/js/particles/app.js HTTP/1.1" 200 865 "http://www.f-knowledge.com/" "Mozilla/5.0 (Linux; Android 6.0.1; Nexus 5X Build/MMB29P) AppleWebKit/537.36 (KHTML, like Gecko) Chrome/41.0.2272.96 Mobile Safari/537.36 (compatible; Googlebot/2.1; +http://www.google.com/bot.html)"
66.249.70.30 - - [26/Sep/2018:08:55:36 +0300] "GET /assetsweb/js/skrollr.min.js HTTP/1.1" 200 5591 "http://www.f-knowledge.com/" "Mozilla/5.0 (Linux; Android 6.0.1; Nexus 5X Build/MMB29P) AppleWebKit/537.36 (KHTML, like Gecko) Chrome/41.0.2272.96 Mobile Safari/537.36 (compatible; Googlebot/2.1; +http://www.google.com/bot.html)"
66.249.64.46 - - [26/Sep/2018:10:57:38 +0300] "GET /robots.txt HTTP/1.1" 200 24 "-" "Mozilla/5.0 (compatible; Googlebot/2.1; +http://www.google.com/bot.html)"
66.249.64.48 - - [26/Sep/2018:10:57:38 +0300] "GET / HTTP/1.1" 200 5533 "-" "Mozilla/5.0 (Linux; Android 6.0.1; Nexus 5X Build/MMB29P) AppleWebKit/537.36 (KHTML, like Gecko) Chrome/41.0.2272.96 Mobile Safari/537.36 (compatible; Googlebot/2.1; +http://www.google.com/bot.html)"
66.249.64.46 - - [26/Sep/2018:10:57:42 +0300] "GET /assetsweb/css/responsive-rtl.css HTTP/1.1" 404 3437 "http://f-knowledge.com/" "Mozilla/5.0 (Linux; Android 6.0.1; Nexus 5X Build/MMB29P) AppleWebKit/537.36 (KHTML, like Gecko) Chrome/41.0.2272.96 Mobile Safari/537.36 (compatible; Googlebot/2.1; +http://www.google.com/bot.html)"
66.249.64.48 - - [26/Sep/2018:12:04:41 +0300] "GET / HTTP/1.1" 200 5533 "-" "Mozilla/5.0 (compatible; Googlebot/2.1; +http://www.google.com/bot.html)"
66.249.64.44 - - [26/Sep/2018:12:12:51 +0300] "GET /assetsweb/css/style-ar.css HTTP/1.1" 200 10943 "http://f-knowledge.com/" "Mozilla/5.0 AppleWebKit/537.36 (KHTML, like Gecko; compatible; Googlebot/2.1; +http://www.google.com/bot.html) Safari/537.36"
66.249.64.44 - - [26/Sep/2018:12:12:51 +0300] "GET /assetsweb/js/magnific-popup/jquery.magnific-popup.min.js HTTP/1.1" 200 7346 "http://f-knowledge.com/" "Mozilla/5.0 AppleWebKit/537.36 (KHTML, like Gecko; compatible; Googlebot/2.1; +http://www.google.com/bot.html) Safari/537.36"
66.249.64.44 - - [26/Sep/2018:12:12:51 +0300] "GET /assetsweb/js/skrollr.min.js HTTP/1.1" 200 5591 "http://f-knowledge.com/" "Mozilla/5.0 AppleWebKit/537.36 (KHTML, like Gecko; compatible; Googlebot/2.1; +http://www.google.com/bot.html) Safari/537.36"
66.249.64.44 - - [26/Sep/2018:12:12:52 +0300] "GET /assetsweb/js/retina.min.js HTTP/1.1" 200 1220 "http://f-knowledge.com/" "Mozilla/5.0 AppleWebKit/537.36 (KHTML, like Gecko; compatible; Googlebot/2.1; +http://www.google.com/bot.html) Safari/537.36"
66.249.64.44 - - [26/Sep/2018:12:12:53 +0300] "GET /assetsweb/css/responsive-rtl.css HTTP/1.1" 404 3437 "http://f-knowledge.com/" "Mozilla/5.0 AppleWebKit/537.36 (KHTML, like Gecko; compatible; Googlebot/2.1; +http://www.google.com/bot.html) Safari/537.36"
66.249.70.4 - - [26/Sep/2018:12:39:50 +0300] "GET / HTTP/1.1" 200 5539 "-" "Mozilla/5.0 (compatible; Googlebot/2.1; +http://www.google.com/bot.html)"
66.249.70.30 - - [26/Sep/2018:13:34:24 +0300] "GET /images/1533365268.png HTTP/1.1" 304 - "-" "Googlebot-Image/1.0"
66.249.64.46 - - [26/Sep/2018:13:43:43 +0300] "GET / HTTP/1.1" 200 5533 "-" "Mozilla/5.0 (Linux; Android 6.0.1; Nexus 5X Build/MMB29P) AppleWebKit/537.36 (KHTML, like Gecko) Chrome/41.0.2272.96 Mobile Safari/537.36 (compatible; Googlebot/2.1; +http://www.google.com/bot.html)"
192.95.35.228 - - [26/Sep/2018:14:06:28 +0300] "GET /console HTTP/1.1" 404 3437 "-" "Mozilla/5.0 (Windows NT 10.0; Win64; x64; rv:57.0) Gecko/20100101 Firefox/57.0"
192.95.35.228 - - [26/Sep/2018:14:06:29 +0300] "GET /phpmyadmin/scripts/setup.php HTTP/1.1" 404 3437 "-" "Mozilla/5.0 (Windows NT 10.0; Win64; x64; rv:57.0) Gecko/20100101 Firefox/57.0"
66.249.64.48 - - [26/Sep/2018:15:10:09 +0300] "GET / HTTP/1.1" 200 5533 "-" "Mozilla/5.0 (compatible; Googlebot/2.1; +http://www.google.com/bot.html)"
66.249.70.30 - - [26/Sep/2018:15:13:10 +0300] "GET / HTTP/1.1" 200 5539 "-" "Mozilla/5.0 (compatible; Googlebot/2.1; +http://www.google.com/bot.html)"
54.36.150.47 - - [26/Sep/2018:15:40:02 +0300] "GET /robots.txt HTTP/1.1" 200 24 "-" "Mozilla/5.0 (compatible; AhrefsBot/5.2; +http://ahrefs.com/robot/)"
66.249.70.4 - - [26/Sep/2018:16:45:36 +0300] "GET / HTTP/1.1" 200 5539 "-" "Mozilla/5.0 (compatible; Googlebot/2.1; +http://www.google.com/bot.html)"
66.249.70.30 - - [26/Sep/2018:16:45:39 +0300] "GET /assetsweb/css/responsive-rtl.css HTTP/1.1" 404 3501 "http://www.f-knowledge.com/" "Mozilla/5.0 AppleWebKit/537.36 (KHTML, like Gecko; compatible; Googlebot/2.1; +http://www.google.com/bot.html) Safari/537.36"
66.249.64.46 - - [26/Sep/2018:16:47:51 +0300] "GET / HTTP/1.1" 200 5533 "-" "Mozilla/5.0 (compatible; Googlebot/2.1; +http://www.google.com/bot.html)"
66.249.70.30 - - [26/Sep/2018:17:26:13 +0300] "GET /assetsweb/css/responsive-rtl.css HTTP/1.1" 404 3501 "http://www.f-knowledge.com/" "Mozilla/5.0 AppleWebKit/537.36 (KHTML, like Gecko; compatible; Googlebot/2.1; +http://www.google.com/bot.html) Safari/537.36"
34.247.189.226 - - [26/Sep/2018:17:27:10 +0300] "GET / HTTP/1.1" 200 5533 "-" "Mozilla/5.0 (X11; Ubuntu; Linux x86_64) AppleWebKit/537.36 (KHTML, like Gecko) Chrome/60.0.3112.101 Safari/537.36"
66.249.64.44 - - [26/Sep/2018:17:47:59 +0300] "GET / HTTP/1.1" 200 5533 "-" "Mozilla/5.0 (compatible; Googlebot/2.1; +http://www.google.com/bot.html)"
66.249.64.44 - - [26/Sep/2018:19:44:29 +0300] "GET / HTTP/1.1" 200 5533 "-" "Mozilla/5.0 (compatible; Googlebot/2.1; +http://www.google.com/bot.html)"
66.249.64.44 - - [26/Sep/2018:20:03:16 +0300] "GET / HTTP/1.1" 200 5533 "-" "Mozilla/5.0 (Linux; Android 6.0.1; Nexus 5X Build/MMB29P) AppleWebKit/537.36 (KHTML, like Gecko) Chrome/41.0.2272.96 Mobile Safari/537.36 (compatible; Googlebot/2.1; +http://www.google.com/bot.html)"
5.45.207.48 - - [26/Sep/2018:20:26:43 +0300] "GET /robots.txt HTTP/1.1" 200 24 "-" "Mozilla/5.0 (compatible; YandexBot/3.0; +http://yandex.com/bots)"
178.154.200.21 - - [26/Sep/2018:20:26:43 +0300] "GET /robots.txt HTTP/1.1" 200 24 "-" "Mozilla/5.0 (compatible; YandexBot/3.0; +http://yandex.com/bots)"
5.45.207.48 - - [26/Sep/2018:20:26:47 +0300] "GET / HTTP/1.1" 200 5539 "-" "Mozilla/5.0 (compatible; YandexBot/3.0; +http://yandex.com/bots)"
178.154.200.21 - - [26/Sep/2018:20:26:47 +0300] "GET / HTTP/1.1" 200 5533 "-" "Mozilla/5.0 (compatible; YandexBot/3.0; +http://yandex.com/bots)"
66.249.70.3 - - [26/Sep/2018:20:36:20 +0300] "GET / HTTP/1.1" 200 5539 "-" "Mozilla/5.0 (compatible; Googlebot/2.1; +http://www.google.com/bot.html)"
66.249.64.44 - - [26/Sep/2018:20:46:51 +0300] "GET / HTTP/1.1" 200 5533 "-" "Mozilla/5.0 (compatible; Googlebot/2.1; +http://www.google.com/bot.html)"
66.249.64.48 - - [26/Sep/2018:20:46:53 +0300] "GET /assetsweb/css/responsive-rtl.css HTTP/1.1" 404 3437 "http://f-knowledge.com/" "Mozilla/5.0 AppleWebKit/537.36 (KHTML, like Gecko; compatible; Googlebot/2.1; +http://www.google.com/bot.html) Safari/537.36"
66.249.64.48 - - [26/Sep/2018:21:34:58 +0300] "GET / HTTP/1.1" 200 5533 "-" "Mozilla/5.0 (compatible; Googlebot/2.1; +http://www.google.com/bot.html)"
66.249.70.30 - - [26/Sep/2018:21:49:14 +0300] "GET / HTTP/1.1" 200 5539 "-" "Mozilla/5.0 (compatible; Googlebot/2.1; +http://www.google.com/bot.html)"
66.249.70.3 - - [26/Sep/2018:22:53:07 +0300] "GET / HTTP/1.1" 200 5539 "-" "Mozilla/5.0 (compatible; Googlebot/2.1; +http://www.google.com/bot.html)"
66.249.64.46 - - [26/Sep/2018:23:27:23 +0300] "GET / HTTP/1.1" 200 5533 "-" "Mozilla/5.0 (Linux; Android 6.0.1; Nexus 5X Build/MMB29P) AppleWebKit/537.36 (KHTML, like Gecko) Chrome/41.0.2272.96 Mobile Safari/537.36 (compatible; Googlebot/2.1; +http://www.google.com/bot.html)"
105.71.128.168 - - [26/Sep/2018:23:31:10 +0300] "GET /solution_image/1533364197.jpg HTTP/1.1" 200 103489 "https://www.google.co.ma/" "Mozilla/5.0 (Windows NT 6.1) AppleWebKit/537.36 (KHTML, like Gecko) Chrome/69.0.3497.100 Safari/537.36"
66.249.64.48 - - [27/Sep/2018:01:11:51 +0300] "GET / HTTP/1.1" 200 5533 "-" "Mozilla/5.0 (Linux; Android 6.0.1; Nexus 5X Build/MMB29P) AppleWebKit/537.36 (KHTML, like Gecko) Chrome/41.0.2272.96 Mobile Safari/537.36 (compatible; Googlebot/2.1; +http://www.google.com/bot.html)"
31.222.129.14 - - [27/Sep/2018:01:23:03 +0300] "GET /phpMyAdmin/scripts/setup.php HTTP/1.1" 404 3437 "-" "Mozilla/5.0 (Windows NT 10.0; Win64; x64; rv:57.0) Gecko/20100101 Firefox/57.0"
31.222.129.14 - - [27/Sep/2018:01:23:04 +0300] "GET /scripts/setup.php HTTP/1.1" 404 3437 "-" "Mozilla/5.0 (Windows NT 10.0; Win64; x64; rv:57.0) Gecko/20100101 Firefox/57.0"
31.222.129.14 - - [27/Sep/2018:01:23:04 +0300] "GET /pma/scripts/setup.php HTTP/1.1" 404 3437 "-" "Mozilla/5.0 (Windows NT 10.0; Win64; x64; rv:57.0) Gecko/20100101 Firefox/57.0"
31.222.129.14 - - [27/Sep/2018:01:23:04 +0300] "GET /xmlrpc.php HTTP/1.1" 404 3437 "-" "Mozilla/5.0 (Windows NT 10.0; Win64; x64; rv:57.0) Gecko/20100101 Firefox/57.0"
5.101.105.58 - - [27/Sep/2018:02:01:49 +0300] "GET /phpMyAdmin/scripts/setup.php HTTP/1.1" 404 3437 "-" "Mozilla/5.0 (Windows NT 10.0; Win64; x64; rv:57.0) Gecko/20100101 Firefox/57.0"
5.101.105.58 - - [27/Sep/2018:02:01:49 +0300] "GET /scripts/setup.php HTTP/1.1" 404 3437 "-" "Mozilla/5.0 (Windows NT 10.0; Win64; x64; rv:57.0) Gecko/20100101 Firefox/57.0"
5.101.105.58 - - [27/Sep/2018:02:01:49 +0300] "GET /pma/scripts/setup.php HTTP/1.1" 404 3437 "-" "Mozilla/5.0 (Windows NT 10.0; Win64; x64; rv:57.0) Gecko/20100101 Firefox/57.0"
5.101.105.58 - - [27/Sep/2018:02:01:49 +0300] "GET /xmlrpc.php HTTP/1.1" 404 3437 "-" "Mozilla/5.0 (Windows NT 10.0; Win64; x64; rv:57.0) Gecko/20100101 Firefox/57.0"
66.249.70.30 - - [27/Sep/2018:02:36:47 +0300] "GET / HTTP/1.1" 200 5539 "-" "Mozilla/5.0 (compatible; Googlebot/2.1; +http://www.google.com/bot.html)"
66.249.64.44 - - [27/Sep/2018:02:39:47 +0300] "GET / HTTP/1.1" 200 5533 "-" "Mozilla/5.0 (Linux; Android 6.0.1; Nexus 5X Build/MMB29P) AppleWebKit/537.36 (KHTML, like Gecko) Chrome/41.0.2272.96 Mobile Safari/537.36 (compatible; Googlebot/2.1; +http://www.google.com/bot.html)"
66.249.70.30 - - [27/Sep/2018:04:16:44 +0300] "GET / HTTP/1.1" 200 5539 "-" "Mozilla/5.0 (compatible; Googlebot/2.1; +http://www.google.com/bot.html)"
66.249.70.3 - - [27/Sep/2018:04:16:50 +0300] "GET /assetsweb/js/jquery.appear.js HTTP/1.1" 200 674 "http://www.f-knowledge.com/" "Mozilla/5.0 AppleWebKit/537.36 (KHTML, like Gecko; compatible; Googlebot/2.1; +http://www.google.com/bot.html) Safari/537.36"
66.249.70.30 - - [27/Sep/2018:04:16:51 +0300] "GET /assetsweb/js/counter/jquery.countTo.js HTTP/1.1" 200 825 "http://www.f-knowledge.com/" "Mozilla/5.0 AppleWebKit/537.36 (KHTML, like Gecko; compatible; Googlebot/2.1; +http://www.google.com/bot.html) Safari/537.36"
66.249.64.48 - - [27/Sep/2018:04:41:32 +0300] "GET / HTTP/1.1" 200 5533 "-" "Mozilla/5.0 (Linux; Android 6.0.1; Nexus 5X Build/MMB29P) AppleWebKit/537.36 (KHTML, like Gecko) Chrome/41.0.2272.96 Mobile Safari/537.36 (compatible; Googlebot/2.1; +http://www.google.com/bot.html)"
119.146.87.107 - - [27/Sep/2018:05:11:39 +0300] "GET /phpMyAdmin/scripts/setup.php HTTP/1.1" 404 3437 "-" "Mozilla/5.0 (Windows NT 10.0; Win64; x64; rv:57.0) Gecko/20100101 Firefox/57.0"
119.146.87.107 - - [27/Sep/2018:05:11:39 +0300] "GET /scripts/setup.php HTTP/1.1" 404 3437 "-" "Mozilla/5.0 (Windows NT 10.0; Win64; x64; rv:57.0) Gecko/20100101 Firefox/57.0"
119.146.87.107 - - [27/Sep/2018:05:11:40 +0300] "GET /pma/scripts/setup.php HTTP/1.1" 404 3437 "-" "Mozilla/5.0 (Windows NT 10.0; Win64; x64; rv:57.0) Gecko/20100101 Firefox/57.0"
119.146.87.107 - - [27/Sep/2018:05:11:40 +0300] "GET /xmlrpc.php HTTP/1.1" 404 3437 "-" "Mozilla/5.0 (Windows NT 10.0; Win64; x64; rv:57.0) Gecko/20100101 Firefox/57.0"
66.249.64.46 - - [27/Sep/2018:06:38:02 +0300] "GET / HTTP/1.1" 200 5533 "-" "Mozilla/5.0 (Linux; Android 6.0.1; Nexus 5X Build/MMB29P) AppleWebKit/537.36 (KHTML, like Gecko) Chrome/41.0.2272.96 Mobile Safari/537.36 (compatible; Googlebot/2.1; +http://www.google.com/bot.html)"
66.249.70.3 - - [27/Sep/2018:06:38:47 +0300] "GET / HTTP/1.1" 200 5539 "-" "Mozilla/5.0 (compatible; Googlebot/2.1; +http://www.google.com/bot.html)"
66.249.64.46 - - [27/Sep/2018:09:03:50 +0300] "GET / HTTP/1.1" 200 5533 "-" "Mozilla/5.0 (Linux; Android 6.0.1; Nexus 5X Build/MMB29P) AppleWebKit/537.36 (KHTML, like Gecko) Chrome/41.0.2272.96 Mobile Safari/537.36 (compatible; Googlebot/2.1; +http://www.google.com/bot.html)"
136.243.70.151 - - [27/Sep/2018:09:36:07 +0300] "GET /robots.txt HTTP/1.1" 200 24 "-" "Mozilla/5.0 (compatible; MJ12bot/v1.4.8; http://mj12bot.com/)"
136.243.70.151 - - [27/Sep/2018:09:36:09 +0300] "GET / HTTP/1.1" 200 31991 "-" "Mozilla/5.0 (compatible; MJ12bot/v1.4.8; http://mj12bot.com/)"
66.249.70.4 - - [27/Sep/2018:10:06:13 +0300] "GET /robots.txt HTTP/1.1" 200 24 "-" "Mozilla/5.0 (compatible; Googlebot/2.1; +http://www.google.com/bot.html)"
66.249.70.30 - - [27/Sep/2018:10:06:13 +0300] "GET / HTTP/1.1" 200 5539 "-" "Mozilla/5.0 (compatible; Googlebot/2.1; +http://www.google.com/bot.html)"
66.249.70.30 - - [27/Sep/2018:10:06:20 +0300] "GET /assetsweb/css/responsive-rtl.css HTTP/1.1" 404 3501 "http://www.f-knowledge.com/" "Mozilla/5.0 AppleWebKit/537.36 (KHTML, like Gecko; compatible; Googlebot/2.1; +http://www.google.com/bot.html) Safari/537.36"
52.53.201.78 - - [27/Sep/2018:10:27:12 +0300] "GET / HTTP/1.1" 200 5539 "-" "Mozilla/5.0 (Macintosh; Intel Mac OS X 10_12_6) AppleWebKit/537.36 (KHTML, like Gecko) Chrome/61.0.3163.100 Safari/537.36"
66.249.64.44 - - [27/Sep/2018:11:22:52 +0300] "GET /robots.txt HTTP/1.1" 200 24 "-" "Mozilla/5.0 (compatible; Googlebot/2.1; +http://www.google.com/bot.html)"
66.249.64.46 - - [27/Sep/2018:11:22:53 +0300] "GET / HTTP/1.1" 200 5533 "-" "Mozilla/5.0 (Linux; Android 6.0.1; Nexus 5X Build/MMB29P) AppleWebKit/537.36 (KHTML, like Gecko) Chrome/41.0.2272.96 Mobile Safari/537.36 (compatible; Googlebot/2.1; +http://www.google.com/bot.html)"
35.237.128.6 - - [27/Sep/2018:11:30:03 +0300] "GET /robots.txt HTTP/1.1" 200 24 "-" "Mozilla/5.0 (Windows NT 10.0; Win64; x64; rv:50.0) Gecko/20100101 Firefox/50.0"
35.237.128.6 - - [27/Sep/2018:11:30:03 +0300] "GET /xmlrpc.php?rsd HTTP/1.1" 404 3437 "-" "Mozilla/5.0 (Windows NT 10.0; Win64; x64; rv:50.0) Gecko/20100101 Firefox/50.0"
35.237.128.6 - - [27/Sep/2018:11:30:03 +0300] "GET / HTTP/1.1" 200 31779 "-" "Mozilla/5.0 (Windows NT 10.0; Win64; x64; rv:50.0) Gecko/20100101 Firefox/50.0"
35.237.128.6 - - [27/Sep/2018:11:30:03 +0300] "GET /blog/robots.txt HTTP/1.1" 404 3437 "-" "Mozilla/5.0 (Windows NT 10.0; Win64; x64; rv:50.0) Gecko/20100101 Firefox/50.0"
35.237.128.6 - - [27/Sep/2018:11:30:04 +0300] "GET /blog/ HTTP/1.1" 301 235 "-" "Mozilla/5.0 (Windows NT 10.0; Win64; x64; rv:50.0) Gecko/20100101 Firefox/50.0"
35.237.128.6 - - [27/Sep/2018:11:30:04 +0300] "GET /wordpress/ HTTP/1.1" 301 240 "-" "Mozilla/5.0 (Windows NT 10.0; Win64; x64; rv:50.0) Gecko/20100101 Firefox/50.0"
35.237.128.6 - - [27/Sep/2018:11:30:04 +0300] "GET /wp/ HTTP/1.1" 301 233 "-" "Mozilla/5.0 (Windows NT 10.0; Win64; x64; rv:50.0) Gecko/20100101 Firefox/50.0"
66.249.70.30 - - [27/Sep/2018:12:24:30 +0300] "GET / HTTP/1.1" 200 5539 "-" "Mozilla/5.0 (compatible; Googlebot/2.1; +http://www.google.com/bot.html)"
66.249.64.46 - - [27/Sep/2018:12:54:34 +0300] "GET / HTTP/1.1" 200 5533 "-" "Mozilla/5.0 (Linux; Android 6.0.1; Nexus 5X Build/MMB29P) AppleWebKit/537.36 (KHTML, like Gecko) Chrome/41.0.2272.96 Mobile Safari/537.36 (compatible; Googlebot/2.1; +http://www.google.com/bot.html)"
66.249.64.46 - - [27/Sep/2018:12:54:37 +0300] "GET /assetsweb/css/responsive-rtl.css HTTP/1.1" 404 3437 "http://f-knowledge.com/" "Mozilla/5.0 (Linux; Android 6.0.1; Nexus 5X Build/MMB29P) AppleWebKit/537.36 (KHTML, like Gecko) Chrome/41.0.2272.96 Mobile Safari/537.36 (compatible; Googlebot/2.1; +http://www.google.com/bot.html)"
31.167.199.131 - - [27/Sep/2018:13:15:01 +0300] "GET /assetsweb/js/skrollr.min.js HTTP/1.1" 200 5591 "http://www.atschool.kkischools.com/aboutview.aspx" "Mozilla/5.0 (Windows NT 6.1; Win64; x64) AppleWebKit/537.36 (KHTML, like Gecko) Chrome/69.0.3497.100 Safari/537.36"
185.81.157.172 - - [27/Sep/2018:14:08:13 +0300] "GET / HTTP/1.1" 200 31779 "-" "Mozilla/5.0 (Windows NT 10.0; Win64; x64) AppleWebKit/537.36 (KHTML, like Gecko) Chrome/63.0.3239.132 Safari/537.36"
185.81.157.172 - - [27/Sep/2018:14:08:19 +0300] "GET /wp-includes/wlwmanifest.xml HTTP/1.1" 404 3437 "-" "Mozilla/5.0 (Windows NT 10.0; Win64; x64) AppleWebKit/537.36 (KHTML, like Gecko) Chrome/63.0.3239.132 Safari/537.36"
185.81.157.172 - - [27/Sep/2018:14:08:24 +0300] "GET /xmlrpc.php?rsd HTTP/1.1" 404 3437 "-" "Mozilla/5.0 (Windows NT 10.0; Win64; x64) AppleWebKit/537.36 (KHTML, like Gecko) Chrome/63.0.3239.132 Safari/537.36"
185.81.157.172 - - [27/Sep/2018:14:08:29 +0300] "GET / HTTP/1.1" 200 31779 "-" "Mozilla/5.0 (Windows NT 10.0; Win64; x64) AppleWebKit/537.36 (KHTML, like Gecko) Chrome/63.0.3239.132 Safari/537.36"
185.81.157.172 - - [27/Sep/2018:14:08:34 +0300] "GET /blog/wp-includes/wlwmanifest.xml HTTP/1.1" 404 3437 "-" "Mozilla/5.0 (Windows NT 10.0; Win64; x64) AppleWebKit/537.36 (KHTML, like Gecko) Chrome/63.0.3239.132 Safari/537.36"
185.81.157.172 - - [27/Sep/2018:14:08:39 +0300] "GET /wordpress/wp-includes/wlwmanifest.xml HTTP/1.1" 404 3437 "-" "Mozilla/5.0 (Windows NT 10.0; Win64; x64) AppleWebKit/537.36 (KHTML, like Gecko) Chrome/63.0.3239.132 Safari/537.36"
185.81.157.172 - - [27/Sep/2018:14:08:45 +0300] "GET /wp/wp-includes/wlwmanifest.xml HTTP/1.1" 404 3437 "-" "Mozilla/5.0 (Windows NT 10.0; Win64; x64) AppleWebKit/537.36 (KHTML, like Gecko) Chrome/63.0.3239.132 Safari/537.36"
185.81.157.172 - - [27/Sep/2018:14:08:50 +0300] "GET /site/wp-includes/wlwmanifest.xml HTTP/1.1" 404 3437 "-" "Mozilla/5.0 (Windows NT 10.0; Win64; x64) AppleWebKit/537.36 (KHTML, like Gecko) Chrome/63.0.3239.132 Safari/537.36"
185.81.157.172 - - [27/Sep/2018:14:08:55 +0300] "GET /cms/wp-includes/wlwmanifest.xml HTTP/1.1" 404 3437 "-" "Mozilla/5.0 (Windows NT 10.0; Win64; x64) AppleWebKit/537.36 (KHTML, like Gecko) Chrome/63.0.3239.132 Safari/537.36"
66.249.64.44 - - [27/Sep/2018:14:13:28 +0300] "GET / HTTP/1.1" 200 5533 "-" "Mozilla/5.0 (Linux; Android 6.0.1; Nexus 5X Build/MMB29P) AppleWebKit/537.36 (KHTML, like Gecko) Chrome/41.0.2272.96 Mobile Safari/537.36 (compatible; Googlebot/2.1; +http://www.google.com/bot.html)"
66.249.70.30 - - [27/Sep/2018:14:20:14 +0300] "GET / HTTP/1.1" 200 5539 "-" "Mozilla/5.0 (compatible; Googlebot/2.1; +http://www.google.com/bot.html)"
