66.249.66.28 - - [19/Oct/2018:04:16:58 +0300] "GET / HTTP/1.1" 200 5533 "-" "Mozilla/5.0 (compatible; Googlebot/2.1; +http://www.google.com/bot.html)"
66.249.66.29 - - [19/Oct/2018:04:19:17 +0300] "GET /assetsweb/css/responsive-rtl.css HTTP/1.1" 404 3437 "http://f-knowledge.com/" "Mozilla/5.0 AppleWebKit/537.36 (KHTML, like Gecko; compatible; Googlebot/2.1; +http://www.google.com/bot.html) Safari/537.36"
66.249.66.37 - - [19/Oct/2018:04:43:34 +0300] "GET /robots.txt HTTP/1.1" 200 24 "-" "Mozilla/5.0 (compatible; Googlebot/2.1; +http://www.google.com/bot.html)"
66.249.66.37 - - [19/Oct/2018:04:43:34 +0300] "GET / HTTP/1.1" 200 5539 "-" "Mozilla/5.0 (compatible; Googlebot/2.1; +http://www.google.com/bot.html)"
66.249.66.37 - - [19/Oct/2018:04:43:36 +0300] "GET /assetsweb/css/responsive-rtl.css HTTP/1.1" 404 3501 "http://www.f-knowledge.com/" "Mozilla/5.0 AppleWebKit/537.36 (KHTML, like Gecko; compatible; Googlebot/2.1; +http://www.google.com/bot.html) Safari/537.36"
54.173.35.129 - - [19/Oct/2018:06:02:48 +0300] "GET /robots.txt HTTP/1.0" 200 24 "-" "ia_archiver"
54.173.35.129 - - [19/Oct/2018:06:02:48 +0300] "GET /teamview HTTP/1.0" 200 16912 "-" "ia_archiver"
46.229.168.141 - - [19/Oct/2018:06:09:32 +0300] "GET /robots.txt HTTP/1.1" 200 24 "-" "Mozilla/5.0 (compatible; SemrushBot/2~bl; +http://www.semrush.com/bot.html)"
46.229.168.148 - - [19/Oct/2018:06:09:32 +0300] "GET /serviceview HTTP/1.1" 200 11987 "-" "Mozilla/5.0 (compatible; SemrushBot/2~bl; +http://www.semrush.com/bot.html)"
54.173.35.129 - - [19/Oct/2018:06:34:34 +0300] "GET / HTTP/1.0" 200 31991 "-" "ia_archiver"
54.173.35.129 - - [19/Oct/2018:06:34:41 +0300] "GET /serviceview HTTP/1.0" 200 52353 "-" "ia_archiver"
54.173.35.129 - - [19/Oct/2018:07:11:36 +0300] "GET /newview HTTP/1.0" 200 13495 "-" "ia_archiver"
66.249.66.29 - - [19/Oct/2018:07:45:56 +0300] "GET / HTTP/1.1" 200 5533 "-" "Mozilla/5.0 (Linux; Android 6.0.1; Nexus 5X Build/MMB29P) AppleWebKit/537.36 (KHTML, like Gecko) Chrome/41.0.2272.96 Mobile Safari/537.36 (compatible; Googlebot/2.1; +http://www.google.com/bot.html)"
116.62.237.90 - - [19/Oct/2018:08:19:05 +0300] "GET /console/css/dashboard-min.css HTTP/1.1" 404 3437 "-" "Mozilla/5.0 (Windows NT 10.0; Win64; x64; rv:57.0) Gecko/20100101 Firefox/57.0"
116.62.237.90 - - [19/Oct/2018:08:19:07 +0300] "GET /status HTTP/1.1" 404 3437 "-" "Mozilla/5.0 (Windows NT 10.0; Win64; x64; rv:57.0) Gecko/20100101 Firefox/57.0"
157.55.39.237 - - [19/Oct/2018:11:19:43 +0300] "GET /index HTTP/1.1" 200 5533 "-" "Mozilla/5.0 (compatible; bingbot/2.0; +http://www.bing.com/bingbot.htm)"
157.55.39.139 - - [19/Oct/2018:11:37:42 +0300] "GET /serviceview HTTP/1.1" 200 11984 "-" "Mozilla/5.0 (compatible; bingbot/2.0; +http://www.bing.com/bingbot.htm)"
157.55.39.139 - - [19/Oct/2018:11:38:47 +0300] "GET /teamview HTTP/1.1" 200 3363 "-" "Mozilla/5.0 (compatible; bingbot/2.0; +http://www.bing.com/bingbot.htm)"
54.36.150.47 - - [19/Oct/2018:11:46:28 +0300] "GET /robots.txt HTTP/1.1" 200 24 "-" "Mozilla/5.0 (compatible; AhrefsBot/5.2; +http://ahrefs.com/robot/)"
54.36.149.45 - - [19/Oct/2018:11:46:29 +0300] "GET /solutionview HTTP/1.1" 200 3366 "-" "Mozilla/5.0 (compatible; AhrefsBot/5.2; +http://ahrefs.com/robot/)"
157.55.39.237 - - [19/Oct/2018:12:12:07 +0300] "GET /solutionview HTTP/1.1" 200 3362 "-" "Mozilla/5.0 (compatible; bingbot/2.0; +http://www.bing.com/bingbot.htm)"
157.55.39.139 - - [19/Oct/2018:12:23:05 +0300] "GET /newview HTTP/1.1" 200 3021 "-" "Mozilla/5.0 (compatible; bingbot/2.0; +http://www.bing.com/bingbot.htm)"
66.249.66.34 - - [19/Oct/2018:14:31:32 +0300] "GET / HTTP/1.1" 200 5539 "-" "Mozilla/5.0 (compatible; Googlebot/2.1; +http://www.google.com/bot.html)"
66.249.66.30 - - [19/Oct/2018:14:44:50 +0300] "GET /robots.txt HTTP/1.1" 200 24 "-" "Mozilla/5.0 (compatible; Googlebot/2.1; +http://www.google.com/bot.html)"
66.249.66.29 - - [19/Oct/2018:14:44:50 +0300] "GET / HTTP/1.1" 200 5533 "-" "Mozilla/5.0 (compatible; Googlebot/2.1; +http://www.google.com/bot.html)"
46.229.168.147 - - [19/Oct/2018:15:12:22 +0300] "GET /robots.txt HTTP/1.1" 200 24 "-" "Mozilla/5.0 (compatible; SemrushBot/2~bl; +http://www.semrush.com/bot.html)"
46.229.168.152 - - [19/Oct/2018:15:12:23 +0300] "GET /solutionview HTTP/1.1" 200 3366 "-" "Mozilla/5.0 (compatible; SemrushBot/2~bl; +http://www.semrush.com/bot.html)"
148.64.56.75 - - [19/Oct/2018:15:14:16 +0300] "GET /robots.txt HTTP/1.1" 200 24 "-" "Mozilla/5.0 (compatible; GrapeshotCrawler/2.0; +http://www.grapeshot.co.uk/crawler.php)"
148.64.56.75 - - [19/Oct/2018:15:14:17 +0300] "GET / HTTP/1.1" 200 5539 "-" "Mozilla/5.0 (compatible; GrapeshotCrawler/2.0; +http://www.grapeshot.co.uk/crawler.php)"
193.106.30.98 - - [19/Oct/2018:15:28:29 +0300] "GET /wp-content/themes/twentytwelve/404.php HTTP/1.1" 404 3437 "-" "Mozilla/5.0 (Windows NT 6.1; rv:34.0) Gecko/20100101 Firefox/34.0"
5.45.207.48 - - [19/Oct/2018:15:37:40 +0300] "GET /robots.txt HTTP/1.1" 200 24 "-" "Mozilla/5.0 (compatible; YandexBot/3.0; +http://yandex.com/bots)"
5.45.207.48 - - [19/Oct/2018:15:37:43 +0300] "GET /index.html HTTP/1.1" 404 3501 "-" "Mozilla/5.0 (compatible; YandexBot/3.0; +http://yandex.com/bots)"
129.208.80.207 - - [19/Oct/2018:17:23:27 +0300] "GET / HTTP/1.1" 200 5533 "-" "Mozilla/5.0 (iPhone; CPU iPhone OS 12_0_1 like Mac OS X) AppleWebKit/605.1.15 (KHTML, like Gecko) Version/12.0 Mobile/15E148 Safari/604.1"
157.55.39.12 - - [19/Oct/2018:17:39:41 +0300] "GET /robots.txt HTTP/1.1" 200 24 "-" "Mozilla/5.0 (compatible; bingbot/2.0; +http://www.bing.com/bingbot.htm)"
46.229.168.145 - - [19/Oct/2018:17:48:53 +0300] "GET /robots.txt HTTP/1.1" 200 24 "-" "Mozilla/5.0 (compatible; SemrushBot/2~bl; +http://www.semrush.com/bot.html)"
46.229.168.149 - - [19/Oct/2018:17:48:54 +0300] "GET /serviceview HTTP/1.1" 200 11987 "-" "Mozilla/5.0 (compatible; SemrushBot/2~bl; +http://www.semrush.com/bot.html)"
66.249.66.29 - - [19/Oct/2018:18:14:45 +0300] "GET / HTTP/1.1" 200 5533 "-" "Mozilla/5.0 (Linux; Android 6.0.1; Nexus 5X Build/MMB29P) AppleWebKit/537.36 (KHTML, like Gecko) Chrome/41.0.2272.96 Mobile Safari/537.36 (compatible; Googlebot/2.1; +http://www.google.com/bot.html)"
54.173.35.129 - - [19/Oct/2018:18:30:55 +0300] "GET /robots.txt HTTP/1.0" 200 24 "-" "ia_archiver"
54.173.35.129 - - [19/Oct/2018:18:30:56 +0300] "GET /solutionview HTTP/1.0" 200 17192 "-" "ia_archiver"
54.173.35.129 - - [19/Oct/2018:18:34:00 +0300] "GET /aboutview HTTP/1.0" 200 19788 "-" "ia_archiver"
163.47.20.95 - - [19/Oct/2018:18:55:49 +0300] "GET /robots.txt HTTP/1.1" 200 24 "-" "Mozilla/5.0 (compatible; Uptimebot/1.0; +http://www.uptime.com/uptimebot)"
157.55.39.139 - - [19/Oct/2018:19:00:42 +0300] "GET /serviceview HTTP/1.1" 200 11984 "-" "Mozilla/5.0 (compatible; bingbot/2.0; +http://www.bing.com/bingbot.htm)"
220.243.135.193 - - [19/Oct/2018:19:35:54 +0300] "GET /r2/newsletter.htm HTTP/1.1" 404 3501 "-" "Mozilla/5.0 (Linux; Android 6.0; Nexus 5 Build/MRA58N) AppleWebKit/537.36 (KHTML, like Gecko) Chrome/65.0.3325.181 Mobile Safari/537.36"
54.173.35.129 - - [19/Oct/2018:19:51:33 +0300] "GET /contactview HTTP/1.0" 200 15903 "-" "ia_archiver"
178.154.200.21 - - [19/Oct/2018:20:06:15 +0300] "GET /robots.txt HTTP/1.1" 200 24 "-" "Mozilla/5.0 (compatible; YandexBot/3.0; +http://yandex.com/bots)"
178.154.200.21 - - [19/Oct/2018:20:06:16 +0300] "GET /robots.txt HTTP/1.1" 200 24 "-" "Mozilla/5.0 (compatible; YandexBot/3.0; +http://yandex.com/bots)"
5.45.207.48 - - [19/Oct/2018:20:06:19 +0300] "GET / HTTP/1.1" 200 5539 "-" "Mozilla/5.0 (compatible; YandexBot/3.0; +http://yandex.com/bots)"
178.154.171.21 - - [19/Oct/2018:20:06:20 +0300] "GET / HTTP/1.1" 200 5533 "-" "Mozilla/5.0 (compatible; YandexBot/3.0; +http://yandex.com/bots)"
46.229.168.139 - - [19/Oct/2018:21:54:59 +0300] "GET /robots.txt HTTP/1.1" 200 24 "-" "Mozilla/5.0 (compatible; SemrushBot/2~bl; +http://www.semrush.com/bot.html)"
46.229.168.134 - - [19/Oct/2018:21:55:00 +0300] "GET /sitemap.xml HTTP/1.1" 404 3501 "-" "Mozilla/5.0 (compatible; SemrushBot/2~bl; +http://www.semrush.com/bot.html)"
46.229.168.138 - - [19/Oct/2018:21:55:00 +0300] "GET /serviceview HTTP/1.1" 200 11987 "-" "Mozilla/5.0 (compatible; SemrushBot/2~bl; +http://www.semrush.com/bot.html)"
180.76.15.163 - - [19/Oct/2018:22:20:48 +0300] "GET /assetsweb/css/bootstrap.min.css HTTP/1.1" 200 20125 "-" "Mozilla/5.0 (compatible; Baiduspider/2.0; +http://www.baidu.com/search/spider.html)"
180.76.15.30 - - [19/Oct/2018:22:54:08 +0300] "GET / HTTP/1.1" 200 5533 "-" "Mozilla/5.0 (compatible; Baiduspider/2.0; +http://www.baidu.com/search/spider.html)"
66.249.66.34 - - [20/Oct/2018:00:12:51 +0300] "GET / HTTP/1.1" 200 5539 "-" "Mozilla/5.0 (compatible; Googlebot/2.1; +http://www.google.com/bot.html)"
66.249.66.62 - - [20/Oct/2018:00:12:54 +0300] "GET /assetsweb/js/jquery.min.js HTTP/1.1" 200 33760 "http://www.f-knowledge.com/" "Mozilla/5.0 AppleWebKit/537.36 (KHTML, like Gecko; compatible; Googlebot/2.1; +http://www.google.com/bot.html) Safari/537.36"
66.249.66.34 - - [20/Oct/2018:00:12:54 +0300] "GET /assetsweb/css/bootstrap-rtl.css HTTP/1.1" 200 4651 "http://www.f-knowledge.com/" "Mozilla/5.0 AppleWebKit/537.36 (KHTML, like Gecko; compatible; Googlebot/2.1; +http://www.google.com/bot.html) Safari/537.36"
66.249.66.34 - - [20/Oct/2018:00:12:55 +0300] "GET /assetsweb/css/responsive-rtl.css HTTP/1.1" 404 3501 "http://www.f-knowledge.com/" "Mozilla/5.0 AppleWebKit/537.36 (KHTML, like Gecko; compatible; Googlebot/2.1; +http://www.google.com/bot.html) Safari/537.36"
66.249.66.30 - - [20/Oct/2018:00:23:18 +0300] "GET / HTTP/1.1" 200 5533 "-" "Mozilla/5.0 (compatible; Googlebot/2.1; +http://www.google.com/bot.html)"
66.249.66.30 - - [20/Oct/2018:00:24:23 +0300] "GET /assetsweb/css/responsive-rtl.css HTTP/1.1" 404 3437 "http://f-knowledge.com/" "Mozilla/5.0 AppleWebKit/537.36 (KHTML, like Gecko; compatible; Googlebot/2.1; +http://www.google.com/bot.html) Safari/537.36"
66.249.81.128 - - [20/Oct/2018:00:50:09 +0300] "GET / HTTP/1.1" 200 5539 "https://www.google.com.sa/" "Mozilla/5.0 (Linux; Android 8.0.0; ATU-L31 Build/HUAWEIATU-L31) AppleWebKit/537.36 (KHTML, like Gecko) Chrome/68.0.3440.91 Mobile Safari/537.36"
66.249.81.131 - - [20/Oct/2018:00:50:09 +0300] "GET /assetsweb/css/font-awesome.css HTTP/1.1" 200 7450 "http://www.f-knowledge.com/" "Mozilla/5.0 (Linux; Android 8.0.0; ATU-L31 Build/HUAWEIATU-L31) AppleWebKit/537.36 (KHTML, like Gecko) Chrome/68.0.3440.91 Mobile Safari/537.36"
66.249.81.131 - - [20/Oct/2018:00:50:09 +0300] "GET /assetsweb/css/bootstrap.min.css HTTP/1.1" 200 20125 "http://www.f-knowledge.com/" "Mozilla/5.0 (Linux; Android 8.0.0; ATU-L31 Build/HUAWEIATU-L31) AppleWebKit/537.36 (KHTML, like Gecko) Chrome/68.0.3440.91 Mobile Safari/537.36"
66.249.81.131 - - [20/Oct/2018:00:50:09 +0300] "GET /assetsweb/css/owl-carousel/owl.carousel.css HTTP/1.1" 200 1111 "http://www.f-knowledge.com/" "Mozilla/5.0 (Linux; Android 8.0.0; ATU-L31 Build/HUAWEIATU-L31) AppleWebKit/537.36 (KHTML, like Gecko) Chrome/68.0.3440.91 Mobile Safari/537.36"
66.249.81.128 - - [20/Oct/2018:00:50:10 +0300] "GET /assetsweb/css/magnific-popup/magnific-popup.css HTTP/1.1" 200 1816 "http://www.f-knowledge.com/" "Mozilla/5.0 (Linux; Android 8.0.0; ATU-L31 Build/HUAWEIATU-L31) AppleWebKit/537.36 (KHTML, like Gecko) Chrome/68.0.3440.91 Mobile Safari/537.36"
66.249.81.158 - - [20/Oct/2018:00:50:10 +0300] "GET /assetsweb/css/animate.css HTTP/1.1" 200 2922 "http://www.f-knowledge.com/" "Mozilla/5.0 (Linux; Android 8.0.0; ATU-L31 Build/HUAWEIATU-L31) AppleWebKit/537.36 (KHTML, like Gecko) Chrome/68.0.3440.91 Mobile Safari/537.36"
66.249.81.128 - - [20/Oct/2018:00:50:10 +0300] "GET /assetsweb/css/ionicons.min.css HTTP/1.1" 200 8291 "http://www.f-knowledge.com/" "Mozilla/5.0 (Linux; Android 8.0.0; ATU-L31 Build/HUAWEIATU-L31) AppleWebKit/537.36 (KHTML, like Gecko) Chrome/68.0.3440.91 Mobile Safari/537.36"
66.249.81.131 - - [20/Oct/2018:00:50:10 +0300] "GET /assetsweb/css/style-ar.css HTTP/1.1" 200 10943 "http://www.f-knowledge.com/" "Mozilla/5.0 (Linux; Android 8.0.0; ATU-L31 Build/HUAWEIATU-L31) AppleWebKit/537.36 (KHTML, like Gecko) Chrome/68.0.3440.91 Mobile Safari/537.36"
66.249.81.131 - - [20/Oct/2018:00:50:10 +0300] "GET /assetsweb/css/bootstrap-rtl.css HTTP/1.1" 200 4651 "http://www.f-knowledge.com/" "Mozilla/5.0 (Linux; Android 8.0.0; ATU-L31 Build/HUAWEIATU-L31) AppleWebKit/537.36 (KHTML, like Gecko) Chrome/68.0.3440.91 Mobile Safari/537.36"
66.249.81.131 - - [20/Oct/2018:00:50:10 +0300] "GET /assetsweb/css/responsive-rtl.css HTTP/1.1" 404 3501 "http://www.f-knowledge.com/" "Mozilla/5.0 (Linux; Android 8.0.0; ATU-L31 Build/HUAWEIATU-L31) AppleWebKit/537.36 (KHTML, like Gecko) Chrome/68.0.3440.91 Mobile Safari/537.36"
66.249.81.158 - - [20/Oct/2018:00:50:10 +0300] "GET /assetsweb/css/custom.css HTTP/1.1" 200 195 "http://www.f-knowledge.com/" "Mozilla/5.0 (Linux; Android 8.0.0; ATU-L31 Build/HUAWEIATU-L31) AppleWebKit/537.36 (KHTML, like Gecko) Chrome/68.0.3440.91 Mobile Safari/537.36"
66.249.81.128 - - [20/Oct/2018:00:50:11 +0300] "GET /assetsweb/js/jquery.min.js HTTP/1.1" 200 33760 "http://www.f-knowledge.com/" "Mozilla/5.0 (Linux; Android 8.0.0; ATU-L31 Build/HUAWEIATU-L31) AppleWebKit/537.36 (KHTML, like Gecko) Chrome/68.0.3440.91 Mobile Safari/537.36"
66.249.81.131 - - [20/Oct/2018:00:50:11 +0300] "GET /assetsweb/js/owl-carousel/owl.carousel.min.js HTTP/1.1" 200 11611 "http://www.f-knowledge.com/" "Mozilla/5.0 (Linux; Android 8.0.0; ATU-L31 Build/HUAWEIATU-L31) AppleWebKit/537.36 (KHTML, like Gecko) Chrome/68.0.3440.91 Mobile Safari/537.36"
66.249.81.128 - - [20/Oct/2018:00:50:11 +0300] "GET /assetsweb/js/counter/jquery.countTo.js HTTP/1.1" 200 825 "http://www.f-knowledge.com/" "Mozilla/5.0 (Linux; Android 8.0.0; ATU-L31 Build/HUAWEIATU-L31) AppleWebKit/537.36 (KHTML, like Gecko) Chrome/68.0.3440.91 Mobile Safari/537.36"
66.249.81.128 - - [20/Oct/2018:00:50:11 +0300] "GET /assetsweb/js/jquery.appear.js HTTP/1.1" 200 674 "http://www.f-knowledge.com/" "Mozilla/5.0 (Linux; Android 8.0.0; ATU-L31 Build/HUAWEIATU-L31) AppleWebKit/537.36 (KHTML, like Gecko) Chrome/68.0.3440.91 Mobile Safari/537.36"
66.249.81.131 - - [20/Oct/2018:00:50:11 +0300] "GET /assetsweb/js/magnific-popup/jquery.magnific-popup.min.js HTTP/1.1" 200 7346 "http://www.f-knowledge.com/" "Mozilla/5.0 (Linux; Android 8.0.0; ATU-L31 Build/HUAWEIATU-L31) AppleWebKit/537.36 (KHTML, like Gecko) Chrome/68.0.3440.91 Mobile Safari/537.36"
66.249.81.128 - - [20/Oct/2018:00:50:12 +0300] "GET /assetsweb/js/retina.min.js HTTP/1.1" 200 1220 "http://www.f-knowledge.com/" "Mozilla/5.0 (Linux; Android 8.0.0; ATU-L31 Build/HUAWEIATU-L31) AppleWebKit/537.36 (KHTML, like Gecko) Chrome/68.0.3440.91 Mobile Safari/537.36"
66.249.81.158 - - [20/Oct/2018:00:50:12 +0300] "GET /assetsweb/js/wow.min.js HTTP/1.1" 200 2825 "http://www.f-knowledge.com/" "Mozilla/5.0 (Linux; Android 8.0.0; ATU-L31 Build/HUAWEIATU-L31) AppleWebKit/537.36 (KHTML, like Gecko) Chrome/68.0.3440.91 Mobile Safari/537.36"
66.249.81.158 - - [20/Oct/2018:00:50:12 +0300] "GET /assetsweb/js/jquery.countdown.min.js HTTP/1.1" 200 685 "http://www.f-knowledge.com/" "Mozilla/5.0 (Linux; Android 8.0.0; ATU-L31 Build/HUAWEIATU-L31) AppleWebKit/537.36 (KHTML, like Gecko) Chrome/68.0.3440.91 Mobile Safari/537.36"
66.249.81.131 - - [20/Oct/2018:00:50:12 +0300] "GET /assetsweb/js/skrollr.min.js HTTP/1.1" 200 5591 "http://www.f-knowledge.com/" "Mozilla/5.0 (Linux; Android 8.0.0; ATU-L31 Build/HUAWEIATU-L31) AppleWebKit/537.36 (KHTML, like Gecko) Chrome/68.0.3440.91 Mobile Safari/537.36"
66.249.81.131 - - [20/Oct/2018:00:50:12 +0300] "GET /assetsweb/js/particles/particles.min.js HTTP/1.1" 200 5959 "http://www.f-knowledge.com/" "Mozilla/5.0 (Linux; Android 8.0.0; ATU-L31 Build/HUAWEIATU-L31) AppleWebKit/537.36 (KHTML, like Gecko) Chrome/68.0.3440.91 Mobile Safari/537.36"
66.249.81.158 - - [20/Oct/2018:00:50:12 +0300] "GET /assetsweb/js/particles/app.js HTTP/1.1" 200 865 "http://www.f-knowledge.com/" "Mozilla/5.0 (Linux; Android 8.0.0; ATU-L31 Build/HUAWEIATU-L31) AppleWebKit/537.36 (KHTML, like Gecko) Chrome/68.0.3440.91 Mobile Safari/537.36"
66.249.81.158 - - [20/Oct/2018:00:50:12 +0300] "GET /assetsweb/js/custom.js HTTP/1.1" 200 2656 "http://www.f-knowledge.com/" "Mozilla/5.0 (Linux; Android 8.0.0; ATU-L31 Build/HUAWEIATU-L31) AppleWebKit/537.36 (KHTML, like Gecko) Chrome/68.0.3440.91 Mobile Safari/537.36"
66.249.81.128 - - [20/Oct/2018:00:50:12 +0300] "GET /assetsweb/js/bootstrap.min.js HTTP/1.1" 200 9919 "http://www.f-knowledge.com/" "Mozilla/5.0 (Linux; Android 8.0.0; ATU-L31 Build/HUAWEIATU-L31) AppleWebKit/537.36 (KHTML, like Gecko) Chrome/68.0.3440.91 Mobile Safari/537.36"
66.249.81.158 - - [20/Oct/2018:00:50:12 +0300] "GET /sett/15154364921.png HTTP/1.1" 200 9408 "http://www.f-knowledge.com/" "Mozilla/5.0 (Linux; Android 8.0.0; ATU-L31 Build/HUAWEIATU-L31) AppleWebKit/537.36 (KHTML, like Gecko) Chrome/68.0.3440.91 Mobile Safari/537.36"
66.249.81.128 - - [20/Oct/2018:00:50:12 +0300] "GET /assetsweb/images/banner/01.png HTTP/1.1" 200 104306 "http://www.f-knowledge.com/" "Mozilla/5.0 (Linux; Android 8.0.0; ATU-L31 Build/HUAWEIATU-L31) AppleWebKit/537.36 (KHTML, like Gecko) Chrome/68.0.3440.91 Mobile Safari/537.36"
66.249.81.131 - - [20/Oct/2018:00:50:12 +0300] "GET /assetsweb/images/drive/03.png HTTP/1.1" 200 12174 "http://www.f-knowledge.com/" "Mozilla/5.0 (Linux; Android 8.0.0; ATU-L31 Build/HUAWEIATU-L31) AppleWebKit/537.36 (KHTML, like Gecko) Chrome/68.0.3440.91 Mobile Safari/537.36"
66.249.81.128 - - [20/Oct/2018:00:50:12 +0300] "GET /assetsweb/images/drive/04.png HTTP/1.1" 200 4375 "http://www.f-knowledge.com/" "Mozilla/5.0 (Linux; Android 8.0.0; ATU-L31 Build/HUAWEIATU-L31) AppleWebKit/537.36 (KHTML, like Gecko) Chrome/68.0.3440.91 Mobile Safari/537.36"
66.249.81.128 - - [20/Oct/2018:00:50:12 +0300] "GET /assetsweb/images/drive/01.png HTTP/1.1" 200 55703 "http://www.f-knowledge.com/" "Mozilla/5.0 (Linux; Android 8.0.0; ATU-L31 Build/HUAWEIATU-L31) AppleWebKit/537.36 (KHTML, like Gecko) Chrome/68.0.3440.91 Mobile Safari/537.36"
66.249.81.158 - - [20/Oct/2018:00:50:12 +0300] "GET /assetsweb/images/drive/02-ar.png HTTP/1.1" 200 68618 "http://www.f-knowledge.com/" "Mozilla/5.0 (Linux; Android 8.0.0; ATU-L31 Build/HUAWEIATU-L31) AppleWebKit/537.36 (KHTML, like Gecko) Chrome/68.0.3440.91 Mobile Safari/537.36"
66.249.81.131 - - [20/Oct/2018:00:50:13 +0300] "GET /solution_image/1533364869.png HTTP/1.1" 200 61384 "http://www.f-knowledge.com/" "Mozilla/5.0 (Linux; Android 8.0.0; ATU-L31 Build/HUAWEIATU-L31) AppleWebKit/537.36 (KHTML, like Gecko) Chrome/68.0.3440.91 Mobile Safari/537.36"
66.249.81.131 - - [20/Oct/2018:00:50:13 +0300] "GET /solution_image/1533364634.jpg HTTP/1.1" 200 47051 "http://www.f-knowledge.com/" "Mozilla/5.0 (Linux; Android 8.0.0; ATU-L31 Build/HUAWEIATU-L31) AppleWebKit/537.36 (KHTML, like Gecko) Chrome/68.0.3440.91 Mobile Safari/537.36"
66.249.81.131 - - [20/Oct/2018:00:50:13 +0300] "GET /solution_image/1533363991.jpg HTTP/1.1" 200 85082 "http://www.f-knowledge.com/" "Mozilla/5.0 (Linux; Android 8.0.0; ATU-L31 Build/HUAWEIATU-L31) AppleWebKit/537.36 (KHTML, like Gecko) Chrome/68.0.3440.91 Mobile Safari/537.36"
66.249.81.131 - - [20/Oct/2018:00:50:13 +0300] "GET /solution_image/1533364197.jpg HTTP/1.1" 200 103489 "http://www.f-knowledge.com/" "Mozilla/5.0 (Linux; Android 8.0.0; ATU-L31 Build/HUAWEIATU-L31) AppleWebKit/537.36 (KHTML, like Gecko) Chrome/68.0.3440.91 Mobile Safari/537.36"
66.249.81.128 - - [20/Oct/2018:00:50:13 +0300] "GET /solution_image/1533364221.jpg HTTP/1.1" 200 113572 "http://www.f-knowledge.com/" "Mozilla/5.0 (Linux; Android 8.0.0; ATU-L31 Build/HUAWEIATU-L31) AppleWebKit/537.36 (KHTML, like Gecko) Chrome/68.0.3440.91 Mobile Safari/537.36"
66.249.81.128 - - [20/Oct/2018:00:50:13 +0300] "GET /solution_image/1533364246.jpeg HTTP/1.1" 200 51244 "http://www.f-knowledge.com/" "Mozilla/5.0 (Linux; Android 8.0.0; ATU-L31 Build/HUAWEIATU-L31) AppleWebKit/537.36 (KHTML, like Gecko) Chrome/68.0.3440.91 Mobile Safari/537.36"
66.249.81.131 - - [20/Oct/2018:00:50:13 +0300] "GET /images/1533365116.jpg HTTP/1.1" 200 12886 "http://www.f-knowledge.com/" "Mozilla/5.0 (Linux; Android 8.0.0; ATU-L31 Build/HUAWEIATU-L31) AppleWebKit/537.36 (KHTML, like Gecko) Chrome/68.0.3440.91 Mobile Safari/537.36"
66.249.81.131 - - [20/Oct/2018:00:50:14 +0300] "GET /images/1533365196.png HTTP/1.1" 200 21958 "http://www.f-knowledge.com/" "Mozilla/5.0 (Linux; Android 8.0.0; ATU-L31 Build/HUAWEIATU-L31) AppleWebKit/537.36 (KHTML, like Gecko) Chrome/68.0.3440.91 Mobile Safari/537.36"
66.249.81.128 - - [20/Oct/2018:00:50:14 +0300] "GET /images/1533365244.png HTTP/1.1" 200 21958 "http://www.f-knowledge.com/" "Mozilla/5.0 (Linux; Android 8.0.0; ATU-L31 Build/HUAWEIATU-L31) AppleWebKit/537.36 (KHTML, like Gecko) Chrome/68.0.3440.91 Mobile Safari/537.36"
66.249.81.158 - - [20/Oct/2018:00:50:14 +0300] "GET /images/1533365268.png HTTP/1.1" 200 21958 "http://www.f-knowledge.com/" "Mozilla/5.0 (Linux; Android 8.0.0; ATU-L31 Build/HUAWEIATU-L31) AppleWebKit/537.36 (KHTML, like Gecko) Chrome/68.0.3440.91 Mobile Safari/537.36"
66.249.81.158 - - [20/Oct/2018:00:50:15 +0300] "GET /sett/151543639715.jpg HTTP/1.1" 200 145886 "http://www.f-knowledge.com/" "Mozilla/5.0 (Linux; Android 8.0.0; ATU-L31 Build/HUAWEIATU-L31) AppleWebKit/537.36 (KHTML, like Gecko) Chrome/68.0.3440.91 Mobile Safari/537.36"
66.249.81.158 - - [20/Oct/2018:00:50:15 +0300] "GET /assetsweb/fonts/fontawesome-webfont3e6e.html?v=4.7.0 HTTP/1.1" 200 77162 "http://www.f-knowledge.com/assetsweb/css/font-awesome.css" "Mozilla/5.0 (Linux; Android 8.0.0; ATU-L31 Build/HUAWEIATU-L31) AppleWebKit/537.36 (KHTML, like Gecko) Chrome/68.0.3440.91 Mobile Safari/537.36"
66.249.81.158 - - [20/Oct/2018:00:50:15 +0300] "GET /assetsweb/images/banner/02-ar.png HTTP/1.1" 200 5104 "http://www.f-knowledge.com/assetsweb/css/style-ar.css" "Mozilla/5.0 (Linux; Android 8.0.0; ATU-L31 Build/HUAWEIATU-L31) AppleWebKit/537.36 (KHTML, like Gecko) Chrome/68.0.3440.91 Mobile Safari/537.36"
66.249.81.158 - - [20/Oct/2018:00:50:15 +0300] "GET /assetsweb/images/bg/04.jpg HTTP/1.1" 200 1501984 "http://www.f-knowledge.com/" "Mozilla/5.0 (Linux; Android 8.0.0; ATU-L31 Build/HUAWEIATU-L31) AppleWebKit/537.36 (KHTML, like Gecko) Chrome/68.0.3440.91 Mobile Safari/537.36"
66.249.81.128 - - [20/Oct/2018:00:50:15 +0300] "GET /assetsweb/images/bg/07.jpg HTTP/1.1" 200 998092 "http://www.f-knowledge.com/" "Mozilla/5.0 (Linux; Android 8.0.0; ATU-L31 Build/HUAWEIATU-L31) AppleWebKit/537.36 (KHTML, like Gecko) Chrome/68.0.3440.91 Mobile Safari/537.36"
66.249.81.158 - - [20/Oct/2018:00:50:15 +0300] "GET /assetsweb/fonts/ionicons28b5.ttf?v=2.0.0 HTTP/1.1" 200 188508 "http://www.f-knowledge.com/assetsweb/css/ionicons.min.css" "Mozilla/5.0 (Linux; Android 8.0.0; ATU-L31 Build/HUAWEIATU-L31) AppleWebKit/537.36 (KHTML, like Gecko) Chrome/68.0.3440.91 Mobile Safari/537.36"
66.249.81.131 - - [20/Oct/2018:00:50:21 +0300] "HEAD /assetsweb/images/drive/03@2x.png HTTP/1.1" 404 - "http://www.f-knowledge.com/" "Mozilla/5.0 (Linux; Android 8.0.0; ATU-L31 Build/HUAWEIATU-L31) AppleWebKit/537.36 (KHTML, like Gecko) Chrome/68.0.3440.91 Mobile Safari/537.36"
66.249.81.131 - - [20/Oct/2018:00:50:21 +0300] "HEAD /assetsweb/images/drive/04@2x.png HTTP/1.1" 404 - "http://www.f-knowledge.com/" "Mozilla/5.0 (Linux; Android 8.0.0; ATU-L31 Build/HUAWEIATU-L31) AppleWebKit/537.36 (KHTML, like Gecko) Chrome/68.0.3440.91 Mobile Safari/537.36"
66.249.81.158 - - [20/Oct/2018:00:50:21 +0300] "HEAD /sett/15154364921@2x.png HTTP/1.1" 404 - "http://www.f-knowledge.com/" "Mozilla/5.0 (Linux; Android 8.0.0; ATU-L31 Build/HUAWEIATU-L31) AppleWebKit/537.36 (KHTML, like Gecko) Chrome/68.0.3440.91 Mobile Safari/537.36"
66.249.81.158 - - [20/Oct/2018:00:50:21 +0300] "HEAD /assetsweb/images/drive/03@2x.png HTTP/1.1" 404 - "http://www.f-knowledge.com/" "Mozilla/5.0 (Linux; Android 8.0.0; ATU-L31 Build/HUAWEIATU-L31) AppleWebKit/537.36 (KHTML, like Gecko) Chrome/68.0.3440.91 Mobile Safari/537.36"
66.249.81.131 - - [20/Oct/2018:00:50:21 +0300] "HEAD /assetsweb/images/drive/04@2x.png HTTP/1.1" 404 - "http://www.f-knowledge.com/" "Mozilla/5.0 (Linux; Android 8.0.0; ATU-L31 Build/HUAWEIATU-L31) AppleWebKit/537.36 (KHTML, like Gecko) Chrome/68.0.3440.91 Mobile Safari/537.36"
66.249.81.131 - - [20/Oct/2018:00:50:21 +0300] "HEAD /solution_image/1533364869@2x.png HTTP/1.1" 404 - "http://www.f-knowledge.com/" "Mozilla/5.0 (Linux; Android 8.0.0; ATU-L31 Build/HUAWEIATU-L31) AppleWebKit/537.36 (KHTML, like Gecko) Chrome/68.0.3440.91 Mobile Safari/537.36"
66.249.81.128 - - [20/Oct/2018:00:50:22 +0300] "HEAD /solution_image/1533363991@2x.jpg HTTP/1.1" 404 - "http://www.f-knowledge.com/" "Mozilla/5.0 (Linux; Android 8.0.0; ATU-L31 Build/HUAWEIATU-L31) AppleWebKit/537.36 (KHTML, like Gecko) Chrome/68.0.3440.91 Mobile Safari/537.36"
66.249.81.131 - - [20/Oct/2018:00:50:22 +0300] "HEAD /solution_image/1533364197@2x.jpg HTTP/1.1" 404 - "http://www.f-knowledge.com/" "Mozilla/5.0 (Linux; Android 8.0.0; ATU-L31 Build/HUAWEIATU-L31) AppleWebKit/537.36 (KHTML, like Gecko) Chrome/68.0.3440.91 Mobile Safari/537.36"
66.249.81.128 - - [20/Oct/2018:00:50:22 +0300] "HEAD /solution_image/1533364634@2x.jpg HTTP/1.1" 404 - "http://www.f-knowledge.com/" "Mozilla/5.0 (Linux; Android 8.0.0; ATU-L31 Build/HUAWEIATU-L31) AppleWebKit/537.36 (KHTML, like Gecko) Chrome/68.0.3440.91 Mobile Safari/537.36"
66.249.81.131 - - [20/Oct/2018:00:50:22 +0300] "HEAD /solution_image/1533364221@2x.jpg HTTP/1.1" 404 - "http://www.f-knowledge.com/" "Mozilla/5.0 (Linux; Android 8.0.0; ATU-L31 Build/HUAWEIATU-L31) AppleWebKit/537.36 (KHTML, like Gecko) Chrome/68.0.3440.91 Mobile Safari/537.36"
66.249.81.128 - - [20/Oct/2018:00:50:22 +0300] "HEAD /images/1533365116@2x.jpg HTTP/1.1" 404 - "http://www.f-knowledge.com/" "Mozilla/5.0 (Linux; Android 8.0.0; ATU-L31 Build/HUAWEIATU-L31) AppleWebKit/537.36 (KHTML, like Gecko) Chrome/68.0.3440.91 Mobile Safari/537.36"
66.249.81.128 - - [20/Oct/2018:00:50:22 +0300] "HEAD /solution_image/1533364246@2x.jpeg HTTP/1.1" 404 - "http://www.f-knowledge.com/" "Mozilla/5.0 (Linux; Android 8.0.0; ATU-L31 Build/HUAWEIATU-L31) AppleWebKit/537.36 (KHTML, like Gecko) Chrome/68.0.3440.91 Mobile Safari/537.36"
66.249.81.158 - - [20/Oct/2018:00:50:22 +0300] "HEAD /images/1533365196@2x.png HTTP/1.1" 404 - "http://www.f-knowledge.com/" "Mozilla/5.0 (Linux; Android 8.0.0; ATU-L31 Build/HUAWEIATU-L31) AppleWebKit/537.36 (KHTML, like Gecko) Chrome/68.0.3440.91 Mobile Safari/537.36"
66.249.81.128 - - [20/Oct/2018:00:50:22 +0300] "HEAD /images/1533365244@2x.png HTTP/1.1" 404 - "http://www.f-knowledge.com/" "Mozilla/5.0 (Linux; Android 8.0.0; ATU-L31 Build/HUAWEIATU-L31) AppleWebKit/537.36 (KHTML, like Gecko) Chrome/68.0.3440.91 Mobile Safari/537.36"
66.249.81.158 - - [20/Oct/2018:00:50:22 +0300] "HEAD /images/1533365268@2x.png HTTP/1.1" 404 - "http://www.f-knowledge.com/" "Mozilla/5.0 (Linux; Android 8.0.0; ATU-L31 Build/HUAWEIATU-L31) AppleWebKit/537.36 (KHTML, like Gecko) Chrome/68.0.3440.91 Mobile Safari/537.36"
66.249.81.128 - - [20/Oct/2018:00:50:22 +0300] "GET /assetsweb/images/favicon.ico HTTP/1.1" 200 15086 "http://www.f-knowledge.com/" "Mozilla/5.0 (Linux; Android 8.0.0; ATU-L31 Build/HUAWEIATU-L31) AppleWebKit/537.36 (KHTML, like Gecko) Chrome/68.0.3440.91 Mobile Safari/537.36"
66.249.81.158 - - [20/Oct/2018:00:50:21 +0300] "HEAD /assetsweb/images/banner/01@2x.png HTTP/1.1" 404 - "http://www.f-knowledge.com/" "Mozilla/5.0 (Linux; Android 8.0.0; ATU-L31 Build/HUAWEIATU-L31) AppleWebKit/537.36 (KHTML, like Gecko) Chrome/68.0.3440.91 Mobile Safari/537.36"
66.249.81.131 - - [20/Oct/2018:00:50:21 +0300] "HEAD /assetsweb/images/drive/01@2x.png HTTP/1.1" 404 - "http://www.f-knowledge.com/" "Mozilla/5.0 (Linux; Android 8.0.0; ATU-L31 Build/HUAWEIATU-L31) AppleWebKit/537.36 (KHTML, like Gecko) Chrome/68.0.3440.91 Mobile Safari/537.36"
66.249.81.158 - - [20/Oct/2018:00:50:21 +0300] "HEAD /assetsweb/images/drive/02-ar@2x.png HTTP/1.1" 404 - "http://www.f-knowledge.com/" "Mozilla/5.0 (Linux; Android 8.0.0; ATU-L31 Build/HUAWEIATU-L31) AppleWebKit/537.36 (KHTML, like Gecko) Chrome/68.0.3440.91 Mobile Safari/537.36"
163.172.4.153 - - [20/Oct/2018:01:41:24 +0300] "GET / HTTP/1.1" 200 5533 "http://f-knowledge.com/" "Mozilla/5.0 (Windows NT 6.1) AppleWebKit/537.36 (KHTML, like Gecko) Chrome/58.0.3029.96 Safari/537.36"
66.249.66.62 - - [20/Oct/2018:02:10:19 +0300] "GET /assetsweb/js/jquery.min.js HTTP/1.1" 200 33760 "http://www.f-knowledge.com/" "Mozilla/5.0 (Linux; Android 6.0.1; Nexus 5X Build/MMB29P) AppleWebKit/537.36 (KHTML, like Gecko) Chrome/41.0.2272.96 Mobile Safari/537.36 (compatible; Googlebot/2.1; +http://www.google.com/bot.html)"
91.109.118.73 - - [20/Oct/2018:03:22:26 +0300] "GET / HTTP/1.1" 200 5533 "http://f-knowledge.com" "Mozilla/5.0 (Windows NT 6.1; Win64; x64) AppleWebKit/537.36 (KHTML, like Gecko) Chrome/68.0.3427.0 Safari/537.36"
5.45.207.48 - - [20/Oct/2018:04:46:12 +0300] "GET /robots.txt HTTP/1.1" 200 24 "-" "Mozilla/5.0 (compatible; YandexBot/3.0; +http://yandex.com/bots)"
5.45.207.48 - - [20/Oct/2018:04:46:15 +0300] "GET /assetsweb/images/favicon.ico HTTP/1.1" 200 15086 "-" "Mozilla/5.0 (compatible; YandexBot/3.0; +http://yandex.com/bots)"
157.55.39.86 - - [20/Oct/2018:05:26:21 +0300] "GET / HTTP/1.1" 200 5533 "-" "Mozilla/5.0 (compatible; bingbot/2.0; +http://www.bing.com/bingbot.htm)"
157.55.39.86 - - [20/Oct/2018:05:26:21 +0300] "GET / HTTP/1.1" 200 5533 "-" "Mozilla/5.0 (compatible; bingbot/2.0; +http://www.bing.com/bingbot.htm)"
52.53.201.78 - - [20/Oct/2018:06:06:19 +0300] "GET / HTTP/1.1" 200 5539 "-" "Mozilla/5.0 (Macintosh; Intel Mac OS X 10_12_6) AppleWebKit/537.36 (KHTML, like Gecko) Chrome/61.0.3163.100 Safari/537.36"
46.229.168.137 - - [20/Oct/2018:06:09:09 +0300] "GET /robots.txt HTTP/1.1" 200 24 "-" "Mozilla/5.0 (compatible; SemrushBot/2~bl; +http://www.semrush.com/bot.html)"
46.229.168.154 - - [20/Oct/2018:06:09:09 +0300] "GET /solutionview HTTP/1.1" 200 3366 "-" "Mozilla/5.0 (compatible; SemrushBot/2~bl; +http://www.semrush.com/bot.html)"
66.249.66.62 - - [20/Oct/2018:06:36:20 +0300] "GET /robots.txt HTTP/1.1" 200 24 "-" "Mozilla/5.0 (compatible; Googlebot/2.1; +http://www.google.com/bot.html)"
66.249.66.62 - - [20/Oct/2018:06:36:20 +0300] "GET /assetsweb/css/bootstrap-rtl.css HTTP/1.1" 200 4651 "http://www.f-knowledge.com/" "Mozilla/5.0 AppleWebKit/537.36 (KHTML, like Gecko; compatible; Googlebot/2.1; +http://www.google.com/bot.html) Safari/537.36"
66.249.66.37 - - [20/Oct/2018:06:36:22 +0300] "GET /assetsweb/js/jquery.min.js HTTP/1.1" 200 33760 "http://www.f-knowledge.com/" "Mozilla/5.0 AppleWebKit/537.36 (KHTML, like Gecko; compatible; Googlebot/2.1; +http://www.google.com/bot.html) Safari/537.36"
157.55.39.139 - - [20/Oct/2018:06:37:22 +0300] "GET /lang/ar HTTP/1.1" 302 332 "-" "Mozilla/5.0 (compatible; bingbot/2.0; +http://www.bing.com/bingbot.htm)"
46.229.168.149 - - [20/Oct/2018:07:05:27 +0300] "GET /serviceview HTTP/1.1" 200 11987 "-" "Mozilla/5.0 (compatible; SemrushBot/2~bl; +http://www.semrush.com/bot.html)"
66.249.66.37 - - [20/Oct/2018:08:19:55 +0300] "GET /index HTTP/1.1" 200 5539 "-" "Mozilla/5.0 (Linux; Android 6.0.1; Nexus 5X Build/MMB29P) AppleWebKit/537.36 (KHTML, like Gecko) Chrome/41.0.2272.96 Mobile Safari/537.36 (compatible; Googlebot/2.1; +http://www.google.com/bot.html)"
66.249.66.34 - - [20/Oct/2018:09:34:56 +0300] "GET /newview HTTP/1.1" 200 3024 "-" "Mozilla/5.0 (Linux; Android 6.0.1; Nexus 5X Build/MMB29P) AppleWebKit/537.36 (KHTML, like Gecko) Chrome/41.0.2272.96 Mobile Safari/537.36 (compatible; Googlebot/2.1; +http://www.google.com/bot.html)"
66.249.66.34 - - [20/Oct/2018:10:57:29 +0300] "GET /teamview HTTP/1.1" 200 3366 "-" "Mozilla/5.0 (Linux; Android 6.0.1; Nexus 5X Build/MMB29P) AppleWebKit/537.36 (KHTML, like Gecko) Chrome/41.0.2272.96 Mobile Safari/537.36 (compatible; Googlebot/2.1; +http://www.google.com/bot.html)"
66.249.66.62 - - [20/Oct/2018:12:08:31 +0300] "GET /contactview HTTP/1.1" 200 3565 "-" "Mozilla/5.0 (Linux; Android 6.0.1; Nexus 5X Build/MMB29P) AppleWebKit/537.36 (KHTML, like Gecko) Chrome/41.0.2272.96 Mobile Safari/537.36 (compatible; Googlebot/2.1; +http://www.google.com/bot.html)"
66.249.66.30 - - [20/Oct/2018:13:03:58 +0300] "GET / HTTP/1.1" 200 5533 "-" "Mozilla/5.0 (Linux; Android 6.0.1; Nexus 5X Build/MMB29P) AppleWebKit/537.36 (KHTML, like Gecko) Chrome/41.0.2272.96 Mobile Safari/537.36 (compatible; Googlebot/2.1; +http://www.google.com/bot.html)"
66.249.66.29 - - [20/Oct/2018:13:04:01 +0300] "GET /assetsweb/css/responsive-rtl.css HTTP/1.1" 404 3437 "http://f-knowledge.com/" "Mozilla/5.0 (Linux; Android 6.0.1; Nexus 5X Build/MMB29P) AppleWebKit/537.36 (KHTML, like Gecko) Chrome/41.0.2272.96 Mobile Safari/537.36 (compatible; Googlebot/2.1; +http://www.google.com/bot.html)"
46.229.168.131 - - [20/Oct/2018:13:08:10 +0300] "GET /robots.txt HTTP/1.1" 200 24 "-" "Mozilla/5.0 (compatible; SemrushBot/2~bl; +http://www.semrush.com/bot.html)"
46.229.168.150 - - [20/Oct/2018:13:08:12 +0300] "GET /serviceview HTTP/1.1" 200 11987 "-" "Mozilla/5.0 (compatible; SemrushBot/2~bl; +http://www.semrush.com/bot.html)"
54.36.150.47 - - [20/Oct/2018:13:20:25 +0300] "GET /robots.txt HTTP/1.1" 200 24 "-" "Mozilla/5.0 (compatible; AhrefsBot/5.2; +http://ahrefs.com/robot/)"
54.36.148.117 - - [20/Oct/2018:13:20:26 +0300] "GET /assetsweb/images/screenshots/01.jpg HTTP/1.1" 200 115266 "-" "Mozilla/5.0 (compatible; AhrefsBot/5.2; +http://ahrefs.com/robot/)"
157.55.39.139 - - [20/Oct/2018:17:16:16 +0300] "GET /serviceview HTTP/1.1" 200 11984 "-" "Mozilla/5.0 (compatible; bingbot/2.0; +http://www.bing.com/bingbot.htm)"
157.55.39.139 - - [20/Oct/2018:17:16:23 +0300] "GET /assetsweb/css/bootstrap.min.css HTTP/1.1" 200 20125 "-" "Mozilla/5.0 (compatible; bingbot/2.0; +http://www.bing.com/bingbot.htm)"
157.55.39.139 - - [20/Oct/2018:17:16:23 +0300] "GET /assetsweb/css/bootstrap-rtl.css HTTP/1.1" 200 4651 "-" "Mozilla/5.0 (compatible; bingbot/2.0; +http://www.bing.com/bingbot.htm)"
157.55.39.139 - - [20/Oct/2018:17:16:23 +0300] "GET /assetsweb/css/responsive-rtl.css HTTP/1.1" 404 3437 "-" "Mozilla/5.0 (compatible; bingbot/2.0; +http://www.bing.com/bingbot.htm)"
157.55.39.139 - - [20/Oct/2018:17:16:23 +0300] "GET /assetsweb/js/jquery.min.js HTTP/1.1" 200 33760 "-" "Mozilla/5.0 (compatible; bingbot/2.0; +http://www.bing.com/bingbot.htm)"
157.55.39.139 - - [20/Oct/2018:17:16:24 +0300] "GET /assetsweb/js/retina.min.js HTTP/1.1" 200 1220 "-" "Mozilla/5.0 (compatible; bingbot/2.0; +http://www.bing.com/bingbot.htm)"
193.106.30.98 - - [20/Oct/2018:17:35:19 +0300] "GET /jQuery-File-Upload/js/jquery.fileupload.js HTTP/1.1" 404 3437 "-" "Mozilla/5.0 (Windows NT 6.1; rv:34.0) Gecko/20100101 Firefox/34.0"
180.76.15.34 - - [20/Oct/2018:19:03:13 +0300] "GET /robots.txt HTTP/1.1" 200 24 "-" "Mozilla/5.0 (Windows NT 5.1; rv:6.0.2) Gecko/20100101 Firefox/6.0.2"
180.76.15.10 - - [20/Oct/2018:19:03:14 +0300] "GET /robots.txt HTTP/1.1" 200 24 "-" "Mozilla/5.0 (Windows NT 5.1; rv:6.0.2) Gecko/20100101 Firefox/6.0.2"
180.76.15.152 - - [20/Oct/2018:19:04:02 +0300] "GET /assetsweb/css/custom.css HTTP/1.1" 200 195 "-" "Mozilla/5.0 (compatible; Baiduspider/2.0; +http://www.baidu.com/search/spider.html)"
190.112.223.131 - - [20/Oct/2018:19:08:31 +0300] "GET /robots.txt HTTP/1.1" 200 24 "-" "Mozilla/5.0 (compatible; Uptimebot/1.0; +http://www.uptime.com/uptimebot)"
157.55.39.86 - - [20/Oct/2018:19:21:04 +0300] "GET / HTTP/1.1" 200 5533 "-" "Mozilla/5.0 (compatible; bingbot/2.0; +http://www.bing.com/bingbot.htm)"
180.76.15.14 - - [20/Oct/2018:19:37:22 +0300] "GET /assetsweb/js/custom.js HTTP/1.1" 200 2656 "-" "Mozilla/5.0 (compatible; Baiduspider/2.0; +http://www.baidu.com/search/spider.html)"
180.76.15.34 - - [20/Oct/2018:20:10:42 +0300] "GET /assetsweb/css/bootstrap.min.css HTTP/1.1" 200 20125 "-" "Mozilla/5.0 (compatible; Baiduspider/2.0; +http://www.baidu.com/search/spider.html)"
66.249.66.37 - - [20/Oct/2018:22:42:38 +0300] "GET / HTTP/1.1" 200 5539 "-" "Mozilla/5.0 (Linux; Android 6.0.1; Nexus 5X Build/MMB29P) AppleWebKit/537.36 (KHTML, like Gecko) Chrome/41.0.2272.96 Mobile Safari/537.36 (compatible; Googlebot/2.1; +http://www.google.com/bot.html)"
66.249.66.62 - - [20/Oct/2018:22:43:24 +0300] "GET /assetsweb/css/bootstrap-rtl.css HTTP/1.1" 200 4651 "http://www.f-knowledge.com/" "Mozilla/5.0 (Linux; Android 6.0.1; Nexus 5X Build/MMB29P) AppleWebKit/537.36 (KHTML, like Gecko) Chrome/41.0.2272.96 Mobile Safari/537.36 (compatible; Googlebot/2.1; +http://www.google.com/bot.html)"
66.249.66.37 - - [20/Oct/2018:22:43:25 +0300] "GET /assetsweb/js/jquery.min.js HTTP/1.1" 200 33760 "http://www.f-knowledge.com/" "Mozilla/5.0 (Linux; Android 6.0.1; Nexus 5X Build/MMB29P) AppleWebKit/537.36 (KHTML, like Gecko) Chrome/41.0.2272.96 Mobile Safari/537.36 (compatible; Googlebot/2.1; +http://www.google.com/bot.html)"
66.249.66.37 - - [21/Oct/2018:00:37:11 +0300] "GET / HTTP/1.1" 200 5539 "-" "Mozilla/5.0 (compatible; Googlebot/2.1; +http://www.google.com/bot.html)"
66.249.66.37 - - [21/Oct/2018:00:37:12 +0300] "GET /assetsweb/css/responsive-rtl.css HTTP/1.1" 404 3501 "http://www.f-knowledge.com/" "Mozilla/5.0 AppleWebKit/537.36 (KHTML, like Gecko; compatible; Googlebot/2.1; +http://www.google.com/bot.html) Safari/537.36"
66.249.66.30 - - [21/Oct/2018:00:38:40 +0300] "GET /robots.txt HTTP/1.1" 200 24 "-" "Mozilla/5.0 (compatible; Googlebot/2.1; +http://www.google.com/bot.html)"
66.249.66.30 - - [21/Oct/2018:00:38:40 +0300] "GET / HTTP/1.1" 200 5533 "-" "Mozilla/5.0 (compatible; Googlebot/2.1; +http://www.google.com/bot.html)"
66.249.66.30 - - [21/Oct/2018:00:38:44 +0300] "GET /assetsweb/css/responsive-rtl.css HTTP/1.1" 404 3437 "http://f-knowledge.com/" "Mozilla/5.0 AppleWebKit/537.36 (KHTML, like Gecko; compatible; Googlebot/2.1; +http://www.google.com/bot.html) Safari/537.36"
46.229.168.142 - - [21/Oct/2018:01:32:37 +0300] "GET /robots.txt HTTP/1.1" 200 24 "-" "Mozilla/5.0 (compatible; SemrushBot/2~bl; +http://www.semrush.com/bot.html)"
46.229.168.141 - - [21/Oct/2018:01:32:37 +0300] "GET /serviceview HTTP/1.1" 200 11987 "-" "Mozilla/5.0 (compatible; SemrushBot/2~bl; +http://www.semrush.com/bot.html)"
54.36.149.20 - - [21/Oct/2018:02:32:02 +0300] "GET / HTTP/1.1" 200 5533 "-" "Mozilla/5.0 (compatible; AhrefsBot/5.2; +http://ahrefs.com/robot/)"
86.110.118.172 - - [21/Oct/2018:02:59:33 +0300] "GET /wp-login.php HTTP/1.1" 404 3437 "-" "Mozilla/5.0 (compatible; MSIE 9.0; Windows NT 6.1; Trident/5.0)"
86.110.118.172 - - [21/Oct/2018:02:59:34 +0300] "GET //wp-login.php HTTP/1.1" 404 3437 "-" "Mozilla/5.0 (compatible; MSIE 9.0; Windows NT 6.1; Trident/5.0)"
207.46.13.91 - - [21/Oct/2018:03:23:08 +0300] "GET /aboutview HTTP/1.1" 200 4133 "-" "Mozilla/5.0 (compatible; bingbot/2.0; +http://www.bing.com/bingbot.htm)"
40.77.167.76 - - [21/Oct/2018:03:24:24 +0300] "GET /assetsweb/css/owl-carousel/owl.carousel.css HTTP/1.1" 200 1111 "-" "Mozilla/5.0 (compatible; bingbot/2.0; +http://www.bing.com/bingbot.htm)"
40.77.167.76 - - [21/Oct/2018:03:24:24 +0300] "GET /assetsweb/css/animate.css HTTP/1.1" 200 2922 "-" "Mozilla/5.0 (compatible; bingbot/2.0; +http://www.bing.com/bingbot.htm)"
40.77.167.76 - - [21/Oct/2018:03:24:25 +0300] "GET /assetsweb/css/ionicons.min.css HTTP/1.1" 200 8291 "-" "Mozilla/5.0 (compatible; bingbot/2.0; +http://www.bing.com/bingbot.htm)"
40.77.167.76 - - [21/Oct/2018:03:24:25 +0300] "GET /assetsweb/js/owl-carousel/owl.carousel.min.js HTTP/1.1" 200 11611 "-" "Mozilla/5.0 (compatible; bingbot/2.0; +http://www.bing.com/bingbot.htm)"
40.77.167.76 - - [21/Oct/2018:03:24:26 +0300] "GET /assetsweb/js/counter/jquery.countTo.js HTTP/1.1" 200 825 "-" "Mozilla/5.0 (compatible; bingbot/2.0; +http://www.bing.com/bingbot.htm)"
40.77.167.76 - - [21/Oct/2018:03:24:26 +0300] "GET /assetsweb/js/magnific-popup/jquery.magnific-popup.min.js HTTP/1.1" 200 7346 "-" "Mozilla/5.0 (compatible; bingbot/2.0; +http://www.bing.com/bingbot.htm)"
40.77.167.76 - - [21/Oct/2018:03:24:27 +0300] "GET /assetsweb/js/wow.min.js HTTP/1.1" 200 2825 "-" "Mozilla/5.0 (compatible; bingbot/2.0; +http://www.bing.com/bingbot.htm)"
40.77.167.76 - - [21/Oct/2018:03:24:27 +0300] "GET /assetsweb/js/jquery.countdown.min.js HTTP/1.1" 200 685 "-" "Mozilla/5.0 (compatible; bingbot/2.0; +http://www.bing.com/bingbot.htm)"
40.77.167.76 - - [21/Oct/2018:03:24:27 +0300] "GET /assetsweb/js/bootstrap.min.js HTTP/1.1" 200 9919 "-" "Mozilla/5.0 (compatible; bingbot/2.0; +http://www.bing.com/bingbot.htm)"
207.46.13.24 - - [21/Oct/2018:04:24:18 +0300] "GET /robots.txt HTTP/1.1" 200 24 "-" "Mozilla/5.0 (compatible; bingbot/2.0; +http://www.bing.com/bingbot.htm)"
157.55.39.5 - - [21/Oct/2018:04:24:45 +0300] "GET /robots.txt HTTP/1.1" 200 24 "-" "Mozilla/5.0 (compatible; bingbot/2.0; +http://www.bing.com/bingbot.htm)"
46.229.168.132 - - [21/Oct/2018:04:32:12 +0300] "GET /robots.txt HTTP/1.1" 200 24 "-" "Mozilla/5.0 (compatible; SemrushBot/2~bl; +http://www.semrush.com/bot.html)"
46.229.168.146 - - [21/Oct/2018:04:32:12 +0300] "GET /serviceview HTTP/1.1" 200 11987 "-" "Mozilla/5.0 (compatible; SemrushBot/2~bl; +http://www.semrush.com/bot.html)"
157.55.39.5 - - [21/Oct/2018:04:37:30 +0300] "GET /robots.txt HTTP/1.1" 200 24 "-" "Mozilla/5.0 (compatible; bingbot/2.0; +http://www.bing.com/bingbot.htm)"
157.55.39.179 - - [21/Oct/2018:05:21:23 +0300] "GET /assetsweb/js/particles/app.js HTTP/1.1" 200 865 "-" "Mozilla/5.0 (compatible; bingbot/2.0; +http://www.bing.com/bingbot.htm)"
157.55.39.179 - - [21/Oct/2018:05:21:23 +0300] "GET /assetsweb/js/particles/particles.min.js HTTP/1.1" 200 5959 "-" "Mozilla/5.0 (compatible; bingbot/2.0; +http://www.bing.com/bingbot.htm)"
207.46.13.69 - - [21/Oct/2018:05:48:23 +0300] "GET / HTTP/1.1" 200 5533 "-" "Mozilla/5.0 (compatible; bingbot/2.0; +http://www.bing.com/bingbot.htm)"
80.248.227.208 - - [21/Oct/2018:08:36:57 +0300] "GET /robots.txt HTTP/1.1" 200 24 "-" "CipaCrawler/3.0 (info@domaincrawler.com; http://www.domaincrawler.com/f-knowledge.com)"
80.248.227.208 - - [21/Oct/2018:08:36:57 +0300] "GET / HTTP/1.1" 200 31779 "-" "CipaCrawler/3.0 (info@domaincrawler.com; http://www.domaincrawler.com/f-knowledge.com)"
66.249.66.62 - - [21/Oct/2018:08:37:41 +0300] "GET /robots.txt HTTP/1.1" 200 24 "-" "Mozilla/5.0 (compatible; Googlebot/2.1; +http://www.google.com/bot.html)"
66.249.66.62 - - [21/Oct/2018:08:37:41 +0300] "GET / HTTP/1.1" 200 5539 "-" "Mozilla/5.0 (Linux; Android 6.0.1; Nexus 5X Build/MMB29P) AppleWebKit/537.36 (KHTML, like Gecko) Chrome/41.0.2272.96 Mobile Safari/537.36 (compatible; Googlebot/2.1; +http://www.google.com/bot.html)"
47.90.43.181 - - [21/Oct/2018:08:44:08 +0300] "GET //wp-login.php HTTP/1.1" 404 3437 "-" "Mozilla/5.0 (X11; U; Linux i686; pt-BR; rv:1.9.0.15) Gecko/2009102815 Ubuntu/9.04 (jaunty) Firefox/3.0.15"
47.90.43.181 - - [21/Oct/2018:08:44:08 +0300] "GET /blog//wp-login.php HTTP/1.1" 404 3437 "-" "Mozilla/5.0 (X11; U; Linux i686; pt-BR; rv:1.9.0.15) Gecko/2009102815 Ubuntu/9.04 (jaunty) Firefox/3.0.15"
47.90.43.181 - - [21/Oct/2018:08:44:09 +0300] "GET /wordpress//wp-login.php HTTP/1.1" 404 3437 "-" "Mozilla/5.0 (X11; U; Linux i686; pt-BR; rv:1.9.0.15) Gecko/2009102815 Ubuntu/9.04 (jaunty) Firefox/3.0.15"
47.90.43.181 - - [21/Oct/2018:08:44:10 +0300] "GET /wp//wp-login.php HTTP/1.1" 404 3437 "-" "Mozilla/5.0 (X11; U; Linux i686; pt-BR; rv:1.9.0.15) Gecko/2009102815 Ubuntu/9.04 (jaunty) Firefox/3.0.15"
207.46.13.91 - - [21/Oct/2018:09:26:03 +0300] "GET /serviceview HTTP/1.1" 200 11984 "-" "Mozilla/5.0 (compatible; bingbot/2.0; +http://www.bing.com/bingbot.htm)"
157.55.39.106 - - [21/Oct/2018:09:26:09 +0300] "GET /assetsweb/js/owl-carousel/owl.carousel.min.js HTTP/1.1" 200 11611 "-" "Mozilla/5.0 (compatible; bingbot/2.0; +http://www.bing.com/bingbot.htm)"
157.55.39.239 - - [21/Oct/2018:09:26:14 +0300] "GET /assetsweb/css/font-awesome.css HTTP/1.1" 200 7450 "-" "Mozilla/5.0 (compatible; bingbot/2.0; +http://www.bing.com/bingbot.htm)"
157.55.39.239 - - [21/Oct/2018:09:26:14 +0300] "GET /assetsweb/css/magnific-popup/magnific-popup.css HTTP/1.1" 200 1816 "-" "Mozilla/5.0 (compatible; bingbot/2.0; +http://www.bing.com/bingbot.htm)"
157.55.39.239 - - [21/Oct/2018:09:26:14 +0300] "GET /assetsweb/css/style-ar.css HTTP/1.1" 200 10943 "-" "Mozilla/5.0 (compatible; bingbot/2.0; +http://www.bing.com/bingbot.htm)"
157.55.39.239 - - [21/Oct/2018:09:26:14 +0300] "GET /assetsweb/css/custom.css HTTP/1.1" 200 195 "-" "Mozilla/5.0 (compatible; bingbot/2.0; +http://www.bing.com/bingbot.htm)"
157.55.39.239 - - [21/Oct/2018:09:26:14 +0300] "GET /assetsweb/js/jquery.appear.js HTTP/1.1" 200 674 "-" "Mozilla/5.0 (compatible; bingbot/2.0; +http://www.bing.com/bingbot.htm)"
157.55.39.239 - - [21/Oct/2018:09:26:14 +0300] "GET /assetsweb/js/skrollr.min.js HTTP/1.1" 200 5591 "-" "Mozilla/5.0 (compatible; bingbot/2.0; +http://www.bing.com/bingbot.htm)"
157.55.39.239 - - [21/Oct/2018:09:26:15 +0300] "GET /assetsweb/js/custom.js HTTP/1.1" 200 2656 "-" "Mozilla/5.0 (compatible; bingbot/2.0; +http://www.bing.com/bingbot.htm)"
66.249.66.62 - - [21/Oct/2018:10:45:35 +0300] "GET / HTTP/1.1" 200 5539 "-" "Mozilla/5.0 (compatible; Googlebot/2.1; +http://www.google.com/bot.html)"
66.249.66.37 - - [21/Oct/2018:10:45:37 +0300] "GET /assetsweb/css/responsive-rtl.css HTTP/1.1" 404 3501 "http://www.f-knowledge.com/" "Mozilla/5.0 AppleWebKit/537.36 (KHTML, like Gecko; compatible; Googlebot/2.1; +http://www.google.com/bot.html) Safari/537.36"
180.76.15.157 - - [21/Oct/2018:10:47:33 +0300] "GET /assetsweb/css/responsive-rtl.css HTTP/1.1" 404 3437 "-" "Mozilla/5.0 (compatible; Baiduspider/2.0; +http://www.baidu.com/search/spider.html)"
180.76.15.146 - - [21/Oct/2018:11:20:53 +0300] "GET / HTTP/1.1" 200 5533 "-" "Mozilla/5.0 (compatible; Baiduspider/2.0; +http://www.baidu.com/search/spider.html)"
46.229.168.139 - - [21/Oct/2018:12:14:26 +0300] "GET /robots.txt HTTP/1.1" 200 24 "-" "Mozilla/5.0 (compatible; SemrushBot/2~bl; +http://www.semrush.com/bot.html)"
46.229.168.138 - - [21/Oct/2018:12:14:26 +0300] "GET /serviceview HTTP/1.1" 200 11987 "-" "Mozilla/5.0 (compatible; SemrushBot/2~bl; +http://www.semrush.com/bot.html)"
157.55.39.106 - - [21/Oct/2018:12:32:28 +0300] "GET /contactview HTTP/1.1" 200 3562 "-" "Mozilla/5.0 (compatible; bingbot/2.0; +http://www.bing.com/bingbot.htm)"
54.36.150.47 - - [21/Oct/2018:14:37:40 +0300] "GET /robots.txt HTTP/1.1" 200 24 "-" "Mozilla/5.0 (compatible; AhrefsBot/5.2; +http://ahrefs.com/robot/)"
54.36.148.57 - - [21/Oct/2018:14:37:40 +0300] "GET /solutionview HTTP/1.1" 200 3362 "-" "Mozilla/5.0 (compatible; AhrefsBot/5.2; +http://ahrefs.com/robot/)"
66.249.66.30 - - [21/Oct/2018:15:09:18 +0300] "GET / HTTP/1.1" 200 5533 "-" "Mozilla/5.0 (compatible; Googlebot/2.1; +http://www.google.com/bot.html)"
66.249.66.30 - - [21/Oct/2018:15:09:21 +0300] "GET /assetsweb/css/responsive-rtl.css HTTP/1.1" 404 3437 "http://f-knowledge.com/" "Mozilla/5.0 AppleWebKit/537.36 (KHTML, like Gecko; compatible; Googlebot/2.1; +http://www.google.com/bot.html) Safari/537.36"
66.249.66.34 - - [21/Oct/2018:15:40:02 +0300] "GET /images/1533365268.png HTTP/1.1" 304 - "-" "Googlebot-Image/1.0"
66.249.66.34 - - [21/Oct/2018:16:00:10 +0300] "GET /images/1533365196.png HTTP/1.1" 304 - "-" "Googlebot-Image/1.0"
207.46.13.24 - - [21/Oct/2018:16:11:37 +0300] "GET /index HTTP/1.1" 200 5533 "-" "Mozilla/5.0 (compatible; bingbot/2.0; +http://www.bing.com/bingbot.htm)"
66.249.66.30 - - [21/Oct/2018:16:12:05 +0300] "GET / HTTP/1.1" 200 5533 "-" "Mozilla/5.0 (Linux; Android 6.0.1; Nexus 5X Build/MMB29P) AppleWebKit/537.36 (KHTML, like Gecko) Chrome/41.0.2272.96 Mobile Safari/537.36 (compatible; Googlebot/2.1; +http://www.google.com/bot.html)"
157.55.39.102 - - [21/Oct/2018:17:33:58 +0300] "GET /lang/en HTTP/1.1" 302 332 "-" "Mozilla/5.0 (compatible; bingbot/2.0; +http://www.bing.com/bingbot.htm)"
180.76.15.33 - - [21/Oct/2018:18:50:32 +0300] "GET / HTTP/1.1" 200 5533 "-" "Mozilla/5.0 (compatible; Baiduspider/2.0; +http://www.baidu.com/search/spider.html)"
46.229.168.134 - - [21/Oct/2018:19:08:04 +0300] "GET /robots.txt HTTP/1.1" 200 24 "-" "Mozilla/5.0 (compatible; SemrushBot/2~bl; +http://www.semrush.com/bot.html)"
46.229.168.131 - - [21/Oct/2018:19:08:04 +0300] "GET /lang/en HTTP/1.1" 302 348 "-" "Mozilla/5.0 (compatible; SemrushBot/2~bl; +http://www.semrush.com/bot.html)"
46.229.168.142 - - [21/Oct/2018:19:08:07 +0300] "GET / HTTP/1.1" 200 5539 "-" "Mozilla/5.0 (compatible; SemrushBot/2~bl; +http://www.semrush.com/bot.html)"
66.249.66.34 - - [21/Oct/2018:19:10:00 +0300] "GET / HTTP/1.1" 200 5539 "-" "Mozilla/5.0 (Linux; Android 6.0.1; Nexus 5X Build/MMB29P) AppleWebKit/537.36 (KHTML, like Gecko) Chrome/41.0.2272.96 Mobile Safari/537.36 (compatible; Googlebot/2.1; +http://www.google.com/bot.html)"
180.76.15.135 - - [21/Oct/2018:19:23:52 +0300] "GET /assetsweb/js/bootstrap.min.js HTTP/1.1" 200 9919 "-" "Mozilla/5.0 (compatible; Baiduspider/2.0; +http://www.baidu.com/search/spider.html)"
51.158.20.250 - - [21/Oct/2018:20:17:56 +0300] "GET /robots.txt HTTP/1.1" 200 24 "-" "Mozilla/5.0 (Windows NT 10.0; WOW64) AppleWebKit/537.36 (KHTML, like Gecko) Chrome/49.0.2623.75 Safari/537.36 OPR/36.0.2130.32"
51.158.20.250 - - [21/Oct/2018:20:17:56 +0300] "GET / HTTP/1.1" 200 31779 "-" "Mozilla/5.0 (Windows NT 10.0; WOW64) AppleWebKit/537.36 (KHTML, like Gecko) Chrome/49.0.2623.75 Safari/537.36 OPR/36.0.2130.32"
51.158.20.250 - - [21/Oct/2018:20:17:56 +0300] "GET /xmlrpc.php?rsd HTTP/1.1" 404 3437 "-" "Mozilla/5.0 (Windows NT 10.0; WOW64) AppleWebKit/537.36 (KHTML, like Gecko) Chrome/49.0.2623.75 Safari/537.36 OPR/36.0.2130.32"
51.158.20.250 - - [21/Oct/2018:20:17:56 +0300] "GET /blog/robots.txt HTTP/1.1" 404 3437 "-" "Mozilla/5.0 (Windows NT 10.0; WOW64) AppleWebKit/537.36 (KHTML, like Gecko) Chrome/49.0.2623.75 Safari/537.36 OPR/36.0.2130.32"
51.158.20.250 - - [21/Oct/2018:20:17:56 +0300] "GET /blog/ HTTP/1.1" 301 235 "-" "Mozilla/5.0 (Windows NT 10.0; WOW64) AppleWebKit/537.36 (KHTML, like Gecko) Chrome/49.0.2623.75 Safari/537.36 OPR/36.0.2130.32"
