178.215.220.223 - - [09/Oct/2018:14:09:21 +0300] "POST /webmail/?_task=mail&_action=refresh HTTP/1.1" 200 135 "http://f-knowledge.com/webmail/?_task=mail&_mbox=INBOX" "Mozilla/5.0 (Windows NT 10.0; Win64; x64; rv:62.0) Gecko/20100101 Firefox/62.0"
178.215.220.223 - - [09/Oct/2018:14:10:21 +0300] "POST /webmail/?_task=mail&_action=refresh HTTP/1.1" 200 135 "http://f-knowledge.com/webmail/?_task=mail&_mbox=INBOX" "Mozilla/5.0 (Windows NT 10.0; Win64; x64; rv:62.0) Gecko/20100101 Firefox/62.0"
178.215.220.223 - - [09/Oct/2018:14:11:22 +0300] "POST /webmail/?_task=mail&_action=refresh HTTP/1.1" 200 135 "http://f-knowledge.com/webmail/?_task=mail&_mbox=INBOX" "Mozilla/5.0 (Windows NT 10.0; Win64; x64; rv:62.0) Gecko/20100101 Firefox/62.0"
178.215.220.223 - - [09/Oct/2018:14:12:22 +0300] "POST /webmail/?_task=mail&_action=refresh HTTP/1.1" 200 135 "http://f-knowledge.com/webmail/?_task=mail&_mbox=INBOX" "Mozilla/5.0 (Windows NT 10.0; Win64; x64; rv:62.0) Gecko/20100101 Firefox/62.0"
178.215.220.223 - - [09/Oct/2018:14:13:22 +0300] "POST /webmail/?_task=mail&_action=refresh HTTP/1.1" 200 135 "http://f-knowledge.com/webmail/?_task=mail&_mbox=INBOX" "Mozilla/5.0 (Windows NT 10.0; Win64; x64; rv:62.0) Gecko/20100101 Firefox/62.0"
178.215.220.223 - - [09/Oct/2018:14:14:23 +0300] "POST /webmail/?_task=mail&_action=refresh HTTP/1.1" 200 135 "http://f-knowledge.com/webmail/?_task=mail&_mbox=INBOX" "Mozilla/5.0 (Windows NT 10.0; Win64; x64; rv:62.0) Gecko/20100101 Firefox/62.0"
178.215.220.223 - - [09/Oct/2018:14:15:23 +0300] "POST /webmail/?_task=mail&_action=refresh HTTP/1.1" 200 135 "http://f-knowledge.com/webmail/?_task=mail&_mbox=INBOX" "Mozilla/5.0 (Windows NT 10.0; Win64; x64; rv:62.0) Gecko/20100101 Firefox/62.0"
178.215.220.223 - - [09/Oct/2018:14:16:23 +0300] "POST /webmail/?_task=mail&_action=refresh HTTP/1.1" 200 135 "http://f-knowledge.com/webmail/?_task=mail&_mbox=INBOX" "Mozilla/5.0 (Windows NT 10.0; Win64; x64; rv:62.0) Gecko/20100101 Firefox/62.0"
178.215.220.223 - - [09/Oct/2018:14:17:23 +0300] "POST /webmail/?_task=mail&_action=refresh HTTP/1.1" 200 134 "http://f-knowledge.com/webmail/?_task=mail&_mbox=INBOX" "Mozilla/5.0 (Windows NT 10.0; Win64; x64; rv:62.0) Gecko/20100101 Firefox/62.0"
178.215.220.223 - - [09/Oct/2018:14:19:38 +0300] "POST /webmail/?_task=mail&_action=refresh HTTP/1.1" 200 135 "http://f-knowledge.com/webmail/?_task=mail&_mbox=INBOX" "Mozilla/5.0 (Windows NT 10.0; Win64; x64; rv:62.0) Gecko/20100101 Firefox/62.0"
31.167.199.131 - - [09/Oct/2018:15:05:27 +0300] "GET /assetsweb/js/skrollr.min.js HTTP/1.1" 200 5591 "http://www.atschool.kkischools.com/aboutview.aspx" "Mozilla/5.0 (Windows NT 10.0; Win64; x64) AppleWebKit/537.36 (KHTML, like Gecko) Chrome/69.0.3497.100 Safari/537.36"
5.45.207.48 - - [09/Oct/2018:15:28:09 +0300] "GET /robots.txt HTTP/1.1" 200 24 "-" "Mozilla/5.0 (compatible; YandexBot/3.0; +http://yandex.com/bots)"
178.154.200.21 - - [09/Oct/2018:15:28:09 +0300] "GET /robots.txt HTTP/1.1" 200 24 "-" "Mozilla/5.0 (compatible; YandexBot/3.0; +http://yandex.com/bots)"
5.45.207.48 - - [09/Oct/2018:15:28:13 +0300] "GET / HTTP/1.1" 200 5533 "-" "Mozilla/5.0 (compatible; YandexBot/3.0; +http://yandex.com/bots)"
178.154.200.21 - - [09/Oct/2018:15:28:13 +0300] "GET / HTTP/1.1" 200 5539 "-" "Mozilla/5.0 (compatible; YandexBot/3.0; +http://yandex.com/bots)"
66.249.66.28 - - [09/Oct/2018:17:19:47 +0300] "GET / HTTP/1.1" 200 5533 "-" "Mozilla/5.0 (compatible; Googlebot/2.1; +http://www.google.com/bot.html)"
66.249.66.34 - - [09/Oct/2018:17:29:37 +0300] "GET /robots.txt HTTP/1.1" 200 24 "-" "Mozilla/5.0 (compatible; Googlebot/2.1; +http://www.google.com/bot.html)"
66.249.66.37 - - [09/Oct/2018:17:29:37 +0300] "GET /sett/15154364921.png HTTP/1.1" 304 - "-" "Googlebot-Image/1.0"
66.249.66.34 - - [09/Oct/2018:18:04:37 +0300] "GET / HTTP/1.1" 200 5539 "-" "Mozilla/5.0 (Linux; Android 6.0.1; Nexus 5X Build/MMB29P) AppleWebKit/537.36 (KHTML, like Gecko) Chrome/41.0.2272.96 Mobile Safari/537.36 (compatible; Googlebot/2.1; +http://www.google.com/bot.html)"
5.45.207.48 - - [09/Oct/2018:19:10:50 +0300] "GET /robots.txt HTTP/1.1" 200 24 "-" "Mozilla/5.0 (compatible; YandexBot/3.0; +http://yandex.com/bots)"
5.45.207.48 - - [09/Oct/2018:19:10:53 +0300] "GET / HTTP/1.1" 200 5539 "-" "Mozilla/5.0 (compatible; YandexBot/3.0; +http://yandex.com/bots)"
5.45.207.48 - - [09/Oct/2018:19:23:21 +0300] "GET /favicon.ico HTTP/1.1" 200 - "-" "Mozilla/5.0 (compatible; YandexBot/3.0; +http://yandex.com/bots)"
180.76.15.22 - - [09/Oct/2018:19:36:47 +0300] "GET /aboutview HTTP/1.1" 200 4133 "-" "Mozilla/5.0 (compatible; Baiduspider/2.0; +http://www.baidu.com/search/spider.html)"
66.249.66.28 - - [09/Oct/2018:20:51:28 +0300] "GET / HTTP/1.1" 200 5533 "-" "Mozilla/5.0 (Linux; Android 6.0.1; Nexus 5X Build/MMB29P) AppleWebKit/537.36 (KHTML, like Gecko) Chrome/41.0.2272.96 Mobile Safari/537.36 (compatible; Googlebot/2.1; +http://www.google.com/bot.html)"
193.106.30.98 - - [09/Oct/2018:21:44:52 +0300] "POST /wp-admin/yt.php HTTP/1.1" 404 3437 "-" "Mozilla/5.0 (Windows NT 6.1; rv:34.0) Gecko/20100101 Firefox/34.0"
123.125.71.13 - - [09/Oct/2018:22:37:58 +0300] "GET / HTTP/1.1" 200 5533 "-" "Mozilla/5.0 (compatible; Baiduspider/2.0; +http://www.baidu.com/search/spider.html)"
54.173.35.129 - - [10/Oct/2018:01:21:22 +0300] "GET /robots.txt HTTP/1.0" 200 24 "-" "ia_archiver"
54.173.35.129 - - [10/Oct/2018:01:21:22 +0300] "GET /solutionview HTTP/1.0" 200 17020 "-" "ia_archiver"
54.173.35.129 - - [10/Oct/2018:01:21:40 +0300] "GET /teamview HTTP/1.0" 200 16764 "-" "ia_archiver"
54.173.35.129 - - [10/Oct/2018:01:22:00 +0300] "GET /contactview HTTP/1.0" 200 15735 "-" "ia_archiver"
66.249.66.28 - - [10/Oct/2018:02:38:32 +0300] "GET /robots.txt HTTP/1.1" 200 24 "-" "Mozilla/5.0 (compatible; Googlebot/2.1; +http://www.google.com/bot.html)"
66.249.66.30 - - [10/Oct/2018:02:38:32 +0300] "GET / HTTP/1.1" 200 5533 "-" "Mozilla/5.0 (compatible; Googlebot/2.1; +http://www.google.com/bot.html)"
66.249.66.28 - - [10/Oct/2018:02:38:35 +0300] "GET /assetsweb/css/responsive-rtl.css HTTP/1.1" 404 3437 "http://f-knowledge.com/" "Mozilla/5.0 AppleWebKit/537.36 (KHTML, like Gecko; compatible; Googlebot/2.1; +http://www.google.com/bot.html) Safari/537.36"
66.249.66.34 - - [10/Oct/2018:03:31:40 +0300] "GET / HTTP/1.1" 200 5539 "-" "Mozilla/5.0 (Linux; Android 6.0.1; Nexus 5X Build/MMB29P) AppleWebKit/537.36 (KHTML, like Gecko) Chrome/41.0.2272.96 Mobile Safari/537.36 (compatible; Googlebot/2.1; +http://www.google.com/bot.html)"
71.85.54.160 - - [10/Oct/2018:04:13:51 +0300] "HEAD / HTTP/1.1" 200 - "f-knowledge.com" "Mozilla/5.0 (Windows NT 10.0; Win64; x64; rv:62.0) Gecko/20100101 Firefox/62.0"
66.249.66.37 - - [10/Oct/2018:04:59:56 +0300] "GET /aboutview HTTP/1.1" 200 4136 "-" "Mozilla/5.0 (compatible; Googlebot/2.1; +http://www.google.com/bot.html)"
66.249.66.62 - - [10/Oct/2018:05:00:02 +0300] "GET /assetsweb/css/responsive-rtl.css HTTP/1.1" 404 3501 "http://www.f-knowledge.com/aboutview" "Mozilla/5.0 AppleWebKit/537.36 (KHTML, like Gecko; compatible; Googlebot/2.1; +http://www.google.com/bot.html) Safari/537.36"
95.211.209.158 - - [10/Oct/2018:05:27:37 +0300] "GET /preview/ HTTP/1.1" 301 238 "-" "Mozilla/5.0 (Windows NT 10.0; Win64; x64; rv:58.0) Gecko/20100101 Firefox/58.0"
95.211.209.158 - - [10/Oct/2018:05:27:37 +0300] "GET /preview HTTP/1.1" 404 3437 "-" "Mozilla/5.0 (Windows NT 10.0; Win64; x64; rv:58.0) Gecko/20100101 Firefox/58.0"
95.211.209.158 - - [10/Oct/2018:05:27:37 +0300] "GET /Site2/ HTTP/1.1" 301 236 "-" "Mozilla/5.0 (Windows NT 10.0; Win64; x64; rv:58.0) Gecko/20100101 Firefox/58.0"
95.211.209.158 - - [10/Oct/2018:05:27:37 +0300] "GET /Site2 HTTP/1.1" 404 3437 "-" "Mozilla/5.0 (Windows NT 10.0; Win64; x64; rv:58.0) Gecko/20100101 Firefox/58.0"
95.211.209.158 - - [10/Oct/2018:05:27:38 +0300] "GET /Site1/ HTTP/1.1" 301 236 "-" "Mozilla/5.0 (Windows NT 10.0; Win64; x64; rv:58.0) Gecko/20100101 Firefox/58.0"
95.211.209.158 - - [10/Oct/2018:05:27:38 +0300] "GET /Site1 HTTP/1.1" 404 3437 "-" "Mozilla/5.0 (Windows NT 10.0; Win64; x64; rv:58.0) Gecko/20100101 Firefox/58.0"
95.211.209.158 - - [10/Oct/2018:05:27:38 +0300] "GET /wordpress/test/ HTTP/1.1" 301 245 "-" "Mozilla/5.0 (Windows NT 10.0; Win64; x64; rv:58.0) Gecko/20100101 Firefox/58.0"
95.211.209.158 - - [10/Oct/2018:05:27:38 +0300] "GET /wordpress/test HTTP/1.1" 404 3437 "-" "Mozilla/5.0 (Windows NT 10.0; Win64; x64; rv:58.0) Gecko/20100101 Firefox/58.0"
5.45.207.48 - - [10/Oct/2018:05:42:38 +0300] "GET /robots.txt HTTP/1.1" 200 24 "-" "Mozilla/5.0 (compatible; YandexBot/3.0; +http://yandex.com/bots)"
178.154.200.21 - - [10/Oct/2018:05:42:38 +0300] "GET /robots.txt HTTP/1.1" 200 24 "-" "Mozilla/5.0 (compatible; YandexBot/3.0; +http://yandex.com/bots)"
178.154.200.21 - - [10/Oct/2018:05:42:42 +0300] "GET / HTTP/1.1" 200 5539 "-" "Mozilla/5.0 (compatible; YandexBot/3.0; +http://yandex.com/bots)"
5.45.207.48 - - [10/Oct/2018:05:42:42 +0300] "GET / HTTP/1.1" 200 5533 "-" "Mozilla/5.0 (compatible; YandexBot/3.0; +http://yandex.com/bots)"
46.101.117.74 - - [10/Oct/2018:05:46:56 +0300] "GET / HTTP/1.1" 200 5533 "-" "Mozilla/5.0 (Macintosh; Intel Mac OS X 10_10_5) AppleWebKit/537.36 (KHTML, like Gecko) Chrome/45.0.2454.101 Safari/537.36"
69.30.211.2 - - [10/Oct/2018:05:58:51 +0300] "GET /robots.txt HTTP/1.1" 200 24 "-" "Mozilla/5.0 (compatible; MJ12bot/v1.4.8; http://mj12bot.com/)"
69.30.211.2 - - [10/Oct/2018:05:58:57 +0300] "GET / HTTP/1.1" 200 31991 "-" "Mozilla/5.0 (compatible; MJ12bot/v1.4.8; http://mj12bot.com/)"
46.229.168.141 - - [10/Oct/2018:10:47:37 +0300] "GET /robots.txt HTTP/1.1" 200 24 "-" "Mozilla/5.0 (compatible; SemrushBot/2~bl; +http://www.semrush.com/bot.html)"
46.229.168.138 - - [10/Oct/2018:10:47:40 +0300] "GET /index HTTP/1.1" 200 5539 "-" "Mozilla/5.0 (compatible; SemrushBot/2~bl; +http://www.semrush.com/bot.html)"
178.154.200.21 - - [10/Oct/2018:11:05:55 +0300] "GET /robots.txt HTTP/1.1" 200 24 "-" "Mozilla/5.0 (compatible; YandexBot/3.0; +http://yandex.com/bots)"
178.154.200.21 - - [10/Oct/2018:11:05:59 +0300] "GET / HTTP/1.1" 200 5533 "-" "Mozilla/5.0 (compatible; YandexBot/3.0; +http://yandex.com/bots)"
173.252.95.13 - - [10/Oct/2018:11:32:22 +0300] "GET /robots.txt HTTP/1.1" 206 24 "-" "facebookexternalhit/1.1 (+http://www.facebook.com/externalhit_uatext.php)"
34.222.58.139 - - [10/Oct/2018:11:50:58 +0300] "HEAD / HTTP/1.1" 200 - "-" "Mozilla/5.0 (Macintosh; Intel Mac OS X 10_10_1) AppleWebKit/537.36 (KHTML, like Gecko) Chrome/39.0.2171.95 Safari/537.36"
34.222.58.139 - - [10/Oct/2018:11:51:00 +0300] "GET / HTTP/1.1" 200 31779 "-" "Mozilla/5.0 (compatible; Wappalyzer)"
34.222.58.139 - - [10/Oct/2018:11:51:01 +0300] "GET /assetsweb/js/retina.min.js HTTP/1.1" 200 2575 "-" "Mozilla/5.0 (compatible; Wappalyzer)"
34.222.58.139 - - [10/Oct/2018:11:51:01 +0300] "GET /assetsweb/js/particles/app.js HTTP/1.1" 200 2821 "-" "Mozilla/5.0 (compatible; Wappalyzer)"
34.222.58.139 - - [10/Oct/2018:11:51:01 +0300] "GET /assetsweb/js/particles/particles.min.js HTTP/1.1" 200 23364 "-" "Mozilla/5.0 (compatible; Wappalyzer)"
34.222.58.139 - - [10/Oct/2018:11:51:01 +0300] "GET /assetsweb/js/jquery.countdown.min.js HTTP/1.1" 200 1310 "-" "Mozilla/5.0 (compatible; Wappalyzer)"
34.222.58.139 - - [10/Oct/2018:11:51:01 +0300] "GET /assetsweb/js/wow.min.js HTTP/1.1" 200 8155 "-" "Mozilla/5.0 (compatible; Wappalyzer)"
34.222.58.139 - - [10/Oct/2018:11:51:01 +0300] "GET /assetsweb/js/custom.js HTTP/1.1" 200 11108 "-" "Mozilla/5.0 (compatible; Wappalyzer)"
34.222.58.139 - - [10/Oct/2018:11:51:01 +0300] "GET /assetsweb/js/magnific-popup/jquery.magnific-popup.min.js HTTP/1.1" 200 20216 "-" "Mozilla/5.0 (compatible; Wappalyzer)"
34.222.58.139 - - [10/Oct/2018:11:51:01 +0300] "GET /assetsweb/js/owl-carousel/owl.carousel.min.js HTTP/1.1" 200 53647 "-" "Mozilla/5.0 (compatible; Wappalyzer)"
34.222.58.139 - - [10/Oct/2018:11:51:01 +0300] "GET /assetsweb/js/counter/jquery.countTo.js HTTP/1.1" 200 2436 "-" "Mozilla/5.0 (compatible; Wappalyzer)"
34.222.58.139 - - [10/Oct/2018:11:51:01 +0300] "GET /assetsweb/js/jquery.appear.js HTTP/1.1" 200 1549 "-" "Mozilla/5.0 (compatible; Wappalyzer)"
34.222.58.139 - - [10/Oct/2018:11:51:01 +0300] "GET /assetsweb/js/skrollr.min.js HTTP/1.1" 200 12615 "-" "Mozilla/5.0 (compatible; Wappalyzer)"
34.222.58.139 - - [10/Oct/2018:11:51:01 +0300] "GET /assetsweb/js/jquery.min.js HTTP/1.1" 200 97163 "-" "Mozilla/5.0 (compatible; Wappalyzer)"
34.222.58.139 - - [10/Oct/2018:11:51:01 +0300] "GET /assetsweb/js/bootstrap.min.js HTTP/1.1" 200 37330 "-" "Mozilla/5.0 (compatible; Wappalyzer)"
34.222.58.139 - - [10/Oct/2018:11:51:27 +0300] "HEAD / HTTP/1.1" 200 - "-" "Mozilla/5.0 (Macintosh; Intel Mac OS X 10_10_1) AppleWebKit/537.36 (KHTML, like Gecko) Chrome/39.0.2171.95 Safari/537.36"
34.222.58.139 - - [10/Oct/2018:11:51:28 +0300] "GET / HTTP/1.1" 200 5533 "-" "Mozilla/5.0 (Macintosh; Intel Mac OS X 10_10_1) AppleWebKit/537.36 (KHTML, like Gecko) Chrome/39.0.2171.95 Safari/537.36"
34.222.58.139 - - [10/Oct/2018:11:51:36 +0300] "HEAD /teamview HTTP/1.1" 200 - "-" "Mozilla/5.0 (Macintosh; Intel Mac OS X 10_10_1) AppleWebKit/537.36 (KHTML, like Gecko) Chrome/39.0.2171.95 Safari/537.36"
34.222.58.139 - - [10/Oct/2018:11:51:37 +0300] "GET /teamview HTTP/1.1" 200 3363 "-" "Mozilla/5.0 (Macintosh; Intel Mac OS X 10_10_1) AppleWebKit/537.36 (KHTML, like Gecko) Chrome/39.0.2171.95 Safari/537.36"
34.222.58.139 - - [10/Oct/2018:11:51:42 +0300] "HEAD /aboutview HTTP/1.1" 200 - "-" "Mozilla/5.0 (Macintosh; Intel Mac OS X 10_10_1) AppleWebKit/537.36 (KHTML, like Gecko) Chrome/39.0.2171.95 Safari/537.36"
34.222.58.139 - - [10/Oct/2018:11:51:42 +0300] "GET /aboutview HTTP/1.1" 200 4133 "-" "Mozilla/5.0 (Macintosh; Intel Mac OS X 10_10_1) AppleWebKit/537.36 (KHTML, like Gecko) Chrome/39.0.2171.95 Safari/537.36"
34.222.58.139 - - [10/Oct/2018:11:51:49 +0300] "HEAD /contactview HTTP/1.1" 200 - "-" "Mozilla/5.0 (Macintosh; Intel Mac OS X 10_10_1) AppleWebKit/537.36 (KHTML, like Gecko) Chrome/39.0.2171.95 Safari/537.36"
34.222.58.139 - - [10/Oct/2018:11:51:50 +0300] "GET /contactview HTTP/1.1" 200 3560 "-" "Mozilla/5.0 (Macintosh; Intel Mac OS X 10_10_1) AppleWebKit/537.36 (KHTML, like Gecko) Chrome/39.0.2171.95 Safari/537.36"
34.222.58.139 - - [10/Oct/2018:11:51:57 +0300] "HEAD /newview HTTP/1.1" 200 - "-" "Mozilla/5.0 (Macintosh; Intel Mac OS X 10_10_1) AppleWebKit/537.36 (KHTML, like Gecko) Chrome/39.0.2171.95 Safari/537.36"
34.222.58.139 - - [10/Oct/2018:11:51:57 +0300] "GET /newview HTTP/1.1" 200 3021 "-" "Mozilla/5.0 (Macintosh; Intel Mac OS X 10_10_1) AppleWebKit/537.36 (KHTML, like Gecko) Chrome/39.0.2171.95 Safari/537.36"
34.222.58.139 - - [10/Oct/2018:11:52:06 +0300] "HEAD /solutionview HTTP/1.1" 200 - "-" "Mozilla/5.0 (Macintosh; Intel Mac OS X 10_10_1) AppleWebKit/537.36 (KHTML, like Gecko) Chrome/39.0.2171.95 Safari/537.36"
34.222.58.139 - - [10/Oct/2018:11:52:07 +0300] "GET /solutionview HTTP/1.1" 200 3362 "-" "Mozilla/5.0 (Macintosh; Intel Mac OS X 10_10_1) AppleWebKit/537.36 (KHTML, like Gecko) Chrome/39.0.2171.95 Safari/537.36"
34.222.58.139 - - [10/Oct/2018:11:52:19 +0300] "HEAD /serviceview HTTP/1.1" 200 - "-" "Mozilla/5.0 (Macintosh; Intel Mac OS X 10_10_1) AppleWebKit/537.36 (KHTML, like Gecko) Chrome/39.0.2171.95 Safari/537.36"
34.222.58.139 - - [10/Oct/2018:11:52:19 +0300] "GET /serviceview HTTP/1.1" 200 11984 "-" "Mozilla/5.0 (Macintosh; Intel Mac OS X 10_10_1) AppleWebKit/537.36 (KHTML, like Gecko) Chrome/39.0.2171.95 Safari/537.36"
34.222.58.139 - - [10/Oct/2018:11:52:27 +0300] "HEAD /index HTTP/1.1" 200 - "-" "Mozilla/5.0 (Macintosh; Intel Mac OS X 10_10_1) AppleWebKit/537.36 (KHTML, like Gecko) Chrome/39.0.2171.95 Safari/537.36"
34.222.58.139 - - [10/Oct/2018:11:52:27 +0300] "GET /index HTTP/1.1" 200 5533 "-" "Mozilla/5.0 (Macintosh; Intel Mac OS X 10_10_1) AppleWebKit/537.36 (KHTML, like Gecko) Chrome/39.0.2171.95 Safari/537.36"
34.222.58.139 - - [10/Oct/2018:11:52:34 +0300] "HEAD /lang/ar HTTP/1.1" 302 - "-" "Mozilla/5.0 (Macintosh; Intel Mac OS X 10_10_1) AppleWebKit/537.36 (KHTML, like Gecko) Chrome/39.0.2171.95 Safari/537.36"
34.222.58.139 - - [10/Oct/2018:11:52:34 +0300] "GET /lang/ar HTTP/1.1" 302 332 "-" "Mozilla/5.0 (Macintosh; Intel Mac OS X 10_10_1) AppleWebKit/537.36 (KHTML, like Gecko) Chrome/39.0.2171.95 Safari/537.36"
34.222.58.139 - - [10/Oct/2018:11:52:34 +0300] "GET / HTTP/1.1" 200 5533 "-" "Mozilla/5.0 (Macintosh; Intel Mac OS X 10_10_1) AppleWebKit/537.36 (KHTML, like Gecko) Chrome/39.0.2171.95 Safari/537.36"
34.222.58.139 - - [10/Oct/2018:11:52:41 +0300] "HEAD /lang/en HTTP/1.1" 302 - "-" "Mozilla/5.0 (Macintosh; Intel Mac OS X 10_10_1) AppleWebKit/537.36 (KHTML, like Gecko) Chrome/39.0.2171.95 Safari/537.36"
34.222.58.139 - - [10/Oct/2018:11:52:41 +0300] "GET /lang/en HTTP/1.1" 302 332 "-" "Mozilla/5.0 (Macintosh; Intel Mac OS X 10_10_1) AppleWebKit/537.36 (KHTML, like Gecko) Chrome/39.0.2171.95 Safari/537.36"
34.222.58.139 - - [10/Oct/2018:11:52:42 +0300] "GET / HTTP/1.1" 200 4985 "-" "Mozilla/5.0 (Macintosh; Intel Mac OS X 10_10_1) AppleWebKit/537.36 (KHTML, like Gecko) Chrome/39.0.2171.95 Safari/537.36"
34.222.58.139 - - [10/Oct/2018:11:52:49 +0300] "HEAD /index.html HTTP/1.1" 404 - "-" "Mozilla/5.0 (Macintosh; Intel Mac OS X 10_10_1) AppleWebKit/537.36 (KHTML, like Gecko) Chrome/39.0.2171.95 Safari/537.36"
34.222.58.139 - - [10/Oct/2018:11:52:49 +0300] "GET /index.html HTTP/1.1" 404 3437 "-" "Mozilla/5.0 (Macintosh; Intel Mac OS X 10_10_1) AppleWebKit/537.36 (KHTML, like Gecko) Chrome/39.0.2171.95 Safari/537.36"
34.222.58.139 - - [10/Oct/2018:11:52:56 +0300] "HEAD /assetsweb/images/screenshots/01.jpg HTTP/1.1" 200 - "-" "Mozilla/5.0 (Macintosh; Intel Mac OS X 10_10_1) AppleWebKit/537.36 (KHTML, like Gecko) Chrome/39.0.2171.95 Safari/537.36"
66.249.66.37 - - [10/Oct/2018:12:08:24 +0300] "GET /assetsweb/css/responsive-rtl.css HTTP/1.1" 404 3501 "http://www.f-knowledge.com/index" "Mozilla/5.0 AppleWebKit/537.36 (KHTML, like Gecko; compatible; Googlebot/2.1; +http://www.google.com/bot.html) Safari/537.36"
66.249.66.62 - - [10/Oct/2018:12:27:14 +0300] "GET / HTTP/1.1" 200 5539 "-" "Mozilla/5.0 (compatible; Googlebot/2.1; +http://www.google.com/bot.html)"
66.249.66.62 - - [10/Oct/2018:12:27:19 +0300] "GET /assetsweb/css/responsive-rtl.css HTTP/1.1" 404 3501 "http://www.f-knowledge.com/" "Mozilla/5.0 AppleWebKit/537.36 (KHTML, like Gecko; compatible; Googlebot/2.1; +http://www.google.com/bot.html) Safari/537.36"
66.249.66.34 - - [10/Oct/2018:12:28:15 +0300] "GET / HTTP/1.1" 200 5539 "-" "Mozilla/5.0 (Linux; Android 6.0.1; Nexus 5X Build/MMB29P) AppleWebKit/537.36 (KHTML, like Gecko) Chrome/41.0.2272.96 Mobile Safari/537.36 (compatible; Googlebot/2.1; +http://www.google.com/bot.html)"
66.249.66.37 - - [10/Oct/2018:12:41:05 +0300] "GET /serviceview HTTP/1.1" 200 11987 "-" "Mozilla/5.0 (Linux; Android 6.0.1; Nexus 5X Build/MMB29P) AppleWebKit/537.36 (KHTML, like Gecko) Chrome/41.0.2272.96 Mobile Safari/537.36 (compatible; Googlebot/2.1; +http://www.google.com/bot.html)"
180.76.15.24 - - [10/Oct/2018:13:01:05 +0300] "GET / HTTP/1.1" 200 5533 "-" "Mozilla/5.0 (compatible; Baiduspider/2.0; +http://www.baidu.com/search/spider.html)"
46.229.168.134 - - [10/Oct/2018:13:12:27 +0300] "GET /robots.txt HTTP/1.1" 200 24 "-" "Mozilla/5.0 (compatible; SemrushBot/2~bl; +http://www.semrush.com/bot.html)"
46.229.168.140 - - [10/Oct/2018:13:12:28 +0300] "GET /r2/newsletter.htm HTTP/1.1" 404 3501 "-" "Mozilla/5.0 (compatible; SemrushBot/2~bl; +http://www.semrush.com/bot.html)"
157.55.39.20 - - [10/Oct/2018:13:17:51 +0300] "GET /robots.txt HTTP/1.1" 200 24 "-" "Mozilla/5.0 (compatible; bingbot/2.0; +http://www.bing.com/bingbot.htm)"
207.46.13.205 - - [10/Oct/2018:13:17:56 +0300] "GET /solution_image/1533364197.jpg HTTP/1.1" 200 103489 "-" "Mozilla/5.0 (compatible; bingbot/2.0; +http://www.bing.com/bingbot.htm)"
66.249.66.34 - - [10/Oct/2018:13:32:40 +0300] "GET /lang/ar HTTP/1.1" 302 348 "-" "Mozilla/5.0 (Linux; Android 6.0.1; Nexus 5X Build/MMB29P) AppleWebKit/537.36 (KHTML, like Gecko) Chrome/41.0.2272.96 Mobile Safari/537.36 (compatible; Googlebot/2.1; +http://www.google.com/bot.html)"
66.249.66.62 - - [10/Oct/2018:13:32:40 +0300] "GET / HTTP/1.1" 200 5539 "-" "Mozilla/5.0 (Linux; Android 6.0.1; Nexus 5X Build/MMB29P) AppleWebKit/537.36 (KHTML, like Gecko) Chrome/41.0.2272.96 Mobile Safari/537.36 (compatible; Googlebot/2.1; +http://www.google.com/bot.html)"
66.249.66.62 - - [10/Oct/2018:13:32:55 +0300] "GET /lang/en HTTP/1.1" 302 348 "-" "Mozilla/5.0 (Linux; Android 6.0.1; Nexus 5X Build/MMB29P) AppleWebKit/537.36 (KHTML, like Gecko) Chrome/41.0.2272.96 Mobile Safari/537.36 (compatible; Googlebot/2.1; +http://www.google.com/bot.html)"
66.249.66.62 - - [10/Oct/2018:13:32:55 +0300] "GET / HTTP/1.1" 200 4991 "-" "Mozilla/5.0 (Linux; Android 6.0.1; Nexus 5X Build/MMB29P) AppleWebKit/537.36 (KHTML, like Gecko) Chrome/41.0.2272.96 Mobile Safari/537.36 (compatible; Googlebot/2.1; +http://www.google.com/bot.html)"
66.249.66.62 - - [10/Oct/2018:13:33:00 +0300] "GET /assetsweb/css/style.css HTTP/1.1" 200 10867 "http://www.f-knowledge.com/" "Mozilla/5.0 (Linux; Android 6.0.1; Nexus 5X Build/MMB29P) AppleWebKit/537.36 (KHTML, like Gecko) Chrome/41.0.2272.96 Mobile Safari/537.36 (compatible; Googlebot/2.1; +http://www.google.com/bot.html)"
66.249.66.62 - - [10/Oct/2018:13:33:00 +0300] "GET /assetsweb/css/responsive.css HTTP/1.1" 200 1993 "http://www.f-knowledge.com/" "Mozilla/5.0 (Linux; Android 6.0.1; Nexus 5X Build/MMB29P) AppleWebKit/537.36 (KHTML, like Gecko) Chrome/41.0.2272.96 Mobile Safari/537.36 (compatible; Googlebot/2.1; +http://www.google.com/bot.html)"
180.76.15.156 - - [10/Oct/2018:13:34:25 +0300] "GET /lang/ar HTTP/1.1" 302 332 "-" "Mozilla/5.0 (compatible; Baiduspider/2.0; +http://www.baidu.com/search/spider.html)"
180.76.15.19 - - [10/Oct/2018:13:34:25 +0300] "GET / HTTP/1.1" 200 5533 "-" "Mozilla/5.0 (compatible; Baiduspider/2.0; +http://www.baidu.com/search/spider.html)"
180.76.15.16 - - [10/Oct/2018:13:34:27 +0300] "GET /robots.txt HTTP/1.1" 200 24 "-" "Mozilla/5.0 (Windows NT 5.1; rv:6.0.2) Gecko/20100101 Firefox/6.0.2"
66.249.66.62 - - [10/Oct/2018:13:40:45 +0300] "GET /images/1533365116.jpg HTTP/1.1" 304 - "-" "Googlebot-Image/1.0"
193.106.30.98 - - [10/Oct/2018:14:03:12 +0300] "POST /wp-includes/css/login_wall.php?login=cmd HTTP/1.1" 404 3437 "-" "Mozilla/5.0 (Windows NT 6.1; rv:34.0) Gecko/20100101 Firefox/34.0"
31.167.199.131 - - [10/Oct/2018:14:35:52 +0300] "GET /assetsweb/js/skrollr.min.js HTTP/1.1" 200 5591 "http://atschool.kkischools.com/aboutview.aspx" "Mozilla/5.0 (Windows NT 6.1; Win64; x64) AppleWebKit/537.36 (KHTML, like Gecko) Chrome/69.0.3497.100 Safari/537.36"
66.249.66.62 - - [10/Oct/2018:14:47:53 +0300] "GET /solutionview HTTP/1.1" 200 3366 "-" "Mozilla/5.0 (Linux; Android 6.0.1; Nexus 5X Build/MMB29P) AppleWebKit/537.36 (KHTML, like Gecko) Chrome/41.0.2272.96 Mobile Safari/537.36 (compatible; Googlebot/2.1; +http://www.google.com/bot.html)"
40.77.167.32 - - [10/Oct/2018:15:33:36 +0300] "GET /serviceview HTTP/1.1" 200 11984 "-" "Mozilla/5.0 (compatible; bingbot/2.0; +http://www.bing.com/bingbot.htm)"
207.46.13.205 - - [10/Oct/2018:16:27:39 +0300] "GET /solutionview HTTP/1.1" 200 3362 "-" "Mozilla/5.0 (compatible; bingbot/2.0; +http://www.bing.com/bingbot.htm)"
207.46.13.14 - - [10/Oct/2018:16:28:16 +0300] "GET /assetsweb/css/font-awesome.css HTTP/1.1" 200 7450 "-" "Mozilla/5.0 (compatible; bingbot/2.0; +http://www.bing.com/bingbot.htm)"
207.46.13.14 - - [10/Oct/2018:16:28:16 +0300] "GET /assetsweb/css/magnific-popup/magnific-popup.css HTTP/1.1" 200 1816 "-" "Mozilla/5.0 (compatible; bingbot/2.0; +http://www.bing.com/bingbot.htm)"
207.46.13.14 - - [10/Oct/2018:16:28:16 +0300] "GET /assetsweb/css/style-ar.css HTTP/1.1" 200 10943 "-" "Mozilla/5.0 (compatible; bingbot/2.0; +http://www.bing.com/bingbot.htm)"
207.46.13.14 - - [10/Oct/2018:16:28:17 +0300] "GET /assetsweb/css/custom.css HTTP/1.1" 200 195 "-" "Mozilla/5.0 (compatible; bingbot/2.0; +http://www.bing.com/bingbot.htm)"
207.46.13.14 - - [10/Oct/2018:16:28:18 +0300] "GET /assetsweb/js/jquery.appear.js HTTP/1.1" 200 674 "-" "Mozilla/5.0 (compatible; bingbot/2.0; +http://www.bing.com/bingbot.htm)"
40.77.167.32 - - [10/Oct/2018:16:28:20 +0300] "GET /assetsweb/css/bootstrap.min.css HTTP/1.1" 200 20125 "-" "Mozilla/5.0 (compatible; bingbot/2.0; +http://www.bing.com/bingbot.htm)"
40.77.167.32 - - [10/Oct/2018:16:28:21 +0300] "GET /assetsweb/css/bootstrap-rtl.css HTTP/1.1" 200 4651 "-" "Mozilla/5.0 (compatible; bingbot/2.0; +http://www.bing.com/bingbot.htm)"
40.77.167.32 - - [10/Oct/2018:16:28:21 +0300] "GET /assetsweb/css/responsive-rtl.css HTTP/1.1" 404 3437 "-" "Mozilla/5.0 (compatible; bingbot/2.0; +http://www.bing.com/bingbot.htm)"
40.77.167.32 - - [10/Oct/2018:16:28:21 +0300] "GET /assetsweb/js/jquery.min.js HTTP/1.1" 200 33760 "-" "Mozilla/5.0 (compatible; bingbot/2.0; +http://www.bing.com/bingbot.htm)"
40.77.167.32 - - [10/Oct/2018:16:28:21 +0300] "GET /assetsweb/js/retina.min.js HTTP/1.1" 200 1220 "-" "Mozilla/5.0 (compatible; bingbot/2.0; +http://www.bing.com/bingbot.htm)"
40.77.167.180 - - [10/Oct/2018:16:28:25 +0300] "GET /assetsweb/css/owl-carousel/owl.carousel.css HTTP/1.1" 200 1111 "-" "Mozilla/5.0 (compatible; bingbot/2.0; +http://www.bing.com/bingbot.htm)"
40.77.167.180 - - [10/Oct/2018:16:28:26 +0300] "GET /assetsweb/css/ionicons.min.css HTTP/1.1" 200 8291 "-" "Mozilla/5.0 (compatible; bingbot/2.0; +http://www.bing.com/bingbot.htm)"
40.77.167.180 - - [10/Oct/2018:16:28:26 +0300] "GET /assetsweb/css/animate.css HTTP/1.1" 200 2922 "-" "Mozilla/5.0 (compatible; bingbot/2.0; +http://www.bing.com/bingbot.htm)"
40.77.167.180 - - [10/Oct/2018:16:28:26 +0300] "GET /assetsweb/js/owl-carousel/owl.carousel.min.js HTTP/1.1" 200 11611 "-" "Mozilla/5.0 (compatible; bingbot/2.0; +http://www.bing.com/bingbot.htm)"
40.77.167.180 - - [10/Oct/2018:16:28:26 +0300] "GET /assetsweb/js/counter/jquery.countTo.js HTTP/1.1" 200 825 "-" "Mozilla/5.0 (compatible; bingbot/2.0; +http://www.bing.com/bingbot.htm)"
40.77.167.180 - - [10/Oct/2018:16:28:26 +0300] "GET /assetsweb/js/magnific-popup/jquery.magnific-popup.min.js HTTP/1.1" 200 7346 "-" "Mozilla/5.0 (compatible; bingbot/2.0; +http://www.bing.com/bingbot.htm)"
40.77.167.180 - - [10/Oct/2018:16:28:26 +0300] "GET /assetsweb/js/wow.min.js HTTP/1.1" 200 2825 "-" "Mozilla/5.0 (compatible; bingbot/2.0; +http://www.bing.com/bingbot.htm)"
40.77.167.180 - - [10/Oct/2018:16:28:26 +0300] "GET /assetsweb/js/jquery.countdown.min.js HTTP/1.1" 200 685 "-" "Mozilla/5.0 (compatible; bingbot/2.0; +http://www.bing.com/bingbot.htm)"
40.77.167.180 - - [10/Oct/2018:16:28:26 +0300] "GET /assetsweb/js/bootstrap.min.js HTTP/1.1" 200 9919 "-" "Mozilla/5.0 (compatible; bingbot/2.0; +http://www.bing.com/bingbot.htm)"
207.46.13.14 - - [10/Oct/2018:16:28:34 +0300] "GET /assetsweb/js/skrollr.min.js HTTP/1.1" 200 5591 "-" "Mozilla/5.0 (compatible; bingbot/2.0; +http://www.bing.com/bingbot.htm)"
207.46.13.14 - - [10/Oct/2018:16:28:34 +0300] "GET /assetsweb/js/custom.js HTTP/1.1" 200 2656 "-" "Mozilla/5.0 (compatible; bingbot/2.0; +http://www.bing.com/bingbot.htm)"
207.46.13.205 - - [10/Oct/2018:16:28:39 +0300] "GET /robots.txt HTTP/1.1" 200 24 "-" "Mozilla/5.0 (compatible; bingbot/2.0; +http://www.bing.com/bingbot.htm)"
207.46.13.205 - - [10/Oct/2018:16:28:40 +0300] "GET /assetsweb/js/particles/particles.min.js HTTP/1.1" 200 5959 "-" "Mozilla/5.0 (compatible; bingbot/2.0; +http://www.bing.com/bingbot.htm)"
207.46.13.205 - - [10/Oct/2018:16:28:40 +0300] "GET /assetsweb/js/particles/app.js HTTP/1.1" 200 865 "-" "Mozilla/5.0 (compatible; bingbot/2.0; +http://www.bing.com/bingbot.htm)"
40.77.188.186 - - [10/Oct/2018:17:29:24 +0300] "GET /assetsweb/fonts/ionicons28b5.ttf?v=2.0.0 HTTP/1.1" 200 188508 "-" "Mozilla/5.0 (Windows NT 6.1; WOW64) AppleWebKit/534+ (KHTML, like Gecko) BingPreview/1.0b"
40.77.190.63 - - [10/Oct/2018:17:29:25 +0300] "GET /assetsweb/fonts/fontawesome-webfont3e6e.ttf?v=4.7.0 HTTP/1.1" 200 165548 "-" "Mozilla/5.0 (Windows NT 6.1; WOW64) AppleWebKit/534+ (KHTML, like Gecko) BingPreview/1.0b"
207.46.13.14 - - [10/Oct/2018:17:31:39 +0300] "GET / HTTP/1.1" 200 5533 "-" "Mozilla/5.0 (compatible; bingbot/2.0; +http://www.bing.com/bingbot.htm)"
40.77.252.140 - - [10/Oct/2018:17:31:41 +0300] "GET /assetsweb/css/magnific-popup/magnific-popup.css HTTP/1.1" 200 1816 "http://f-knowledge.com/" "Mozilla/5.0 (Windows NT 6.1; WOW64) AppleWebKit/534+ (KHTML, like Gecko) BingPreview/1.0b"
40.77.252.140 - - [10/Oct/2018:17:31:41 +0300] "GET /assetsweb/css/owl-carousel/owl.carousel.css HTTP/1.1" 200 1111 "http://f-knowledge.com/" "Mozilla/5.0 (Windows NT 6.1; WOW64) AppleWebKit/534+ (KHTML, like Gecko) BingPreview/1.0b"
40.77.252.140 - - [10/Oct/2018:17:31:41 +0300] "GET /assetsweb/css/bootstrap.min.css HTTP/1.1" 200 20125 "http://f-knowledge.com/" "Mozilla/5.0 (Windows NT 6.1; WOW64) AppleWebKit/534+ (KHTML, like Gecko) BingPreview/1.0b"
40.77.252.140 - - [10/Oct/2018:17:31:41 +0300] "GET /assetsweb/css/font-awesome.css HTTP/1.1" 200 7450 "http://f-knowledge.com/" "Mozilla/5.0 (Windows NT 6.1; WOW64) AppleWebKit/534+ (KHTML, like Gecko) BingPreview/1.0b"
40.77.252.140 - - [10/Oct/2018:17:31:41 +0300] "GET /assetsweb/css/animate.css HTTP/1.1" 200 2922 "http://f-knowledge.com/" "Mozilla/5.0 (Windows NT 6.1; WOW64) AppleWebKit/534+ (KHTML, like Gecko) BingPreview/1.0b"
40.77.252.140 - - [10/Oct/2018:17:31:41 +0300] "GET /assetsweb/css/style-ar.css HTTP/1.1" 200 10943 "http://f-knowledge.com/" "Mozilla/5.0 (Windows NT 6.1; WOW64) AppleWebKit/534+ (KHTML, like Gecko) BingPreview/1.0b"
40.77.252.140 - - [10/Oct/2018:17:31:41 +0300] "GET /assetsweb/css/ionicons.min.css HTTP/1.1" 200 8291 "http://f-knowledge.com/" "Mozilla/5.0 (Windows NT 6.1; WOW64) AppleWebKit/534+ (KHTML, like Gecko) BingPreview/1.0b"
40.77.252.140 - - [10/Oct/2018:17:31:42 +0300] "GET /assetsweb/css/bootstrap-rtl.css HTTP/1.1" 200 4651 "http://f-knowledge.com/" "Mozilla/5.0 (Windows NT 6.1; WOW64) AppleWebKit/534+ (KHTML, like Gecko) BingPreview/1.0b"
40.77.252.140 - - [10/Oct/2018:17:31:42 +0300] "GET /assetsweb/css/custom.css HTTP/1.1" 200 195 "http://f-knowledge.com/" "Mozilla/5.0 (Windows NT 6.1; WOW64) AppleWebKit/534+ (KHTML, like Gecko) BingPreview/1.0b"
40.77.252.140 - - [10/Oct/2018:17:31:42 +0300] "GET /sett/15154364921.png HTTP/1.1" 200 9408 "http://f-knowledge.com/" "Mozilla/5.0 (Windows NT 6.1; WOW64) AppleWebKit/534+ (KHTML, like Gecko) BingPreview/1.0b"
40.77.252.140 - - [10/Oct/2018:17:31:42 +0300] "GET /assetsweb/css/responsive-rtl.css HTTP/1.1" 404 3437 "http://f-knowledge.com/" "Mozilla/5.0 (Windows NT 6.1; WOW64) AppleWebKit/534+ (KHTML, like Gecko) BingPreview/1.0b"
40.77.252.140 - - [10/Oct/2018:17:31:42 +0300] "GET /assetsweb/images/drive/03.png HTTP/1.1" 200 12174 "http://f-knowledge.com/" "Mozilla/5.0 (Windows NT 6.1; WOW64) AppleWebKit/534+ (KHTML, like Gecko) BingPreview/1.0b"
40.77.252.140 - - [10/Oct/2018:17:31:42 +0300] "GET /assetsweb/images/banner/01.png HTTP/1.1" 200 104306 "http://f-knowledge.com/" "Mozilla/5.0 (Windows NT 6.1; WOW64) AppleWebKit/534+ (KHTML, like Gecko) BingPreview/1.0b"
40.77.252.140 - - [10/Oct/2018:17:31:43 +0300] "GET /assetsweb/images/drive/04.png HTTP/1.1" 200 4375 "http://f-knowledge.com/" "Mozilla/5.0 (Windows NT 6.1; WOW64) AppleWebKit/534+ (KHTML, like Gecko) BingPreview/1.0b"
40.77.252.140 - - [10/Oct/2018:17:31:43 +0300] "GET /assetsweb/js/jquery.min.js HTTP/1.1" 200 33760 "http://f-knowledge.com/" "Mozilla/5.0 (Windows NT 6.1; WOW64) AppleWebKit/534+ (KHTML, like Gecko) BingPreview/1.0b"
40.77.252.140 - - [10/Oct/2018:17:31:43 +0300] "GET /assetsweb/js/owl-carousel/owl.carousel.min.js HTTP/1.1" 200 11611 "http://f-knowledge.com/" "Mozilla/5.0 (Windows NT 6.1; WOW64) AppleWebKit/534+ (KHTML, like Gecko) BingPreview/1.0b"
40.77.252.140 - - [10/Oct/2018:17:31:43 +0300] "GET /assetsweb/images/drive/01.png HTTP/1.1" 200 55703 "http://f-knowledge.com/" "Mozilla/5.0 (Windows NT 6.1; WOW64) AppleWebKit/534+ (KHTML, like Gecko) BingPreview/1.0b"
40.77.252.140 - - [10/Oct/2018:17:31:44 +0300] "GET /assetsweb/js/counter/jquery.countTo.js HTTP/1.1" 200 825 "http://f-knowledge.com/" "Mozilla/5.0 (Windows NT 6.1; WOW64) AppleWebKit/534+ (KHTML, like Gecko) BingPreview/1.0b"
40.77.252.140 - - [10/Oct/2018:17:31:43 +0300] "GET /assetsweb/fonts/fontawesome-webfont3e6e.ttf?v=4.7.0 HTTP/1.1" 200 165548 "http://f-knowledge.com/" "Mozilla/5.0 (Windows NT 6.1; WOW64) AppleWebKit/534+ (KHTML, like Gecko) BingPreview/1.0b"
40.77.252.140 - - [10/Oct/2018:17:31:43 +0300] "GET /assetsweb/fonts/ionicons28b5.ttf?v=2.0.0 HTTP/1.1" 200 188508 "http://f-knowledge.com/" "Mozilla/5.0 (Windows NT 6.1; WOW64) AppleWebKit/534+ (KHTML, like Gecko) BingPreview/1.0b"
40.77.252.140 - - [10/Oct/2018:17:31:44 +0300] "GET /assetsweb/images/drive/02-ar.png HTTP/1.1" 200 68618 "http://f-knowledge.com/" "Mozilla/5.0 (Windows NT 6.1; WOW64) AppleWebKit/534+ (KHTML, like Gecko) BingPreview/1.0b"
40.77.252.140 - - [10/Oct/2018:17:31:44 +0300] "GET /assetsweb/js/jquery.appear.js HTTP/1.1" 200 674 "http://f-knowledge.com/" "Mozilla/5.0 (Windows NT 6.1; WOW64) AppleWebKit/534+ (KHTML, like Gecko) BingPreview/1.0b"
40.77.252.140 - - [10/Oct/2018:17:31:44 +0300] "GET /assetsweb/js/magnific-popup/jquery.magnific-popup.min.js HTTP/1.1" 200 7346 "http://f-knowledge.com/" "Mozilla/5.0 (Windows NT 6.1; WOW64) AppleWebKit/534+ (KHTML, like Gecko) BingPreview/1.0b"
40.77.252.140 - - [10/Oct/2018:17:31:45 +0300] "GET /solution_image/1533364869.png HTTP/1.1" 200 61384 "http://f-knowledge.com/" "Mozilla/5.0 (Windows NT 6.1; WOW64) AppleWebKit/534+ (KHTML, like Gecko) BingPreview/1.0b"
40.77.252.140 - - [10/Oct/2018:17:31:45 +0300] "GET /solution_image/1533363991.jpg HTTP/1.1" 200 85082 "http://f-knowledge.com/" "Mozilla/5.0 (Windows NT 6.1; WOW64) AppleWebKit/534+ (KHTML, like Gecko) BingPreview/1.0b"
40.77.252.140 - - [10/Oct/2018:17:31:45 +0300] "GET /solution_image/1533364634.jpg HTTP/1.1" 200 47051 "http://f-knowledge.com/" "Mozilla/5.0 (Windows NT 6.1; WOW64) AppleWebKit/534+ (KHTML, like Gecko) BingPreview/1.0b"
40.77.252.140 - - [10/Oct/2018:17:31:45 +0300] "GET /assetsweb/js/retina.min.js HTTP/1.1" 200 1220 "http://f-knowledge.com/" "Mozilla/5.0 (Windows NT 6.1; WOW64) AppleWebKit/534+ (KHTML, like Gecko) BingPreview/1.0b"
40.77.252.140 - - [10/Oct/2018:17:31:45 +0300] "GET /solution_image/1533364197.jpg HTTP/1.1" 200 103489 "http://f-knowledge.com/" "Mozilla/5.0 (Windows NT 6.1; WOW64) AppleWebKit/534+ (KHTML, like Gecko) BingPreview/1.0b"
40.77.252.140 - - [10/Oct/2018:17:31:45 +0300] "GET /assetsweb/js/wow.min.js HTTP/1.1" 200 2825 "http://f-knowledge.com/" "Mozilla/5.0 (Windows NT 6.1; WOW64) AppleWebKit/534+ (KHTML, like Gecko) BingPreview/1.0b"
40.77.252.140 - - [10/Oct/2018:17:31:45 +0300] "GET /solution_image/1533364221.jpg HTTP/1.1" 200 113572 "http://f-knowledge.com/" "Mozilla/5.0 (Windows NT 6.1; WOW64) AppleWebKit/534+ (KHTML, like Gecko) BingPreview/1.0b"
40.77.252.140 - - [10/Oct/2018:17:31:45 +0300] "GET /solution_image/1533364246.jpeg HTTP/1.1" 200 51244 "http://f-knowledge.com/" "Mozilla/5.0 (Windows NT 6.1; WOW64) AppleWebKit/534+ (KHTML, like Gecko) BingPreview/1.0b"
40.77.252.140 - - [10/Oct/2018:17:31:46 +0300] "GET /assetsweb/js/jquery.countdown.min.js HTTP/1.1" 200 685 "http://f-knowledge.com/" "Mozilla/5.0 (Windows NT 6.1; WOW64) AppleWebKit/534+ (KHTML, like Gecko) BingPreview/1.0b"
40.77.252.140 - - [10/Oct/2018:17:31:46 +0300] "GET /images/1533365116.jpg HTTP/1.1" 200 12886 "http://f-knowledge.com/" "Mozilla/5.0 (Windows NT 6.1; WOW64) AppleWebKit/534+ (KHTML, like Gecko) BingPreview/1.0b"
40.77.252.140 - - [10/Oct/2018:17:31:46 +0300] "GET /assetsweb/js/skrollr.min.js HTTP/1.1" 200 5591 "http://f-knowledge.com/" "Mozilla/5.0 (Windows NT 6.1; WOW64) AppleWebKit/534+ (KHTML, like Gecko) BingPreview/1.0b"
40.77.252.140 - - [10/Oct/2018:17:31:46 +0300] "GET /images/1533365196.png HTTP/1.1" 200 21958 "http://f-knowledge.com/" "Mozilla/5.0 (Windows NT 6.1; WOW64) AppleWebKit/534+ (KHTML, like Gecko) BingPreview/1.0b"
40.77.252.140 - - [10/Oct/2018:17:31:46 +0300] "GET /images/1533365244.png HTTP/1.1" 200 21958 "http://f-knowledge.com/" "Mozilla/5.0 (Windows NT 6.1; WOW64) AppleWebKit/534+ (KHTML, like Gecko) BingPreview/1.0b"
40.77.252.140 - - [10/Oct/2018:17:31:46 +0300] "GET /images/1533365268.png HTTP/1.1" 200 21958 "http://f-knowledge.com/" "Mozilla/5.0 (Windows NT 6.1; WOW64) AppleWebKit/534+ (KHTML, like Gecko) BingPreview/1.0b"
40.77.252.140 - - [10/Oct/2018:17:31:46 +0300] "GET /assetsweb/js/particles/particles.min.js HTTP/1.1" 200 5959 "http://f-knowledge.com/" "Mozilla/5.0 (Windows NT 6.1; WOW64) AppleWebKit/534+ (KHTML, like Gecko) BingPreview/1.0b"
40.77.252.140 - - [10/Oct/2018:17:31:46 +0300] "GET /sett/151543639715.jpg HTTP/1.1" 200 145886 "http://f-knowledge.com/" "Mozilla/5.0 (Windows NT 6.1; WOW64) AppleWebKit/534+ (KHTML, like Gecko) BingPreview/1.0b"
40.77.252.140 - - [10/Oct/2018:17:31:47 +0300] "GET /assetsweb/images/banner/02-ar.png HTTP/1.1" 200 5104 "http://f-knowledge.com/" "Mozilla/5.0 (Windows NT 6.1; WOW64) AppleWebKit/534+ (KHTML, like Gecko) BingPreview/1.0b"
40.77.252.140 - - [10/Oct/2018:17:31:47 +0300] "GET /assetsweb/js/particles/app.js HTTP/1.1" 200 865 "http://f-knowledge.com/" "Mozilla/5.0 (Windows NT 6.1; WOW64) AppleWebKit/534+ (KHTML, like Gecko) BingPreview/1.0b"
40.77.252.140 - - [10/Oct/2018:17:31:47 +0300] "GET /assetsweb/js/bootstrap.min.js HTTP/1.1" 200 9919 "http://f-knowledge.com/" "Mozilla/5.0 (Windows NT 6.1; WOW64) AppleWebKit/534+ (KHTML, like Gecko) BingPreview/1.0b"
40.77.252.140 - - [10/Oct/2018:17:31:47 +0300] "GET /assetsweb/images/bg/07.jpg HTTP/1.1" 200 998092 "http://f-knowledge.com/" "Mozilla/5.0 (Windows NT 6.1; WOW64) AppleWebKit/534+ (KHTML, like Gecko) BingPreview/1.0b"
40.77.252.140 - - [10/Oct/2018:17:31:48 +0300] "GET /assetsweb/js/custom.js HTTP/1.1" 200 2656 "http://f-knowledge.com/" "Mozilla/5.0 (Windows NT 6.1; WOW64) AppleWebKit/534+ (KHTML, like Gecko) BingPreview/1.0b"
40.77.252.140 - - [10/Oct/2018:17:31:47 +0300] "GET /assetsweb/images/bg/04.jpg HTTP/1.1" 200 1501984 "http://f-knowledge.com/" "Mozilla/5.0 (Windows NT 6.1; WOW64) AppleWebKit/534+ (KHTML, like Gecko) BingPreview/1.0b"
197.53.218.51 - - [10/Oct/2018:17:43:04 +0300] "GET /assetsweb/js/skrollr.min.js HTTP/1.1" 200 5591 "http://localhost:5149/aboutview.aspx" "Mozilla/5.0 (Windows NT 10.0; Win64; x64) AppleWebKit/537.36 (KHTML, like Gecko) Chrome/64.0.3282.140 Safari/537.36 Edge/17.17134"
66.249.66.34 - - [10/Oct/2018:21:28:56 +0300] "GET /robots.txt HTTP/1.1" 200 24 "-" "Mozilla/5.0 (compatible; Googlebot/2.1; +http://www.google.com/bot.html)"
66.249.66.37 - - [10/Oct/2018:21:28:57 +0300] "GET / HTTP/1.1" 200 5539 "-" "Mozilla/5.0 (Linux; Android 6.0.1; Nexus 5X Build/MMB29P) AppleWebKit/537.36 (KHTML, like Gecko) Chrome/41.0.2272.96 Mobile Safari/537.36 (compatible; Googlebot/2.1; +http://www.google.com/bot.html)"
40.77.167.32 - - [10/Oct/2018:21:39:10 +0300] "GET /teamview HTTP/1.1" 200 3363 "-" "Mozilla/5.0 (compatible; bingbot/2.0; +http://www.bing.com/bingbot.htm)"
66.249.66.62 - - [10/Oct/2018:22:15:38 +0300] "GET / HTTP/1.1" 200 5539 "-" "Mozilla/5.0 (compatible; Googlebot/2.1; +http://www.google.com/bot.html)"
5.45.207.48 - - [10/Oct/2018:22:24:59 +0300] "GET /robots.txt HTTP/1.1" 200 24 "-" "Mozilla/5.0 (compatible; YandexBot/3.0; +http://yandex.com/bots)"
178.154.200.21 - - [10/Oct/2018:22:24:59 +0300] "GET /robots.txt HTTP/1.1" 200 24 "-" "Mozilla/5.0 (compatible; YandexBot/3.0; +http://yandex.com/bots)"
5.45.207.48 - - [10/Oct/2018:22:25:03 +0300] "GET / HTTP/1.1" 200 5539 "-" "Mozilla/5.0 (compatible; YandexBot/3.0; +http://yandex.com/bots)"
178.154.200.21 - - [10/Oct/2018:22:25:03 +0300] "GET / HTTP/1.1" 200 5533 "-" "Mozilla/5.0 (compatible; YandexBot/3.0; +http://yandex.com/bots)"
180.76.15.148 - - [10/Oct/2018:23:49:48 +0300] "GET / HTTP/1.1" 200 5533 "-" "Mozilla/5.0 (compatible; Baiduspider/2.0; +http://www.baidu.com/search/spider.html)"
180.76.15.29 - - [11/Oct/2018:00:23:08 +0300] "GET /assetsweb/js/counter/jquery.countTo.js HTTP/1.1" 200 825 "-" "Mozilla/5.0 (compatible; Baiduspider/2.0; +http://www.baidu.com/search/spider.html)"
46.229.168.131 - - [11/Oct/2018:01:34:01 +0300] "GET /robots.txt HTTP/1.1" 200 24 "-" "Mozilla/5.0 (compatible; SemrushBot/2~bl; +http://www.semrush.com/bot.html)"
46.229.168.143 - - [11/Oct/2018:01:34:02 +0300] "GET /contactview HTTP/1.1" 200 3566 "-" "Mozilla/5.0 (compatible; SemrushBot/2~bl; +http://www.semrush.com/bot.html)"
66.249.66.30 - - [11/Oct/2018:02:18:11 +0300] "GET / HTTP/1.1" 200 5533 "-" "Mozilla/5.0 (Linux; Android 6.0.1; Nexus 5X Build/MMB29P) AppleWebKit/537.36 (KHTML, like Gecko) Chrome/41.0.2272.96 Mobile Safari/537.36 (compatible; Googlebot/2.1; +http://www.google.com/bot.html)"
66.249.66.28 - - [11/Oct/2018:02:18:51 +0300] "GET /assetsweb/js/owl-carousel/owl.carousel.min.js HTTP/1.1" 200 11611 "http://f-knowledge.com/" "Mozilla/5.0 (Linux; Android 6.0.1; Nexus 5X Build/MMB29P) AppleWebKit/537.36 (KHTML, like Gecko) Chrome/41.0.2272.96 Mobile Safari/537.36 (compatible; Googlebot/2.1; +http://www.google.com/bot.html)"
46.229.168.138 - - [11/Oct/2018:02:29:46 +0300] "GET /index HTTP/1.1" 200 5539 "-" "Mozilla/5.0 (compatible; SemrushBot/2~bl; +http://www.semrush.com/bot.html)"
188.166.116.151 - - [11/Oct/2018:03:32:44 +0300] "GET / HTTP/1.1" 200 5533 "-" "Mozilla/4.0 (compatible; MSIE 7.0; Windows NT 6.1; WOW64; Trident/6.0;)"
66.249.66.28 - - [11/Oct/2018:03:40:38 +0300] "GET /robots.txt HTTP/1.1" 200 24 "-" "Mozilla/5.0 (compatible; Googlebot/2.1; +http://www.google.com/bot.html)"
54.173.35.129 - - [11/Oct/2018:03:50:02 +0300] "GET /robots.txt HTTP/1.0" 200 24 "-" "ia_archiver"
54.173.35.129 - - [11/Oct/2018:03:50:02 +0300] "GET /contactview HTTP/1.0" 200 15735 "-" "ia_archiver"
66.249.66.28 - - [11/Oct/2018:04:23:09 +0300] "GET / HTTP/1.1" 200 5533 "-" "Mozilla/5.0 (compatible; Googlebot/2.1; +http://www.google.com/bot.html)"
66.249.66.28 - - [11/Oct/2018:04:23:11 +0300] "GET /assetsweb/css/responsive-rtl.css HTTP/1.1" 404 3437 "http://f-knowledge.com/" "Mozilla/5.0 AppleWebKit/537.36 (KHTML, like Gecko; compatible; Googlebot/2.1; +http://www.google.com/bot.html) Safari/537.36"
52.53.201.78 - - [11/Oct/2018:04:31:04 +0300] "GET / HTTP/1.1" 200 5539 "-" "Mozilla/5.0 (Macintosh; Intel Mac OS X 10_12_6) AppleWebKit/537.36 (KHTML, like Gecko) Chrome/61.0.3163.100 Safari/537.36"
5.45.207.48 - - [11/Oct/2018:04:34:17 +0300] "GET /robots.txt HTTP/1.1" 200 24 "-" "Mozilla/5.0 (compatible; YandexBot/3.0; +http://yandex.com/bots)"
5.45.207.48 - - [11/Oct/2018:04:34:17 +0300] "GET /robots.txt HTTP/1.1" 200 24 "-" "Mozilla/5.0 (compatible; YandexBot/3.0; +http://yandex.com/bots)"
5.45.207.48 - - [11/Oct/2018:04:34:20 +0300] "GET / HTTP/1.1" 200 5539 "-" "Mozilla/5.0 (compatible; YandexBot/3.0; +http://yandex.com/bots)"
5.45.207.48 - - [11/Oct/2018:04:34:21 +0300] "GET / HTTP/1.1" 200 5533 "-" "Mozilla/5.0 (compatible; YandexBot/3.0; +http://yandex.com/bots)"
207.46.13.205 - - [11/Oct/2018:04:56:43 +0300] "GET /solutionview HTTP/1.1" 200 3362 "-" "Mozilla/5.0 (compatible; bingbot/2.0; +http://www.bing.com/bingbot.htm)"
95.211.209.158 - - [11/Oct/2018:05:13:04 +0300] "GET /installer.php HTTP/1.1" 404 3437 "-" "Mozilla/5.0 (Windows NT 10.0; Win64; x64; rv:58.0) Gecko/20100101 Firefox/58.0"
46.229.168.131 - - [11/Oct/2018:05:25:56 +0300] "GET /robots.txt HTTP/1.1" 200 24 "-" "Mozilla/5.0 (compatible; SemrushBot/2~bl; +http://www.semrush.com/bot.html)"
46.229.168.137 - - [11/Oct/2018:05:25:57 +0300] "GET /index HTTP/1.1" 200 5539 "-" "Mozilla/5.0 (compatible; SemrushBot/2~bl; +http://www.semrush.com/bot.html)"
207.46.13.14 - - [11/Oct/2018:05:53:33 +0300] "GET / HTTP/1.1" 200 5533 "-" "Mozilla/5.0 (compatible; bingbot/2.0; +http://www.bing.com/bingbot.htm)"
40.77.167.46 - - [11/Oct/2018:06:14:53 +0300] "GET /teamview HTTP/1.1" 200 3363 "-" "Mozilla/5.0 (compatible; bingbot/2.0; +http://www.bing.com/bingbot.htm)"
66.249.66.37 - - [11/Oct/2018:06:39:55 +0300] "GET / HTTP/1.1" 200 5539 "-" "Mozilla/5.0 (Linux; Android 6.0.1; Nexus 5X Build/MMB29P) AppleWebKit/537.36 (KHTML, like Gecko) Chrome/41.0.2272.96 Mobile Safari/537.36 (compatible; Googlebot/2.1; +http://www.google.com/bot.html)"
180.76.15.34 - - [11/Oct/2018:07:41:12 +0300] "GET /assetsweb/js/retina.min.js HTTP/1.1" 200 1220 "-" "Mozilla/5.0 (compatible; Baiduspider/2.0; +http://www.baidu.com/search/spider.html)"
66.249.66.37 - - [11/Oct/2018:07:43:32 +0300] "GET / HTTP/1.1" 200 5539 "-" "Mozilla/5.0 (compatible; Googlebot/2.1; +http://www.google.com/bot.html)"
66.249.66.34 - - [11/Oct/2018:07:43:36 +0300] "GET /assetsweb/css/responsive-rtl.css HTTP/1.1" 404 3501 "http://www.f-knowledge.com/" "Mozilla/5.0 AppleWebKit/537.36 (KHTML, like Gecko; compatible; Googlebot/2.1; +http://www.google.com/bot.html) Safari/537.36"
207.46.13.14 - - [11/Oct/2018:08:18:38 +0300] "GET / HTTP/1.1" 200 5533 "-" "Mozilla/5.0 (compatible; bingbot/2.0; +http://www.bing.com/bingbot.htm)"
40.77.190.127 - - [11/Oct/2018:08:18:39 +0300] "GET /assetsweb/css/bootstrap.min.css HTTP/1.1" 200 122246 "-" "Mozilla/5.0 (Windows NT 6.1; WOW64) AppleWebKit/534+ (KHTML, like Gecko) BingPreview/1.0b"
40.77.190.127 - - [11/Oct/2018:08:18:39 +0300] "GET /assetsweb/css/owl-carousel/owl.carousel.css HTTP/1.1" 200 4633 "-" "Mozilla/5.0 (Windows NT 6.1; WOW64) AppleWebKit/534+ (KHTML, like Gecko) BingPreview/1.0b"
40.77.189.215 - - [11/Oct/2018:08:18:40 +0300] "GET /assetsweb/css/font-awesome.css HTTP/1.1" 200 37437 "-" "Mozilla/5.0 (Windows NT 6.1; WOW64) AppleWebKit/534+ (KHTML, like Gecko) BingPreview/1.0b"
40.77.188.198 - - [11/Oct/2018:08:18:40 +0300] "GET /assetsweb/css/magnific-popup/magnific-popup.css HTTP/1.1" 200 6951 "-" "Mozilla/5.0 (Windows NT 6.1; WOW64) AppleWebKit/534+ (KHTML, like Gecko) BingPreview/1.0b"
40.77.189.29 - - [11/Oct/2018:08:18:41 +0300] "GET /assetsweb/css/animate.css HTTP/1.1" 200 23848 "-" "Mozilla/5.0 (Windows NT 6.1; WOW64) AppleWebKit/534+ (KHTML, like Gecko) BingPreview/1.0b"
40.77.188.243 - - [11/Oct/2018:08:18:42 +0300] "GET /assetsweb/css/ionicons.min.css HTTP/1.1" 200 51304 "-" "Mozilla/5.0 (Windows NT 6.1; WOW64) AppleWebKit/534+ (KHTML, like Gecko) BingPreview/1.0b"
40.77.189.70 - - [11/Oct/2018:08:18:42 +0300] "GET /assetsweb/css/style-ar.css HTTP/1.1" 200 68056 "-" "Mozilla/5.0 (Windows NT 6.1; WOW64) AppleWebKit/534+ (KHTML, like Gecko) BingPreview/1.0b"
40.77.189.70 - - [11/Oct/2018:08:18:43 +0300] "GET /assetsweb/css/bootstrap-rtl.css HTTP/1.1" 200 34981 "-" "Mozilla/5.0 (Windows NT 6.1; WOW64) AppleWebKit/534+ (KHTML, like Gecko) BingPreview/1.0b"
40.77.188.21 - - [11/Oct/2018:08:18:43 +0300] "GET /assetsweb/css/responsive-rtl.css HTTP/1.1" 404 3437 "-" "Mozilla/5.0 (Windows NT 6.1; WOW64) AppleWebKit/534+ (KHTML, like Gecko) BingPreview/1.0b"
40.77.188.185 - - [11/Oct/2018:08:18:44 +0300] "GET /assetsweb/css/custom.css HTTP/1.1" 200 243 "-" "Mozilla/5.0 (Windows NT 6.1; WOW64) AppleWebKit/534+ (KHTML, like Gecko) BingPreview/1.0b"
40.77.188.243 - - [11/Oct/2018:08:18:44 +0300] "GET /sett/15154364921.png HTTP/1.1" 200 9408 "-" "Mozilla/5.0 (Windows NT 6.1; WOW64) AppleWebKit/534+ (KHTML, like Gecko) BingPreview/1.0b"
40.77.188.185 - - [11/Oct/2018:08:18:44 +0300] "GET /assetsweb/images/banner/01.png HTTP/1.1" 200 104306 "-" "Mozilla/5.0 (Windows NT 6.1; WOW64) AppleWebKit/534+ (KHTML, like Gecko) BingPreview/1.0b"
40.77.188.243 - - [11/Oct/2018:08:18:44 +0300] "GET /assetsweb/images/drive/03.png HTTP/1.1" 200 12174 "-" "Mozilla/5.0 (Windows NT 6.1; WOW64) AppleWebKit/534+ (KHTML, like Gecko) BingPreview/1.0b"
40.77.188.39 - - [11/Oct/2018:08:18:45 +0300] "GET /assetsweb/js/jquery.min.js HTTP/1.1" 200 97163 "-" "Mozilla/5.0 (Windows NT 6.1; WOW64) AppleWebKit/534+ (KHTML, like Gecko) BingPreview/1.0b"
40.77.189.70 - - [11/Oct/2018:08:18:45 +0300] "GET /assetsweb/images/drive/04.png HTTP/1.1" 200 4375 "-" "Mozilla/5.0 (Windows NT 6.1; WOW64) AppleWebKit/534+ (KHTML, like Gecko) BingPreview/1.0b"
40.77.190.127 - - [11/Oct/2018:08:18:46 +0300] "GET /assetsweb/images/drive/01.png HTTP/1.1" 200 55703 "-" "Mozilla/5.0 (Windows NT 6.1; WOW64) AppleWebKit/534+ (KHTML, like Gecko) BingPreview/1.0b"
40.77.188.21 - - [11/Oct/2018:08:18:46 +0300] "GET /assetsweb/js/owl-carousel/owl.carousel.min.js HTTP/1.1" 200 53647 "-" "Mozilla/5.0 (Windows NT 6.1; WOW64) AppleWebKit/534+ (KHTML, like Gecko) BingPreview/1.0b"
40.77.189.6 - - [11/Oct/2018:08:18:47 +0300] "GET /assetsweb/images/drive/02-ar.png HTTP/1.1" 200 68618 "-" "Mozilla/5.0 (Windows NT 6.1; WOW64) AppleWebKit/534+ (KHTML, like Gecko) BingPreview/1.0b"
40.77.188.198 - - [11/Oct/2018:08:18:47 +0300] "GET /solution_image/1533364869.png HTTP/1.1" 200 61384 "-" "Mozilla/5.0 (Windows NT 6.1; WOW64) AppleWebKit/534+ (KHTML, like Gecko) BingPreview/1.0b"
40.77.190.127 - - [11/Oct/2018:08:18:48 +0300] "GET /assetsweb/js/counter/jquery.countTo.js HTTP/1.1" 200 2436 "-" "Mozilla/5.0 (Windows NT 6.1; WOW64) AppleWebKit/534+ (KHTML, like Gecko) BingPreview/1.0b"
40.77.189.29 - - [11/Oct/2018:08:18:48 +0300] "GET /solution_image/1533363991.jpg HTTP/1.1" 200 85082 "-" "Mozilla/5.0 (Windows NT 6.1; WOW64) AppleWebKit/534+ (KHTML, like Gecko) BingPreview/1.0b"
40.77.188.21 - - [11/Oct/2018:08:18:48 +0300] "GET /solution_image/1533364634.jpg HTTP/1.1" 200 47051 "-" "Mozilla/5.0 (Windows NT 6.1; WOW64) AppleWebKit/534+ (KHTML, like Gecko) BingPreview/1.0b"
40.77.189.6 - - [11/Oct/2018:08:18:49 +0300] "GET /assetsweb/js/jquery.appear.js HTTP/1.1" 200 1549 "-" "Mozilla/5.0 (Windows NT 6.1; WOW64) AppleWebKit/534+ (KHTML, like Gecko) BingPreview/1.0b"
40.77.189.55 - - [11/Oct/2018:08:18:49 +0300] "GET /solution_image/1533364197.jpg HTTP/1.1" 200 103489 "-" "Mozilla/5.0 (Windows NT 6.1; WOW64) AppleWebKit/534+ (KHTML, like Gecko) BingPreview/1.0b"
40.77.189.215 - - [11/Oct/2018:08:18:50 +0300] "GET /solution_image/1533364221.jpg HTTP/1.1" 200 113572 "-" "Mozilla/5.0 (Windows NT 6.1; WOW64) AppleWebKit/534+ (KHTML, like Gecko) BingPreview/1.0b"
