-- Table structure for table `general_contact_person`
--

CREATE TABLE IF NOT EXISTS `general_contact_person` (
  `id` int(11) NOT NULL,
  `name` varchar(150) DEFAULT 'Undefind',
  `details` varchar(150) DEFAULT NULL,
  `phone` varchar(150) DEFAULT NULL,
  `fax` varchar(150) DEFAULT NULL,
  `cel_phone` varchar(150) DEFAULT NULL,
  `S_B` varchar(150) DEFAULT NULL,
  `website` varchar(150) DEFAULT NULL,
  `email` varchar(150) DEFAULT NULL,
  `created_by` int(11) DEFAULT NULL,
  `created_date` datetime DEFAULT NULL,
  `last_update_by` int(11) DEFAULT NULL,
  `last_update_date` datetime DEFAULT NULL,
  `is_deleted` int(11) DEFAULT NULL,
  `deleted_by` int(11) DEFAULT NULL,
  `deleted_date` datetime DEFAULT NULL
) ENGINE=InnoDB DEFAULT CHARSET=utf8;

-- --------------------------------------------------------

--
-- Table structure for table `general_contact_person_message`
--

CREATE TABLE IF NOT EXISTS `general_contact_person_message` (
  `id` int(11) NOT NULL,
  `speach_id` int(11) DEFAULT NULL,
  `name` text,
  `description` text,
  `contact_person` int(11) DEFAULT NULL,
  `upload_path` text,
  `attachment` text,
  `created_date` datetime DEFAULT NULL,
  `accept_number` int(11) DEFAULT '0',
  `important` int(11) DEFAULT '0',
  `archive_url` text,
  `manual_archive` text,
  `subject` text,
  `spical_date` text
) ENGINE=InnoDB DEFAULT CHARSET=utf8;

-- --------------------------------------------------------

--
-- Table structure for table `general_countries`
--

CREATE TABLE IF NOT EXISTS `general_countries` (
  `id` int(11) unsigned NOT NULL,
  `is_active` tinyint(4) unsigned NOT NULL DEFAULT '1' COMMENT '0 No, 1 Yes',
  `GCC` tinyint(4) unsigned DEFAULT NULL COMMENT 'من دول مجلس التعاون الخليجي',
  `continent` varchar(50) COLLATE utf8_bin DEFAULT NULL,
  `capital` varchar(255) COLLATE utf8_bin DEFAULT NULL,
  `languages` varchar(255) COLLATE utf8_bin DEFAULT NULL,
  `geonameId` varchar(255) COLLATE utf8_bin DEFAULT NULL,
  `areaInSqKm` varchar(255) COLLATE utf8_bin DEFAULT NULL,
  `countryCode` varchar(255) COLLATE utf8_bin DEFAULT NULL,
  `currencyCode` varchar(255) COLLATE utf8_bin DEFAULT NULL,
  `name_en` varchar(255) COLLATE utf8_bin DEFAULT NULL,
  `name_ar` varchar(255) COLLATE utf8_bin DEFAULT NULL,
  `is_deleted` tinyint(4) unsigned DEFAULT NULL,
  `deleted_by` int(11) unsigned DEFAULT NULL COMMENT 'ref to ''users''',
  `deleted_date` datetime DEFAULT NULL,
  `Created_by` int(11) unsigned DEFAULT NULL COMMENT 'ref to ''users''',
  `Created_date` datetime DEFAULT NULL,
  `last_update_by` int(11) unsigned DEFAULT NULL COMMENT 'ref to ''users''',
  `last_update_date` datetime DEFAULT NULL
) ENGINE=InnoDB AUTO_INCREMENT=251 DEFAULT CHARSET=utf8 COLLATE=utf8_bin ROW_FORMAT=COMPACT;

--
-- Dumping data for table `general_countries`
--

INSERT INTO `general_countries` (`id`, `is_active`, `GCC`, `continent`, `capital`, `languages`, `geonameId`, `areaInSqKm`, `countryCode`, `currencyCode`, `name_en`, `name_ar`, `is_deleted`, `deleted_by`, `deleted_date`, `Created_by`, `Created_date`, `last_update_by`, `last_update_date`) VALUES
(1, 1, NULL, 'AS', 'الرياض', 'ar-SA', '102358', '1960582.0', 'SA', 'SAR', 'Saudi Arabia', 'المملكة العربية السعودية', NULL, NULL, NULL, 1, '2017-03-22 17:34:03', NULL, NULL),
(2, 1, NULL, 'EU', 'تيرانا', 'sq,el', '783754', '28748.0', 'AL', 'ALL', 'Albania', 'ألبانيا', NULL, NULL, NULL, 1, '2017-03-22 17:33:27', NULL, NULL),
(3, 1, NULL, 'AF', 'الجزائر', 'ar-DZ', '2589581', '2381740.0', 'DZ', 'DZD', 'Algeria', 'الجزائر', NULL, NULL, NULL, 1, '2017-03-22 17:33:27', NULL, NULL),
(4, 1, NULL, 'OC', 'Pago Pago', 'en-AS,sm,to', '5880801', '199.0', 'AS', 'USD', 'American Samoa', 'ساموا الأمريكية', NULL, NULL, NULL, 1, '2017-03-22 17:33:27', NULL, NULL),
(5, 1, NULL, 'EU', 'أندورا لا فيلا', 'ca', '3041565', '468.0', 'AD', 'EUR', 'Andorra', 'اندورا', NULL, NULL, NULL, 1, '2017-03-22 17:33:27', NULL, NULL),
(6, 1, NULL, 'AF', 'لواندا', 'pt-AO', '3351879', '1246700.0', 'AO', 'AOA', 'Angola', 'أنجولا', NULL, NULL, NULL, 1, '2017-03-22 17:33:27', NULL, NULL),
(7, 1, NULL, 'NA', 'The Valley', 'en-AI', '3573511', '102.0', 'AI', 'XCD', 'Anguilla', 'أنغويلا', NULL, NULL, NULL, 1, '2017-03-22 17:33:28', NULL, NULL),
(8, 1, NULL, 'AN', NULL, NULL, '6697173', '1.4E7', 'AQ', NULL, 'Antarctica', 'القطب الجنوبي', NULL, NULL, NULL, 1, '2017-03-22 17:33:28', NULL, NULL),
(9, 1, NULL, 'NA', 'Saint John’s', 'en-AG', '3576396', '443.0', 'AG', 'XCD', 'Antigua and Barbuda', 'أنتيجوا وبربودا', NULL, NULL, NULL, 1, '2017-03-22 17:33:28', NULL, NULL),
(10, 1, NULL, 'SA', 'بوينس آيرس', 'es-AR,en,it,de,fr,gn', '3865483', '2766890.0', 'AR', 'ARS', 'Argentina', 'الارجنتين', NULL, NULL, NULL, 1, '2017-03-22 17:33:28', NULL, NULL),
(11, 1, NULL, 'AS', 'يريفان', 'hy', '174982', '29800.0', 'AM', 'AMD', 'Armenia', 'ارمينيا', NULL, NULL, NULL, 1, '2017-03-22 17:33:28', NULL, NULL),
(12, 1, NULL, 'NA', 'أورنجستاد', 'nl-AW,pap,es,en', '3577279', '193.0', 'AW', 'AWG', 'Aruba', 'آروبا', NULL, NULL, NULL, 1, '2017-03-22 17:33:28', NULL, NULL),
(13, 1, NULL, 'OC', 'كانبرا', 'en-AU', '2077456', '7686850.0', 'AU', 'AUD', 'Australia', 'استراليا', NULL, NULL, NULL, 1, '2017-03-22 17:33:29', NULL, NULL),
(14, 1, NULL, 'EU', 'فيينا', 'de-AT,hr,hu,sl', '2782113', '83858.0', 'AT', 'EUR', 'Austria', 'النمسا', NULL, NULL, NULL, 1, '2017-03-22 17:33:29', NULL, NULL),
(15, 1, NULL, 'AS', 'باكو', 'az,ru,hy', '587116', '86600.0', 'AZ', 'AZN', 'Azerbaijan', 'آذربيجان', NULL, NULL, NULL, 1, '2017-03-22 17:33:29', NULL, NULL),
(16, 1, NULL, 'NA', 'ناساو', 'en-BS', '3572887', '13940.0', 'BS', 'BSD', 'Bahamas', 'الباهاما', NULL, NULL, NULL, 1, '2017-03-22 17:33:29', NULL, NULL),
(17, 1, 1, 'AS', 'المنامة', 'ar-BH,en,fa,ur', '290291', '665.0', 'BH', 'BHD', 'Bahrain', 'البحرين', NULL, NULL, NULL, 1, '2017-03-22 17:33:29', NULL, NULL),
(18, 1, NULL, 'AS', 'دكا', 'bn-BD,en', '1210997', '144000.0', 'BD', 'BDT', 'Bangladesh', 'بنجلاديش', NULL, NULL, NULL, 1, '2017-03-22 17:33:29', NULL, NULL),
(19, 1, NULL, 'NA', 'بريدج تاون', 'en-BB', '3374084', '431.0', 'BB', 'BBD', 'Barbados', 'بربادوس', NULL, NULL, NULL, 1, '2017-03-22 17:33:30', NULL, NULL),
(20, 1, NULL, 'EU', 'مينسك', 'be,ru', '630336', '207600.0', 'BY', 'BYN', 'Belarus', 'روسيا البيضاء', NULL, NULL, NULL, 1, '2017-03-22 17:33:30', NULL, NULL),
(21, 1, NULL, 'EU', 'بروكسل', 'nl-BE,fr-BE,de-BE', '2802361', '30510.0', 'BE', 'EUR', 'Belgium', 'بلجيكا', NULL, NULL, NULL, 1, '2017-03-22 17:33:30', NULL, NULL),
(22, 1, NULL, 'NA', 'بلموبان', 'en-BZ,es', '3582678', '22966.0', 'BZ', 'BZD', 'Belize', 'بليز', NULL, NULL, NULL, 1, '2017-03-22 17:33:30', NULL, NULL),
(23, 1, NULL, 'AF', 'بورتو نوفو', 'fr-BJ', '2395170', '112620.0', 'BJ', 'XOF', 'Benin', 'بنين', NULL, NULL, NULL, 1, '2017-03-22 17:33:30', NULL, NULL),
(24, 1, NULL, 'NA', 'هاميلتون، جزر برمودا', 'en-BM,pt', '3573345', '53.0', 'BM', 'BMD', 'Bermuda', 'برمودا', NULL, NULL, NULL, 1, '2017-03-22 17:33:31', NULL, NULL),
(25, 1, NULL, 'AS', 'تيمفو', 'dz', '1252634', '47000.0', 'BT', 'BTN', 'Bhutan', 'بوتان', NULL, NULL, NULL, 1, '2017-03-22 17:33:31', NULL, NULL),
(26, 1, NULL, 'SA', 'سوكري', 'es-BO,qu,ay', '3923057', '1098580.0', 'BO', 'BOB', 'Bolivia', 'بوليفيا', NULL, NULL, NULL, 1, '2017-03-22 17:33:31', NULL, NULL),
(27, 1, NULL, 'NA', 'Kralendijk', 'nl,pap,en', '7626844', '328.0', 'BQ', 'USD', 'Bonaire', 'Bonaire, Saint Eustatius and Saba', NULL, NULL, NULL, 1, '2017-03-22 17:33:31', NULL, NULL),
(28, 1, NULL, 'EU', 'سراييفو', 'bs,hr-BA,sr-BA', '3277605', '51129.0', 'BA', 'BAM', 'Bosnia and Herzegovina', 'البوسنة والهرسك', NULL, NULL, NULL, 1, '2017-03-22 17:33:31', NULL, NULL),
(29, 1, NULL, 'AF', 'جابورون', 'en-BW,tn-BW', '933860', '600370.0', 'BW', 'BWP', 'Botswana', 'بوتسوانا', NULL, NULL, NULL, 1, '2017-03-22 17:33:31', NULL, NULL),
(30, 1, NULL, 'AN', NULL, NULL, '3371123', '49.0', 'BV', 'NOK', 'Bouvet Island', 'جزيرة بوفيه', NULL, NULL, NULL, 1, '2017-03-22 17:33:32', NULL, NULL),
(31, 1, NULL, 'SA', 'برازيليا', 'pt-BR,es,en,fr', '3469034', '8511965.0', 'BR', 'BRL', 'Brazil', 'البرازيل', NULL, NULL, NULL, 1, '2017-03-22 17:33:32', NULL, NULL),
(32, 1, NULL, 'AS', NULL, 'en-IO', '1282588', '60.0', 'IO', 'USD', 'British Indian Ocean Territory', 'الإقليم البريطاني في المحيط الهندي', NULL, NULL, NULL, 1, '2017-03-22 17:33:32', NULL, NULL),
(33, 1, NULL, 'NA', 'رود تاون', 'en-VG', '3577718', '153.0', 'VG', 'USD', 'British Virgin Islands', 'جزر فرجين البريطانية', NULL, NULL, NULL, 1, '2017-03-22 17:33:32', NULL, NULL),
(34, 1, NULL, 'AS', 'بندر سري بكاوان', 'ms-BN,en-BN', '1820814', '5770.0', 'BN', 'BND', 'Brunei', 'بروناي', NULL, NULL, NULL, 1, '2017-03-22 17:33:32', NULL, NULL),
(35, 1, NULL, 'EU', 'صوفيا', 'bg,tr-BG,rom', '732800', '110910.0', 'BG', 'BGN', 'Bulgaria', 'بلغاريا', NULL, NULL, NULL, 1, '2017-03-22 17:33:33', NULL, NULL),
(36, 1, NULL, 'AF', 'واغادوغو', 'fr-BF,mos', '2361809', '274200.0', 'BF', 'XOF', 'Burkina Faso', 'بوركينا فاسو', NULL, NULL, NULL, 1, '2017-03-22 17:33:33', NULL, NULL),
(37, 1, NULL, 'AF', 'بوجومبورا', 'fr-BI,rn', '433561', '27830.0', 'BI', 'BIF', 'Burundi', 'بوروندي', NULL, NULL, NULL, 1, '2017-03-22 17:33:33', NULL, NULL),
(38, 1, NULL, 'AS', 'بنوم بنه', 'km,fr,en', '1831722', '181040.0', 'KH', 'KHR', 'Cambodia', 'كمبوديا', NULL, NULL, NULL, 1, '2017-03-22 17:33:33', NULL, NULL),
(39, 1, NULL, 'AF', 'ياوندي', 'en-CM,fr-CM', '2233387', '475440.0', 'CM', 'XAF', 'Cameroon', 'الكاميرون', NULL, NULL, NULL, 1, '2017-03-22 17:33:33', NULL, NULL),
(40, 1, NULL, 'NA', 'أوتاوا', 'en-CA,fr-CA,iu', '6251999', '9984670.0', 'CA', 'CAD', 'Canada', 'كندا', NULL, NULL, NULL, 1, '2017-03-22 17:33:34', NULL, NULL),
(41, 1, NULL, 'AF', 'برايا', 'pt-CV', '3374766', '4033.0', 'CV', 'CVE', 'Cape Verde', 'الرأس الأخضر', NULL, NULL, NULL, 1, '2017-03-22 17:33:34', NULL, NULL),
(42, 1, NULL, 'NA', 'جورج تاون، جزر كايمان', 'en-KY', '3580718', '262.0', 'KY', 'KYD', 'Cayman Islands', 'جزر الكايمن', NULL, NULL, NULL, 1, '2017-03-22 17:33:34', NULL, NULL),
(43, 1, NULL, 'AF', 'Bangui', 'fr-CF,sg,ln,kg', '239880', '622984.0', 'CF', 'XAF', 'Central African Republic', 'جمهورية افريقيا الوسطى', NULL, NULL, NULL, 1, '2017-03-22 17:33:34', NULL, NULL),
(44, 1, NULL, 'AF', 'أنجمينا', 'fr-TD,ar-TD,sre', '2434508', '1284000.0', 'TD', 'XAF', 'Chad', 'تشاد', NULL, NULL, NULL, 1, '2017-03-22 17:33:34', NULL, NULL),
(45, 1, NULL, 'SA', 'سانتياغو', 'es-CL', '3895114', '756950.0', 'CL', 'CLP', 'Chile', 'تشيلي', NULL, NULL, NULL, 1, '2017-03-22 17:33:35', NULL, NULL),
(46, 1, NULL, 'AS', 'بكين', 'zh-CN,yue,wuu,dta,ug,za', '1814991', '9596960.0', 'CN', 'CNY', 'China', 'الصين', NULL, NULL, NULL, 1, '2017-03-22 17:33:35', NULL, NULL),
(47, 1, NULL, 'AS', 'Flying Fish Cove', 'en,zh,ms-CC', '2078138', '135.0', 'CX', 'AUD', 'Christmas Island', 'جزيرة الكريسماس', NULL, NULL, NULL, 1, '2017-03-22 17:33:35', NULL, NULL),
(48, 1, NULL, 'AS', 'West Island', 'ms-CC,en', '1547376', '14.0', 'CC', 'AUD', 'Cocos [Keeling] Islands', 'جزر كوكوس', NULL, NULL, NULL, 1, '2017-03-22 17:33:35', NULL, NULL),
(49, 1, NULL, 'SA', 'بوغوتا', 'es-CO', '3686110', '1138910.0', 'CO', 'COP', 'Colombia', 'كولومبيا', NULL, NULL, NULL, 1, '2017-03-22 17:33:36', NULL, NULL),
(50, 1, NULL, 'AF', 'موروني', 'ar,fr-KM', '921929', '2170.0', 'KM', 'KMF', 'Comoros', 'جزر القمر', NULL, NULL, NULL, 1, '2017-03-22 17:33:36', NULL, NULL),
(51, 1, NULL, 'OC', 'Avarua', 'en-CK,mi', '1899402', '240.0', 'CK', 'NZD', 'Cook Islands', 'جزر كوك', NULL, NULL, NULL, 1, '2017-03-22 17:33:36', NULL, NULL),
(52, 1, NULL, 'NA', 'سان خوسيه، كوستاريكا', 'es-CR,en', '3624060', '51100.0', 'CR', 'CRC', 'Costa Rica', 'كوستاريكا', NULL, NULL, NULL, 1, '2017-03-22 17:33:36', NULL, NULL),
(53, 1, NULL, 'EU', 'زغرب', 'hr-HR,sr', '3202326', '56542.0', 'HR', 'HRK', 'Croatia', 'كرواتيا', NULL, NULL, NULL, 1, '2017-03-22 17:33:36', NULL, NULL),
(54, 1, NULL, 'NA', 'هافانا', 'es-CU,pap', '3562981', '110860.0', 'CU', 'CUP', 'Cuba', 'كوبا', NULL, NULL, NULL, 1, '2017-03-22 17:33:36', NULL, NULL),
(55, 1, NULL, 'NA', 'يلمستاد', 'nl,pap', '7626836', '444.0', 'CW', 'ANG', 'Curacao', 'Country of Curaçao', NULL, NULL, NULL, 1, '2017-03-22 17:33:37', NULL, NULL),
(56, 1, NULL, 'EU', 'نيقوسيا', 'el-CY,tr-CY,en', '146669', '9250.0', 'CY', 'EUR', 'Cyprus', 'قبرص', NULL, NULL, NULL, 1, '2017-03-22 17:33:37', NULL, NULL),
(57, 1, NULL, 'EU', 'براغ', 'cs,sk', '3077311', '78866.0', 'CZ', 'CZK', 'Czechia', 'جمهورية التشيك', NULL, NULL, NULL, 1, '2017-03-22 17:33:37', NULL, NULL),
(58, 1, NULL, 'AF', 'كينشاسا', 'fr-CD,ln,ktu,kg,sw,lua', '203312', '2345410.0', 'CD', 'CDF', 'Democratic Republic of the Congo', 'الكونغو - كينشاسا', NULL, NULL, NULL, 1, '2017-03-22 17:33:37', NULL, NULL),
(59, 1, NULL, 'EU', 'كوبنهاغن', 'da-DK,en,fo,de-DK', '2623032', '43094.0', 'DK', 'DKK', 'Denmark', 'الدانمرك', NULL, NULL, NULL, 1, '2017-03-22 17:33:37', NULL, NULL),
(60, 1, NULL, 'AF', 'جيبوتي', 'fr-DJ,ar,so-DJ,aa', '223816', '23000.0', 'DJ', 'DJF', 'Djibouti', 'جيبوتي', NULL, NULL, NULL, 1, '2017-03-22 17:33:38', NULL, NULL),
(61, 1, NULL, 'NA', 'روسو، دومينيكا', 'en-DM', '3575830', '754.0', 'DM', 'XCD', 'Dominica', 'دومينيكا', NULL, NULL, NULL, 1, '2017-03-22 17:33:38', NULL, NULL),
(62, 1, NULL, 'NA', 'Santo Domingo', 'es-DO', '3508796', '48730.0', 'DO', 'DOP', 'Dominican Republic', 'جمهورية الدومينيك', NULL, NULL, NULL, 1, '2017-03-22 17:33:38', NULL, NULL),
(63, 1, NULL, 'OC', 'ديلي', 'tet,pt-TL,id,en', '1966436', '15007.0', 'TL', 'USD', 'East Timor', 'تيمور الشرقية', NULL, NULL, NULL, 1, '2017-03-22 17:33:38', NULL, NULL),
(64, 1, NULL, 'SA', 'كيتو', 'es-EC', '3658394', '283560.0', 'EC', 'USD', 'Ecuador', 'الاكوادور', NULL, NULL, NULL, 1, '2017-03-22 17:33:38', NULL, NULL),
(65, 1, NULL, 'AF', 'القاهرة', 'ar-EG,en,fr', '357994', '1001450.0', 'EG', 'EGP', 'Egypt', 'مصر', NULL, NULL, NULL, 1, '2017-03-22 17:33:39', NULL, NULL),
(66, 1, NULL, 'NA', 'سان سلفادور', 'es-SV', '3585968', '21040.0', 'SV', 'USD', 'El Salvador', 'السلفادور', NULL, NULL, NULL, 1, '2017-03-22 17:33:39', NULL, NULL),
(67, 1, NULL, 'AF', 'مالابو', 'es-GQ,fr', '2309096', '28051.0', 'GQ', 'XAF', 'Equatorial Guinea', 'غينيا الاستوائية', NULL, NULL, NULL, 1, '2017-03-22 17:33:39', NULL, NULL),
(68, 1, NULL, 'AF', 'أسمرة', 'aa-ER,ar,tig,kun,ti-ER', '338010', '121320.0', 'ER', 'ERN', 'Eritrea', 'اريتريا', NULL, NULL, NULL, 1, '2017-03-22 17:33:39', NULL, NULL),
(69, 1, NULL, 'EU', 'تالين', 'et,ru', '453733', '45226.0', 'EE', 'EUR', 'Estonia', 'أستونيا', NULL, NULL, NULL, 1, '2017-03-22 17:33:39', NULL, NULL),
(70, 1, NULL, 'AF', 'أديس أبابا', 'am,en-ET,om-ET,ti-ET,so-ET,sid', '337996', '1127127.0', 'ET', 'ETB', 'Ethiopia', 'اثيوبيا', NULL, NULL, NULL, 1, '2017-03-22 17:33:40', NULL, NULL),
(71, 1, NULL, 'SA', 'ستانلي', 'en-FK', '3474414', '12173.0', 'FK', 'FKP', 'Falkland Islands', 'جزر فوكلاند', NULL, NULL, NULL, 1, '2017-03-22 17:33:40', NULL, NULL),
(72, 1, NULL, 'EU', 'توشهافن', 'fo,da-FO', '2622320', '1399.0', 'FO', 'DKK', 'Faroe Islands', 'جزر فارو', NULL, NULL, NULL, 1, '2017-03-22 17:33:40', NULL, NULL),
(73, 1, NULL, 'OC', 'سوفا', 'en-FJ,fj', '2205218', '18270.0', 'FJ', 'FJD', 'Fiji', 'فيجي', NULL, NULL, NULL, 1, '2017-03-22 17:33:40', NULL, NULL),
(74, 1, NULL, 'EU', 'هلسنكي', 'fi-FI,sv-FI,smn', '660013', '337030.0', 'FI', 'EUR', 'Finland', 'فنلندا', NULL, NULL, NULL, 1, '2017-03-22 17:33:40', NULL, NULL),
(75, 1, NULL, 'EU', 'باريس', 'fr-FR,frp,br,co,ca,eu,oc', '3017382', '547030.0', 'FR', 'EUR', 'France', 'فرنسا', NULL, NULL, NULL, 1, '2017-03-22 17:33:41', NULL, NULL),
(76, 1, NULL, 'SA', 'كايين', 'fr-GF', '3381670', '91000.0', 'GF', 'EUR', 'French Guiana', 'غويانا الفرنسية', NULL, NULL, NULL, 1, '2017-03-22 17:33:41', NULL, NULL),
(77, 1, NULL, 'OC', 'بابيتي', 'fr-PF,ty', '4030656', '4167.0', 'PF', 'XPF', 'French Polynesia', 'بولينيزيا الفرنسية', NULL, NULL, NULL, 1, '2017-03-22 17:33:41', NULL, NULL),
(78, 1, NULL, 'AN', 'Port-aux-Français', 'fr', '1546748', '7829.0', 'TF', 'EUR', 'French Southern Territories', 'المقاطعات الجنوبية الفرنسية', NULL, NULL, NULL, 1, '2017-03-22 17:33:41', NULL, NULL),
(79, 1, NULL, 'AF', 'ليبرفيل', 'fr-GA', '2400553', '267667.0', 'GA', 'XAF', 'Gabon', 'الجابون', NULL, NULL, NULL, 1, '2017-03-22 17:33:41', NULL, NULL),
(80, 1, NULL, 'AF', 'بانجول', 'en-GM,mnk,wof,wo,ff', '2413451', '11300.0', 'GM', 'GMD', 'Gambia', 'غامبيا', NULL, NULL, NULL, 1, '2017-03-22 17:33:42', NULL, NULL),
(81, 1, NULL, 'AS', 'تبليسي', 'ka,ru,hy,az', '614540', '69700.0', 'GE', 'GEL', 'Georgia', 'جورجيا', NULL, NULL, NULL, 1, '2017-03-22 17:33:42', NULL, NULL),
(82, 1, NULL, 'EU', 'برلين', 'de', '2921044', '357021.0', 'DE', 'EUR', 'Germany', 'المانيا', NULL, NULL, NULL, 1, '2017-03-22 17:33:42', NULL, NULL),
(83, 1, NULL, 'AF', 'أكرا', 'en-GH,ak,ee,tw', '2300660', '239460.0', 'GH', 'GHS', 'Ghana', 'غانا', NULL, NULL, NULL, 1, '2017-03-22 17:33:42', NULL, NULL),
(84, 1, NULL, 'EU', 'محمية جبل طارق', 'en-GI,es,it,pt', '2411586', '6.5', 'GI', 'GIP', 'Gibraltar', 'جبل طارق', NULL, NULL, NULL, 1, '2017-03-22 17:33:42', NULL, NULL),
(85, 1, NULL, 'EU', 'أثينا', 'el-GR,en,fr', '390903', '131940.0', 'GR', 'EUR', 'Greece', 'اليونان', NULL, NULL, NULL, 1, '2017-03-22 17:33:43', NULL, NULL),
(86, 1, NULL, 'NA', 'نوك', 'kl,da-GL,en', '3425505', '2166086.0', 'GL', 'DKK', 'Greenland', 'غرينلاند', NULL, NULL, NULL, 1, '2017-03-22 17:33:43', NULL, NULL),
(87, 1, NULL, 'NA', 'Saint George''s', 'en-GD', '3580239', '344.0', 'GD', 'XCD', 'Grenada', 'غرينادا', NULL, NULL, NULL, 1, '2017-03-22 17:33:43', NULL, NULL),
(88, 1, NULL, 'NA', 'Basse-Terre', 'fr-GP', '3579143', '1780.0', 'GP', 'EUR', 'Guadeloupe', 'جوادلوب', NULL, NULL, NULL, 1, '2017-03-22 17:33:43', NULL, NULL),
(89, 1, NULL, 'OC', 'هاغاتنا', 'en-GU,ch-GU', '4043988', '549.0', 'GU', 'USD', 'Guam', 'غوام', NULL, NULL, NULL, 1, '2017-03-22 17:33:44', NULL, NULL),
(90, 1, NULL, 'NA', 'مدينة غواتيمالا', 'es-GT', '3595528', '108890.0', 'GT', 'GTQ', 'Guatemala', 'جواتيمالا', NULL, NULL, NULL, 1, '2017-03-22 17:33:44', NULL, NULL),
(91, 1, NULL, 'EU', 'سان بيتر بورت', 'en,nrf', '3042362', '78.0', 'GG', 'GBP', 'Guernsey', 'غيرنزي', NULL, NULL, NULL, 1, '2017-03-22 17:33:44', NULL, NULL),
(92, 1, NULL, 'AF', 'Conakry', 'fr-GN', '2420477', '245857.0', 'GN', 'GNF', 'Guinea', 'غينيا', NULL, NULL, NULL, 1, '2017-03-22 17:33:44', NULL, NULL),
(93, 1, NULL, 'AF', 'بيساو', 'pt-GW,pov', '2372248', '36120.0', 'GW', 'XOF', 'Guinea-Bissau', 'غينيا بيساو', NULL, NULL, NULL, 1, '2017-03-22 17:33:44', NULL, NULL),
(94, 1, NULL, 'SA', 'جورج توغن', 'en-GY', '3378535', '214970.0', 'GY', 'GYD', 'Guyana', 'غوايانا', NULL, NULL, NULL, 1, '2017-03-22 17:33:44', NULL, NULL),
(95, 1, NULL, 'NA', 'بورت أو برانس', 'ht,fr-HT', '3723988', '27750.0', 'HT', 'HTG', 'Haiti', 'هايتي', NULL, NULL, NULL, 1, '2017-03-22 17:33:45', NULL, NULL),
(96, 1, NULL, 'AN', NULL, NULL, '1547314', '412.0', 'HM', 'AUD', 'Heard Island and McDonald Islands', 'جزيرة هيرد وجزر ماكدونالد', NULL, NULL, NULL, 1, '2017-03-22 17:33:45', NULL, NULL),
(97, 1, NULL, 'NA', 'تيجوسيجالبا', 'es-HN,cab,miq', '3608932', '112090.0', 'HN', 'HNL', 'Honduras', 'هندوراس', NULL, NULL, NULL, 1, '2017-03-22 17:33:45', NULL, NULL),
(98, 1, NULL, 'AS', 'Hong Kong', 'zh-HK,yue,zh,en', '1819730', '1092.0', 'HK', 'HKD', 'Hong Kong', 'هونغ كونغ', NULL, NULL, NULL, 1, '2017-03-22 17:33:45', NULL, NULL),
(99, 1, NULL, 'EU', 'بودابست', 'hu-HU', '719819', '93030.0', 'HU', 'HUF', 'Hungary', 'المجر', NULL, NULL, NULL, 1, '2017-03-22 17:33:45', NULL, NULL),
(100, 1, NULL, 'EU', 'ريكيافيك', 'is,en,de,da,sv,no', '2629691', '103000.0', 'IS', 'ISK', 'Iceland', 'أيسلندا', NULL, NULL, NULL, 1, '2017-03-22 17:33:46', NULL, NULL),
(101, 1, NULL, 'AS', 'نيودلهي', 'en-IN,hi,bn,te,mr,ta,ur,gu,kn,ml,or,pa,as,bh,sat,ks,ne,sd,kok,doi,mni,sit,sa,fr,lus,inc', '1269750', '3287590.0', 'IN', 'INR', 'India', 'الهند', NULL, NULL, NULL, 1, '2017-03-22 17:33:46', NULL, NULL),
(102, 1, NULL, 'AS', 'جاكارتا', 'id,en,nl,jv', '1643084', '1919440.0', 'ID', 'IDR', 'Indonesia', 'اندونيسيا', NULL, NULL, NULL, 1, '2017-03-22 17:33:46', NULL, NULL),
(103, 1, NULL, 'AS', 'طهران', 'fa-IR,ku', '130758', '1648000.0', 'IR', 'IRR', 'Iran', 'ايران', NULL, NULL, NULL, 1, '2017-03-22 17:33:46', NULL, NULL),
(104, 1, NULL, 'AS', 'بغداد', 'ar-IQ,ku,hy', '99237', '437072.0', 'IQ', 'IQD', 'Iraq', 'العراق', NULL, NULL, NULL, 1, '2017-03-22 17:33:46', NULL, NULL),
(105, 1, NULL, 'EU', 'دبلن', 'en-IE,ga-IE', '2963597', '70280.0', 'IE', 'EUR', 'Ireland', 'أيرلاندا', NULL, NULL, NULL, 1, '2017-03-22 17:33:46', NULL, NULL),
(106, 1, NULL, 'EU', 'Douglas', 'en,gv', '3042225', '572.0', 'IM', 'GBP', 'Isle of Man', 'جزيرة مان', NULL, NULL, NULL, 1, '2017-03-22 17:33:47', NULL, NULL),
(107, 1, NULL, 'AS', NULL, 'he,ar-IL,en-IL,', '294640', '20770.0', 'IL', 'ILS', 'Israel', 'اسرائيل', NULL, NULL, NULL, 1, '2017-03-22 17:33:47', NULL, NULL),
(108, 1, NULL, 'EU', 'روما', 'it-IT,de-IT,fr-IT,sc,ca,co,sl', '3175395', '301230.0', 'IT', 'EUR', 'Italy', 'ايطاليا', NULL, NULL, NULL, 1, '2017-03-22 17:33:47', NULL, NULL),
(109, 1, NULL, 'AF', 'ياموسوكرو', 'fr-CI', '2287781', '322460.0', 'CI', 'XOF', 'Ivory Coast', 'ساحل العاج', NULL, NULL, NULL, 1, '2017-03-22 17:33:47', NULL, NULL),
(110, 1, NULL, 'NA', 'Kingston', 'en-JM', '3489940', '10991.0', 'JM', 'JMD', 'Jamaica', 'جامايكا', NULL, NULL, NULL, 1, '2017-03-22 17:33:47', NULL, NULL),
(111, 1, NULL, 'AS', 'طوكيو', 'ja', '1861060', '377835.0', 'JP', 'JPY', 'Japan', 'اليابان', NULL, NULL, NULL, 1, '2017-03-22 17:33:47', NULL, NULL),
(112, 1, NULL, 'EU', 'Saint Helier', 'en,fr,nrf', '3042142', '116.0', 'JE', 'GBP', 'Jersey', 'جيرسي', NULL, NULL, NULL, 1, '2017-03-22 17:33:48', NULL, NULL),
(113, 1, NULL, 'AS', 'عمان', 'ar-JO,en', '248816', '92300.0', 'JO', 'JOD', 'Jordan', 'الأردن', NULL, NULL, NULL, 1, '2017-03-22 17:33:48', NULL, NULL),
(114, 1, NULL, 'AS', 'أسطانا', 'kk,ru', '1522867', '2717300.0', 'KZ', 'KZT', 'Kazakhstan', 'كازاخستان', NULL, NULL, NULL, 1, '2017-03-22 17:33:48', NULL, NULL),
(115, 1, NULL, 'AF', 'نيروبي', 'en-KE,sw-KE', '192950', '582650.0', 'KE', 'KES', 'Kenya', 'كينيا', NULL, NULL, NULL, 1, '2017-03-22 17:33:48', NULL, NULL),
(116, 1, NULL, 'OC', 'Tarawa', 'en-KI,gil', '4030945', '811.0', 'KI', 'AUD', 'Kiribati', 'كيريباتي', NULL, NULL, NULL, 1, '2017-03-22 17:33:48', NULL, NULL),
(117, 1, NULL, 'EU', 'بريشتينا', 'sq,sr', '831053', '10908.0', 'XK', 'EUR', 'Kosovo', 'كوسوفو', NULL, NULL, NULL, 1, '2017-03-22 17:33:49', NULL, NULL),
(118, 1, 1, 'AS', 'مدينة الكويت', 'ar-KW,en', '285570', '17820.0', 'KW', 'KWD', 'Kuwait', 'الكويت', NULL, NULL, NULL, 1, '2017-03-22 17:33:49', NULL, NULL),
(119, 1, NULL, 'AS', 'بيشكك', 'ky,uz,ru', '1527747', '198500.0', 'KG', 'KGS', 'Kyrgyzstan', 'قيرغيزستان', NULL, NULL, NULL, 1, '2017-03-22 17:33:49', NULL, NULL),
(120, 1, NULL, 'AS', 'فيينتيان', 'lo,fr,en', '1655842', '236800.0', 'LA', 'LAK', 'Laos', 'لاوس', NULL, NULL, NULL, 1, '2017-03-22 17:33:49', NULL, NULL),
(121, 1, NULL, 'EU', 'ريغا', 'lv,ru,lt', '458258', '64589.0', 'LV', 'EUR', 'Latvia', 'لاتفيا', NULL, NULL, NULL, 1, '2017-03-22 17:33:49', NULL, NULL),
(122, 1, NULL, 'AS', 'بيروت', 'ar-LB,fr-LB,en,hy', '272103', '10400.0', 'LB', 'LBP', 'Lebanon', 'لبنان', NULL, NULL, NULL, 1, '2017-03-22 17:33:49', NULL, NULL),
(123, 1, NULL, 'AF', 'ماسيرو', 'en-LS,st,zu,xh', '932692', '30355.0', 'LS', 'LSL', 'Lesotho', 'ليسوتو', NULL, NULL, NULL, 1, '2017-03-22 17:33:50', NULL, NULL),
(124, 1, NULL, 'AF', 'مونروفيا', 'en-LR', '2275384', '111370.0', 'LR', 'LRD', 'Liberia', 'ليبيريا', NULL, NULL, NULL, 1, '2017-03-22 17:33:50', NULL, NULL),
(125, 1, NULL, 'AF', 'طَرَابُلُس', 'ar-LY,it,en', '2215636', '1759540.0', 'LY', 'LYD', 'Libya', 'ليبيا', NULL, NULL, NULL, 1, '2017-03-22 17:33:50', NULL, NULL),
(126, 1, NULL, 'EU', 'Vaduz', 'de-LI', '3042058', '160.0', 'LI', 'CHF', 'Liechtenstein', 'ليختنشتاين', NULL, NULL, NULL, 1, '2017-03-22 17:33:50', NULL, NULL),
(127, 1, NULL, 'EU', 'فيلنيوس', 'lt,ru,pl', '597427', '65200.0', 'LT', 'EUR', 'Lithuania', 'ليتوانيا', NULL, NULL, NULL, 1, '2017-03-22 17:33:50', NULL, NULL),
(128, 1, NULL, 'EU', 'لوكسمبورغ', 'lb,de-LU,fr-LU', '2960313', '2586.0', 'LU', 'EUR', 'Luxembourg', 'لوكسمبورج', NULL, NULL, NULL, 1, '2017-03-22 17:33:51', NULL, NULL),
(129, 1, NULL, 'AS', 'ماكاو', 'zh,zh-MO,pt', '1821275', '254.0', 'MO', 'MOP', 'Macao', 'ماكاو', NULL, NULL, NULL, 1, '2017-03-22 17:33:51', NULL, NULL),
(130, 1, NULL, 'EU', 'سكوبيه', 'mk,sq,tr,rmm,sr', '718075', '25333.0', 'MK', 'MKD', 'Macedonia', 'مقدونيا', NULL, NULL, NULL, 1, '2017-03-22 17:33:51', NULL, NULL),
(131, 1, NULL, 'AF', 'أنتاناناريفو', 'fr-MG,mg', '1062947', '587040.0', 'MG', 'MGA', 'Madagascar', 'مدغشقر', NULL, NULL, NULL, 1, '2017-03-22 17:33:51', NULL, NULL),
(132, 1, NULL, 'AF', 'ليلونغوي', 'ny,yao,tum,swk', '927384', '118480.0', 'MW', 'MWK', 'Malawi', 'ملاوي', NULL, NULL, NULL, 1, '2017-03-22 17:33:51', NULL, NULL),
(133, 1, NULL, 'AS', 'كوالالمبور', 'ms-MY,en,zh,ta,te,ml,pa,th', '1733045', '329750.0', 'MY', 'MYR', 'Malaysia', 'ماليزيا', NULL, NULL, NULL, 1, '2017-03-22 17:33:52', NULL, NULL),
(134, 1, NULL, 'AS', 'Male', 'dv,en', '1282028', '300.0', 'MV', 'MVR', 'Maldives', 'جزر الملديف', NULL, NULL, NULL, 1, '2017-03-22 17:33:52', NULL, NULL),
(135, 1, NULL, 'AF', 'باماكو', 'fr-ML,bm', '2453866', '1240000.0', 'ML', 'XOF', 'Mali', 'مالي', NULL, NULL, NULL, 1, '2017-03-22 17:33:52', NULL, NULL),
(136, 1, NULL, 'EU', 'فاليتا', 'mt,en-MT', '2562770', '316.0', 'MT', 'EUR', 'Malta', 'مالطا', NULL, NULL, NULL, 1, '2017-03-22 17:33:52', NULL, NULL),
(137, 1, NULL, 'OC', 'Majuro', 'mh,en-MH', '2080185', '181.3', 'MH', 'USD', 'Marshall Islands', 'جزر المارشال', NULL, NULL, NULL, 1, '2017-03-22 17:33:52', NULL, NULL),
(138, 1, NULL, 'NA', 'فور دو فرانس', 'fr-MQ', '3570311', '1100.0', 'MQ', 'EUR', 'Martinique', 'مارتينيك', NULL, NULL, NULL, 1, '2017-03-22 17:33:53', NULL, NULL),
(139, 1, NULL, 'AF', 'نواكشوط', 'ar-MR,fuc,snk,fr,mey,wo', '2378080', '1030700.0', 'MR', 'MRO', 'Mauritania', 'موريتانيا', NULL, NULL, NULL, 1, '2017-03-22 17:33:53', NULL, NULL),
(140, 1, NULL, 'AF', 'بور لويس', 'en-MU,bho,fr', '934292', '2040.0', 'MU', 'MUR', 'Mauritius', 'موريشوس', NULL, NULL, NULL, 1, '2017-03-22 17:33:53', NULL, NULL),
(141, 1, NULL, 'AF', 'Mamoudzou', 'fr-YT', '1024031', '374.0', 'YT', 'EUR', 'Mayotte', 'مايوت', NULL, NULL, NULL, 1, '2017-03-22 17:33:53', NULL, NULL),
(142, 1, NULL, 'NA', 'مدينة مكسيكو', 'es-MX', '3996063', '1972550.0', 'MX', 'MXN', 'Mexico', 'المكسيك', NULL, NULL, NULL, 1, '2017-03-22 17:33:53', NULL, NULL),
(143, 1, NULL, 'OC', 'Palikir - National Government Center', 'en-FM,chk,pon,yap,kos,uli,woe,nkr,kpg', '2081918', '702.0', 'FM', 'USD', 'Micronesia', 'ميكرونيزيا', NULL, NULL, NULL, 1, '2017-03-22 17:33:54', NULL, NULL),
(144, 1, NULL, 'EU', 'كيشيناو', 'ro,ru,gag,tr', '617790', '33843.0', 'MD', 'MDL', 'Moldova', 'مولدوفا', NULL, NULL, NULL, 1, '2017-03-22 17:33:54', NULL, NULL),
(145, 1, NULL, 'EU', 'Monaco', 'fr-MC,en,it', '2993457', '1.95', 'MC', 'EUR', 'Monaco', 'موناكو', NULL, NULL, NULL, 1, '2017-03-22 17:33:54', NULL, NULL),
(146, 1, NULL, 'AS', 'أولان باتور', 'mn,ru', '2029969', '1565000.0', 'MN', 'MNT', 'Mongolia', 'منغوليا', NULL, NULL, NULL, 1, '2017-03-22 17:33:54', NULL, NULL),
(147, 1, NULL, 'EU', 'بودغوريتسا', 'sr,hu,bs,sq,hr,rom', '3194884', '14026.0', 'ME', 'EUR', 'Montenegro', 'الجبل الأسود', NULL, NULL, NULL, 1, '2017-03-22 17:33:54', NULL, NULL),
(148, 1, NULL, 'NA', 'بليموث، مونتسيرات', 'en-MS', '3578097', '102.0', 'MS', 'XCD', 'Montserrat', 'مونتسرات', NULL, NULL, NULL, 1, '2017-03-22 17:33:54', NULL, NULL),
(149, 1, NULL, 'AF', 'رباط', 'ar-MA,ber,fr', '2542007', '446550.0', 'MA', 'MAD', 'Morocco', 'المغرب', NULL, NULL, NULL, 1, '2017-03-22 17:33:55', NULL, NULL),
(150, 1, NULL, 'AF', 'مابوتو', 'pt-MZ,vmw', '1036973', '801590.0', 'MZ', 'MZN', 'Mozambique', 'موزمبيق', NULL, NULL, NULL, 1, '2017-03-22 17:33:55', NULL, NULL),
(151, 1, NULL, 'AS', 'Nay Pyi Taw', 'my', '1327865', '678500.0', 'MM', 'MMK', 'Myanmar [Burma]', 'ميانمار -بورما', NULL, NULL, NULL, 1, '2017-03-22 17:33:55', NULL, NULL),
(152, 1, NULL, 'AF', 'ويندهوك', 'en-NA,af,de,hz,naq', '3355338', '825418.0', 'NA', 'NAD', 'Namibia', 'ناميبيا', NULL, NULL, NULL, 1, '2017-03-22 17:33:55', NULL, NULL),
(153, 1, NULL, 'OC', 'Yaren', 'na,en-NR', '2110425', '21.0', 'NR', 'AUD', 'Nauru', 'نورو', NULL, NULL, NULL, 1, '2017-03-22 17:33:55', NULL, NULL),
(154, 1, NULL, 'AS', 'كاتماندو', 'ne,en', '1282988', '140800.0', 'NP', 'NPR', 'Nepal', 'النيبال', NULL, NULL, NULL, 1, '2017-03-22 17:33:56', NULL, NULL),
(155, 1, NULL, 'EU', 'أمستردام', 'nl-NL,fy-NL', '2750405', '41526.0', 'NL', 'EUR', 'Netherlands', 'هولندا', NULL, NULL, NULL, 1, '2017-03-22 17:33:56', NULL, NULL),
(156, 1, NULL, 'OC', 'نوميا', 'fr-NC', '2139685', '19060.0', 'NC', 'XPF', 'New Caledonia', 'كاليدونيا الجديدة', NULL, NULL, NULL, 1, '2017-03-22 17:33:56', NULL, NULL),
(157, 1, NULL, 'OC', 'ويلينغتون', 'en-NZ,mi', '2186224', '268680.0', 'NZ', 'NZD', 'New Zealand', 'نيوزيلاندا', NULL, NULL, NULL, 1, '2017-03-22 17:33:56', NULL, NULL),
(158, 1, NULL, 'NA', 'ماناغوا', 'es-NI,en', '3617476', '129494.0', 'NI', 'NIO', 'Nicaragua', 'نيكاراغوا', NULL, NULL, NULL, 1, '2017-03-22 17:33:56', NULL, NULL),
(159, 1, NULL, 'AF', 'نيامي', 'fr-NE,ha,kr,dje', '2440476', '1267000.0', 'NE', 'XOF', 'Niger', 'النيجر', NULL, NULL, NULL, 1, '2017-03-22 17:33:56', NULL, NULL),
(160, 1, NULL, 'AF', 'أبوجا', 'en-NG,ha,yo,ig,ff', '2328926', '923768.0', 'NG', 'NGN', 'Nigeria', 'نيجيريا', NULL, NULL, NULL, 1, '2017-03-22 17:33:57', NULL, NULL),
(161, 1, NULL, 'OC', 'Alofi', 'niu,en-NU', '4036232', '260.0', 'NU', 'NZD', 'Niue', 'نيوي', NULL, NULL, NULL, 1, '2017-03-22 17:33:57', NULL, NULL),
(162, 1, NULL, 'OC', 'Kingston', 'en-NF', '2155115', '34.6', 'NF', 'AUD', 'Norfolk Island', 'جزيرة نورفوك', NULL, NULL, NULL, 1, '2017-03-22 17:33:57', NULL, NULL),
(163, 1, NULL, 'AS', 'بيونغيانغ', 'ko-KP', '1873107', '120540.0', 'KP', 'KPW', 'North Korea', 'كوريا الشمالية', NULL, NULL, NULL, 1, '2017-03-22 17:33:57', NULL, NULL),
(164, 1, NULL, 'OC', 'Saipan', 'fil,tl,zh,ch-MP,en-MP', '4041468', '477.0', 'MP', 'USD', 'Northern Mariana Islands', 'جزر ماريانا الشمالية', NULL, NULL, NULL, 1, '2017-03-22 17:33:57', NULL, NULL),
(165, 1, NULL, 'EU', 'أوسلو', 'no,nb,nn,se,fi', '3144096', '324220.0', 'NO', 'NOK', 'Norway', 'النرويج', NULL, NULL, NULL, 1, '2017-03-22 17:33:57', NULL, NULL),
(166, 1, 1, 'AS', 'محافظة مسقط', 'ar-OM,en,bal,ur', '286963', '212460.0', 'OM', 'OMR', 'Oman', 'عمان', NULL, NULL, NULL, 1, '2017-03-22 17:33:58', NULL, NULL),
(167, 1, NULL, 'AS', 'إسلام آباد', 'ur-PK,en-PK,pa,sd,ps,brh', '1168579', '803940.0', 'PK', 'PKR', 'Pakistan', 'الباكستان', NULL, NULL, NULL, 1, '2017-03-22 17:33:58', NULL, NULL),
(168, 1, NULL, 'OC', 'Melekeok', 'pau,sov,en-PW,tox,ja,fil,zh', '1559582', '458.0', 'PW', 'USD', 'Palau', 'بالاو', NULL, NULL, NULL, 1, '2017-03-22 17:33:58', NULL, NULL),
(169, 1, NULL, 'AS', NULL, 'ar-PS', '6254930', '5970.0', 'PS', 'ILS', 'Palestine', 'فلسطين', NULL, NULL, NULL, 1, '2017-03-22 17:33:58', NULL, NULL),
(170, 1, NULL, 'NA', 'Panamá', 'es-PA,en', '3703430', '78200.0', 'PA', 'PAB', 'Panama', 'بنما', NULL, NULL, NULL, 1, '2017-03-22 17:33:58', NULL, NULL),
(171, 1, NULL, 'OC', 'بورت مورسبي', 'en-PG,ho,meu,tpi', '2088628', '462840.0', 'PG', 'PGK', 'Papua New Guinea', 'بابوا غينيا الجديدة', NULL, NULL, NULL, 1, '2017-03-22 17:33:58', NULL, NULL),
(172, 1, NULL, 'SA', 'أسونسيون', 'es-PY,gn', '3437598', '406750.0', 'PY', 'PYG', 'Paraguay', 'باراجواي', NULL, NULL, NULL, 1, '2017-03-22 17:33:59', NULL, NULL),
(173, 1, NULL, 'SA', 'ليما', 'es-PE,qu,ay', '3932488', '1285220.0', 'PE', 'PEN', 'Peru', 'بيرو', NULL, NULL, NULL, 1, '2017-03-22 17:33:59', NULL, NULL),
(174, 1, NULL, 'AS', 'مانيلا', 'tl,en-PH,fil,ceb,tgl,ilo,hil,war,pam,bik,bcl,pag,mrw,tsg,mdh,cbk,krj,sgd,msb,akl,ibg,yka,mta,abx', '1694008', '300000.0', 'PH', 'PHP', 'Philippines', 'الفيلبين', NULL, NULL, NULL, 1, '2017-03-22 17:33:59', NULL, NULL),
(175, 1, NULL, 'OC', 'آدمزتاون، جزر بيتكيرن', 'en-PN', '4030699', '47.0', 'PN', 'NZD', 'Pitcairn Islands', 'جزر بيتكيرن', NULL, NULL, NULL, 1, '2017-03-22 17:34:00', NULL, NULL),
(176, 1, NULL, 'EU', 'وارسو', 'pl', '798544', '312685.0', 'PL', 'PLN', 'Poland', 'بولندا', NULL, NULL, NULL, 1, '2017-03-22 17:34:00', NULL, NULL),
(177, 1, NULL, 'EU', 'لشبونة', 'pt-PT,mwl', '2264397', '92391.0', 'PT', 'EUR', 'Portugal', 'البرتغال', NULL, NULL, NULL, 1, '2017-03-22 17:34:00', NULL, NULL),
(178, 1, NULL, 'NA', 'سان خوان، بورتوريكو', 'en-PR,es-PR', '4566966', '9104.0', 'PR', 'USD', 'Puerto Rico', 'بورتوريكو', NULL, NULL, NULL, 1, '2017-03-22 17:34:00', NULL, NULL),
(179, 1, 1, 'AS', 'الدوحة', 'ar-QA,es', '289688', '11437.0', 'QA', 'QAR', 'Qatar', 'قطر', NULL, NULL, NULL, 1, '2017-03-22 17:34:00', NULL, NULL),
(180, 1, NULL, 'AF', 'برازافيل', 'fr-CG,kg,ln-CG', '2260494', '342000.0', 'CG', 'XAF', 'Republic of the Congo', 'الكونغو - برازافيل', NULL, NULL, NULL, 1, '2017-03-22 17:34:01', NULL, NULL),
(181, 1, NULL, 'EU', 'بوخارست', 'ro,hu,rom', '798549', '237500.0', 'RO', 'RON', 'Romania', 'رومانيا', NULL, NULL, NULL, 1, '2017-03-22 17:34:01', NULL, NULL),
(182, 1, NULL, 'EU', 'موسكو', 'ru,tt,xal,cau,ady,kv,ce,tyv,cv,udm,tut,mns,bua,myv,mdf,chm,ba,inh,tut,kbd,krc,ava,sah,nog', '2017370', '1.71E7', 'RU', 'RUB', 'Russia', 'روسيا', NULL, NULL, NULL, 1, '2017-03-22 17:34:01', NULL, NULL),
(183, 1, NULL, 'AF', 'كيغالي', 'rw,en-RW,fr-RW,sw', '49518', '26338.0', 'RW', 'RWF', 'Rwanda', 'رواندا', NULL, NULL, NULL, 1, '2017-03-22 17:34:01', NULL, NULL),
(184, 1, NULL, 'AF', 'Saint-Denis', 'fr-RE', '935317', '2517.0', 'RE', 'EUR', 'Réunion', 'روينيون', NULL, NULL, NULL, 1, '2017-03-22 17:34:02', NULL, NULL),
(185, 1, NULL, 'NA', 'Gustavia', 'fr', '3578476', '21.0', 'BL', 'EUR', 'Saint Barthélemy', 'سان بارتليمي', NULL, NULL, NULL, 1, '2017-03-22 17:34:02', NULL, NULL),
(186, 1, NULL, 'AF', 'جيمس تاون', 'en-SH', '3370751', '410.0', 'SH', 'SHP', 'Saint Helena', 'سانت هيلنا', NULL, NULL, NULL, 1, '2017-03-22 17:34:02', NULL, NULL),
(187, 1, NULL, 'NA', 'باستير', 'en-KN', '3575174', '261.0', 'KN', 'XCD', 'Saint Kitts and Nevis', 'سانت كيتس ونيفيس', NULL, NULL, NULL, 1, '2017-03-22 17:34:02', NULL, NULL),
(188, 1, NULL, 'NA', 'كاستريس', 'en-LC', '3576468', '616.0', 'LC', 'XCD', 'Saint Lucia', 'سانت لوسيا', NULL, NULL, NULL, 1, '2017-03-22 17:34:02', NULL, NULL),
(189, 1, NULL, 'NA', 'Marigot', 'fr', '3578421', '53.0', 'MF', 'EUR', 'Saint Martin', 'سانت مارتين', NULL, NULL, NULL, 1, '2017-03-22 17:34:03', NULL, NULL),
(190, 1, NULL, 'NA', 'Saint-Pierre', 'fr-PM', '3424932', '242.0', 'PM', 'EUR', 'Saint Pierre and Miquelon', 'سانت بيير وميكولون', NULL, NULL, NULL, 1, '2017-03-22 17:34:03', NULL, NULL),
(191, 1, NULL, 'NA', 'كينغستاون', 'en-VC,fr', '3577815', '389.0', 'VC', 'XCD', 'Saint Vincent and the Grenadines', 'سانت فنسنت وغرنادين', NULL, NULL, NULL, 1, '2017-03-22 17:34:03', NULL, NULL),
(192, 1, NULL, 'OC', 'أبيا', 'sm,en-WS', '4034894', '2944.0', 'WS', 'WST', 'Samoa', 'ساموا', NULL, NULL, NULL, 1, '2017-03-22 17:34:03', NULL, NULL),
(193, 1, NULL, 'EU', 'سان مارينو المدينة', 'it-SM', '3168068', '61.2', 'SM', 'EUR', 'San Marino', 'سان مارينو', NULL, NULL, NULL, 1, '2017-03-22 17:34:03', NULL, NULL),
(194, 1, NULL, 'AS', 'كابل', 'fa-AF,ps,uz-AF,tk', '1149361', '647500.0', 'AF', 'AFN', 'Afghanistan', 'افغانستان', NULL, NULL, NULL, 1, '2017-03-22 17:33:26', NULL, NULL),
(195, 1, NULL, 'AF', 'داكار', 'fr-SN,wo,fuc,mnk', '2245662', '196190.0', 'SN', 'XOF', 'Senegal', 'السنغال', NULL, NULL, NULL, 1, '2017-03-22 17:34:04', NULL, NULL),
(196, 1, NULL, 'EU', 'بلغراد', 'sr,hu,bs,rom', '6290252', '88361.0', 'RS', 'RSD', 'Serbia', 'صربيا', NULL, NULL, NULL, 1, '2017-03-22 17:34:04', NULL, NULL),
(197, 1, NULL, 'AF', 'فيكتوريا', 'en-SC,fr-SC', '241170', '455.0', 'SC', 'SCR', 'Seychelles', 'سيشل', NULL, NULL, NULL, 1, '2017-03-22 17:34:04', NULL, NULL),
(198, 1, NULL, 'AF', 'فريتاون', 'en-SL,men,tem', '2403846', '71740.0', 'SL', 'SLL', 'Sierra Leone', 'سيراليون', NULL, NULL, NULL, 1, '2017-03-22 17:34:04', NULL, NULL),
(199, 1, NULL, 'AS', 'Singapore', 'cmn,en-SG,ms-SG,ta-SG,zh-SG', '1880251', '692.7', 'SG', 'SGD', 'Singapore', 'سنغافورة', NULL, NULL, NULL, 1, '2017-03-22 17:34:04', NULL, NULL),
(200, 1, NULL, 'NA', 'Philipsburg', 'nl,en', '7609695', '21.0', 'SX', 'ANG', 'Sint Maarten', 'Sint Maarten', NULL, NULL, NULL, 1, '2017-03-22 17:34:04', NULL, NULL),
(201, 1, NULL, 'EU', 'براتيسلافا', 'sk,hu', '3057568', '48845.0', 'SK', 'EUR', 'Slovakia', 'سلوفاكيا', NULL, NULL, NULL, 1, '2017-03-22 17:34:05', NULL, NULL),
(202, 1, NULL, 'EU', 'ليوبليانا', 'sl,sh', '3190538', '20273.0', 'SI', 'EUR', 'Slovenia', 'سلوفينيا', NULL, NULL, NULL, 1, '2017-03-22 17:34:05', NULL, NULL),
(203, 1, NULL, 'OC', 'هونيارا', 'en-SB,tpi', '2103350', '28450.0', 'SB', 'SBD', 'Solomon Islands', 'جزر سليمان', NULL, NULL, NULL, 1, '2017-03-22 17:34:05', NULL, NULL),
(204, 1, NULL, 'AF', 'مقديشو', 'so-SO,ar-SO,it,en-SO', '51537', '637657.0', 'SO', 'SOS', 'Somalia', 'الصومال', NULL, NULL, NULL, 1, '2017-03-22 17:34:05', NULL, NULL),
(205, 1, NULL, 'AF', 'بريتوريا', 'zu,xh,af,nso,en-ZA,tn,st,ts,ss,ve,nr', '953987', '1219912.0', 'ZA', 'ZAR', 'South Africa', 'جمهورية جنوب افريقيا', NULL, NULL, NULL, 1, '2017-03-22 17:34:06', NULL, NULL),
(206, 1, NULL, 'AN', 'Grytviken', 'en', '3474415', '3903.0', 'GS', 'GBP', 'South Georgia and the South Sandwich Islands', 'جورجيا الجنوبية وجزر ساندويتش الجنوبية', NULL, NULL, NULL, 1, '2017-03-22 17:34:06', NULL, NULL),
(207, 1, NULL, 'AS', 'سيول', 'ko-KR,en', '1835841', '98480.0', 'KR', 'KRW', 'South Korea', 'كوريا الجنوبية', NULL, NULL, NULL, 1, '2017-03-22 17:34:06', NULL, NULL),
(208, 1, NULL, 'AF', 'Juba', 'en', '7909807', '644329.0', 'SS', 'SSP', 'South Sudan', 'South Sudan', NULL, NULL, NULL, 1, '2017-03-22 17:34:06', NULL, NULL),
(209, 1, NULL, 'EU', 'مدريد', 'es-ES,ca,gl,eu,oc', '2510769', '504782.0', 'ES', 'EUR', 'Spain', 'أسبانيا', NULL, NULL, NULL, 1, '2017-03-22 17:34:06', NULL, NULL),
(210, 1, NULL, 'AS', 'كولمبو', 'si,ta,en', '1227603', '65610.0', 'LK', 'LKR', 'Sri Lanka', 'سريلانكا', NULL, NULL, NULL, 1, '2017-03-22 17:34:07', NULL, NULL),
(211, 1, NULL, 'AF', 'خرطوم', 'ar-SD,en,fia', '366755', '1861484.0', 'SD', 'SDG', 'Sudan', 'السودان', NULL, NULL, NULL, 1, '2017-03-22 17:34:07', NULL, NULL),
(212, 1, NULL, 'SA', 'باراماريبو', 'nl-SR,en,srn,hns,jv', '3382998', '163270.0', 'SR', 'SRD', 'Suriname', 'سورينام', NULL, NULL, NULL, 1, '2017-03-22 17:34:07', NULL, NULL),
(213, 1, NULL, 'EU', 'لونغياربيين', 'no,ru', '607072', '62049.0', 'SJ', 'NOK', 'Svalbard and Jan Mayen', 'سفالبارد وجان مايان', NULL, NULL, NULL, 1, '2017-03-22 17:34:07', NULL, NULL),
(214, 1, NULL, 'AF', 'مبابان', 'en-SZ,ss-SZ', '934841', '17363.0', 'SZ', 'SZL', 'Swaziland', 'سوازيلاند', NULL, NULL, NULL, 1, '2017-03-22 17:34:07', NULL, NULL),
(215, 1, NULL, 'EU', 'ستوكهولم', 'sv-SE,se,sma,fi-SE', '2661886', '449964.0', 'SE', 'SEK', 'Sweden', 'السويد', NULL, NULL, NULL, 1, '2017-03-22 17:34:08', NULL, NULL),
(216, 1, NULL, 'EU', 'برن', 'de-CH,fr-CH,it-CH,rm', '2658434', '41290.0', 'CH', 'CHF', 'Switzerland', 'سويسرا', NULL, NULL, NULL, 1, '2017-03-22 17:34:08', NULL, NULL),
(217, 1, NULL, 'AS', 'دمشق', 'ar-SY,ku,hy,arc,fr,en', '163843', '185180.0', 'SY', 'SYP', 'Syria', 'سوريا', NULL, NULL, NULL, 1, '2017-03-22 17:34:08', NULL, NULL),
(218, 1, NULL, 'AF', 'ساو تومي', 'pt-ST', '2410758', '1001.0', 'ST', 'STD', 'São Tomé and Príncipe', 'سان تومي وبرينسيبي', NULL, NULL, NULL, 1, '2017-03-22 17:34:08', NULL, NULL),
(219, 1, NULL, 'AS', 'Taipei', 'zh-TW,zh,nan,hak', '1668284', '35980.0', 'TW', 'TWD', 'Taiwan', 'تايوان', NULL, NULL, NULL, 1, '2017-03-22 17:34:08', NULL, NULL),
(220, 1, NULL, 'AS', 'Dushanbe', 'tg,ru', '1220409', '143100.0', 'TJ', 'TJS', 'Tajikistan', 'طاجكستان', NULL, NULL, NULL, 1, '2017-03-22 17:34:08', NULL, NULL),
(221, 1, NULL, 'AF', 'دودوما', 'sw-TZ,en,ar', '149590', '945087.0', 'TZ', 'TZS', 'Tanzania', 'تانزانيا', NULL, NULL, NULL, 1, '2017-03-22 17:34:09', NULL, NULL),
(222, 1, NULL, 'AS', 'بانكوك', 'th,en', '1605651', '514000.0', 'TH', 'THB', 'Thailand', 'تايلند', NULL, NULL, NULL, 1, '2017-03-22 17:34:09', NULL, NULL),
(223, 1, NULL, 'AF', 'لومي', 'fr-TG,ee,hna,kbp,dag,ha', '2363686', '56785.0', 'TG', 'XOF', 'Togo', 'توجو', NULL, NULL, NULL, 1, '2017-03-22 17:34:09', NULL, NULL),
(224, 1, NULL, 'OC', NULL, 'tkl,en-TK', '4031074', '10.0', 'TK', 'NZD', 'Tokelau', 'توكيلو', NULL, NULL, NULL, 1, '2017-03-22 17:34:09', NULL, NULL),
(225, 1, NULL, 'OC', 'Nuku‘alofa', 'to,en-TO', '4032283', '748.0', 'TO', 'TOP', 'Tonga', 'تونغا', NULL, NULL, NULL, 1, '2017-03-22 17:34:09', NULL, NULL),
(226, 1, NULL, 'NA', 'Port-of-Spain', 'en-TT,hns,fr,es,zh', '3573591', '5128.0', 'TT', 'TTD', 'Trinidad and Tobago', 'ترينيداد وتوباغو', NULL, NULL, NULL, 1, '2017-03-22 17:34:09', NULL, NULL),
(227, 1, NULL, 'AF', 'تونس', 'ar-TN,fr', '2464461', '163610.0', 'TN', 'TND', 'Tunisia', 'تونس', NULL, NULL, NULL, 1, '2017-03-22 17:34:10', NULL, NULL),
(228, 1, NULL, 'AS', 'أنقرة', 'tr-TR,ku,diq,az,av', '298795', '780580.0', 'TR', 'TRY', 'Turkey', 'تركيا', NULL, NULL, NULL, 1, '2017-03-22 17:34:10', NULL, NULL),
(229, 1, NULL, 'AS', 'عشق آباد', 'tk,ru,uz', '1218197', '488100.0', 'TM', 'TMT', 'Turkmenistan', 'تركمانستان', NULL, NULL, NULL, 1, '2017-03-22 17:34:10', NULL, NULL),
(230, 1, NULL, 'NA', 'Cockburn Town', 'en-TC', '3576916', '430.0', 'TC', 'USD', 'Turks and Caicos Islands', 'جزر الترك وجايكوس', NULL, NULL, NULL, 1, '2017-03-22 17:34:10', NULL, NULL),
(231, 1, NULL, 'OC', 'Funafuti', 'tvl,en,sm,gil', '2110297', '26.0', 'TV', 'AUD', 'Tuvalu', 'توفالو', NULL, NULL, NULL, 1, '2017-03-22 17:34:11', NULL, NULL),
(232, 1, NULL, 'OC', NULL, 'en-UM', '5854968', '0.0', 'UM', 'USD', 'U.S. Minor Outlying Islands', 'جزر الولايات المتحدة البعيدة الصغيرة', NULL, NULL, NULL, 1, '2017-03-22 17:34:11', NULL, NULL),
(233, 1, NULL, 'NA', 'شارلوت أمالي', 'en-VI', '4796775', '352.0', 'VI', 'USD', 'U.S. Virgin Islands', 'جزر فرجين الأمريكية', NULL, NULL, NULL, 1, '2017-03-22 17:34:11', NULL, NULL),
(234, 1, NULL, 'AF', 'كامبالا', 'en-UG,lg,sw,ar', '226074', '236040.0', 'UG', 'UGX', 'Uganda', 'اوغندا', NULL, NULL, NULL, 1, '2017-03-22 17:34:11', NULL, NULL),
(235, 1, NULL, 'EU', 'كييف', 'uk,ru-UA,rom,pl,hu', '690791', '603700.0', 'UA', 'UAH', 'Ukraine', 'اوكرانيا', NULL, NULL, NULL, 1, '2017-03-22 17:34:11', NULL, NULL),
(236, 1, 1, 'AS', 'أبوظبي', 'ar-AE,fa,en,hi,ur', '290557', '82880.0', 'AE', 'AED', 'United Arab Emirates', 'الامارات العربية المتحدة', NULL, NULL, NULL, 1, '2017-03-22 17:34:11', NULL, NULL),
(237, 1, NULL, 'EU', 'لندن', 'en-GB,cy-GB,gd', '2635167', '244820.0', 'GB', 'GBP', 'United Kingdom', 'المملكة المتحدة', NULL, NULL, NULL, 1, '2017-03-22 17:34:12', NULL, NULL),
(238, 1, NULL, 'NA', 'Washington, D.C.', 'en-US,es-US,haw,fr', '6252001', '9629091.0', 'US', 'USD', 'United States', 'الولايات المتحدة الأمريكية', NULL, NULL, NULL, 1, '2017-03-22 17:34:12', NULL, NULL),
(239, 1, NULL, 'SA', 'مونتيفيديو', 'es-UY', '3439705', '176220.0', 'UY', 'UYU', 'Uruguay', 'أورجواي', NULL, NULL, NULL, 1, '2017-03-22 17:34:12', NULL, NULL),
(240, 1, NULL, 'AS', 'طشقند', 'uz,ru,tg', '1512440', '447400.0', 'UZ', 'UZS', 'Uzbekistan', 'ازبكستان', NULL, NULL, NULL, 1, '2017-03-22 17:34:12', NULL, NULL),
(241, 1, NULL, 'OC', 'Port-Vila', 'bi,en-VU,fr-VU', '2134431', '12200.0', 'VU', 'VUV', 'Vanuatu', 'فانوآتو', NULL, NULL, NULL, 1, '2017-03-22 17:34:13', NULL, NULL),
(242, 1, NULL, 'EU', 'Vatican City', 'la,it,fr', '3164670', '0.44', 'VA', 'EUR', 'Vatican City', 'الفاتيكان', NULL, NULL, NULL, 1, '2017-03-22 17:34:13', NULL, NULL),
(243, 1, NULL, 'SA', 'كراكاس', 'es-VE', '3625428', '912050.0', 'VE', 'VEF', 'Venezuela', 'فنزويلا', NULL, NULL, NULL, 1, '2017-03-22 17:34:13', NULL, NULL),
(244, 1, NULL, 'AS', 'هانوي', 'vi,en,fr,zh,km', '1562822', '329560.0', 'VN', 'VND', 'Vietnam', 'فيتنام', NULL, NULL, NULL, 1, '2017-03-22 17:34:13', NULL, NULL),
(245, 1, NULL, 'OC', 'Mata-Utu', 'wls,fud,fr-WF', '4034749', '274.0', 'WF', 'XPF', 'Wallis and Futuna', 'جزر والس وفوتونا', NULL, NULL, NULL, 1, '2017-03-22 17:34:13', NULL, NULL),
(246, 1, NULL, 'AF', 'العيون', 'ar,mey', '2461445', '266000.0', 'EH', 'MAD', 'Western Sahara', 'الصحراء الغربية', NULL, NULL, NULL, 1, '2017-03-22 17:34:13', NULL, NULL),
(247, 1, NULL, 'AS', 'صنعاء', 'ar-YE', '69543', '527970.0', 'YE', 'YER', 'Yemen', 'اليمن', NULL, NULL, NULL, 1, '2017-03-22 17:34:14', NULL, NULL),
(248, 1, NULL, 'AF', 'لوساكا', 'en-ZM,bem,loz,lun,lue,ny,toi', '895949', '752614.0', 'ZM', 'ZMW', 'Zambia', 'زامبيا', NULL, NULL, NULL, 1, '2017-03-22 17:34:14', NULL, NULL),
(249, 1, NULL, 'AF', 'هراري', 'en-ZW,sn,nr,nd', '878675', '390580.0', 'ZW', 'ZWL', 'Zimbabwe', 'زيمبابوي', NULL, NULL, NULL, 1, '2017-03-22 17:34:14', NULL, NULL),
(250, 1, NULL, 'EU', 'Mariehamn', 'sv-AX', '661882', '1580.0', 'AX', 'EUR', 'Åland', 'أولان', NULL, NULL, NULL, 1, '2017-03-22 17:34:15', NULL, NULL);

-- --------------------------------------------------------

--
-- Table structure for table `general_education_levels`
--

CREATE TABLE IF NOT EXISTS `general_education_levels` (
  `id` int(11) unsigned NOT NULL,
  `is_active` tinyint(4) unsigned NOT NULL DEFAULT '1' COMMENT '0 No, 1 Yes',
  `name_en` varchar(255) COLLATE utf8_bin DEFAULT NULL,
  `name_ar` varchar(255) COLLATE utf8_bin DEFAULT NULL,
  `is_deleted` tinyint(4) unsigned DEFAULT NULL,
  `deleted_by` int(11) unsigned DEFAULT NULL COMMENT 'ref to ''users''',
  `deleted_date` datetime DEFAULT NULL,
  `Created_by` int(11) unsigned DEFAULT NULL COMMENT 'ref to ''users''',
  `Created_date` datetime DEFAULT NULL,
  `last_update_by` int(11) unsigned DEFAULT NULL COMMENT 'ref to ''users''',
  `last_update_date` datetime DEFAULT NULL
) ENGINE=InnoDB DEFAULT CHARSET=utf8 COLLATE=utf8_bin ROW_FORMAT=COMPACT COMMENT='العلاقة بين الطالب وولي الامر';

-- --------------------------------------------------------

--
-- Table structure for table `general_elearning_infractions`
--

CREATE TABLE IF NOT EXISTS `general_elearning_infractions` (
  `id` int(11) unsigned NOT NULL,
  `is_active` tinyint(4) unsigned NOT NULL DEFAULT '1' COMMENT '0 No, 1 Yes',
  `name_en` varchar(255) COLLATE utf8_bin DEFAULT NULL,
  `name_ar` varchar(255) COLLATE utf8_bin DEFAULT NULL,
  `is_deleted` tinyint(4) unsigned DEFAULT NULL,
  `deleted_by` int(11) unsigned DEFAULT NULL COMMENT 'ref to ''users''',
  `deleted_date` datetime DEFAULT NULL,
  `Created_by` int(11) unsigned DEFAULT NULL COMMENT 'ref to ''users''',
  `Created_date` datetime DEFAULT NULL,
  `last_update_by` int(11) unsigned DEFAULT NULL COMMENT 'ref to ''users''',
  `last_update_date` datetime DEFAULT NULL
) ENGINE=InnoDB DEFAULT CHARSET=utf8 COLLATE=utf8_bin ROW_FORMAT=COMPACT COMMENT='انواع مشاركات الطلبة في التعليم الالكتروني';

-- --------------------------------------------------------

--
-- Table structure for table `general_elearning_participates`
--

CREATE TABLE IF NOT EXISTS `general_elearning_participates` (
  `id` int(11) unsigned NOT NULL,
  `is_active` tinyint(4) unsigned NOT NULL DEFAULT '1' COMMENT '0 No, 1 Yes',
  `name_en` varchar(255) COLLATE utf8_bin DEFAULT NULL,
  `name_ar` varchar(255) COLLATE utf8_bin DEFAULT NULL,
  `is_deleted` tinyint(4) unsigned DEFAULT NULL,
  `deleted_by` int(11) unsigned DEFAULT NULL COMMENT 'ref to ''users''',
  `deleted_date` datetime DEFAULT NULL,
  `Created_by` int(11) unsigned DEFAULT NULL COMMENT 'ref to ''users''',
  `Created_date` datetime DEFAULT NULL,
  `last_update_by` int(11) unsigned DEFAULT NULL COMMENT 'ref to ''users''',
  `last_update_date` datetime DEFAULT NULL
) ENGINE=InnoDB AUTO_INCREMENT=3 DEFAULT CHARSET=utf8 COLLATE=utf8_bin ROW_FORMAT=COMPACT COMMENT='انواع مخالفات الطلبة في التعليم الالكتروني';

--
-- Dumping data for table `general_elearning_participates`
--

INSERT INTO `general_elearning_participates` (`id`, `is_active`, `name_en`, `name_ar`, `is_deleted`, `deleted_by`, `deleted_date`, `Created_by`, `Created_date`, `last_update_by`, `last_update_date`) VALUES
(2, 1, 'Great Participate', 'مشاركة متميزة', NULL, NULL, NULL, 1, '2018-03-19 07:05:44', NULL, NULL);

-- --------------------------------------------------------

--
-- Table structure for table `general_fields`
--

CREATE TABLE IF NOT EXISTS `general_fields` (
  `id` int(11) unsigned NOT NULL,
  `gennerally_id` int(10) unsigned DEFAULT NULL COMMENT 'ref to ''general_generally''',
  `col_name` varchar(255) COLLATE utf8_bin DEFAULT NULL,
  `col_md` tinyint(4) DEFAULT NULL,
  `col_type` varchar(255) COLLATE utf8_bin DEFAULT NULL,
  `options_orm` varchar(255) COLLATE utf8_bin DEFAULT NULL,
  `col_required` varchar(255) COLLATE utf8_bin DEFAULT NULL COMMENT '1 yes',
  `is_deleted` tinyint(4) unsigned DEFAULT NULL,
  `deleted_by` int(11) unsigned DEFAULT NULL COMMENT 'ref to ''users''',
  `deleted_date` datetime DEFAULT NULL,
  `Created_by` int(11) unsigned DEFAULT NULL COMMENT 'ref to ''users''',
  `Created_date` datetime DEFAULT NULL,
  `last_update_by` int(11) unsigned DEFAULT NULL COMMENT 'ref to ''users''',
  `last_update_date` datetime DEFAULT NULL
) ENGINE=InnoDB AUTO_INCREMENT=26 DEFAULT CHARSET=utf8 COLLATE=utf8_bin ROW_FORMAT=COMPACT;

--
-- Dumping data for table `general_fields`
--

INSERT INTO `general_fields` (`id`, `gennerally_id`, `col_name`, `col_md`, `col_type`, `options_orm`, `col_required`, `is_deleted`, `deleted_by`, `deleted_date`, `Created_by`, `Created_date`, `last_update_by`, `last_update_date`) VALUES
(17, 16, 'amount', 3, 'textbox', NULL, NULL, NULL, NULL, NULL, NULL, NULL, NULL, NULL),
(18, 16, 'percentage', 3, 'textbox', NULL, NULL, NULL, NULL, NULL, NULL, NULL, NULL, NULL),
(19, 12, 'department', 3, 'selectmenu', 'General_Hr_Departments', NULL, NULL, NULL, NULL, NULL, NULL, NULL, NULL),
(20, 11, 'director', 3, 'selectmenu', 'General_Hr_Positions', NULL, NULL, NULL, NULL, NULL, NULL, NULL, NULL),
(21, 11, 'deputy_director', 3, 'selectmenu', 'General_Hr_Positions', NULL, NULL, NULL, NULL, NULL, NULL, NULL, NULL),
(22, 21, 'fraction', 3, 'textbox', NULL, NULL, NULL, NULL, NULL, NULL, NULL, NULL, NULL),
(23, 21, 'fraction_of_orginal', 3, 'textbox', NULL, NULL, NULL, NULL, NULL, NULL, NULL, NULL, NULL),
(24, 10, 'vacations_balance', 3, 'float', NULL, NULL, NULL, NULL, NULL, NULL, NULL, NULL, NULL),
(25, 10, 'is_teacher', 3, 'checkbox', NULL, NULL, NULL, NULL, NULL, NULL, NULL, NULL, NULL);

-- --------------------------------------------------------

--
-- Table structure for table `general_fixedassets`
--

CREATE TABLE IF NOT EXISTS `general_fixedassets` (
  `id` int(11) unsigned NOT NULL,
  `is_active` tinyint(4) unsigned NOT NULL DEFAULT '0' COMMENT '0 No, 1 Yes',
  `name_en` varchar(255) COLLATE utf8_bin DEFAULT NULL,
  `name_ar` varchar(255) COLLATE utf8_bin DEFAULT NULL,
  `parent_id` int(10) unsigned DEFAULT NULL COMMENT 'ref to ''general_stores_categories''',
  `is_deleted` tinyint(4) unsigned DEFAULT NULL,
  `deleted_by` int(11) unsigned DEFAULT NULL COMMENT 'ref to ''users''',
  `deleted_date` datetime DEFAULT NULL,
  `Created_by` int(11) unsigned DEFAULT NULL COMMENT 'ref to ''users''',
  `Created_date` datetime DEFAULT NULL,
  `last_update_by` int(11) unsigned DEFAULT NULL COMMENT 'ref to ''users''',
  `last_update_date` datetime DEFAULT NULL
) ENGINE=InnoDB DEFAULT CHARSET=utf8 COLLATE=utf8_bin ROW_FORMAT=COMPACT;

-- --------------------------------------------------------

--
-- Table structure for table `general_genders`
--

CREATE TABLE IF NOT EXISTS `general_genders` (
  `id` int(11) unsigned NOT NULL,
  `is_active` tinyint(4) unsigned NOT NULL DEFAULT '1' COMMENT '0 No, 1 Yes',
  `name_en` varchar(255) COLLATE utf8_bin DEFAULT NULL,
  `name_ar` varchar(255) COLLATE utf8_bin DEFAULT NULL,
  `is_deleted` tinyint(4) unsigned DEFAULT NULL,
  `deleted_by` int(11) unsigned DEFAULT NULL COMMENT 'ref to ''users''',
  `deleted_date` datetime DEFAULT NULL,
  `Created_by` int(11) unsigned DEFAULT NULL COMMENT 'ref to ''users''',
  `Created_date` datetime DEFAULT NULL,
  `last_update_by` int(11) unsigned DEFAULT NULL COMMENT 'ref to ''users''',
  `last_update_date` datetime DEFAULT NULL
) ENGINE=InnoDB AUTO_INCREMENT=3 DEFAULT CHARSET=utf8 COLLATE=utf8_bin ROW_FORMAT=COMPACT;

--
-- Dumping data for table `general_genders`
--

INSERT INTO `general_genders` (`id`, `is_active`, `name_en`, `name_ar`, `is_deleted`, `deleted_by`, `deleted_date`, `Created_by`, `Created_date`, `last_update_by`, `last_update_date`) VALUES
(1, 1, 'Male', 'ذكر', NULL, NULL, NULL, 1, '2017-03-17 01:34:09', NULL, NULL),
(2, 1, 'Female', 'أنثى', NULL, NULL, NULL, 1, '2017-03-17 01:34:11', NULL, NULL);

-- --------------------------------------------------------

--
-- Table structure for table `general_generally`
--

CREATE TABLE IF NOT EXISTS `general_generally` (
  `id` int(11) unsigned NOT NULL,
  `section` int(11) unsigned DEFAULT NULL COMMENT 'ref to ''permission_sections''',
  `parent` int(11) unsigned DEFAULT NULL,
  `parent_col_name` varchar(255) COLLATE utf8_bin DEFAULT NULL,
  `model_name` varchar(255) COLLATE utf8_bin DEFAULT NULL,
  `add_rule` varchar(255) COLLATE utf8_bin DEFAULT NULL,
  `browse_rule` varchar(255) COLLATE utf8_bin DEFAULT NULL,
  `edit_rule` varchar(255) COLLATE utf8_bin DEFAULT NULL,
  `delete_rule` varchar(255) COLLATE utf8_bin DEFAULT NULL,
  `is_deleted` tinyint(4) unsigned DEFAULT NULL,
  `deleted_by` int(11) unsigned DEFAULT NULL COMMENT 'ref to ''users''',
  `deleted_date` datetime DEFAULT NULL,
  `Created_by` int(11) unsigned DEFAULT NULL COMMENT 'ref to ''users''',
  `Created_date` datetime DEFAULT NULL,
  `last_update_by` int(11) unsigned DEFAULT NULL COMMENT 'ref to ''users''',
  `last_update_date` datetime DEFAULT NULL
) ENGINE=InnoDB AUTO_INCREMENT=25 DEFAULT CHARSET=utf8 COLLATE=utf8_bin ROW_FORMAT=COMPACT;

--
-- Dumping data for table `general_generally`
--

INSERT INTO `general_generally` (`id`, `section`, `parent`, `parent_col_name`, `model_name`, `add_rule`, `browse_rule`, `edit_rule`, `delete_rule`, `is_deleted`, `deleted_by`, `deleted_date`, `Created_by`, `Created_date`, `last_update_by`, `last_update_date`) VALUES
(1, 2, NULL, NULL, 'Edulevels', 'A_Edulevels', 'B_Edulevels', 'E_Edulevels', 'D_Edulevels', NULL, NULL, NULL, NULL, NULL, NULL, NULL),
(2, 1, NULL, NULL, 'Genders', 'A_Genders', 'B_Genders', 'E_Genders', 'D_Genders', NULL, NULL, NULL, NULL, NULL, NULL, NULL),
(3, 2, NULL, NULL, 'Hscertypes', 'A_Hscertypes', 'B_Hscertypes', 'E_Hscertypes', 'D_Hscertypes', NULL, NULL, NULL, NULL, NULL, NULL, NULL),
(4, 1, NULL, NULL, 'Legalforms', 'A_Legalforms', 'B_Legalforms', 'E_Legalforms', 'D_Legalforms', NULL, NULL, NULL, NULL, NULL, NULL, NULL),
(5, 1, NULL, NULL, 'Countries', 'A_Countries', 'B_Countries', 'E_Countries', 'D_Countries', NULL, NULL, NULL, NULL, NULL, NULL, NULL),
(6, 2, NULL, NULL, 'Sprelations', 'A_Sprelations', 'B_Sprelations', 'E_Sprelations', 'D_Sprelations', NULL, NULL, NULL, NULL, NULL, NULL, NULL),
(7, 1, NULL, NULL, 'Maritalstatus', 'A_Maritalstatus', 'B_Maritalstatus', 'E_Maritalstatus', 'D_Maritalstatus', NULL, NULL, NULL, NULL, NULL, NULL, NULL),
(8, 1, NULL, NULL, 'Religions', 'A_Religions', 'B_Religions', 'E_Religions', 'D_Religions', NULL, NULL, NULL, NULL, NULL, NULL, NULL),
(9, 4, NULL, NULL, 'Hr_Sections', 'A_Hr_Sections', 'B_Hr_Sections', 'E_Hr_Sections', 'D_Hr_Sections', NULL, NULL, NULL, NULL, NULL, NULL, NULL),
(10, 4, NULL, NULL, 'Hr_Employee_Types', 'A_Hr_Employee_Types', 'B_Hr_Employee_Types', 'E_Hr_Employee_Types', 'D_Hr_Employee_Types', NULL, NULL, NULL, NULL, NULL, NULL, NULL),
(11, 4, NULL, NULL, 'Hr_Departments', 'A_Hr_Departments', 'B_Hr_Departments', 'E_Hr_Departments', 'D_Hr_Departments', NULL, NULL, NULL, NULL, NULL, NULL, NULL),
(12, 4, NULL, NULL, 'Hr_Positions', 'A_Hr_Positions', 'B_Hr_Positions', 'E_Hr_Positions', 'D_Hr_Positions', NULL, NULL, NULL, NULL, NULL, NULL, NULL),
(13, 4, NULL, NULL, 'Banks', 'A_Banks', 'B_Banks', 'E_Banks', 'D_Banks', NULL, NULL, NULL, NULL, NULL, NULL, NULL),
(15, 1, 5, 'country_id', 'Cities', 'A_Cities', 'B_Cities', 'E_Cities', 'D_Cities', NULL, NULL, NULL, NULL, NULL, NULL, NULL),
(16, 4, NULL, NULL, 'Hr_Fines_Types', 'A_Hr_Fines_Types', 'B_Hr_Fines_Types', 'E_Hr_Fines_Types', 'D_Hr_Fines_Types', NULL, NULL, NULL, NULL, NULL, NULL, NULL),
(17, 4, NULL, NULL, 'Hr_Warnings_Types', 'A_Hr_Warnings_Types', 'B_Hr_Warnings_Types', 'E_Hr_Warnings_Types', 'D_Hr_Warnings_Types', NULL, NULL, NULL, NULL, NULL, NULL, NULL),
(18, 4, NULL, NULL, 'Hr_Rewards_Types', 'A_HR_Rewards_Types', 'B_HR_Rewards_Types', 'E_HR_Rewards_Types', 'D_HR_Rewards_Types', NULL, NULL, NULL, NULL, NULL, NULL, NULL),
(19, 7, 19, 'parent_id', 'Stores_Categories', 'A_Stores_Categories', 'B_Stores_Categories', 'E_Stores_Categories', 'D_Stores_Categories', NULL, NULL, NULL, NULL, NULL, NULL, NULL),
(20, 7, 20, 'parent_id', 'Stores_Stores', 'A_Stores_Stores', 'B_Stores_Stores', 'E_Stores_Stores', 'D_Stores_Stores', NULL, NULL, NULL, NULL, NULL, NULL, NULL),
(21, 7, NULL, NULL, 'Stores_Units', 'A_Stores_Units', 'B_Stores_Units', 'E_Stores_Units', 'D_Stores_Units', NULL, NULL, NULL, NULL, NULL, NULL, NULL),
(22, 9, NULL, NULL, 'Elearning_Students_Participates', 'A_Elearning_Students_Participates', 'B_Elearning_Students_Participates', 'E_Elearning_Students_Participates', 'D_Elearning_Students_Participates', NULL, NULL, NULL, NULL, NULL, NULL, NULL),
(23, 9, NULL, NULL, 'Elearning_Students_Infractions', 'A_Elearning_Students_Infractions', 'B_Elearning_Students_Infractions', 'E_Elearning_Students_Infractions', 'D_Elearning_Students_Infractions', NULL, NULL, NULL, NULL, NULL, NULL, NULL),
(24, 9, 2, NULL, 'fixedassets', 'A_Genders', 'B_Genders', 'E_Genders', 'D_Genders', NULL, NULL, NULL, NULL, NULL, NULL, NULL);

-- --------------------------------------------------------

--
-- Table structure for table `general_hr_departments`
--

CREATE TABLE IF NOT EXISTS `general_hr_departments` (
  `id` int(11) unsigned NOT NULL,
  `is_active` tinyint(4) unsigned NOT NULL DEFAULT '0' COMMENT '0 No, 1 Yes',
  `name_en` varchar(255) COLLATE utf8_bin DEFAULT NULL,
  `name_ar` varchar(255) COLLATE utf8_bin DEFAULT NULL,
  `director` int(10) unsigned DEFAULT NULL COMMENT 'ref to ''general_hr_positions''',
  `deputy_director` int(10) unsigned DEFAULT NULL COMMENT 'ref to ''general_hr_positions''',
  `is_deleted` tinyint(4) unsigned DEFAULT NULL,
  `deleted_by` int(11) unsigned DEFAULT NULL COMMENT 'ref to ''users''',
  `deleted_date` datetime DEFAULT NULL,
  `Created_by` int(11) unsigned DEFAULT NULL COMMENT 'ref to ''users''',
  `Created_date` datetime DEFAULT NULL,
  `last_update_by` int(11) unsigned DEFAULT NULL COMMENT 'ref to ''users''',
  `last_update_date` datetime DEFAULT NULL
) ENGINE=InnoDB DEFAULT CHARSET=utf8 COLLATE=utf8_bin ROW_FORMAT=COMPACT;

-- --------------------------------------------------------

--
-- Table structure for table `general_hr_employee_types`
--

CREATE TABLE IF NOT EXISTS `general_hr_employee_types` (
  `id` int(11) unsigned NOT NULL,
  `is_active` tinyint(4) unsigned NOT NULL DEFAULT '0' COMMENT '0 No, 1 Yes',
  `name_en` varchar(255) COLLATE utf8_bin DEFAULT NULL,
  `name_ar` varchar(255) COLLATE utf8_bin DEFAULT NULL,
  `vacations_balance` int(11) DEFAULT NULL,
  `is_teacher` tinyint(4) DEFAULT NULL COMMENT '1 يعني معلم',
  `is_deleted` tinyint(4) unsigned DEFAULT NULL,
  `deleted_by` int(11) unsigned DEFAULT NULL COMMENT 'ref to ''users''',
  `deleted_date` datetime DEFAULT NULL,
  `Created_by` int(11) unsigned DEFAULT NULL COMMENT 'ref to ''users''',
  `Created_date` datetime DEFAULT NULL,
  `last_update_by` int(11) unsigned DEFAULT NULL COMMENT 'ref to ''users''',
  `last_update_date` datetime DEFAULT NULL
) ENGINE=InnoDB DEFAULT CHARSET=utf8 COLLATE=utf8_bin ROW_FORMAT=COMPACT;

-- --------------------------------------------------------

--
-- Table structure for table `general_hr_fines_types`
--

CREATE TABLE IF NOT EXISTS `general_hr_fines_types` (
  `id` int(11) unsigned NOT NULL,
  `is_active` tinyint(4) unsigned NOT NULL DEFAULT '0' COMMENT '0 No, 1 Yes',
  `name_en` varchar(255) COLLATE utf8_bin DEFAULT NULL,
  `name_ar` varchar(255) COLLATE utf8_bin DEFAULT NULL,
  `amount` int(10) unsigned DEFAULT NULL,
  `percentage` int(10) unsigned DEFAULT NULL,
  `is_deleted` tinyint(4) unsigned DEFAULT NULL,
  `deleted_by` int(11) unsigned DEFAULT NULL COMMENT 'ref to ''users''',
  `deleted_date` datetime DEFAULT NULL,
  `Created_by` int(11) unsigned DEFAULT NULL COMMENT 'ref to ''users''',
  `Created_date` datetime DEFAULT NULL,
  `last_update_by` int(11) unsigned DEFAULT NULL COMMENT 'ref to ''users''',
  `last_update_date` datetime DEFAULT NULL
) ENGINE=InnoDB AUTO_INCREMENT=3 DEFAULT CHARSET=utf8 COLLATE=utf8_bin ROW_FORMAT=COMPACT;

--
-- Dumping data for table `general_hr_fines_types`
--

INSERT INTO `general_hr_fines_types` (`id`, `is_active`, `name_en`, `name_ar`, `amount`, `percentage`, `is_deleted`, `deleted_by`, `deleted_date`, `Created_by`, `Created_date`, `last_update_by`, `last_update_date`) VALUES
(1, 1, 'مخالفة مرور عدم ربط الحزام', 'مخالفة مرور عدم ربط الحزام', 150, NULL, NULL, NULL, NULL, 1676, '2019-04-30 17:33:27', 1686, '2019-05-16 22:09:28'),
(2, 1, 'سلفة مرة واحدة', 'سلفة لمرة واحدة', 410, NULL, NULL, NULL, NULL, 1686, '2019-05-16 22:12:39', NULL, NULL);

-- --------------------------------------------------------

--
-- Table structure for table `general_hr_leavetypes`
--

CREATE TABLE IF NOT EXISTS `general_hr_leavetypes` (
  `id` int(11) unsigned NOT NULL,
  `is_active` tinyint(4) unsigned NOT NULL DEFAULT '0' COMMENT '0 No, 1 Yes',
  `name_en` varchar(255) COLLATE utf8_bin DEFAULT NULL,
  `name_ar` varchar(255) COLLATE utf8_bin DEFAULT NULL,
  `is_deleted` tinyint(4) unsigned DEFAULT NULL,
  `deleted_by` int(11) unsigned DEFAULT NULL COMMENT 'ref to ''users''',
  `deleted_date` datetime DEFAULT NULL,
  `Created_by` int(11) unsigned DEFAULT NULL COMMENT 'ref to ''users''',
  `Created_date` datetime DEFAULT NULL,
  `last_update_by` int(11) unsigned DEFAULT NULL COMMENT 'ref to ''users''',
  `last_update_date` datetime DEFAULT NULL
) ENGINE=InnoDB DEFAULT CHARSET=utf8 COLLATE=utf8_bin ROW_FORMAT=COMPACT;

-- --------------------------------------------------------

--
-- Table structure for table `general_hr_positions`
--

CREATE TABLE IF NOT EXISTS `general_hr_positions` (
  `id` int(11) unsigned NOT NULL,
  `is_active` tinyint(4) unsigned NOT NULL DEFAULT '0' COMMENT '0 No, 1 Yes',
  `department` int(10) unsigned DEFAULT NULL COMMENT 'ref to ''general_hr_departments''',
  `name_en` varchar(255) COLLATE utf8_bin DEFAULT NULL,
  `name_ar` varchar(255) COLLATE utf8_bin DEFAULT NULL,
  `is_deleted` tinyint(4) unsigned DEFAULT NULL,
  `deleted_by` int(11) unsigned DEFAULT NULL COMMENT 'ref to ''users''',
  `deleted_date` datetime DEFAULT NULL,
  `Created_by` int(11) unsigned DEFAULT NULL COMMENT 'ref to ''users''',
  `Created_date` datetime DEFAULT NULL,
  `last_update_by` int(11) unsigned DEFAULT NULL COMMENT 'ref to ''users''',
  `last_update_date` datetime DEFAULT NULL
) ENGINE=InnoDB AUTO_INCREMENT=34 DEFAULT CHARSET=utf8 COLLATE=utf8_bin ROW_FORMAT=COMPACT;

--
-- Dumping data for table `general_hr_positions`
--

INSERT INTO `general_hr_positions` (`id`, `is_active`, `department`, `name_en`, `name_ar`, `is_deleted`, `deleted_by`, `deleted_date`, `Created_by`, `Created_date`, `last_update_by`, `last_update_date`) VALUES
(1, 1, 2, 'Accountant', 'محاسب', NULL, NULL, NULL, 1637, '2019-03-10 17:15:57', 1686, '2019-05-16 13:45:16'),
(2, 1, 7, 'office manager', 'مدير المكتب', NULL, NULL, NULL, 1637, '2019-03-10 17:58:31', 1686, '2019-05-16 13:45:25'),
(3, 1, 1, 'Electronic Call Manager', 'مدير الدعوة الالكترونية', NULL, NULL, NULL, 1637, '2019-03-10 17:59:14', 1686, '2019-09-08 09:49:31'),
(4, 1, 2, 'financial manager', 'المدير المالي', NULL, NULL, NULL, 1637, '2019-03-11 08:33:36', 1686, '2019-05-16 13:50:24'),
(5, 1, 3, 'director of personael ', 'مدير شؤون العاملين ', 1, 1686, '2019-05-16 14:22:37', 1637, '2019-03-11 08:35:37', 1686, '2019-05-16 13:45:50'),
(6, 1, 6, 'director fo community invitaion', 'مدير دعوة الجاليات ', NULL, NULL, NULL, 1637, '2019-03-11 08:41:50', 1686, '2019-09-08 09:36:47'),
(7, 1, 6, 'translater', 'مترجم ', NULL, NULL, NULL, 1637, '2019-03-11 08:43:10', 1686, '2019-05-16 13:46:03'),
(8, 1, 7, 'employer', 'موظف إداري', NULL, NULL, NULL, 1637, '2019-03-11 08:44:36', 1686, '2019-05-16 14:44:22'),
(9, 1, 8, 'worker', 'عامل ', NULL, NULL, NULL, 1637, '2019-03-11 08:45:19', 1686, '2019-05-16 14:23:45'),
(10, 1, 8, 'driver', 'سائق ', NULL, NULL, NULL, 1637, '2019-03-11 08:46:30', 1686, '2019-05-16 14:23:56'),
(11, 1, 8, 'Director of Maintenance and Operation', 'مدير الصيانة والتشغيل', NULL, NULL, NULL, 1637, '2019-03-11 08:50:23', 1686, '2019-05-16 14:33:53'),
(12, 1, 4, 'Youth Director', 'مدير الادارة الشبابية ', NULL, NULL, NULL, 1637, '2019-03-11 08:53:58', 1686, '2019-05-16 13:46:44'),
(13, 1, 7, 'Director of convoys', 'مدير القوافل الدعوية', 1, 1637, '2019-03-13 11:16:58', 1637, '2019-03-11 08:55:27', NULL, NULL),
(14, 1, 9, 'Call Manager', 'مدير الدعوة ', 1, 1686, '2019-05-16 13:22:20', 1637, '2019-03-11 08:57:53', 1637, '2019-03-13 11:19:38'),
(15, 1, NULL, 'assistant mangement', 'مساعد مدير المكتب ', 1, 1686, '2019-05-16 14:23:18', 1637, '2019-03-25 09:31:23', 1686, '2019-05-16 13:39:56'),
(16, 1, 2, 'assistant  financial mangement', 'مساعد المدير المالي ', NULL, NULL, NULL, 1637, '2019-03-25 09:32:21', 1686, '2019-05-16 13:46:52'),
(17, 1, 10, 'women assitant ', 'مدير الادارة النسائية', NULL, NULL, NULL, 1637, '2019-03-25 09:43:20', 1686, '2019-05-16 13:47:40'),
(18, 1, 12, 'director of apreson mangement', 'مدير ادارة السجون', NULL, NULL, NULL, 1637, '2019-03-25 10:09:09', 1686, '2019-05-16 14:45:21'),
(19, 1, 12, 'director of arabic mangement', 'مدير إدارة الدعوة', NULL, NULL, NULL, 1637, '2019-03-25 10:17:22', 1686, '2019-05-16 13:47:58'),
(20, 1, 5, 'director of public relation', 'مدير إدارة العلاقات العامة والإعلام وتنمية الموارد المالية', NULL, NULL, NULL, 1637, '2019-03-25 10:25:39', 1686, '2019-05-16 13:48:03'),
(21, 1, 13, 'project manage', 'مدير مشروع مبنى حياتنا دعوة', NULL, NULL, NULL, 1637, '2019-03-25 11:46:20', 1686, '2019-05-16 14:39:37'),
(22, 1, 3, 'مدير الشؤون الإدارية', 'مدير الشؤون الإدارية', NULL, NULL, NULL, 1686, '2019-05-16 13:33:23', 1686, '2019-06-28 14:30:51'),
(23, 1, 2, 'موظف استقطاعات', 'موظف استقطاعات', NULL, NULL, NULL, 1686, '2019-05-16 14:32:49', 1686, '2019-05-16 14:37:54'),
(24, 1, 2, 'بائع', 'بائع', NULL, NULL, NULL, 1686, '2019-05-16 14:33:10', 1686, '2019-05-16 14:37:46'),
(25, 1, 5, 'موظف علاقات عامة وإعلام', 'موظف علاقات عامة وإعلام', NULL, NULL, NULL, 1686, '2019-05-16 14:35:28', NULL, NULL),
(26, 1, 12, 'موظف إدارة الدعوة', 'موظف إدارة الدعوة', NULL, NULL, NULL, 1686, '2019-05-16 14:36:31', NULL, NULL),
(27, 1, 9, 'مدير إدارة فرع الصناعية الجديدة', 'مدير فرع الصناعية الجديدة', NULL, NULL, NULL, 1686, '2019-05-16 14:40:31', NULL, NULL),
(28, 1, 14, 'مدير الجودة والتدريب', 'مدير الجودة والتدريب', NULL, NULL, NULL, 1686, '2019-05-16 14:43:43', 1686, '2019-05-16 14:46:20'),
(29, 1, 4, 'موظف الإدارة الشبابية', 'موظف الإدارة الشبابية', NULL, NULL, NULL, 1686, '2019-05-16 14:45:01', NULL, NULL),
(30, 1, 13, 'موظف المشاريع', 'موظف المشاريع', NULL, NULL, NULL, 1686, '2019-05-16 14:46:41', NULL, NULL),
(31, 1, 8, 'موظف الصيانة والتشغيل', 'موظف الصيانة والتشغيل', NULL, NULL, NULL, 1686, '2019-05-16 14:47:18', NULL, NULL),
(32, 1, 6, 'أمين دعوة الجاليات', 'أمين دعوة الجاليات', NULL, NULL, NULL, 1686, '2019-05-26 13:21:40', NULL, NULL),
(33, 1, 2, 'أمين المستودع', 'أمين المستودع', NULL, NULL, NULL, 1686, '2019-05-27 01:20:16', NULL, NULL);

-- --------------------------------------------------------

--
-- Table structure for table `general_hr_rewards_types`
--

CREATE TABLE IF NOT EXISTS `general_hr_rewards_types` (
  `id` int(11) unsigned NOT NULL,
  `is_active` tinyint(4) unsigned NOT NULL DEFAULT '0' COMMENT '0 No, 1 Yes',
  `name_en` varchar(255) COLLATE utf8_bin DEFAULT NULL,
  `name_ar` varchar(255) COLLATE utf8_bin DEFAULT NULL,
  `is_deleted` tinyint(4) unsigned DEFAULT NULL,
  `deleted_by` int(11) unsigned DEFAULT NULL COMMENT 'ref to ''users''',
  `deleted_date` datetime DEFAULT NULL,
  `Created_by` int(11) unsigned DEFAULT NULL COMMENT 'ref to ''users''',
  `Created_date` datetime DEFAULT NULL,
  `last_update_by` int(11) unsigned DEFAULT NULL COMMENT 'ref to ''users''',
  `last_update_date` datetime DEFAULT NULL
) ENGINE=InnoDB AUTO_INCREMENT=4 DEFAULT CHARSET=utf8 COLLATE=utf8_bin ROW_FORMAT=COMPACT;

--
-- Dumping data for table `general_hr_rewards_types`
--

INSERT INTO `general_hr_rewards_types` (`id`, `is_active`, `name_en`, `name_ar`, `is_deleted`, `deleted_by`, `deleted_date`, `Created_by`, `Created_date`, `last_update_by`, `last_update_date`) VALUES
(1, 1, '0', 'مكافأة مبيعات', NULL, NULL, NULL, 1647, '2019-05-12 12:06:42', 1686, '2019-05-16 21:54:58'),
(2, 1, '1', 'ترجمة خطبة', NULL, NULL, NULL, 1686, '2019-05-16 11:37:38', 1686, '2019-05-16 11:40:54'),
(3, 1, 'l', 'أخرى', NULL, NULL, NULL, 1686, '2019-06-20 09:02:59', NULL, NULL);

-- --------------------------------------------------------

--
-- Table structure for table `general_hr_sections`
--

CREATE TABLE IF NOT EXISTS `general_hr_sections` (
  `id` int(11) unsigned NOT NULL,
  `is_active` tinyint(4) unsigned NOT NULL DEFAULT '0' COMMENT '0 No, 1 Yes',
  `name_en` varchar(255) COLLATE utf8_bin DEFAULT NULL,
  `name_ar` varchar(255) COLLATE utf8_bin DEFAULT NULL,
  `is_deleted` tinyint(4) unsigned DEFAULT NULL,
  `deleted_by` int(11) unsigned DEFAULT NULL COMMENT 'ref to ''users''',
  `deleted_date` datetime DEFAULT NULL,
  `Created_by` int(11) unsigned DEFAULT NULL COMMENT 'ref to ''users''',
  `Created_date` datetime DEFAULT NULL,
  `last_update_by` int(11) unsigned DEFAULT NULL COMMENT 'ref to ''users''',
  `last_update_date` datetime DEFAULT NULL
) ENGINE=InnoDB AUTO_INCREMENT=2 DEFAULT CHARSET=utf8 COLLATE=utf8_bin ROW_FORMAT=COMPACT;

--
-- Dumping data for table `general_hr_sections`
--

INSERT INTO `general_hr_sections` (`id`, `is_active`, `name_en`, `name_ar`, `is_deleted`, `deleted_by`, `deleted_date`, `Created_by`, `Created_date`, `last_update_by`, `last_update_date`) VALUES
(1, 1, 'Main', 'الرئيسي', NULL, NULL, NULL, 1637, '2019-03-21 09:48:40', NULL, NULL);

-- --------------------------------------------------------

--
-- Table structure for table `general_hr_warnings_types`
--

CREATE TABLE IF NOT EXISTS `general_hr_warnings_types` (
  `id` int(11) unsigned NOT NULL,
  `is_active` tinyint(4) unsigned NOT NULL DEFAULT '0' COMMENT '0 No, 1 Yes',
  `name_en` varchar(255) COLLATE utf8_bin DEFAULT NULL,
  `name_ar` varchar(255) COLLATE utf8_bin DEFAULT NULL,
  `is_deleted` tinyint(4) unsigned DEFAULT NULL,
  `deleted_by` int(11) unsigned DEFAULT NULL COMMENT 'ref to ''users''',
  `deleted_date` datetime DEFAULT NULL,
  `Created_by` int(11) unsigned DEFAULT NULL COMMENT 'ref to ''users''',
  `Created_date` datetime DEFAULT NULL,
  `last_update_by` int(11) unsigned DEFAULT NULL COMMENT 'ref to ''users''',
  `last_update_date` datetime DEFAULT NULL
) ENGINE=InnoDB DEFAULT CHARSET=utf8 COLLATE=utf8_bin ROW_FORMAT=COMPACT;

-- --------------------------------------------------------

--
-- Table structure for table `general_hs_certificate_type`
--

CREATE TABLE IF NOT EXISTS `general_hs_certificate_type` (
  `id` int(11) unsigned NOT NULL,
  `is_active` tinyint(4) unsigned NOT NULL DEFAULT '1' COMMENT '0 No, 1 Yes',
  `name_en` varchar(255) COLLATE utf8_bin DEFAULT NULL,
  `name_ar` varchar(255) COLLATE utf8_bin DEFAULT NULL,
  `is_deleted` tinyint(4) unsigned DEFAULT NULL,
  `deleted_by` int(11) unsigned DEFAULT NULL COMMENT 'ref to ''users''',
  `deleted_date` datetime DEFAULT NULL,
  `Created_by` int(11) unsigned DEFAULT NULL COMMENT 'ref to ''users''',
  `Created_date` datetime DEFAULT NULL,
  `last_update_by` int(11) unsigned DEFAULT NULL COMMENT 'ref to ''users''',
  `last_update_date` datetime DEFAULT NULL
) ENGINE=InnoDB DEFAULT CHARSET=utf8 COLLATE=utf8_bin ROW_FORMAT=COMPACT COMMENT='نوع الشهادات للمدارس الثانوية';

-- --------------------------------------------------------

--
-- Table structure for table `general_legalforms`
--

CREATE TABLE IF NOT EXISTS `general_legalforms` (
  `id` int(11) unsigned NOT NULL,
  `is_active` tinyint(4) unsigned NOT NULL DEFAULT '0' COMMENT '0 No, 1 Yes',
  `name_en` varchar(255) COLLATE utf8_bin DEFAULT NULL,
  `name_ar` varchar(255) COLLATE utf8_bin DEFAULT NULL,
  `is_deleted` tinyint(4) unsigned DEFAULT NULL,
  `deleted_by` int(11) unsigned DEFAULT NULL COMMENT 'ref to ''users''',
  `deleted_date` datetime DEFAULT NULL,
  `Created_by` int(11) unsigned DEFAULT NULL COMMENT 'ref to ''users''',
  `Created_date` datetime DEFAULT NULL,
  `last_update_by` int(11) unsigned DEFAULT NULL COMMENT 'ref to ''users''',
  `last_update_date` datetime DEFAULT NULL
) ENGINE=InnoDB DEFAULT CHARSET=utf8 COLLATE=utf8_bin ROW_FORMAT=COMPACT;

-- --------------------------------------------------------

--
-- Table structure for table `general_marital_status`
--

CREATE TABLE IF NOT EXISTS `general_marital_status` (
  `id` int(11) unsigned NOT NULL,
  `is_active` tinyint(4) unsigned NOT NULL DEFAULT '1' COMMENT '0 No, 1 Yes',
  `name_en` varchar(255) COLLATE utf8_bin DEFAULT NULL,
  `name_ar` varchar(255) COLLATE utf8_bin DEFAULT NULL,
  `is_deleted` tinyint(4) unsigned DEFAULT NULL,
  `deleted_by` int(11) unsigned DEFAULT NULL COMMENT 'ref to ''users''',
  `deleted_date` datetime DEFAULT NULL,
  `Created_by` int(11) unsigned DEFAULT NULL COMMENT 'ref to ''users''',
  `Created_date` datetime DEFAULT NULL,
  `last_update_by` int(11) unsigned DEFAULT NULL COMMENT 'ref to ''users''',
  `last_update_date` datetime DEFAULT NULL
) ENGINE=InnoDB AUTO_INCREMENT=5 DEFAULT CHARSET=utf8 COLLATE=utf8_bin ROW_FORMAT=COMPACT COMMENT='الحالات الاجتماعية';

--
-- Dumping data for table `general_marital_status`
--

INSERT INTO `general_marital_status` (`id`, `is_active`, `name_en`, `name_ar`, `is_deleted`, `deleted_by`, `deleted_date`, `Created_by`, `Created_date`, `last_update_by`, `last_update_date`) VALUES
(1, 1, 'Married', 'متزوج', NULL, NULL, NULL, 1, '2017-03-18 05:10:51', NULL, NULL),
(2, 1, 'Single', 'أعزب', NULL, NULL, NULL, 1, '2017-07-26 08:45:13', NULL, NULL),
(3, 1, 'divorced', 'مطلق', NULL, NULL, NULL, 1, '2017-08-24 01:17:15', NULL, NULL),
(4, 1, 'Widowed', 'أرمل', NULL, NULL, NULL, 1, '2017-08-24 01:18:41', 1, '2019-01-05 00:42:49');

-- --------------------------------------------------------

--
-- Table structure for table `general_religions`
--

CREATE TABLE IF NOT EXISTS `general_religions` (
  `id` int(11) unsigned NOT NULL,
  `is_active` tinyint(4) unsigned NOT NULL DEFAULT '1' COMMENT '0 No, 1 Yes',
  `name_en` varchar(255) COLLATE utf8_bin DEFAULT NULL,
  `name_ar` varchar(255) COLLATE utf8_bin DEFAULT NULL,
  `is_deleted` tinyint(4) unsigned DEFAULT NULL,
  `deleted_by` int(11) unsigned DEFAULT NULL COMMENT 'ref to ''users''',
  `deleted_date` datetime DEFAULT NULL,
  `Created_by` int(11) unsigned DEFAULT NULL COMMENT 'ref to ''users''',
  `Created_date` datetime DEFAULT NULL,
  `last_update_by` int(11) unsigned DEFAULT NULL COMMENT 'ref to ''users''',
  `last_update_date` datetime DEFAULT NULL
) ENGINE=InnoDB AUTO_INCREMENT=6 DEFAULT CHARSET=utf8 COLLATE=utf8_bin ROW_FORMAT=COMPACT;

--
-- Dumping data for table `general_religions`
--

INSERT INTO `general_religions` (`id`, `is_active`, `name_en`, `name_ar`, `is_deleted`, `deleted_by`, `deleted_date`, `Created_by`, `Created_date`, `last_update_by`, `last_update_date`) VALUES
(1, 1, 'christian', 'نصراني', NULL, NULL, NULL, 1, '2017-03-18 06:13:09', 1, '2017-08-24 01:24:24'),
(2, 1, 'Muslim', 'مسلم', NULL, NULL, NULL, 1, '2017-08-24 01:20:15', NULL, NULL),
(3, 1, 'Budish', 'بوذي', NULL, NULL, NULL, 1, '2019-01-05 00:44:03', NULL, NULL),
(4, 1, 'Jewish', 'يهودي', NULL, NULL, NULL, 1, '2019-01-05 00:44:33', NULL, NULL),
(5, 1, 'Hindu', 'هندوسي', NULL, NULL, NULL, 1, '2019-01-05 00:45:12', NULL, NULL);

-- --------------------------------------------------------

--
-- Table structure for table `general_stores_categories`
--

CREATE TABLE IF NOT EXISTS `general_stores_categories` (
  `id` int(11) unsigned NOT NULL,
  `is_active` tinyint(4) unsigned NOT NULL DEFAULT '0' COMMENT '0 No, 1 Yes',
  `name_en` varchar(255) COLLATE utf8_bin DEFAULT NULL,
  `name_ar` varchar(255) COLLATE utf8_bin DEFAULT NULL,
  `parent_id` int(10) unsigned DEFAULT NULL COMMENT 'ref to ''general_stores_categories''',
  `is_deleted` tinyint(4) unsigned DEFAULT NULL,
  `deleted_by` int(11) unsigned DEFAULT NULL COMMENT 'ref to ''users''',
  `deleted_date` datetime DEFAULT NULL,
  `Created_by` int(11) unsigned DEFAULT NULL COMMENT 'ref to ''users''',
  `Created_date` datetime DEFAULT NULL,
  `last_update_by` int(11) unsigned DEFAULT NULL COMMENT 'ref to ''users''',
  `last_update_date` datetime DEFAULT NULL
) ENGINE=InnoDB AUTO_INCREMENT=70 DEFAULT CHARSET=utf8 COLLATE=utf8_bin ROW_FORMAT=COMPACT;

--
-- Dumping data for table `general_stores_categories`
--

INSERT INTO `general_stores_categories` (`id`, `is_active`, `name_en`, `name_ar`, `parent_id`, `is_deleted`, `deleted_by`, `deleted_date`, `Created_by`, `Created_date`, `last_update_by`, `last_update_date`) VALUES
(1, 1, 'Books', 'الكتب', NULL, NULL, NULL, NULL, 1, '2019-03-11 17:42:04', NULL, NULL),
(2, 1, 'visional', 'مرئيات', NULL, NULL, NULL, NULL, 1, '2019-03-11 17:42:41', NULL, NULL),
(3, 1, 'sounds', 'مسموعات', NULL, NULL, NULL, NULL, 1, '2019-03-11 17:43:11', NULL, NULL),
(4, 1, 'Serials', 'دوريات', NULL, NULL, NULL, NULL, 1, '2019-03-11 17:43:33', NULL, NULL),
(5, 1, 'Devices', 'أجهزة', NULL, NULL, NULL, NULL, 1, '2019-03-11 17:43:53', NULL, NULL),
(6, 1, 'Arabic', 'العربية', 1, NULL, NULL, NULL, 1, '2019-03-11 17:47:27', NULL, NULL),
(7, 1, 'English', 'الانجليزية', 1, NULL, NULL, NULL, 1, '2019-03-11 17:47:41', NULL, NULL),
(8, 1, 'Mali', 'المالية', 1, NULL, NULL, NULL, 1, '2019-03-11 17:47:53', NULL, NULL),
(9, 1, 'Tagalug', 'تغالو', 1, NULL, NULL, NULL, 1, '2019-03-11 17:48:11', NULL, NULL),
(10, 1, 'Hindi', 'الهندية', 1, NULL, NULL, NULL, 1, '2019-03-11 17:48:31', NULL, NULL),
(11, 1, 'Urdu', 'أوردو', 1, NULL, NULL, NULL, 1, '2019-03-11 17:48:46', NULL, NULL),
(12, 1, 'Indunesian', 'اندونيسي', 1, NULL, NULL, NULL, 1, '2019-03-11 17:52:59', NULL, NULL),
(13, 1, 'Nibali', 'نيبالي', 1, NULL, NULL, NULL, 1, '2019-03-11 17:53:34', NULL, NULL),
(14, 1, 'Turkish', 'تركي', 1, NULL, NULL, NULL, 1, '2019-03-11 17:56:05', NULL, NULL),
(15, 1, 'Bengali', 'بنغالي', 1, NULL, NULL, NULL, 1, '2019-03-26 21:46:51', NULL, NULL),
(16, 1, 'French', 'فرنسي', 1, NULL, NULL, NULL, 1, '2019-03-26 21:47:24', NULL, NULL),
(17, 1, 'Chinese', 'صيني', 1, NULL, NULL, NULL, 1, '2019-03-26 21:47:43', NULL, NULL),
(18, 1, 'Amhari', 'أمهري', 1, NULL, NULL, NULL, 1, '2019-03-26 21:48:16', NULL, NULL),
(19, 1, 'Arumu', 'أرومو', 1, NULL, NULL, NULL, 1, '2019-03-26 21:48:37', NULL, NULL),
(20, 1, 'Tajrini', 'تجريني', 1, NULL, NULL, NULL, 1, '2019-03-26 21:48:58', NULL, NULL),
(21, 1, 'Sinhalese', 'سنهالي', 1, NULL, NULL, NULL, 1, '2019-03-26 21:49:21', NULL, NULL),
(22, 1, 'Bishtu', 'بشتو', 1, NULL, NULL, NULL, 1, '2019-03-26 21:49:46', NULL, NULL),
(23, 1, 'Kerala', 'كيرلا', 1, NULL, NULL, NULL, 1, '2019-03-26 21:50:12', NULL, NULL),
(24, 1, 'Andani', 'أندنوسي', 1, NULL, NULL, NULL, 1, '2019-03-26 21:51:03', NULL, NULL),
(25, 1, 'Tamili', 'تاميلي', 1, NULL, NULL, NULL, 1, '2019-03-26 21:51:50', NULL, NULL),
(26, 1, 'Farsi', 'فارسي', 1, NULL, NULL, NULL, 1, '2019-03-26 21:52:10', NULL, NULL),
(27, 1, 'Indian', 'هندي', 1, NULL, NULL, NULL, 1, '2019-03-26 21:52:46', NULL, NULL),
(28, 1, 'Mirathi', 'مراتهي', 1, NULL, NULL, NULL, 1, '2019-03-26 21:53:03', NULL, NULL),
(29, 1, 'Philippine', 'فلبيني', 1, NULL, NULL, NULL, 1, '2019-03-26 21:54:57', NULL, NULL),
(30, 1, 'Thai', 'تايلندي', 1, NULL, NULL, NULL, 1, '2019-03-26 21:55:33', NULL, NULL),
(31, 1, 'Telgo', 'تلجو', 1, NULL, NULL, NULL, 1, '2019-03-26 21:56:02', NULL, NULL),
(32, 1, 'Malaysia', 'ماليزي', 1, NULL, NULL, NULL, 1, '2019-03-26 21:56:26', NULL, NULL),
(33, 1, 'Somali', 'صومالي', 1, NULL, NULL, NULL, 1, '2019-03-26 21:57:00', NULL, NULL),
(34, 1, 'Swahili', 'سواحلي', 1, NULL, NULL, NULL, 1, '2019-03-26 21:57:17', NULL, NULL),
(35, 1, 'Group languages', 'مجموعة لغات', 1, NULL, NULL, NULL, 1, '2019-03-26 21:57:36', NULL, NULL),
(36, 1, 'Unknown', 'غير معروف', NULL, NULL, NULL, NULL, 1, '2019-03-26 22:00:05', NULL, NULL),
(37, 1, 'Forign', 'أجنبي', 1, NULL, NULL, NULL, 1, '2019-03-26 22:49:59', NULL, NULL),
(38, 1, 'Malibari', 'مليباري', 1, NULL, NULL, NULL, 1, '2019-03-26 22:50:08', NULL, NULL),
(39, 1, 'Omo', 'اورومو', 1, NULL, NULL, NULL, 1, '2019-03-27 10:56:07', NULL, NULL),
(40, 1, 'Telgo - Wakf', 'تلغو (وقف)', 1, NULL, NULL, NULL, 1, '2019-03-27 10:56:55', NULL, NULL),
(41, 1, 'Tigalog', 'تجالوج', 1, NULL, NULL, NULL, 1, '2019-03-27 14:38:51', NULL, NULL),
(42, 1, 'Nibal - Wakf', 'نيبالي (وقف)', 1, NULL, NULL, NULL, 1, '2019-03-27 14:40:02', NULL, NULL),
(43, 1, 'Farsi - Wakf', 'فارسي (وقف)', 1, NULL, NULL, NULL, 1, '2019-03-27 14:40:55', NULL, NULL),
(44, 1, 'Chinese - Wakf', 'صيني (وقف)', 1, NULL, NULL, NULL, 1, '2019-03-27 14:42:01', NULL, NULL),
(45, 1, 'Bishtu - Wakf', 'بشتو (وقف)', 1, NULL, NULL, NULL, 1, '2019-03-27 14:42:52', NULL, NULL),
(46, 1, 'Swahili - Wakf', 'سواحلي (وقف)', 1, NULL, NULL, NULL, 1, '2019-03-27 14:43:33', NULL, NULL),
(47, 1, 'Europe', 'يوربا', 1, NULL, NULL, NULL, 1, '2019-03-27 14:44:16', NULL, NULL),
(48, 1, 'Europe - Wakf', 'يوربا (وقف)', 1, NULL, NULL, NULL, 1, '2019-03-27 14:44:43', NULL, NULL),
(49, 1, 'andonisi - Wakf', 'اندنوسي (وقف)', 1, NULL, NULL, NULL, 1, '2019-03-27 14:45:17', NULL, NULL),
(50, 1, 'Arabic - Wakf', 'عربي (وقف)', 1, NULL, NULL, NULL, 1, '2019-03-27 14:45:43', NULL, NULL),
(51, 1, 'Tami - Wakf', 'تاميلي (وقف)', 1, NULL, NULL, NULL, 1, '2019-03-27 14:48:25', NULL, NULL),
(52, 1, 'Albaini - Wafk', 'البانية (وقف)', 1, NULL, NULL, NULL, 1, '2019-03-27 14:49:05', NULL, NULL),
(53, 1, 'Sinhale - Wafk', 'سنهالي (وقف)', 1, NULL, NULL, NULL, 1, '2019-03-27 14:49:51', NULL, NULL),
(54, 1, 'French - Wafk', 'فرنسي (وقف)', 1, NULL, NULL, NULL, 1, '2019-03-27 14:50:14', NULL, NULL),
(55, 1, 'Turki - Wafk', 'تركي (وقف)', 1, NULL, NULL, NULL, 1, '2019-03-27 14:50:38', NULL, NULL),
(56, 1, 'Germany - Wafk', 'ألماني (وقف)', 1, NULL, NULL, NULL, 1, '2019-03-27 14:51:17', NULL, NULL),
(57, 1, 'Zolo - Wafk', 'زولو (وقف)	', 1, NULL, NULL, NULL, 1, '2019-03-27 14:51:34', NULL, NULL),
(58, 1, 'Greek - Wakf', 'يوناني (وقف)	', 1, NULL, NULL, NULL, 1, '2019-03-27 14:52:13', NULL, NULL),
(59, 1, 'Macedonian - Wafk', 'مقدوني (وقف)	', 1, NULL, NULL, NULL, 1, '2019-03-27 14:52:35', NULL, NULL),
(60, 1, 'Somali - Wakf', 'صومالي (وقف)	', 1, NULL, NULL, NULL, 1, '2019-03-27 14:53:38', NULL, NULL),
(61, 1, 'Spanish', 'اسباني', 1, NULL, NULL, NULL, 1, '2019-03-27 15:02:15', NULL, NULL),
(62, 1, 'Azeri', 'أذري', 1, NULL, NULL, NULL, 1, '2019-03-27 15:03:20', NULL, NULL),
(63, 1, 'German', 'الماني', 1, NULL, NULL, NULL, 1, '2019-03-27 15:04:33', NULL, NULL),
(64, 1, 'Russian', 'روسي', 1, NULL, NULL, NULL, 1, '2019-03-27 15:07:15', NULL, NULL),
(65, 1, 'Huba', 'هوبا', 1, NULL, NULL, NULL, 1, '2019-03-27 15:07:50', NULL, NULL),
(66, 1, 'Bosnian - Wakf', 'بوسني (وقف)', 1, NULL, NULL, NULL, 1, '2019-03-27 15:09:01', NULL, NULL),
(67, 1, 'Evori - Wakf', 'ايفوري', 1, NULL, NULL, NULL, 1, '2019-03-27 15:09:19', NULL, NULL),
(68, 1, 'Macedonian', 'مغدوني', 1, NULL, NULL, NULL, 1, '2019-03-27 15:12:49', NULL, NULL),
(69, 1, 'Trainnig', 'للتدريب', NULL, NULL, NULL, NULL, 1, '2019-04-11 09:35:47', NULL, NULL);

-- --------------------------------------------------------

--
-- Table structure for table `general_stores_stores`
--

CREATE TABLE IF NOT EXISTS `general_stores_stores` (
  `id` int(11) unsigned NOT NULL,
  `is_active` tinyint(4) unsigned NOT NULL DEFAULT '0' COMMENT '0 No, 1 Yes',
  `name_en` varchar(255) COLLATE utf8_bin DEFAULT NULL,
  `name_ar` varchar(255) COLLATE utf8_bin DEFAULT NULL,
  `parent_id` int(10) unsigned DEFAULT NULL COMMENT 'ref to ''general_stores_stores''',
  `is_deleted` tinyint(4) unsigned DEFAULT NULL,
  `deleted_by` int(11) unsigned DEFAULT NULL COMMENT 'ref to ''users''',
  `deleted_date` datetime DEFAULT NULL,
  `Created_by` int(11) unsigned DEFAULT NULL COMMENT 'ref to ''users''',
  `Created_date` datetime DEFAULT NULL,
  `last_update_by` int(11) unsigned DEFAULT NULL COMMENT 'ref to ''users''',
  `last_update_date` datetime DEFAULT NULL
) ENGINE=InnoDB AUTO_INCREMENT=6 DEFAULT CHARSET=utf8 COLLATE=utf8_bin ROW_FORMAT=COMPACT;

--
-- Dumping data for table `general_stores_stores`
--

INSERT INTO `general_stores_stores` (`id`, `is_active`, `name_en`, `name_ar`, `parent_id`, `is_deleted`, `deleted_by`, `deleted_date`, `Created_by`, `Created_date`, `last_update_by`, `last_update_date`) VALUES
(1, 1, 'Head Office', 'المكتب الرئيسي', NULL, NULL, NULL, NULL, 1, '2019-03-22 12:45:27', NULL, NULL),
(2, 1, 'Ind. Area', 'الصناعية', NULL, NULL, NULL, NULL, 1, '2019-03-22 12:45:50', NULL, NULL),
(3, 1, 'Manart Jmal', 'منارة جمال', NULL, NULL, NULL, NULL, 1, '2019-03-25 14:50:48', NULL, NULL),
(4, 1, 'Manart Hasan', 'منارة حسن', NULL, NULL, NULL, NULL, 1, '2019-03-25 14:52:04', NULL, NULL),
(5, 1, 'Stor Manar Jamal', 'مستودع منارة جمال', NULL, NULL, NULL, NULL, 1, '2019-03-27 10:46:08', NULL, NULL);

-- --------------------------------------------------------

--
-- Table structure for table `general_stores_units`
--

CREATE TABLE IF NOT EXISTS `general_stores_units` (
  `id` int(11) unsigned NOT NULL,
  `is_active` tinyint(4) unsigned NOT NULL DEFAULT '0' COMMENT '0 No, 1 Yes',
  `name_en` varchar(255) COLLATE utf8_bin DEFAULT NULL,
  `name_ar` varchar(255) COLLATE utf8_bin DEFAULT NULL,
  `fraction` varchar(255) COLLATE utf8_bin DEFAULT NULL,
  `fraction_of_orginal` varchar(255) COLLATE utf8_bin DEFAULT NULL,
  `is_deleted` tinyint(4) unsigned DEFAULT NULL,
  `deleted_by` int(11) unsigned DEFAULT NULL COMMENT 'ref to ''users''',
  `deleted_date` datetime DEFAULT NULL,
  `Created_by` int(11) unsigned DEFAULT NULL COMMENT 'ref to ''users''',
  `Created_date` datetime DEFAULT NULL,
  `last_update_by` int(11) unsigned DEFAULT NULL COMMENT 'ref to ''users''',
  `last_update_date` datetime DEFAULT NULL
) ENGINE=InnoDB AUTO_INCREMENT=19 DEFAULT CHARSET=utf8 COLLATE=utf8_bin ROW_FORMAT=COMPACT;

--
-- Dumping data for table `general_stores_units`
--

INSERT INTO `general_stores_units` (`id`, `is_active`, `name_en`, `name_ar`, `fraction`, `fraction_of_orginal`, `is_deleted`, `deleted_by`, `deleted_date`, `Created_by`, `Created_date`, `last_update_by`, `last_update_date`) VALUES
(1, 1, 'folder', 'مجلد', NULL, NULL, NULL, NULL, NULL, 1, '2019-03-25 20:42:40', NULL, NULL),
(2, 1, 'Book', 'كتاب', NULL, NULL, NULL, NULL, NULL, 1, '2019-03-25 20:42:51', NULL, NULL),
(3, 1, 'CD', 'CD', NULL, NULL, NULL, NULL, NULL, 1, '2019-03-25 20:43:02', NULL, NULL),
(4, 1, 'Sticker', 'استيكر', NULL, NULL, NULL, NULL, NULL, 1, '2019-03-25 20:44:02', NULL, NULL),
(5, 1, 'Cups', 'كاست ', NULL, NULL, NULL, NULL, NULL, 1, '2019-03-25 20:44:28', NULL, NULL),
(6, 1, 'Unknown', 'غير معروف', NULL, NULL, NULL, NULL, NULL, 1, '2019-03-25 20:46:04', NULL, NULL),
(7, 1, 'Small book', 'كتيب', NULL, NULL, NULL, NULL, NULL, 1, '2019-03-26 20:43:47', NULL, NULL),
(8, 1, 'Cards', 'كروت', NULL, NULL, NULL, NULL, NULL, 1, '2019-03-26 22:07:06', NULL, NULL),
(9, 1, 'wooden chair', 'كرسي خشب	', NULL, NULL, NULL, NULL, NULL, 1, '2019-03-26 22:07:31', NULL, NULL),
(10, 1, 'Baner', 'بنر', NULL, NULL, NULL, NULL, NULL, 1, '2019-03-26 22:07:51', NULL, NULL),
(11, 1, 'Bag', 'حقيبة', NULL, NULL, NULL, NULL, NULL, 1, '2019-03-26 22:08:11', NULL, NULL),
(12, 1, 'Closet', 'دولاب', NULL, NULL, NULL, NULL, NULL, 1, '2019-03-26 22:08:37', NULL, NULL),
(13, 1, 'K', 'ك', NULL, NULL, NULL, NULL, NULL, 1, '2019-03-26 22:08:56', NULL, NULL),
(14, 1, 'Quram', 'مصحف', NULL, NULL, NULL, NULL, NULL, 1, '2019-03-26 22:09:24', NULL, NULL),
(15, 1, 'Carton', 'كرتون', NULL, NULL, NULL, NULL, NULL, 1, '2019-03-26 22:10:13', NULL, NULL),
(16, 1, 'Album', 'ألبوم', NULL, NULL, NULL, NULL, NULL, 1, '2019-03-26 22:10:29', NULL, NULL),
(17, 1, 'Device', 'جهاز', NULL, NULL, NULL, NULL, NULL, 1, '2019-03-26 22:10:49', NULL, NULL),
(18, 1, 'Caset', 'شريط', NULL, NULL, NULL, NULL, NULL, 1, '2019-03-26 22:46:36', NULL, NULL);

-- --------------------------------------------------------

--
-- Table structure for table `general_student_parent_relation`
--

CREATE TABLE IF NOT EXISTS `general_student_parent_relation` (
  `id` int(11) unsigned NOT NULL,
  `is_active` tinyint(4) unsigned NOT NULL DEFAULT '1' COMMENT '0 No, 1 Yes',
  `name_en` varchar(255) COLLATE utf8_bin DEFAULT NULL,
  `name_ar` varchar(255) COLLATE utf8_bin DEFAULT NULL,
  `is_deleted` tinyint(4) unsigned DEFAULT NULL,
  `deleted_by` int(11) unsigned DEFAULT NULL COMMENT 'ref to ''users''',
  `deleted_date` datetime DEFAULT NULL,
  `Created_by` int(11) unsigned DEFAULT NULL COMMENT 'ref to ''users''',
  `Created_date` datetime DEFAULT NULL,
  `last_update_by` int(11) unsigned DEFAULT NULL COMMENT 'ref to ''users''',
  `last_update_date` datetime DEFAULT NULL
) ENGINE=InnoDB DEFAULT CHARSET=utf8 COLLATE=utf8_bin ROW_FORMAT=COMPACT COMMENT='العلاقة بين الطالب وولي الامر';

-- --------------------------------------------------------

--
-- Table structure for table `home_icons`
--

CREATE TABLE IF NOT EXISTS `home_icons` (
  `id` bigint(20) unsigned NOT NULL,
  `Show_for_Visitors` tinyint(4) unsigned DEFAULT NULL,
  `title_ar` varchar(255) COLLATE utf8_bin DEFAULT NULL,
  `title_en` varchar(255) COLLATE utf8_bin DEFAULT NULL,
  `href` varchar(255) COLLATE utf8_bin DEFAULT NULL,
  `order` int(11) unsigned DEFAULT NULL,
  `img` varchar(255) COLLATE utf8_bin DEFAULT NULL,
  `img_thumb` varchar(255) COLLATE utf8_bin DEFAULT NULL,
  `Created_by` int(11) unsigned DEFAULT NULL COMMENT 'ref to ''users''',
  `Created_date` datetime DEFAULT NULL,
  `last_update_by` int(11) unsigned DEFAULT NULL COMMENT 'ref to ''users''',
  `last_update_date` datetime DEFAULT NULL
) ENGINE=InnoDB DEFAULT CHARSET=utf8 COLLATE=utf8_bin ROW_FORMAT=COMPACT;

-- --------------------------------------------------------

--
-- Table structure for table `hr_allowances_relations`
--

CREATE TABLE IF NOT EXISTS `hr_allowances_relations` (
  `id` int(11) unsigned NOT NULL,
  `type` int(10) unsigned DEFAULT NULL COMMENT 'ref to ''hr_allowances_types''',
  `employee` int(10) unsigned DEFAULT NULL COMMENT 'ref to ''hr_employment_applications''',
  `is_deleted` tinyint(4) unsigned DEFAULT NULL,
  `deleted_by` int(11) unsigned DEFAULT NULL COMMENT 'ref to ''users''',
  `deleted_date` datetime DEFAULT NULL,
  `Created_by` int(11) unsigned DEFAULT NULL COMMENT 'ref to ''users''',
  `Created_date` datetime DEFAULT NULL,
  `last_update_by` int(11) unsigned DEFAULT NULL COMMENT 'ref to ''users''',
  `last_update_date` datetime DEFAULT NULL
) ENGINE=InnoDB DEFAULT CHARSET=utf8 COLLATE=utf8_bin ROW_FORMAT=COMPACT COMMENT='العلاقات بين الموظف والخصومات';

-- --------------------------------------------------------

--
-- Table structure for table `hr_allowances_types`
--

CREATE TABLE IF NOT EXISTS `hr_allowances_types` (
  `id` int(11) unsigned NOT NULL,
  `name_ar` varchar(255) COLLATE utf8_bin DEFAULT NULL,
  `name_en` varchar(255) COLLATE utf8_bin DEFAULT NULL,
  `amount` int(10) unsigned DEFAULT NULL,
  `percentage` int(10) unsigned DEFAULT NULL,
  `is_deleted` tinyint(4) unsigned DEFAULT NULL,
  `deleted_by` int(11) unsigned DEFAULT NULL COMMENT 'ref to ''users''',
  `deleted_date` datetime DEFAULT NULL,
  `Created_by` int(11) unsigned DEFAULT NULL COMMENT 'ref to ''users''',
  `Created_date` datetime DEFAULT NULL,
  `last_update_by` int(11) unsigned DEFAULT NULL COMMENT 'ref to ''users''',
  `last_update_date` datetime DEFAULT NULL
) ENGINE=InnoDB AUTO_INCREMENT=95 DEFAULT CHARSET=utf8 COLLATE=utf8_bin ROW_FORMAT=COMPACT;

--
-- Dumping data for table `hr_allowances_types`
--

INSERT INTO `hr_allowances_types` (`id`, `name_ar`, `name_en`, `amount`, `percentage`, `is_deleted`, `deleted_by`, `deleted_date`, `Created_by`, `Created_date`, `last_update_by`, `last_update_date`) VALUES
(1, 'بدل سكن ', 'Housing allowance', 400, NULL, NULL, NULL, NULL, 1637, '2019-03-21 09:52:01', NULL, NULL),
(2, 'إنتقال', 'Transportation allowance ', 150, NULL, NULL, NULL, NULL, 1637, '2019-03-21 09:53:00', NULL, NULL),
(3, 'بدل سكن', 'Housing allowance', 420, NULL, NULL, NULL, NULL, 1637, '2019-03-31 09:05:24', NULL, NULL),
(4, 'بدل نقل', 'Transportation allowance', 210, NULL, NULL, NULL, NULL, 1637, '2019-03-31 09:06:44', NULL, NULL),
(5, 'بدل علاج', 'acure allawancd', 155, NULL, NULL, NULL, NULL, 1637, '2019-03-31 09:08:21', 1637, '2019-03-31 10:27:19'),
(6, 'مكافاة انتاج', 'devolopment allawace', 163, NULL, NULL, NULL, NULL, 1637, '2019-03-31 09:10:20', NULL, NULL),
(7, 'غلاء معيشة ', 'life allawnce', 500, NULL, NULL, NULL, NULL, 1637, '2019-03-31 09:11:10', NULL, NULL),
(8, 'بدل تكليف', 'allwance', 600, NULL, NULL, NULL, NULL, 1637, '2019-03-31 09:13:06', NULL, NULL),
(9, 'بدل سكن', 'Housing allowance', 310, NULL, NULL, NULL, NULL, 1637, '2019-03-31 10:10:34', NULL, NULL),
(10, 'بدل نقل', 'Transportation allowance', 155, NULL, NULL, NULL, NULL, 1637, '2019-03-31 10:11:25', NULL, NULL),
(11, 'بدل تكليف', 'assignment allowance', 243, NULL, 1, 1686, '2019-08-08 17:25:25', 1637, '2019-03-31 10:13:22', 1637, '2019-03-31 10:15:01'),
(12, 'غلاء معيشة', 'expensive allowance', 300, NULL, NULL, NULL, NULL, 1637, '2019-03-31 10:17:01', NULL, NULL),
(13, 'بدل انتاج', 'prudction bounus', 243, NULL, NULL, NULL, NULL, 1637, '2019-03-31 10:30:45', NULL, NULL),
(14, 'بدل سكن', 'Housing allowance', 300, NULL, NULL, NULL, NULL, 1637, '2019-03-31 10:34:01', NULL, NULL),
(15, 'بدل نقل', 'Transportation allowance', 150, NULL, NULL, NULL, NULL, 1637, '2019-03-31 10:34:45', NULL, NULL),
(16, 'بدل علاج', 'treatment allowance', 150, NULL, NULL, NULL, NULL, 1637, '2019-03-31 10:35:59', NULL, NULL),
(17, 'بدل انتاج', 'prudction bounus', 301, NULL, NULL, NULL, NULL, 1637, '2019-03-31 10:36:59', NULL, NULL),
(18, 'غلاء معيشة', 'expensive allowance', 300, NULL, NULL, NULL, NULL, 1637, '2019-03-31 10:37:36', NULL, NULL),
(19, 'بدل سكن', 'Housing allowance', 440, NULL, NULL, NULL, NULL, 1637, '2019-03-31 16:38:29', NULL, NULL),
(20, 'بدل نقل', 'Transportation allowance', 220, NULL, NULL, NULL, NULL, 1637, '2019-03-31 16:39:18', NULL, NULL),
(21, 'بدل علاج', 'treatment allowance', 220, NULL, NULL, NULL, NULL, 1637, '2019-03-31 16:39:59', NULL, NULL),
(22, 'مكافاة انتاج', 'prudction bounus', 531, NULL, NULL, NULL, NULL, 1637, '2019-03-31 16:40:48', NULL, NULL),
(23, 'غلاء معيشة', 'expensive allowance', 500, NULL, NULL, NULL, NULL, 1637, '2019-03-31 16:43:09', NULL, NULL),
(24, 'بدل تكليف', 'assignment allowance', 500, NULL, NULL, NULL, NULL, 1637, '2019-03-31 16:45:07', NULL, NULL),
(25, 'بدل تكليف', 'assignment allowance', 200, NULL, NULL, NULL, NULL, 1637, '2019-03-31 16:45:55', NULL, NULL),
(26, 'بدل سكن', 'Housing allowance', 340, NULL, NULL, NULL, NULL, 1637, '2019-03-31 16:51:33', NULL, NULL),
(27, 'بدل نقل', 'Transportation allowance', 170, NULL, NULL, NULL, NULL, 1637, '2019-03-31 16:52:06', NULL, NULL),
(28, 'بدل علاج', 'Transportation allowance', 170, NULL, NULL, NULL, NULL, 1637, '2019-03-31 16:52:34', NULL, NULL),
(29, 'مكافاة انتاج', 'prudction bounus', 531, NULL, 1, 1686, '2019-08-08 17:25:21', 1637, '2019-03-31 16:53:08', NULL, NULL),
(30, 'غلاء معيشة', 'expensive allowance', 500, NULL, NULL, NULL, NULL, 1637, '2019-03-31 16:53:47', NULL, NULL),
(31, 'مكافاة انتاج', 'prudction bounus', 471, NULL, NULL, NULL, NULL, 1637, '2019-03-31 16:54:46', NULL, NULL),
(32, 'بدل تكليف', 'assignment allowance', 200, NULL, NULL, NULL, NULL, 1637, '2019-03-31 16:55:33', NULL, NULL),
(33, 'بدل سكن', 'Housing allowance', 400, NULL, 1, 1686, '2019-08-08 17:25:19', 1637, '2019-03-31 17:05:52', NULL, NULL),
(34, 'بدل نقل', 'Transportation allowance', 200, NULL, NULL, NULL, NULL, 1637, '2019-03-31 17:06:30', NULL, NULL),
(35, 'بدل علاج', 'treatment allowance', 200, NULL, NULL, NULL, NULL, 1637, '2019-03-31 17:06:59', NULL, NULL),
(36, 'مكافاة انتاج', 'prudction bounus', 673, NULL, NULL, NULL, NULL, 1637, '2019-03-31 17:07:44', NULL, NULL),
(37, 'غلاء معيشة', 'expensive allowance', 300, NULL, 1, 1686, '2019-08-08 17:25:15', 1637, '2019-03-31 17:08:14', NULL, NULL),
(38, 'بدل تكليف', 'assignment allowance', 600, NULL, 1, 1686, '2019-08-08 17:25:12', 1637, '2019-03-31 17:08:55', NULL, NULL),
(39, 'مكافاة انتاج', 'prudction bounus', 342, NULL, NULL, NULL, NULL, 1637, '2019-03-31 17:15:02', NULL, NULL),
(40, 'بدل تكليف', 'assignment allowance', 250, NULL, NULL, NULL, NULL, 1637, '2019-03-31 17:24:28', NULL, NULL),
(41, 'بدل تكليف', 'assignment allowance', 571, NULL, NULL, NULL, NULL, 1637, '2019-03-31 17:25:04', NULL, NULL),
(42, 'مكافاة انتاج', 'prudction bounus', 162, NULL, NULL, NULL, NULL, 1637, '2019-03-31 17:54:55', NULL, NULL),
(43, 'بدل تكليف', 'assignment allowance', 400, NULL, NULL, NULL, NULL, 1637, '2019-03-31 17:55:38', NULL, NULL),
(44, 'بدل سكن', 'Housing allowance', 360, NULL, NULL, NULL, NULL, 1637, '2019-03-31 18:01:21', NULL, NULL),
(45, 'بدل نقل', 'Transportation allowance', 180, NULL, NULL, NULL, NULL, 1637, '2019-03-31 18:01:47', NULL, NULL),
(46, 'بدل علاج', 'treatment allowance', 180, NULL, NULL, NULL, NULL, 1637, '2019-03-31 18:02:15', NULL, NULL),
(47, 'مكافاة انتاج', 'prudction bounus', 470, NULL, NULL, NULL, NULL, 1637, '2019-03-31 18:02:42', NULL, NULL),
(48, 'بدل تكليف', 'assignment allowance', 384, NULL, NULL, NULL, NULL, 1637, '2019-03-31 18:10:45', NULL, NULL),
(49, 'بدل سكن', 'Housing allowance', 240, NULL, NULL, NULL, NULL, 1637, '2019-03-31 18:12:25', NULL, NULL),
(50, 'بدل نقل', 'Transportation allowance', 120, NULL, NULL, NULL, NULL, 1637, '2019-03-31 18:12:59', NULL, NULL),
(51, 'بدل علاج', 'treatment allowance', 120, NULL, NULL, NULL, NULL, 1637, '2019-03-31 18:13:22', NULL, NULL),
(52, 'مكافاة انتاج', 'prudction bounus', 159, NULL, NULL, NULL, NULL, 1637, '2019-03-31 18:13:58', NULL, NULL),
(53, 'بدل سكن', 'Housing allowance', 480, NULL, NULL, NULL, NULL, 1637, '2019-03-31 19:24:07', NULL, NULL),
(54, 'بدل نقل', 'Transportation allowance', 240, NULL, NULL, NULL, NULL, 1637, '2019-03-31 19:24:37', NULL, NULL),
(55, 'بدل علاج', 'treatment allowance', 240, NULL, NULL, NULL, NULL, 1637, '2019-03-31 19:25:01', NULL, NULL),
(56, 'مكافاة انتاج', 'prudction bounus', 144, NULL, NULL, NULL, NULL, 1637, '2019-03-31 19:25:57', NULL, NULL),
(57, 'بدل تكليف', 'assignment allowance', 300, NULL, NULL, NULL, NULL, 1637, '2019-03-31 19:27:21', NULL, NULL),
(58, 'بدل تكليف', 'assignment allowance', 1000, NULL, NULL, NULL, NULL, 1637, '2019-03-31 19:35:22', NULL, NULL),
(59, 'بدل سكن', 'Housing allowance', 500, NULL, NULL, NULL, NULL, 1637, '2019-03-31 19:40:01', NULL, NULL),
(60, 'بدل نقل', 'Transportation allowance', 500, NULL, NULL, NULL, NULL, 1637, '2019-03-31 19:40:23', NULL, NULL),
(61, 'بدل علاج', 'treatment allowance', 400, NULL, NULL, NULL, NULL, 1637, '2019-03-31 19:40:56', NULL, NULL),
(62, 'مكافاة انتاج', 'prudction bounus', 1080, NULL, NULL, NULL, NULL, 1637, '2019-03-31 19:41:38', NULL, NULL),
(63, 'غلاء معيشة', 'expensive allowance', 300, NULL, NULL, NULL, NULL, 1637, '2019-03-31 19:42:26', NULL, NULL),
(64, 'بدل سكن', 'Housing allowance', 650, NULL, NULL, NULL, NULL, 1637, '2019-04-01 10:20:53', NULL, NULL),
(65, 'بدل نقل', 'Transportation allowance', 650, NULL, NULL, NULL, NULL, 1637, '2019-04-01 10:21:21', NULL, NULL),
(66, 'بدل علاج', 'treatment allowance', 500, NULL, NULL, NULL, NULL, 1637, '2019-04-01 10:22:00', NULL, NULL),
(67, 'مكافاة انتاج', 'prudction bounus', 180, NULL, NULL, NULL, NULL, 1637, '2019-04-01 10:22:31', NULL, NULL),
(68, 'بدل سكن', 'Housing allowance', 550, NULL, NULL, NULL, NULL, 1637, '2019-04-01 11:06:19', NULL, NULL),
(69, 'بدل نقل', 'Transportation allowance', 550, NULL, NULL, NULL, NULL, 1637, '2019-04-01 11:07:02', NULL, NULL),
(70, 'بدل علاج', 'treatment allowance', 500, NULL, NULL, NULL, NULL, 1637, '2019-04-01 11:08:23', NULL, NULL),
(71, 'مكافاة انتاج', 'prudction bounus', 1050, NULL, NULL, NULL, NULL, 1637, '2019-04-01 11:09:09', NULL, NULL),
(72, 'بدل سكن', 'Housing allowance', 450, NULL, NULL, NULL, NULL, 1637, '2019-04-01 11:15:17', NULL, NULL),
(73, 'بدل نقل', 'Transportation allowance', 400, NULL, NULL, NULL, NULL, 1637, '2019-04-01 11:15:55', NULL, NULL),
(74, 'بدل علاج', 'treatment allowance', 350, NULL, NULL, NULL, NULL, 1637, '2019-04-01 11:16:24', NULL, NULL),
(75, 'مكافاة انتاج', 'assignment allowance', 350, NULL, 1, 1686, '2019-08-08 17:25:07', 1637, '2019-04-01 11:16:56', NULL, NULL),
(76, 'مكافاة انتاج', 'assignment allowance', 400, NULL, NULL, NULL, NULL, 1637, '2019-04-01 11:17:40', NULL, NULL),
(77, 'مكافاة انتاج', 'prudction bounus', 379, NULL, NULL, NULL, NULL, 1637, '2019-04-22 09:31:51', NULL, NULL),
(78, 'بدل سكن', 'Housing allowance', 280, NULL, NULL, NULL, NULL, 1637, '2019-04-22 09:33:42', NULL, NULL),
(79, 'بدل نقل', 'Transportation allowance', 140, NULL, NULL, NULL, NULL, 1637, '2019-04-22 09:34:44', NULL, NULL),
(80, 'بدل علاج', 'treatment allowance', 140, NULL, NULL, NULL, NULL, 1637, '2019-04-22 09:35:29', NULL, NULL),
(81, 'غلاء معيشة', 'expensive allowance', 500, NULL, NULL, NULL, NULL, 1637, '2019-04-22 09:36:27', NULL, NULL),
(82, 'بدل تكليف', 'assignment allowance', 600, NULL, NULL, NULL, NULL, 1637, '2019-04-22 09:38:15', NULL, NULL),
(83, 'غلاء معيشة', 'a', 300, NULL, 1, 1686, '2019-08-08 17:25:02', 1676, '2019-05-13 11:48:05', NULL, NULL),
(84, 'بدل علاج', 'treatment allowance', 210, NULL, NULL, NULL, NULL, 1686, '2019-05-14 23:51:15', NULL, NULL),
(85, 'بدل تكليف', 'aa', 150, NULL, NULL, NULL, NULL, 1, '2019-05-15 11:37:47', NULL, NULL),
(86, 'بدل سكن ', 'housing', 170, NULL, NULL, NULL, NULL, 1, '2019-05-15 11:40:53', NULL, NULL),
(87, 'بدل نقل ', 'Transportation', 85, NULL, NULL, NULL, NULL, 1, '2019-05-15 11:41:15', NULL, NULL),
(88, 'بدل علاج ', 'Medication', 85, NULL, NULL, NULL, NULL, 1, '2019-05-15 11:41:45', NULL, NULL),
(89, 'بدل انتاج ', 'Production ', 119, NULL, NULL, NULL, NULL, 1, '2019-05-15 11:42:38', NULL, NULL),
(90, 'بدل سكن', 'Housing ', 220, NULL, NULL, NULL, NULL, 1, '2019-05-15 11:44:27', NULL, NULL),
(91, 'بدل نقل ', 'Transportation', 110, NULL, NULL, NULL, NULL, 1, '2019-05-15 11:45:57', NULL, NULL),
(92, 'بدل علاج', 'Medication', 110, NULL, NULL, NULL, NULL, 1, '2019-05-15 11:46:29', NULL, NULL),
(93, 'مكافأة إنتاج', 'Production', 133, NULL, NULL, NULL, NULL, 1, '2019-05-15 11:47:28', NULL, NULL),
(94, 'مكافأة إنتاج', 'asd', 484, NULL, NULL, NULL, NULL, 1686, '2019-05-15 12:52:44', 1698, '2019-09-08 11:10:55');

-- --------------------------------------------------------

--
-- Table structure for table `hr_attendance`
--

CREATE TABLE IF NOT EXISTS `hr_attendance` (
  `id` int(11) unsigned NOT NULL,
  `reviewed` tinyint(3) unsigned DEFAULT NULL,
  `reviewed_by` int(10) unsigned DEFAULT NULL COMMENT 'ref to ''users''',
  `reviewed_date` datetime DEFAULT NULL,
  `employee` int(11) unsigned DEFAULT NULL COMMENT 'ref to ''hr_employment_applications''',
  `date` date DEFAULT NULL,
  `clock_in` time DEFAULT NULL,
  `clock_out` time DEFAULT NULL,
  `late` time DEFAULT NULL,
  `early` time DEFAULT NULL,
  `absent` tinyint(4) DEFAULT NULL,
  `is_deleted` tinyint(4) unsigned DEFAULT NULL,
  `deleted_by` int(11) unsigned DEFAULT NULL COMMENT 'ref to ''users''',
  `deleted_date` datetime DEFAULT NULL,
  `Created_by` int(11) unsigned DEFAULT NULL COMMENT 'ref to ''users''',
  `Created_date` datetime DEFAULT NULL,
  `last_update_by` int(11) unsigned DEFAULT NULL COMMENT 'ref to ''users''',
  `last_update_date` datetime DEFAULT NULL
) ENGINE=InnoDB DEFAULT CHARSET=utf8 COLLATE=utf8_bin ROW_FORMAT=COMPACT;

-- --------------------------------------------------------

--
-- Table structure for table `hr_deductions_advance_payment`
--

CREATE TABLE IF NOT EXISTS `hr_deductions_advance_payment` (
  `id` int(11) NOT NULL,
  `employee_ID` int(11) NOT NULL,
  `amount` int(11) NOT NULL,
  `year` int(11) NOT NULL,
  `number_month` int(11) NOT NULL,
  `month` int(11) NOT NULL,
  `Created_by` int(11) NOT NULL,
  `Created_date` datetime NOT NULL,
  `is_deleted` int(11) NOT NULL,
  `deleted_by` int(11) NOT NULL,
  `deleted_date` datetime NOT NULL,
  `last_update_by` int(11) NOT NULL,
  `last_update_date` datetime NOT NULL
) ENGINE=InnoDB DEFAULT CHARSET=utf8 COMMENT='نظام السلف';

-- --------------------------------------------------------

--
-- Table structure for table `hr_deductions_advance_payment_records`
--

CREATE TABLE IF NOT EXISTS `hr_deductions_advance_payment_records` (
  `id` int(11) NOT NULL,
  `employee_ID` int(11) DEFAULT NULL,
  `advace_payment_id` int(11) DEFAULT NULL,
  `amount` varchar(50) DEFAULT NULL,
  `is_paied` int(11) DEFAULT '0',
  `month` int(11) DEFAULT NULL,
  `year` int(11) DEFAULT NULL,
  `is_deleted` int(11) DEFAULT NULL,
  `deleted_by` int(11) DEFAULT NULL,
  `deleted_date` datetime DEFAULT NULL,
  `Created_by` int(11) DEFAULT NULL,
  `Created_date` datetime DEFAULT NULL,
  `last_update_by` int(11) DEFAULT NULL,
  `last_update_date` datetime DEFAULT NULL
) ENGINE=InnoDB DEFAULT CHARSET=utf8 COMMENT='تقسيم استقطاع السلف على الاشهر المحددة';

-- --------------------------------------------------------

--
-- Table structure for table `hr_deductions_relations`
--

CREATE TABLE IF NOT EXISTS `hr_deductions_relations` (
  `id` int(11) unsigned NOT NULL,
  `type` int(10) unsigned DEFAULT NULL COMMENT 'ref to ''hr_deductions_types''',
  `employee` int(10) unsigned DEFAULT NULL COMMENT 'ref to ''hr_employment_applications''',
  `is_deleted` tinyint(4) unsigned DEFAULT NULL,
  `deleted_by` int(11) unsigned DEFAULT NULL COMMENT 'ref to ''users''',
  `deleted_date` datetime DEFAULT NULL,
  `Created_by` int(11) unsigned DEFAULT NULL COMMENT 'ref to ''users''',
  `Created_date` datetime DEFAULT NULL,
  `last_update_by` int(11) unsigned DEFAULT NULL COMMENT 'ref to ''users''',
  `last_update_date` datetime DEFAULT NULL
) ENGINE=InnoDB DEFAULT CHARSET=utf8 COLLATE=utf8_bin ROW_FORMAT=COMPACT COMMENT='العلاقات بين الموظف والبدالات';

-- --------------------------------------------------------

--
-- Table structure for table `hr_deductions_types`
--

CREATE TABLE IF NOT EXISTS `hr_deductions_types` (
  `id` int(11) unsigned NOT NULL,
  `name_ar` varchar(255) COLLATE utf8_bin DEFAULT NULL,
  `name_en` varchar(255) COLLATE utf8_bin DEFAULT NULL,
  `amount` int(10) unsigned DEFAULT NULL,
  `percentage` int(10) unsigned DEFAULT NULL,
  `is_deleted` tinyint(4) unsigned DEFAULT NULL,
  `deleted_by` int(11) unsigned DEFAULT NULL COMMENT 'ref to ''users''',
  `deleted_date` datetime DEFAULT NULL,
  `Created_by` int(11) unsigned DEFAULT NULL COMMENT 'ref to ''users''',
  `Created_date` datetime DEFAULT NULL,
  `last_update_by` int(11) unsigned DEFAULT NULL COMMENT 'ref to ''users''',
  `last_update_date` datetime DEFAULT NULL
) ENGINE=InnoDB AUTO_INCREMENT=11 DEFAULT CHARSET=utf8 COLLATE=utf8_bin ROW_FORMAT=COMPACT;

--
-- Dumping data for table `hr_deductions_types`
--

INSERT INTO `hr_deductions_types` (`id`, `name_ar`, `name_en`, `amount`, `percentage`, `is_deleted`, `deleted_by`, `deleted_date`, `Created_by`, `Created_date`, `last_update_by`, `last_update_date`) VALUES
(1, 'تأمينات', 'Social seurity', NULL, 12, 1, 1686, '2019-05-16 10:06:55', 1676, '2019-04-30 17:28:04', NULL, NULL),
(2, 'سلف', 'I', 500, NULL, 1, 1686, '2019-07-24 08:25:05', 1686, '2019-05-16 11:19:16', 1686, '2019-05-16 11:20:00'),
(3, 'سلف', 'I', 700, NULL, 1, 1686, '2019-07-24 08:25:09', 1686, '2019-05-16 11:19:48', NULL, NULL),
(4, 'سلف', 'I', 600, NULL, 1, 1686, '2019-07-24 08:25:14', 1686, '2019-05-16 11:22:09', NULL, NULL),
(5, 'سلف', 'I', 800, NULL, 1, 1686, '2019-07-24 08:25:02', 1686, '2019-05-16 11:28:32', NULL, NULL),
(6, 'سلف', 'I', 1000, NULL, 1, 1686, '2019-07-24 08:24:56', 1686, '2019-05-16 11:29:14', NULL, NULL),
(7, 'سلف', 'I', 400, NULL, 1, 1686, '2019-07-24 08:24:52', 1686, '2019-05-16 11:29:46', NULL, NULL),
(8, 'إيجار سكن', 'l', 850, NULL, 1, 1686, '2019-07-24 08:25:32', 1686, '2019-05-16 11:31:09', NULL, NULL),
(9, 'خصم بصمة', 'I', 2273, NULL, 1, 1686, '2019-08-08 17:25:59', 1686, '2019-07-24 08:21:27', 1686, '2019-07-24 08:22:53'),
(10, 'خصم بصمة', 'I', 450, NULL, 1, 1686, '2019-08-08 17:25:56', 1686, '2019-07-24 08:22:37', NULL, NULL);

-- --------------------------------------------------------

--
-- Table structure for table `hr_employment_applications`
--

CREATE TABLE IF NOT EXISTS `hr_employment_applications` (
  `id` int(11) unsigned NOT NULL,
  `account_id` int(10) unsigned DEFAULT NULL COMMENT 'ref to ''accounting_accounts''',
  `code` varchar(255) COLLATE utf8_bin DEFAULT NULL,
  `vacations_balance` int(11) DEFAULT NULL COMMENT 'رصيد الاجازات',
  `user_id` int(11) unsigned DEFAULT NULL,
  `deputy` int(10) unsigned DEFAULT NULL COMMENT 'ref to ''hr_employment_applications''',
  `user_password` varchar(50) COLLATE utf8_bin DEFAULT NULL,
  `app_status` tinyint(3) unsigned DEFAULT NULL COMMENT 'Null: not reviwed | 1:accepted | 2:reject',
  `college` int(10) unsigned DEFAULT NULL COMMENT 'ref to ''study_colleges''',
  `notes` text COLLATE utf8_bin,
  `app_id` varchar(50) COLLATE utf8_bin DEFAULT NULL,
  `app_password` varchar(50) COLLATE utf8_bin DEFAULT NULL,
  `name_first_en` varchar(255) COLLATE utf8_bin DEFAULT NULL,
  `name_father_en` varchar(255) COLLATE utf8_bin DEFAULT NULL,
  `name_grandfather_en` varchar(255) COLLATE utf8_bin DEFAULT NULL,
  `name_last_en` varchar(255) COLLATE utf8_bin DEFAULT NULL,
  `name_first_ar` varchar(255) COLLATE utf8_bin DEFAULT NULL,
  `name_father_ar` varchar(255) COLLATE utf8_bin DEFAULT NULL,
  `name_grandfather_ar` varchar(255) COLLATE utf8_bin DEFAULT NULL,
  `name_last_ar` varchar(255) COLLATE utf8_bin DEFAULT NULL,
  `place_of_birth` varchar(255) COLLATE utf8_bin DEFAULT NULL,
  `date_of_birth` date DEFAULT NULL,
  `date_of_birth_higri` varchar(30) COLLATE utf8_bin DEFAULT NULL,
  `marital_status` int(10) unsigned DEFAULT NULL COMMENT 'ref to ''general_marital_status''',
  `number_of_dependents` tinyint(3) unsigned DEFAULT NULL,
  `nationality` int(10) unsigned DEFAULT NULL COMMENT 'ref to ''general_countries''',
  `id_no` varchar(50) COLLATE utf8_bin DEFAULT NULL,
  `id_copy` varchar(255) COLLATE utf8_bin DEFAULT NULL,
  `id_expiry_date_higri` varchar(50) COLLATE utf8_bin DEFAULT NULL,
  `id_expiry_date` date DEFAULT NULL,
  `mobile` varchar(20) COLLATE utf8_bin DEFAULT NULL,
  `email` varchar(255) COLLATE utf8_bin DEFAULT NULL,
  `religion` int(10) unsigned DEFAULT NULL COMMENT 'ref to ''general_religions''',
  `gender` int(10) unsigned DEFAULT NULL,
  `passport_number` varchar(50) COLLATE utf8_bin DEFAULT NULL,
  `hr_section` int(10) unsigned DEFAULT NULL COMMENT 'ref to ''general_hr_sections''',
  `employee_type` int(10) unsigned DEFAULT NULL COMMENT 'ref to ''general_hr_employee_types''',
  `passport_expiration_date` date DEFAULT NULL,
  `passport_expiration_date_higri` varchar(50) COLLATE utf8_bin DEFAULT NULL,
  `department` int(10) unsigned DEFAULT NULL COMMENT 'ref to ''general_hr_departments''',
  `insurance_number` varchar(100) COLLATE utf8_bin DEFAULT NULL,
  `hr_position` int(10) unsigned DEFAULT NULL COMMENT 'ref to ''general_hr_positions''',
  `starting_date` date DEFAULT NULL,
  `employee_not_in_payroll` tinyint(3) unsigned DEFAULT NULL COMMENT '1 checked',
  `job_title` varchar(200) COLLATE utf8_bin DEFAULT NULL,
  `basic_salary` int(10) unsigned DEFAULT NULL,
  `bank` int(10) unsigned DEFAULT NULL,
  `iban` varchar(100) COLLATE utf8_bin DEFAULT NULL,
  `cv_file` varchar(255) COLLATE utf8_bin DEFAULT NULL,
  `is_deleted` tinyint(4) unsigned DEFAULT NULL,
  `deleted_by` int(11) unsigned DEFAULT NULL COMMENT 'ref to ''users''',
  `deleted_date` datetime DEFAULT NULL,
  `Created_by` int(11) unsigned DEFAULT NULL COMMENT 'ref to ''users''',
  `Created_date` datetime DEFAULT NULL,
  `last_update_by` int(11) unsigned DEFAULT NULL COMMENT 'ref to ''users''',
  `last_update_date` datetime DEFAULT NULL,
  `approved_date` datetime DEFAULT NULL,
  `approved_by` int(11) unsigned DEFAULT NULL COMMENT 'ref to ''users''',
  `rejected_date` datetime DEFAULT NULL,
  `rejected_by` int(11) unsigned DEFAULT NULL COMMENT 'ref to ''users''',
  `is_manager` int(4) unsigned DEFAULT '0'
) ENGINE=InnoDB AUTO_INCREMENT=64 DEFAULT CHARSET=utf8 COLLATE=utf8_bin ROW_FORMAT=COMPACT;

--
-- Dumping data for table `hr_employment_applications`
--

INSERT INTO `hr_employment_applications` (`id`, `account_id`, `code`, `vacations_balance`, `user_id`, `deputy`, `user_password`, `app_status`, `college`, `notes`, `app_id`, `app_password`, `name_first_en`, `name_father_en`, `name_grandfather_en`, `name_last_en`, `name_first_ar`, `name_father_ar`, `name_grandfather_ar`, `name_last_ar`, `place_of_birth`, `date_of_birth`, `date_of_birth_higri`, `marital_status`, `number_of_dependents`, `nationality`, `id_no`, `id_copy`, `id_expiry_date_higri`, `id_expiry_date`, `mobile`, `email`, `religion`, `gender`, `passport_number`, `hr_section`, `employee_type`, `passport_expiration_date`, `passport_expiration_date_higri`, `department`, `insurance_number`, `hr_position`, `starting_date`, `employee_not_in_payroll`, `job_title`, `basic_salary`, `bank`, `iban`, `cv_file`, `is_deleted`, `deleted_by`, `deleted_date`, `Created_by`, `Created_date`, `last_update_by`, `last_update_date`, `approved_date`, `approved_by`, `rejected_date`, `rejected_by`, `is_manager`) VALUES
(1, NULL, '1033', 30, 1645, NULL, '49464454', 1, NULL, NULL, '1996382291', '1598', 'Taher', 'Ali', 'Taher', 'Someli', 'طاهر', 'علي', 'طاهر', 'صميلي', 'خميس مشيط ', '1977-10-03', '1397-10-20', 1, 5, 1, '39790', 'files/hr/2019/03/fzhovinmesj5o1z.jpg', '1443-3-18', '2021-10-24', '966504739789', 'taher978910@gmail.com', 2, 1, NULL, 1, 1, NULL, NULL, 2, NULL, 16, NULL, NULL, 'مساعد مدير المالية ', 3000, 1, 'SA4080000347608010157263', 'files/hr/2019/03/h8wtnjt4zt.jpg', NULL, NULL, NULL, NULL, '2019-03-17 11:48:58', 1698, '2019-09-08 10:21:43', '2019-03-20 09:41:19', 1637, NULL, NULL, 0),
(2, NULL, NULL, NULL, NULL, NULL, NULL, 2, NULL, 'رقم الهوية ', '1992292635', '6537169', 'Ebrahim', 'AbdElazeem', 'Abdalla', 'ALmowafi', 'ابراهيم', 'عبدالعظيم', 'عبدالله', 'الموافي', 'الدقهلية ', '1991-01-01', '1411-6-15', 1, 2, 65, '2344616574', 'files/hr/2019/03/w6xk4l75kiswdjcmq.jpeg', '1441-7-18', '2020-03-13', '966543853450', 'elmowafi581@gmail.com', 2, 1, 'A17254351', NULL, NULL, '2023-01-03', '1444-6-10', NULL, NULL, NULL, NULL, NULL, NULL, NULL, NULL, NULL, 'files/hr/2019/03/max00cs7018vyj99ij27mzfxgwke.pdf', NULL, NULL, NULL, NULL, '2019-03-17 17:01:06', 1636, '2019-03-20 09:41:55', NULL, NULL, '2019-03-20 09:34:41', 1637, 0),
(3, 203, '1008', 21, 1638, NULL, '67716886', 1, NULL, NULL, '1925233887', '7822133', 'Abdullah', 'Mahajoub', 'Asadij', 'Hasaballh', 'عبدالله', 'محجوب', 'الصادق', 'حسب الله', 'السودان', '1958-11-08', '1378-4-25', 1, 7, 211, '2169559008', 'files/hr/2019/03/fubhdnlepiamicwrxprknycxhu3mj.jpg', '1440-2-22', '2018-10-31', '966565475429', 'abuomermaha@yahoo.com', 2, 1, 'p02208494', 1, 2, '2020-08-17', '1441-12-27', 3, NULL, 11, NULL, NULL, 'مدير الصيانة والتشغيل', 2733, 1, 'SA0480000107608010536862', 'files/hr/2019/03/gi2lqjbqca34.pdf', NULL, NULL, NULL, NULL, '2019-03-17 19:02:01', 1698, '2019-09-08 11:14:26', '2019-03-19 10:08:51', 1637, NULL, NULL, 0),
(4, NULL, '1039', 30, 1646, NULL, '74387897', 1, NULL, NULL, '1994729347', '781679', 'saee', 'abdullah', 'saeed', 'alasmari', 'سعيد', 'عبدالله', 'سعيد', 'الاسمري', 'خميس مشيط', '1981-10-19', '1401-12-21', 1, 6, 1, '1008644153', 'files/hr/2019/03/lzylk6uzrtdtr.jpg', '1442-1-23', '2020-09-11', '966504747781', 'abolena9111@hotmail.com', 2, 1, NULL, 1, 1, NULL, NULL, 1, NULL, 3, NULL, NULL, 'مدير الدعوة الالكترونية', 3000, 1, 'SA5980000479608010021311', 'files/hr/2019/03/v1s74dueux4gd7zmhutskcluait5c.pdf', NULL, NULL, NULL, NULL, '2019-03-17 22:47:46', 1698, '2019-09-08 10:23:37', '2019-03-20 09:30:05', 1637, NULL, NULL, 0),
(5, NULL, '1038', NULL, 1688, NULL, '33363947', 1, NULL, NULL, '1924376372', '8272184', 'MOHAMMED ', 'SALEH', 'ALI', 'ALZAREB', 'محمد', 'صالح', 'علي', 'آل زارب', 'سراة عبيدة - الوادي الأبيض', '1954-03-06', '1373-7-1', 1, 4, 1, '1006006793', 'files/hr/2019/03/erncfs3lz04.pdf', '1460-4-6', '2038-05-10', '966555741120', 'binzareb@gmail.com', 2, 1, NULL, 1, 1, NULL, NULL, 2, NULL, 4, NULL, NULL, 'مدير الإدارة المالية', 7000, 1, 'SA6080000559608010030000', 'files/hr/2019/03/zryajdjkxcgk7tlw1br8.pdf', NULL, NULL, NULL, NULL, '2019-03-18 00:38:57', 1, '2019-05-31 15:54:45', '2019-03-20 09:28:09', 1637, NULL, NULL, 0),
(6, NULL, '1041', 30, 1647, NULL, '51642342', 1, NULL, NULL, '1916149485', '967972', 'ABDULKARIM', 'HASAN', 'SAEED', 'ALMASHHOOR', 'عبدالكريم', 'حسن', 'سعيد', 'آل مشهور', 'آل عابس', '1965-10-25', '1385-7-1', 1, 9, 1, '1048264491', 'files/hr/2019/03/ubz7w2v0ozxidvbsmi3mx.jpg', '1460-4-11', '2038-05-15', '966568771421', 'mazenred99@hotmail.com', 2, 1, NULL, 1, 1, NULL, NULL, 7, NULL, 2, NULL, NULL, 'مدير المكتب', 15000, NULL, 'SA5780000209608010138443', 'files/hr/2019/03/dlpuratzjj5s.pdf', NULL, NULL, NULL, NULL, '2019-03-18 08:42:15', 1686, '2019-05-16 13:27:51', '2019-03-20 09:26:38', 1637, NULL, NULL, 1),
(7, NULL, '1003', NULL, 1687, NULL, '97668495', 1, NULL, NULL, '1966768716', '449967', 'Tawfeeq', 'Hamoud', 'Salem', 'Al Razehi', 'توفيق ', 'حمود ', 'سالم ', 'الرازحي', 'الباحة', '1970-02-01', '1389-11-25', 1, 10, 247, '2196538207', 'files/hr/2019/03/bx1sbn0cv3v.jpeg', '1441-6-3', '2020-01-28', '966504749311', 'toffee2222@hotmai.com', 2, 1, NULL, 1, 2, NULL, NULL, 2, NULL, 23, NULL, NULL, 'موظف علاقات محسنين', 1200, 1, 'SA3280000426608010111553', 'files/hr/2019/03/iiwsotpxg9elkjpzfl7crow7oa7mpe.pdf', NULL, NULL, NULL, NULL, '2019-03-18 09:19:54', 1698, '2019-09-08 11:32:31', '2019-03-20 09:14:10', 1637, NULL, NULL, 0),
(8, 204, '1000', NULL, 1686, NULL, '83253598', 1, NULL, NULL, '1937925513', '4391', 'AHMED', 'OBAID', 'ALI', 'SAAD', 'أحمد', 'عبيد', 'علي', 'سعد', 'المملكة العربية السعودية', '1989-05-19', '1409-10-14', 1, 1, 247, '2040424042', 'files/hr/2019/03/o5no2arthdq4meo.JPG', '1441-2-29', '2019-10-28', '966557148745', 'ahmedobaid99@hotmail.com', 2, 1, NULL, 1, 2, NULL, NULL, 7, NULL, 22, NULL, NULL, 'سكرتير', 2326, 1, 'SA1380000107608010724880', 'files/hr/2019/03/ff8ywkduuzphemi84s6i6.pdf', NULL, NULL, NULL, NULL, '2019-03-18 09:28:00', 1698, '2019-09-08 10:20:06', '2019-03-20 09:24:59', 1637, NULL, NULL, 1),
(9, NULL, '1036', 30, 1644, NULL, '13864468', 1, NULL, NULL, '1923255852', '4134', 'Khalid', 'saad', 'abdullah', 'Alshiru', 'خالد', 'سعد', 'عبدالله', 'الشهري', 'فرعة المهد', '1976-12-06', '1396-12-15', 1, 6, 1, '143077591', 'files/hr/2019/03/qkchdxzklmj4foutl1is2qph.jpg', '1446-6-20', '2024-12-22', '966565155513', 'abo.badr82@gmail.com', 2, 1, NULL, 1, 1, NULL, NULL, 12, NULL, 18, NULL, NULL, 'مدير ادارة السجون', 2000, 1, 'SA5080000295608010061616', 'files/hr/2019/03/vvpvz4yznycyruylh4rzfjkds5sz.jpg', NULL, NULL, NULL, NULL, '2019-03-18 09:49:21', 1686, '2019-05-27 01:08:26', '2019-03-20 09:23:32', 1637, NULL, NULL, 0),
(10, NULL, '1009', NULL, 1685, NULL, '26291376', 1, NULL, NULL, '1929294377', '966665', 'mufid', 'rashed', 'ahmad', 'aljabri', 'مفيد', 'راشد', 'أحمد', 'الجابري', 'فلسطين', '1944-09-08', '1363-9-21', 1, 2, 113, '2016336030', 'files/hr/2019/03/i0u7ozl9ve1gzymmkzt3usfy.jpeg', '1441-2-3', '2019-10-02', '966509573187', 'myffff52772@gmail.com', 2, 1, NULL, 1, 2, '2023-07-29', '1445-1-11', 2, NULL, 23, NULL, NULL, 'موظف علاقات محسنين', 1200, 1, 'SA0280000543608010097610', 'files/hr/2019/03/id3josniprvyshhtepw.PDF', NULL, NULL, NULL, NULL, '2019-03-18 10:52:04', 1698, '2019-09-08 11:32:54', '2019-03-20 09:22:10', 1637, NULL, NULL, 0),
(11, NULL, '1050', NULL, 1684, NULL, '67364747', 1, NULL, NULL, '1992429659', '8657159', 'mutab', 'saeed', 'safar', 'horaimis', 'متعب', 'سعيد', 'سفر', 'حريميص', 'خميس مشيط', '1991-03-27', '1411-9-11', 2, 0, 1, '1070527252', 'files/hr/2019/03/yyw4qjwusqicy7s7trgxqilqwsf.pdf', '1445-4-4', '2023-10-19', '966500004718', 'mmtt1411@hotmail.com', 2, 1, NULL, 1, 1, NULL, NULL, 6, NULL, 32, NULL, NULL, 'موظف', 5050, 1, 'SA8380000209608010614633', 'files/hr/2019/03/xbm0ovwvdd.pdf', NULL, NULL, NULL, NULL, '2019-03-18 16:53:21', 1698, '2019-09-08 11:26:06', '2019-03-20 09:18:47', 1637, NULL, NULL, 0),
(12, NULL, '1018', NULL, 1683, NULL, '82225783', 1, NULL, NULL, '1972918774', '922789', 'TAHER', 'AHMAD', 'ALI', 'OMARI', 'طاهر ', 'أحمد', 'أحمد', 'العمري', 'اليمن', '1964-04-20', '1383-12-8', 1, 5, 247, '2052471394', 'files/hr/2019/03/qxhcsgbk8vm79bw0ud.jpg', '1443-1-21', '2021-08-29', '966557225800', 'islamdeen@hotmail.com', 2, 1, NULL, 1, 2, NULL, NULL, 8, NULL, 10, NULL, NULL, 'سائق', 2500, 1, 'SA4980000209608010187960', 'files/hr/2019/03/0rzhf3pqjiwq5.jpg', NULL, NULL, NULL, NULL, '2019-03-18 17:01:34', 1698, '2019-09-08 11:21:31', '2019-03-19 18:58:11', 1637, NULL, NULL, 0),
(13, NULL, '1032', 21, 1682, NULL, '78556249', 1, NULL, NULL, '1957124483', '5698625', 'MOHAMMADNASIF', 'ABDULNASSER', 'ABDULHAMID', 'ALQADIE', 'محمدنصيف', 'عبدالناصر', 'عبدالحميد', 'القاضي', 'فارانج ماجنداناو', '1986-04-16', '1406-8-7', 1, 5, 174, '2455397089', 'files/hr/2019/03/qtmyi2ienplm5gud7melf.jpg', '1440-11-20', '2019-07-23', '966554775284', 'amohammadnasif@yahoo.com', 2, 1, NULL, 1, 4, '2028-03-02', '1449-10-6', 6, NULL, 7, NULL, NULL, 'مترجم باللغة الفلبينية', 1518, NULL, NULL, 'files/hr/2019/03/enjdu1vajw9b0egdfvqqq8qcj1.jpg', NULL, NULL, NULL, NULL, '2019-03-18 17:33:46', 1698, '2019-09-08 11:30:04', '2019-03-19 18:57:01', 1637, NULL, NULL, 0),
(14, NULL, '1010', 30, 1681, NULL, '57529445', 1, NULL, NULL, '1953968922', '838264', 'MOHAMMAD AYYOOB', 'ABDUL GHANI', 'MOHAMMAD TAYYIB', 'MUSALMAN', 'محمد أيوب ', 'عبد الغني', 'محمد طيب ', 'مسلمان', 'NEPAL', '1973-05-15', '1393-4-12', 1, 7, 154, '2238536706', 'files/hr/2019/03/pzgvibtilbnmuol60ssuuobcqb.pdf', '1441-5-26', '2020-01-21', '966556691626', 'ayyoob73@yahoo.com', 2, 1, '08285543', 1, 4, '2024-12-23', '1446-6-21', 6, NULL, 7, NULL, NULL, 'مترجم باللغة النيبالية', 1878, 1, 'SA9380000107608010666792', 'files/hr/2019/03/sbalabj2bmsomd.pdf', NULL, NULL, NULL, NULL, '2019-03-18 17:36:16', 1698, '2019-09-08 11:15:55', '2019-03-19 18:08:19', 1637, NULL, NULL, 0),
(15, 210, '1030', NULL, 1680, NULL, '55535717', 1, NULL, NULL, '1966359392', '137713', 'Campo', 'Secar', 'Alelain', 'Campo', 'سيزار ', 'اليلين', 'كامبو', 'كامبو', 'الفلبين', '1959-10-26', '1379-4-24', 1, 3, 174, '2252134099', 'files/hr/2019/03/bla5nrx3caxi00evf6ufolpkxv.pdf', '1442-6-16', '2021-01-29', '966557087640', 'sarsi9337@gmail.com', 2, 1, 'b6787614a', 1, 2, '2028-04-16', '1449-11-21', 8, NULL, 10, NULL, NULL, 'سائق', 1266, NULL, NULL, 'files/hr/2019/03/0crpokvnep4hvykna.pdf', NULL, NULL, NULL, NULL, '2019-03-18 17:39:05', 1698, '2019-09-08 11:29:31', '2019-03-21 17:11:29', 1637, NULL, NULL, 0),
(16, NULL, '1029', 30, 1639, NULL, '43586715', 1, NULL, NULL, '1951354879', '1527615', 'Shaper', 'Ahammad', 'Abdalltif', 'Abdalltif', 'شبير', 'احمد', 'عبداللطيف', 'عبداللطيف', 'الهند', '1973-03-01', '1393-1-26', 1, 8, 101, '2345172189', 'files/hr/2019/03/hg8kras2t7c.jpg', '1441-9-16', '2020-05-09', '966558513679', 'sa445390@gmail.com', 2, 1, 'k9872956', 1, 2, '2023-02-06', '1444-7-15', 8, NULL, 9, '2011-02-02', NULL, 'عامل', 984, NULL, NULL, 'files/hr/2019/03/7dodz2bjnr2ugfw4.pdf', NULL, NULL, NULL, NULL, '2019-03-18 18:11:39', 1698, '2019-09-08 11:28:58', '2019-03-21 09:21:40', 1637, NULL, NULL, 0),
(17, 206, '1004', 135, 1679, NULL, '39928385', 1, NULL, NULL, '1961318292', '771178', 'Hassan', 'Abdelwahid', 'Mohammed', 'Bashir', 'حسن', 'عبدالواحد', 'محمد', 'بشير', 'بربر.  السودان', '1965-01-01', '1384-8-28', 1, 5, 211, '2180920072', 'files/hr/2019/03/cho4kndt4bg7bip.jpeg', '1440-12-9', '2019-08-10', '966533685664', 'Alrtali@hotmail.com', 2, 1, 'P02381586', 1, 2, '2020-10-17', '1442-2-30', 2, NULL, 33, NULL, NULL, 'موظف منارة 3', 1840, 1, 'SA8980000437608010034026', 'files/hr/2019/03/fiwoibwipe8wnvwngwn.pdf', NULL, NULL, NULL, NULL, '2019-03-18 22:41:44', 1698, '2019-09-08 10:44:59', '2019-03-19 18:01:09', 1637, NULL, NULL, 0),
(18, NULL, '1026', NULL, 1678, NULL, '24377819', 1, NULL, NULL, '1917772312', '936774', 'Asma', 'Mohammed', 'Saleh', 'Alzareb', 'أسماء', 'محمد', 'صالح', 'آل زارب', 'خميس مشيط', '1990-12-19', '1411-6-2', 1, 2, 1, '1082272947', 'files/hr/2019/03/3mwl7e36oab8cxhe6vez3iblonrcvp.jpg', '1444-3-17', '2022-10-13', '966558842551', 'Asza1411@gmail.comm', 2, 2, NULL, 1, 1, NULL, NULL, 12, NULL, 26, NULL, NULL, 'موظفة الدعوة', 4680, 1, 'SA7280000559608010038029', 'files/hr/2019/03/ca6scdovypzvbo7ioyuzmjuv7v.pdf', NULL, NULL, NULL, NULL, '2019-03-19 00:30:05', 1686, '2019-09-11 19:35:57', '2019-03-19 18:04:59', 1637, NULL, NULL, 0),
(19, NULL, '5', 30, 1642, NULL, '81778964', 1, NULL, NULL, '1959958742', '2427523', 'saleh', 'abdullah', 'mohammad', 'alqahtani', 'صالح', 'عبدالله', 'محمد', 'القحطاني', 'خميس مشيط', '1983-07-10', '1403-9-29', 1, 4, 1, '1045404850', 'files/hr/2019/03/gkyomiltw5k4jlj.jpg', '1442-8-30', '2021-04-12', '966506750240', 'aboabdullah18@gmail.com', 2, 1, '1045404850', 1, 1, '2020-11-20', '1442-4-5', 12, NULL, 19, NULL, NULL, 'مدير ادارة الدعوة', 3000, NULL, 'SA6880000447608010172808', 'files/hr/2019/03/oebv4hybq200elp.pdf', NULL, NULL, NULL, NULL, '2019-03-19 07:49:04', 1686, '2019-05-27 01:10:44', '2019-03-19 17:55:11', 1637, NULL, NULL, 1),
(20, NULL, '1034', NULL, 1643, 45, '76516115', 1, NULL, NULL, '1923864294', '1145469', 'SULIMAN', 'HARBAN', 'YAHYA', 'ALMALKI', 'سليمان', 'حربان', 'يحي', 'المالكي', 'عبل بني الاحمر', '1975-05-30', '1395-5-19', 1, 5, 1, '1007717075', 'files/hr/2019/03/vnw3a8qn68bjrew.jpg', '1444-8-7', '2023-02-27', '966509881832', 'islamdeen@hotmail.com', 2, 1, NULL, 1, 1, NULL, NULL, 4, NULL, 12, NULL, NULL, 'مدير الادارة الشبابية ', 3000, NULL, 'SA7480000347608010132498', 'files/hr/2019/03/vfqktsst3xxvxvep1ocr.jpg', NULL, NULL, NULL, NULL, '2019-03-19 09:58:12', 1637, '2019-04-11 08:46:29', '2019-03-19 17:54:12', 1637, NULL, NULL, 0),
(21, NULL, '1054', NULL, 1677, NULL, '29966347', 1, NULL, NULL, '1936417688', '61698', 'md abdu alamin', 'b', 'b', 'b', 'مد عبدالأمين', 'ب', 'ب', 'ب', 'الهند', '1994-05-14', '1414-12-4', 2, 0, 101, '2464630587', 'files/hr/2019/03/n1vrabbwcuppo.jpg', '1441-7-23', '2020-03-18', '966556289633', 'Islamdeen@hotmail.com', 2, 1, NULL, 1, 2, NULL, NULL, 8, NULL, 9, NULL, NULL, 'عامل', 1000, NULL, NULL, 'files/hr/2019/03/wdiivx9anucs.pdf', NULL, NULL, NULL, NULL, '2019-03-19 10:04:56', 1698, '2019-09-08 11:30:41', '2019-03-19 17:52:01', 1637, NULL, NULL, 0),
(22, NULL, '1052', NULL, 1676, NULL, '37486328', 1, NULL, NULL, '1995674781', '9497', 'mubark', 'awa', 'mubark', 'alshaharani', 'مبارك', 'عوض', 'مبارك', 'الشهراني', 'السعودية', '1995-08-05', '1416-3-9', 2, 0, 1, '1103820963', 'files/hr/2019/03/pc6cwddofhaeydxq6bua9ayf2oz.pdf', '1441-5-5', '2019-12-31', '966562281777', 'Awd81777@gmail.com', 2, 1, NULL, 1, 1, NULL, NULL, 13, NULL, 30, NULL, NULL, 'موظف', 4680, 1, 'SA4080000209608010941812', 'files/hr/2019/03/le0ragapkyg.pdf', NULL, NULL, NULL, NULL, '2019-03-19 11:05:43', 1698, '2019-09-08 11:27:05', '2019-03-20 19:22:58', 1637, NULL, NULL, 0),
(23, 212, '1017', NULL, 1675, NULL, '21984958', 1, NULL, NULL, '1987246767', '4998946', 'Abdulaziz', 'Obaid', 'Ali', 'Saad', 'عبدالعزيز ', 'عبيد ', 'علي ', 'سعد', 'خميس مشيط', '1995-12-24', '1416-8-2', 2, 0, 247, '2116897055', 'files/hr/2019/03/qfizuz8gzfkikzlsjcaeqxhf.JPG', '1441-2-23', '2019-10-22', '966504211238', 'az1568@outlook.sa', 2, 1, NULL, 1, 2, NULL, NULL, 12, NULL, 26, NULL, NULL, 'موظف إدارة الدعوة', 1200, 1, 'SA4280000426608010917249', 'files/hr/2019/03/pqvmhoj810w846x.pdf', NULL, NULL, NULL, NULL, '2019-03-19 11:47:59', 1698, '2019-09-08 11:21:04', '2019-03-21 17:11:10', 1637, NULL, NULL, 0),
(24, 205, '1006', 27, 1674, NULL, '32915744', 1, NULL, NULL, '1948414346', '8924682', 'Saud Ahmad', 'Maqsood Ahmad', 'Nazeer Ahmad', 'Almadani', 'سعود احمد ', 'مقصود احمد', 'نذير احمد', 'المدني', 'الهند', '1977-06-06', '1397-6-19', 1, 7, 101, '2193115876', 'files/hr/2019/03/qsg9srfo6g.jpeg', '1441-2-4', '2019-10-03', '966509580559', 'Saud_madani@yahoo.com', 2, 1, '0576035', 1, 4, '2027-11-05', '1449-6-6', 6, NULL, 7, NULL, NULL, 'مترجم باللغة الأردية', 2731, 1, 'SA4280000107608010593020', 'files/hr/2019/03/i0yl2xgoox1f5mn0sxbl3.pdf', NULL, NULL, NULL, NULL, '2019-03-19 11:59:31', 1698, '2019-09-08 11:13:11', '2019-03-19 16:56:17', 1637, NULL, NULL, 0),
(25, NULL, '1021', NULL, 1673, NULL, '54657722', 1, NULL, NULL, '1926654131', '9628', 'Sara', 'Mohammed', 'Saleh', 'Alzareb', 'ساره', 'محمد', 'صالح', 'آل زارب', 'خميس مشيط', '1988-08-29', '1409-1-17', 2, 0, 1, '1055193385', 'files/hr/2019/03/wzfrejceln0616otr0prd7.jpg', '1443-10-24', '2022-05-25', '966507515271', 'flowerr505@hotmail.com', 2, 2, NULL, 1, 1, NULL, NULL, 12, NULL, 26, NULL, NULL, 'موظفة', 2100, NULL, NULL, 'files/hr/2019/03/hb8qvpo2kgckvaxjlxtm.pdf', NULL, NULL, NULL, NULL, '2019-03-19 15:50:34', 1686, '2019-05-27 01:00:30', '2019-03-19 16:53:02', 1637, NULL, NULL, 0),
(26, 209, '1012', NULL, 1672, NULL, '84783925', 1, NULL, NULL, '1942677116', '919353', 'Ahmad', 'Abdulkarim', 'Mohammad', 'Fadlalla', 'أحمد', 'عبدالكريم', 'محمد', 'فضل الله', 'السعودية', '1987-01-01', '1407-5-1', 1, 5, 211, '2013837808', 'files/hr/2019/03/osoohx3z3qftcna9biuteddf.jpeg', '1441-1-22', '2019-09-21', '966509660342', 'asd.one1987@gmail.com', 2, 1, NULL, 1, 2, NULL, NULL, 5, NULL, 25, NULL, NULL, 'موظف تصميم دعاية وإعلان', 2324, 1, 'SA9680000107608012042877', 'files/hr/2019/03/g5yth8f3l5uhpk5iyu.pdf', NULL, NULL, NULL, NULL, '2019-03-19 17:45:43', 1698, '2019-09-08 11:18:42', '2019-03-19 17:50:43', 1637, NULL, NULL, 0),
(27, 208, '1011', 13, 1671, NULL, '41359272', 1, NULL, NULL, '1986363769', '6783133', 'hussein', 'aliy', 'tilmo', 'tilmo', 'حسين', 'علي', 'تيلمو', 'تيلمو', 'بالي', '1987-09-29', '1408-2-6', 1, 6, 70, '2333207617', 'files/hr/2019/03/i87hztcuknwxtro7odzls.pdf', '1441-2-26', '2019-10-25', '966509834154', 'husentilmo@yahoo.com', 2, 1, NULL, 1, 4, NULL, NULL, 6, NULL, 7, NULL, NULL, 'مترجم باللغة الأثيوبية', 1689, 1, 'SA1380000107608012030500', 'files/hr/2019/03/kfiac2gzouhdjbp.pdf', NULL, NULL, NULL, NULL, '2019-03-19 18:33:51', 1698, '2019-09-08 11:17:37', '2019-03-19 18:55:35', 1637, NULL, NULL, 0),
(28, NULL, '1052', NULL, 1670, NULL, '28514181', 1, NULL, NULL, '1915174922', '8696716', 'ALI', 'HAMAD', 'SALEM', 'ALYAMI', 'علي', 'حمد', 'سالم', 'اليامي', 'الأردن', '1976-06-28', '1396-7-1', 1, 2, 1, '1044394706', 'files/hr/2019/03/rcxkiwhotwc8pxb.jpg', '1443-11-27', '2022-06-26', '966509159998', 'aly81071@gmail.com', 2, 1, NULL, 1, 1, NULL, NULL, 8, NULL, 31, NULL, NULL, 'موظف', 3620, NULL, NULL, 'files/hr/2019/03/elwtqizl1mmhgf0ahkwwttn5.pdf', NULL, NULL, NULL, NULL, '2019-03-20 08:13:05', 1698, '2019-09-08 11:26:39', '2019-03-20 09:17:28', 1637, NULL, NULL, 0),
(29, 213, '1007', 53, 1669, NULL, '98226792', 1, NULL, NULL, '1979227158', '51768', 'ABDULHAMID', 'SIDDIQUE', 'HOSSAIN', 'ALGAZI', 'عبدالحميد', 'صديق', 'حسين', 'الغازي', 'رنغفور بنغلاديش', '1977-01-01', '1397-1-11', 1, 8, 18, '2200476113', 'files/hr/2019/03/usqreb5snn.jpg', '1440-9-9', '2019-05-14', '966508414998', 'abdulbdhamid@gmail.com', 2, 1, 'BB0850233', 1, 4, '2019-08-18', '1440-12-17', 6, NULL, 7, NULL, NULL, 'مترجم باللغة البنغلاديشية', 2222, 1, 'SA8180000426608010115133', 'files/hr/2019/03/a6glczaneglse67ctisp.jpg', NULL, NULL, NULL, NULL, '2019-03-20 10:46:30', 1698, '2019-09-08 11:13:47', '2019-03-20 10:49:11', 1637, NULL, NULL, 0),
(30, NULL, '1053', NULL, 1668, NULL, '83497411', 1, NULL, NULL, '1928286299', '874126', 'QAMAR ZAMAN ', 'FAZAL DAD', 'GHULAM MOHAMMAD', 'MALIK', 'قمر زمان', 'فضل داد', 'غلام محمد', 'ملك', 'PAKISTAN', '1965-05-04', '1385-1-4', 1, 6, 167, '2027310628', 'files/hr/2019/03/dzcd1hq8lfhrgwts.jpg', '1438-11-6', '2017-07-29', '966530267180', 'qamar98fhmad@g.com', 2, 1, 'KG466701', 1, 2, '2024-08-15', '1446-2-11', 9, NULL, 9, NULL, NULL, 'عامل', 550, NULL, NULL, 'files/hr/2019/03/gz9siyhby2euo.pdf', NULL, NULL, NULL, NULL, '2019-03-20 12:29:59', 1698, '2019-09-08 11:28:15', '2019-03-20 16:50:26', 1637, NULL, NULL, 0),
(31, NULL, '1048', NULL, 1667, NULL, '28379772', 1, NULL, NULL, '1922288115', '38697', 'SULTAN', 'AHMED', 'ALI', 'ALYAMI', 'سلطان', 'أحمد', 'علي', 'اليامي', 'بلاد شهران', '1975-07-10', '1395-7-1', 1, 5, 1, '1069511937', 'files/hr/2019/03/z9ufhcgsvzj1ng8zvi2se72p.pdf', '1446-9-8', '2025-03-08', '966546210035', 'alsaqr31@gmail.com', 2, 1, NULL, 1, 1, NULL, NULL, 12, NULL, 26, NULL, NULL, 'موظف', 2000, 1, 'SA4780000107608010551317', 'files/hr/2019/03/djhqzu83oh.jpg', NULL, NULL, NULL, NULL, '2019-03-20 18:11:07', 1686, '2019-05-16 14:56:27', '2019-03-20 19:20:30', 1637, NULL, NULL, 0),
(32, NULL, '1042', 30, 1648, NULL, '23789777', 1, NULL, NULL, '1941585199', '917134', 'SULTAN', 'AODAH', 'SAEED', 'ALSHAHRANI', 'سلطان', 'عوضه', 'سعيد', 'الشهراني', 'السعودية', '1986-09-05', '1407-1-1', 1, 6, 1, '1035189883', 'files/hr/2019/03/gnjlriwoe6xy09tt4ftohghiz1.jpg', '1449-2-6', '2027-07-10', '966503734689', 'ssuu10@hotmail.com', 2, 1, NULL, 1, 1, NULL, NULL, 2, NULL, 21, NULL, NULL, 'مدير المشاريع', 5000, 1, 'SA9080000205608010709767', 'files/hr/2019/03/dxo9fexd63nr2er9pdne.pdf', NULL, NULL, NULL, NULL, '2019-03-20 19:50:47', 1686, '2019-05-27 01:12:17', '2019-03-21 17:10:45', 1637, NULL, NULL, 0),
(33, NULL, '1013', 15, 1666, NULL, '25469844', 1, NULL, NULL, '1976165862', '7764788', 'GAMAL', 'AHMED', 'MOHAMMED', 'DUHAIM', 'جمال', 'أحمد', 'محمد', 'دهيم', 'اليمن', '1969-06-25', '1389-4-10', 1, 5, 247, '2301408049', 'files/hr/2019/03/75oabhj11lpxrm6q1h.jpg', '1442-5-29', '2021-01-13', '966537455164', 'islamdeen@hotmail.com', 2, 1, NULL, 1, 1, NULL, NULL, 2, NULL, 24, NULL, NULL, 'موظف منارة (1)', 1395, 1, 'SA4280000107608012056265', 'files/hr/2019/03/je0vixybe7rjq8n8xdxrfkq.pdf', NULL, NULL, NULL, NULL, '2019-03-21 16:54:02', 1698, '2019-09-08 11:19:25', '2019-03-21 17:09:55', 1637, NULL, NULL, 0),
(34, NULL, NULL, NULL, 1665, NULL, '87369237', 1, NULL, NULL, '1971176391', '2655', 'abdullah', 'hadi', 'abdullah', 'alqahtani', 'عبدالله', 'هادي', 'عبدالله', 'القحطاني', 'الولايات المتحدة الأمريكية', '1963-11-17', '1383-7-1', 1, 10, 1, '1055649493', 'files/hr/2019/03/fokafygz3obkhhr9she.JPG', '1441-3-24', '2019-11-21', '966505749295', 'aaalkatani@gmail.com', 2, 1, NULL, NULL, NULL, NULL, NULL, NULL, NULL, NULL, NULL, NULL, NULL, NULL, NULL, NULL, 'files/hr/2019/03/daxd00zrektmpxlr.pdf', NULL, NULL, NULL, NULL, '2019-03-21 17:24:44', NULL, NULL, '2019-03-22 13:58:21', 1637, NULL, NULL, 0),
(35, NULL, '1005', NULL, 1664, NULL, '14886384', 1, NULL, NULL, '1949763989', '1784337', 'RICARDO', 'BENJAMIN', 'MANANSALA', 'A', 'ريكاردو', 'بينجامين', 'مانانسالا', 'ا', 'الفلبين', '1954-07-06', '1373-11-5', 1, 4, 174, '2066101649', 'files/hr/2019/03/kj0rsn8ob4umatxhsvenhgkz.jpg', '1441-2-29', '2019-10-28', '966557683562', 'islamdeen@hotmail.com', 2, 1, NULL, 1, 4, NULL, NULL, 6, NULL, 7, NULL, NULL, 'مترجم باللغة الفلبينية', 1819, 1, 'SA7880000107608010630590', 'files/hr/2019/03/2d2hl2x6gcyrbkbrrwq.pdf', NULL, NULL, NULL, NULL, '2019-03-21 17:40:43', 1698, '2019-09-08 11:12:21', '2019-03-22 13:57:57', 1637, NULL, NULL, 0),
(36, NULL, NULL, NULL, 1663, NULL, '35614261', 1, NULL, NULL, '1917645734', '5514', 'Ali', 'Mana', 'Mohammed', 'AlAhmari', 'علي', 'مانع', 'محمد', 'الأحمري', 'خميس مشيط', '1992-04-03', '1412-9-30', 2, 0, 1, '1075903821', 'files/hr/2019/03/jazxi6kbytry4hvraev.jpeg', '1441-8-27', '2020-04-20', '966530816264', 'alim6264@hotmail.com', 2, 1, NULL, NULL, NULL, NULL, NULL, NULL, NULL, NULL, NULL, NULL, NULL, NULL, NULL, NULL, 'files/hr/2019/03/dvmgj1jpe0anvus8poc53d84aw3.jpg', NULL, NULL, NULL, NULL, '2019-03-21 18:39:26', NULL, '2019-03-22 13:42:31', '2019-03-22 12:08:50', 1, NULL, NULL, 0),
(37, NULL, NULL, NULL, 1662, NULL, '41122626', 1, NULL, NULL, '1918593781', '876747', 'Abdullah', 'Moshabb ', 'Saeed', 'Dwaerm', 'عبد الله ', 'مشبب', 'سعيد', 'دويرم', 'خميس مشيط', '1982-09-12', '1402-11-24', 1, 4, 1, '1027922861', 'files/hr/2019/03/zq9lmhvx5w2xsw63xyx0bobgtqw89.jpeg', '1448-9-4', '2027-02-11', '966504759087', 'laff876543210@gmail.com', 2, 1, NULL, NULL, NULL, NULL, NULL, NULL, NULL, NULL, NULL, NULL, NULL, NULL, NULL, NULL, 'files/hr/2019/03/8ivfhvospjuvilozzsdko9gprk.jpg', NULL, NULL, NULL, NULL, '2019-03-21 23:06:22', NULL, NULL, '2019-03-22 13:56:56', 1637, NULL, NULL, 0),
(38, NULL, '1019', NULL, 1661, NULL, '79687491', 1, NULL, NULL, '1987967393', '2632292', 'HUSSEIN ', 'SORA', 'DIDA', 'WAQO', 'حسين', 'سورا', 'ديدا', 'واقو', 'مويلي', '1980-03-24', '1400-5-7', 1, 4, 70, '2331970877', 'files/hr/2019/03/d7c8wcopsuj5xhtksjt.jpeg', '1441-2-19', '2019-10-18', '966503324575', 'hasaen56675@gmail.com', 2, 1, '3398954', 1, 4, NULL, NULL, 6, NULL, 7, NULL, NULL, 'مترجم باللغة الأثيوبية', 400, 1, 'SA5180000559608010044712', 'files/hr/2019/03/bixqihrv4ywts43catvg0i.PNG', NULL, NULL, NULL, NULL, '2019-03-22 16:34:39', 1698, '2019-09-08 11:21:49', '2019-03-24 09:07:19', 1637, NULL, NULL, 0),
(39, NULL, '1044', NULL, 1650, NULL, '83349927', 1, NULL, NULL, '1948516573', '1934498', 'MOHAMMED', 'ALI', 'AHMED', 'ALAHMARI', 'محمد', 'علي', 'أحمد', 'الأحمري', 'السعودية', '1991-03-19', '1411-9-3', 2, 5, 1, '1071363368', 'files/hr/2019/03/8vtkefaopointbykafpvklvok3e.jpg', '1440-7-13', '2019-03-20', '966506696763', 'ISLAMDEEN@HOTMAIL.COM', 2, 1, NULL, 1, 1, NULL, NULL, 13, NULL, 30, NULL, NULL, 'موظف', 1500, NULL, 'SA5880000342608010080171', 'files/hr/2019/03/zdyzryphq6vo65edcb.pdf', NULL, NULL, NULL, NULL, '2019-03-24 09:04:45', 1686, '2019-05-16 14:54:19', '2019-03-24 09:06:00', 1637, NULL, NULL, 0),
(40, 207, '1014', 119, 1640, 8, '34294742', 1, NULL, NULL, '1917225989', '4828936', 'Ebrahim', 'AbdElazeem', 'Abdalla', 'ALmowafi', 'ابراهيم', 'عبدالعظيم', 'عبدالله', 'الموافي', 'الدقهلية ', '1991-01-01', '1411-6-15', 1, 2, 1, '2344616574', 'files/hr/2019/03/fxt2f77qulvv.jpeg', '1441-7-18', '2020-03-13', '966543853450', 'elmowafi581@gmail.com', 2, 1, NULL, 1, 2, NULL, NULL, 2, NULL, 1, '2013-02-19', NULL, 'محاسب ', 2616, 1, 'SA3780000107608010857144', 'files/hr/2019/03/pmmzqqxtclfbrfrbciw57byip.pdf', NULL, NULL, NULL, 1636, '2019-03-24 11:12:24', 1698, '2019-09-08 11:20:21', '2019-03-24 11:13:45', 1636, NULL, NULL, 0),
(41, NULL, '1023', NULL, 1660, NULL, '54676789', 1, NULL, NULL, '1919944576', '5779', ' Magrashy ', 'Mohammed ', 'Ahmed  ', 'Khadija  ', 'خديجة ', 'أحمد ', 'محمد ', 'مجرشي ', 'الطائف ', '1990-03-28', '1410-9-2', 2, 0, 1, '1065445510', 'files/hr/2019/03/v9mgdtk9vkq2n8j4.jpg', '1442-11-20', '2021-06-30', '966558232372', 'kj6353@hotmail.com', 2, 2, NULL, 1, 1, '2021-06-30', '1442-11-20', 5, NULL, 25, NULL, NULL, 'موظفة تصميم ', 2500, 1, 'SA9280000209608011460408', 'files/hr/2019/03/zrstrgdfh0wcxbbna9.png', NULL, NULL, NULL, NULL, '2019-03-24 14:24:31', 1698, '2019-09-08 11:23:41', '2019-03-25 10:33:10', 1637, NULL, NULL, 0),
(42, NULL, '1035', NULL, 1641, 6, '85893699', 1, NULL, NULL, '1951751694', '8848', 'ghafer', 'abdullal', 'ali', 'alshehri', 'ظافر', 'عبدالله', 'علي', 'الشهري', 'ابها', '1976-04-20', '1396-4-21', 1, 7, 1, '1005490998', 'files/hr/2019/03/bv4qi0p90nps8.jpg', '1441-10-19', '2020-06-11', '966554470248', 'dhth31@gmail.com', 2, 1, NULL, 1, 1, NULL, NULL, 10, NULL, 17, NULL, NULL, 'مدير الادارة النسائية ', 3000, NULL, 'SA1980000204608010175655', 'files/hr/2019/03/vckxegys3avyhy.pdf', NULL, NULL, NULL, NULL, '2019-03-24 17:24:10', 1637, '2019-04-11 11:21:54', '2019-03-25 09:37:13', 1637, NULL, NULL, 0),
(43, NULL, '1046', NULL, 1649, NULL, '61393712', 1, NULL, NULL, '1996112595', '5882', 'AHMED', 'SAAD', 'MOHAMMED', 'ALSHAHRANI', 'أحمد', 'سعد', 'محمد', 'الشهراني', 'السعودية', '1973-02-18', '1393-1-15', 1, 4, 1, '1005512486', 'files/hr/2019/03/4wcmiucgsz4lwphvz6asm3u9aun.jpg', '1450-7-6', '2028-11-23', '966507313920', 'islamdeen@hotmail.com', 2, 1, NULL, 1, 1, NULL, NULL, 7, NULL, 27, NULL, NULL, 'موظف', 2500, NULL, NULL, 'files/hr/2019/03/ykzyuxjnmlbtdewuom6apr.pdf', NULL, NULL, NULL, NULL, '2019-03-24 17:29:50', 1698, '2019-09-08 11:25:37', '2019-03-25 10:29:20', 1637, NULL, NULL, 0),
(44, NULL, '1027', NULL, 1659, NULL, '67463677', 1, NULL, NULL, '1913615773', '556781', 'MOHAMMAD', 'ANSAR', 'ISMAIL', 'HAFEZ', 'محمد', 'أنصار', 'إسماعيل', 'حافظ', 'BANGLADESH', '1968-03-02', '1387-12-3', 1, 6, 101, '2307231569', 'files/hr/2019/03/ksnwtnkbfngvc8iqpg.jpg', '1440-10-10', '2019-06-13', '966508430247', 'abdulbdhamid@gmail.com', 2, 1, '2307231569', 1, 2, '2020-08-20', '1442-1-1', 6, NULL, 7, NULL, NULL, 'مترجم', 0, NULL, NULL, 'files/hr/2019/03/cpyt1zmmtlkbp8e9whibqj.jpg', NULL, NULL, NULL, NULL, '2019-03-24 19:13:18', 1686, '2019-05-15 22:43:06', '2019-03-25 10:32:32', 1637, NULL, NULL, 0),
(45, NULL, '1043', NULL, 1658, NULL, '36717565', 1, NULL, NULL, '1914979755', '1245873', 'HOSSEN', 'ABDUALLAH', 'MOHAMMED', 'ALQULIS', 'حسين', 'عبدالله', 'محمد', 'آل قليص', 'خميس مشيط', '1982-10-22', '1403-1-5', 1, 3, 1, '1070214844', 'files/hr/2019/03/ctyzjxwp1i3rw9cputq2aufrl.jpg', '1441-2-17', '2019-10-16', '966550785573', 'hussain0550785573@gmail.com', 2, 1, NULL, 1, 1, NULL, NULL, 4, NULL, 29, NULL, NULL, 'موظف', 1500, 1, 'SA9780000107608010615310', 'files/hr/2019/03/geygrxl5ottpe.pdf', NULL, NULL, NULL, NULL, '2019-03-24 19:16:54', 1686, '2019-05-16 14:52:32', '2019-03-25 10:32:17', 1637, NULL, NULL, 0),
(46, NULL, NULL, NULL, 1657, NULL, '22584336', 1, NULL, NULL, '1915177843', '2237', 'MOHAMMAD', 'ALA', 'UDDEN', 'AHMAD', 'محمد', 'علاء', 'الدين', 'أحمد', 'BANGLADESH', '1974-05-01', '1394-4-9', 1, 4, 18, '2194632515', 'files/hr/2019/03/3yyzl0twga.jpg', '1440-10-4', '2019-06-07', '966509442538', 'abdulbdhamid@gmail.com', 2, 1, '2194632515', NULL, NULL, '2020-05-27', '1441-10-4', NULL, NULL, NULL, NULL, NULL, NULL, NULL, NULL, NULL, 'files/hr/2019/03/z21odwtw16.jpg', NULL, NULL, NULL, NULL, '2019-03-24 19:26:03', NULL, '2019-03-24 19:27:54', '2019-03-25 10:31:52', 1637, NULL, NULL, 0),
(47, NULL, NULL, NULL, 1656, NULL, '97736628', 1, NULL, NULL, '1946834524', '3547', 'SOLAMAN', 'AFSAR', 'UDDIN', 'BANGALI', 'سلامان', 'أفسر', 'الدين', 'بنغالي', 'BANGLADESH', '1975-10-01', '1395-9-26', 1, 4, 18, '2152998312', 'files/hr/2019/03/98liemtzasadvdmjodt2tzpomu1bqe.jpg', '1441-5-27', '2020-01-22', '966506384986', 'abdulbdhamid@gmail.com', 2, 1, '2152998312', NULL, NULL, '2021-01-11', '1442-5-27', NULL, NULL, NULL, NULL, NULL, NULL, NULL, NULL, NULL, 'files/hr/2019/03/ttgye64huy.jpg', NULL, NULL, NULL, NULL, '2019-03-24 19:36:38', NULL, '2019-03-24 19:38:59', '2019-03-25 10:31:37', 1637, NULL, NULL, 0),
(48, NULL, NULL, NULL, 1655, NULL, '82812594', 1, NULL, NULL, '1955637937', '297476', 'TAFAZZAL', 'HOSSAIN', 'ABDUL', 'WADUD', 'تفضل', 'حسين', 'عبد', 'الودود', 'BANGLADESH', '1969-10-01', '1389-7-20', 1, 6, 18, '2145958456', 'files/hr/2019/03/r97rzlao9fgz70pe0of.jpg', '1441-6-5', '2020-01-30', '966551047972', 'abdulbdhamid@gmail.com', 2, 1, '2145958456', NULL, NULL, '2022-12-30', '1444-6-6', NULL, NULL, NULL, NULL, NULL, NULL, NULL, NULL, NULL, 'files/hr/2019/03/xsrjtdmra1i.jpg', NULL, NULL, NULL, NULL, '2019-03-24 19:48:36', NULL, '2019-03-25 09:32:46', '2019-03-25 10:31:22', 1637, NULL, NULL, 0),
(49, NULL, '1024', NULL, 1654, NULL, '91814125', 1, NULL, NULL, '1942557559', '3947349', 'Hanan', 'Madah', 'Ali', 'Alshehri', 'حنان', 'معاظه', 'علي', 'الشهري', 'خميس مشيط', '1983-04-12', '1403-6-29', 1, 5, 1, '1032459495', 'files/hr/2019/03/uzq27f9exw2ail1dqztifshz.jpg', '1441-10-19', '2020-06-11', '966566851496', 'h.mada.1403@gmail.com', 2, 2, NULL, 1, 1, NULL, NULL, 12, NULL, 26, NULL, NULL, 'موظفة ', 4680, 1, 'SA8480000426608010544498', 'files/hr/2019/03/6m6j88kiqi5rcszj.png', NULL, NULL, NULL, NULL, '2019-03-24 22:24:08', 1698, '2019-09-08 11:24:17', '2019-03-25 10:31:00', 1637, NULL, NULL, 0),
(50, NULL, NULL, NULL, 1653, NULL, '56675183', 1, NULL, NULL, '1975636688', '811348', 'ZAHID', 'HOSSAIN', 'MANU', 'MIAH', 'زهيد', 'حسين', 'مانو', 'مياه', 'BANGLADESH', '1978-06-06', '1398-7-1', 1, 5, 18, '2186180689', 'files/hr/2019/03/c1ntqfep1cr8kvvhzswdgem2ab.jpg', '1440-10-28', '2019-07-01', '966560876993', 'abdulbdhamid@gmail.com', 2, 1, '2186180689', NULL, NULL, '2021-06-09', '1442-10-28', NULL, NULL, NULL, NULL, NULL, NULL, NULL, NULL, NULL, 'files/hr/2019/03/hmt7mzbk9qtzb.jpg', NULL, NULL, NULL, NULL, '2019-03-25 09:21:13', NULL, '2019-03-25 09:23:04', '2019-03-25 10:30:04', 1637, NULL, NULL, 0),
(51, NULL, '1015', NULL, 1652, NULL, '94351636', 1, NULL, NULL, '1989771216', '61357', 'khalid', 'jubran', 'jubran', 'faqehe', 'خالد', 'جبران', 'جبران', 'فقيهي', 'السعودية', '1985-05-03', '1405-8-13', 2, 18, 1, '1066986538', 'files/hr/2019/03/wg58dnidtpa3eqr.jpg', '1448-3-29', '2026-09-11', '966500414442', 'khaalid4442@icloud.com', 2, 1, NULL, 1, 1, NULL, NULL, 7, NULL, 8, NULL, NULL, 'موظف متعاون', 1500, NULL, 'SA7680000559608010090046', 'files/hr/2019/03/u6idgolj9d1aa69msvh.PDF', NULL, NULL, NULL, NULL, '2019-03-25 17:32:37', 1686, '2019-05-27 00:58:32', '2019-03-25 19:24:46', 1637, NULL, NULL, 0),
(52, NULL, '1022', NULL, 1651, NULL, '37481892', 1, NULL, NULL, '1915599127', '71276', 'Hajer', 'Sahaab', 'Abdullah', 'Alshahrani', 'هاجر', 'سحاب', 'عبدالله', 'الشهراني', 'خميس مشيط', '1988-04-22', '1408-9-6', 2, 0, 1, '1059298362', 'files/hr/2019/03/etqwvoix9e0uqzsywnnorkkgf43ip.jpeg', '1442-1-8', '2020-08-27', '966537745622', 'mmkaa2010@hotmail.com', 2, 2, NULL, 1, 1, NULL, NULL, 6, NULL, 7, NULL, NULL, 'موظفة ', 3620, 1, 'SA1080000209608010884152', 'files/hr/2019/03/2ro1znvoa9grikawcp609m5vz8ies.jpeg', NULL, NULL, NULL, NULL, '2019-03-25 18:25:56', 1698, '2019-09-08 11:22:49', '2019-03-25 19:24:28', 1637, NULL, NULL, 0),
(53, NULL, '1040', NULL, 1689, NULL, '87697682', 1, NULL, NULL, '1999936593', '53741', 'mohammad', 'aied', 'ali', 'alshgegey', 'محمد', 'عايض', 'علي', 'الشقيقي', 'السعودية', '1983-03-07', '1403-5-22', 1, 6, 1, '1014700486', 'files/hr/2019/04/lakydwnef3zcjrq82awbqkylarq62.jpg', '1446-8-26', '2025-02-25', '966541619993', 'a0541619993@gmail.com', 2, 1, NULL, 1, 1, NULL, NULL, 4, NULL, 29, NULL, NULL, 'موظف', 2000, 1, 'SA0280000447608010272160', 'files/hr/2019/04/qp1djlb6xwtkzadjy.pdf', NULL, NULL, NULL, NULL, '2019-04-09 19:32:58', 1686, '2019-05-27 01:11:43', '2019-04-14 17:06:13', 1637, NULL, NULL, 0),
(54, 211, '1011', 77, 1690, NULL, '44371524', 1, NULL, NULL, '1961951515', '36221', 'AHMED', 'MUJTABAH', 'A', 'A', 'أحمد', 'مجتبى', 'ا', 'ا', 'سيراليون', '1971-01-01', '1390-11-3', 1, 6, 198, '2176221758', 'files/hr/2019/04/bdizimhdsi5ukurljricc.jpg', '1441-8-3', '2020-03-27', '966509719366', 'mujtabiya@yahoo.com', 2, 1, NULL, 1, 4, NULL, NULL, 6, NULL, 7, NULL, NULL, 'مترجم باللغة الإنجليزية', 1804, 1, 'SA6680000426608010099980', 'files/hr/2019/04/nsg2svxxfxs.pdf', NULL, NULL, NULL, NULL, '2019-04-15 08:33:39', 1698, '2019-09-08 10:25:56', '2019-04-22 09:17:28', 1637, NULL, NULL, 0),
(55, 287, '1002', 0, 1691, NULL, '82263152', 1, NULL, NULL, '1976957569', '819856', 'BUKHARE', 'TAHER', 'DUMATO', 'DUMATO', 'بخاري', 'طاهر', 'دوماتو', 'دوماتو', 'الفليبين', '1969-01-01', '1388-10-12', 1, 3, 174, '2138654997', 'files/hr/2019/05/ny8dibdcnh735acziem.jpg', '1441-10-8', '2020-05-31', '966538155900', 'albukharetaher@yahoo.com', 2, 1, NULL, 1, 4, NULL, NULL, 6, NULL, 7, NULL, NULL, 'مترجم باللغة الفلبينية', 2225, 1, NULL, 'files/hr/2019/05/biykqjwmv4gnszntfkgvju.pdf', NULL, NULL, NULL, 1, '2019-05-15 12:11:28', 1698, '2019-09-08 10:26:51', '2019-05-15 12:12:28', 1686, NULL, NULL, 0),
(56, NULL, '1058', 0, 1692, NULL, '26339814', 1, NULL, NULL, '1911112223', '98816', 'KHALID', 'KAIPPA', 'KASSERI', 'A', 'خالد', 'كابيا', 'كاسري', 'ا', 'الهند', '1972-06-09', '1392-4-27', 1, 5, 101, '2179540915', 'files/hr/2019/05/ytivddxlszbgjoabxs6qept.jpg', '1440-12-8', '2019-08-09', '966502368360', 'swalahi2000@gmail.com', 2, 1, NULL, 1, 4, NULL, NULL, 6, NULL, 7, NULL, NULL, 'مترجم باللغة المليبارية', 1700, 1, NULL, 'files/hr/2019/05/a82hbijplenw9ppydtwy9lhezmpdv9.pdf', NULL, NULL, NULL, NULL, '2019-05-15 22:01:19', 1698, '2019-09-08 11:22:19', '2019-05-15 22:27:05', 1686, NULL, NULL, 0),
(57, NULL, '1059', 0, 1693, NULL, '47156464', 1, NULL, NULL, '1977327841', '2174', 'JABER', 'QASEM', 'MOFARRIH', 'ALFAIFI', 'جابر', 'قاسم', 'مفرح', 'الفيفي', 'السعودية', '1973-07-30', '1393-7-1', 1, 9, 1, '1064215732', 'files/hr/2019/05/ger86utum7yiiz9bfihgo8c.jpg', '1445-11-14', '2024-05-22', '966505579505', 'jqm1416@gmail.com', 2, 1, NULL, 1, 1, NULL, NULL, 5, NULL, 20, NULL, NULL, 'مدير العلاقات العامة', 3620, NULL, NULL, 'files/hr/2019/05/qbxayrtvzbuhfgsyas8if.pdf', NULL, NULL, NULL, NULL, '2019-05-15 22:38:34', 1698, '2019-09-08 11:27:34', '2019-05-15 22:40:42', 1686, NULL, NULL, 0),
(58, NULL, '1059', 0, 1694, NULL, '31586246', 1, NULL, NULL, '1964715313', '5246637', 'abdulla', 'koya', 'thandal', 'kizhakke ', 'عبدالله', 'قوية', 'ثنجل', 'كذهك', 'الهند', '1969-05-17', '1389-3-1', 2, 0, 101, '2459498578', 'files/hr/2019/05/owu18pzek0cmpcwqo2bius.jpg', '1441-4-9', '2019-12-06', '966554054716', 'sayyidabdulla1@gmail.com', 2, 1, NULL, 1, 4, NULL, NULL, 6, NULL, 7, NULL, NULL, 'مترجم متعاون', 0, NULL, NULL, 'files/hr/2019/05/lgirulrgm5fiiddgubjhk4fuv.pdf', NULL, NULL, NULL, NULL, '2019-05-15 22:47:41', 1686, '2019-05-16 09:51:02', '2019-05-16 09:47:20', 1686, NULL, NULL, 0),
(59, NULL, '1060', 0, 1695, NULL, '53859221', 1, NULL, NULL, '1996853637', '266793', 'MOHAMED', 'SAHEER', 'KURUNIYAN', 'A', 'محمد', 'سهير', 'كرونيان', 'ا', 'الهند', '1978-01-23', '1398-2-14', 2, 0, 101, '2421196284', 'files/hr/2019/05/bsvilea6gleqsg5q2ghfyaz.jpg', '1441-3-22', '2019-11-19', '966536039589', 'drmohdsaheer@yahoo.com', 2, 1, NULL, 1, 4, NULL, NULL, 6, NULL, 7, NULL, NULL, 'مترجم متعاون', 0, NULL, NULL, 'files/hr/2019/05/0jev6urtfjyr.pdf', NULL, NULL, NULL, NULL, '2019-05-15 23:35:14', 1686, '2019-05-16 09:52:24', '2019-05-16 09:47:10', 1686, NULL, NULL, 0),
(60, NULL, '1061', 0, 1696, NULL, '68321568', 1, NULL, NULL, '1917321175', '2394395', 'ANNALEAH', 'SAGLAYAN', 'LACOTO', 'A', 'أناليه', 'ساغلايان', 'لاكوتو', 'ا', 'الفيلبين', '1989-10-21', '1410-3-22', 1, 0, 174, '2452364132', 'files/hr/2019/05/3moeihmkrouny.jpg', '1441-8-14', '2020-04-07', '966556491620', 'areejsaglayanlacoto@gmail.com', 2, 2, NULL, 1, 4, NULL, NULL, 6, NULL, 7, NULL, NULL, 'مترجمة باللغة الفلبينية', 800, NULL, NULL, 'files/hr/2019/05/bdhk36idf0q2fdym.pdf', NULL, NULL, NULL, NULL, '2019-05-15 23:56:50', 1698, '2019-09-08 11:31:20', '2019-05-16 09:47:00', 1686, NULL, NULL, 0),
(61, NULL, '1061', 0, 1697, NULL, '61747847', 1, NULL, NULL, '1969592217', '932639', 'SAPIDAUN', 'DIAMEL', 'ABBAS', 'A', 'سافيدون', 'دياميل', 'عباس', 'ا', 'الفيلبين', '1972-12-02', '1392-10-26', 1, 2, 174, '2284058597', 'files/hr/2019/05/zznlvikh3bofq8gimd32.jpg', '1441-5-17', '2020-01-12', '966503387133', 'japsabbas@gmail.com', 2, 2, NULL, 1, 4, NULL, NULL, 6, NULL, 7, NULL, NULL, 'مترجمة باللغة الفلبينية', 800, NULL, NULL, 'files/hr/2019/05/uugqw4ryxuy.pdf', NULL, NULL, NULL, NULL, '2019-05-15 23:59:28', 1698, '2019-09-08 11:31:44', '2019-05-16 09:46:47', 1686, NULL, NULL, 0),
(62, NULL, '1062', 0, 1699, NULL, '78559813', 1, NULL, NULL, '1989687946', '9673', 'AHMAD', 'SALMAN', 'AHMAD', 'ALFAIFI', 'أحمد', 'سلمان', 'أحمد', 'الفيفي', 'السعودية', '1961-12-09', '1381-7-1', 1, 10, 1, '1031062399', 'files/hr/2019/09/oef3wu5cludodxhm5o.pdf', '1441-5-24', '2020-01-19', '966503736892', 'suhaib1412@yahoo.com', 2, 1, NULL, 1, 1, NULL, NULL, 6, NULL, 6, NULL, 1, 'مدير إدارة دعوة الجاليات', 0, NULL, NULL, 'files/hr/2019/09/xfjvtp8skasgg02j8ome5qt77ol2t.pdf', NULL, NULL, NULL, NULL, '2019-09-01 17:31:35', 1686, '2019-09-08 09:35:55', '2019-09-01 17:32:17', 1686, NULL, NULL, 0),
(63, NULL, NULL, NULL, 1700, NULL, '92393612', 1, NULL, NULL, '1977652344', '595136', 'MOHAMMED', 'ABDULLA', 'NASSER', 'ALSHAHRANI', 'محمد ', 'عبدالله', 'ناصر', 'الشهراني', 'احد رفيدة', '1996-09-11', '1417-4-28', 2, 2, 1, '1115876276', 'files/hr/2019/10/gqeboxh7xudi9ev5snyenlyjj3nm.jpeg', '1443-3-9', '2021-10-15', '966553709783', 'hoohoo32@hotmail.com', 2, 1, NULL, NULL, NULL, NULL, NULL, NULL, NULL, NULL, NULL, NULL, NULL, NULL, NULL, NULL, 'files/hr/2019/10/7sb8v4rxzvctppl74xszmdeeshyu8.pdf', NULL, NULL, NULL, NULL, '2019-10-13 09:22:07', NULL, NULL, '2019-10-13 09:23:25', 1636, NULL, NULL, 0);

-- --------------------------------------------------------

--
-- Table structure for table `hr_employment_applications_certificates`
--

CREATE TABLE IF NOT EXISTS `hr_employment_applications_certificates` (
  `id` int(11) unsigned NOT NULL,
  `application_id` int(11) unsigned DEFAULT NULL,
  `college_name` varchar(255) COLLATE utf8_bin DEFAULT NULL,
  `certificate_year` year(4) DEFAULT NULL,
  `period_in_days` int(10) unsigned DEFAULT NULL,
  `degree` varchar(255) COLLATE utf8_bin DEFAULT NULL,
  `major` varchar(255) COLLATE utf8_bin DEFAULT NULL,
  `country` int(10) unsigned DEFAULT NULL COMMENT 'ref to ''general_nationalities''',
  `attachment_file` varchar(255) COLLATE utf8_bin DEFAULT NULL,
  `is_deleted` tinyint(4) unsigned DEFAULT NULL,
  `deleted_by` int(11) unsigned DEFAULT NULL COMMENT 'ref to ''users''',
  `deleted_date` datetime DEFAULT NULL,
  `Created_by` int(11) unsigned DEFAULT NULL COMMENT 'ref to ''users''',
  `Created_date` datetime DEFAULT NULL,
  `last_update_by` int(11) unsigned DEFAULT NULL COMMENT 'ref to ''users''',
  `last_update_date` datetime DEFAULT NULL
) ENGINE=InnoDB DEFAULT CHARSET=utf8 COLLATE=utf8_bin ROW_FORMAT=COMPACT;

-- --------------------------------------------------------

--
-- Table structure for table `hr_employment_applications_experiances`
--

CREATE TABLE IF NOT EXISTS `hr_employment_applications_experiances` (
  `id` int(11) unsigned NOT NULL,
  `application_id` int(11) unsigned DEFAULT NULL,
  `employer_name` varchar(255) COLLATE utf8_bin DEFAULT NULL,
  `period_in_months` int(10) unsigned DEFAULT NULL,
  `position` varchar(255) COLLATE utf8_bin DEFAULT NULL,
  `employer_location` varchar(255) COLLATE utf8_bin DEFAULT NULL,
  `responsibality` text COLLATE utf8_bin,
  `attachment_file` varchar(255) COLLATE utf8_bin DEFAULT NULL,
  `is_deleted` tinyint(4) unsigned DEFAULT NULL,
  `deleted_by` int(11) unsigned DEFAULT NULL COMMENT 'ref to ''users''',
  `deleted_date` datetime DEFAULT NULL,
  `Created_by` int(11) unsigned DEFAULT NULL COMMENT 'ref to ''users''',
  `Created_date` datetime DEFAULT NULL,
  `last_update_by` int(11) unsigned DEFAULT NULL COMMENT 'ref to ''users''',
  `last_update_date` datetime DEFAULT NULL
) ENGINE=InnoDB DEFAULT CHARSET=utf8 COLLATE=utf8_bin ROW_FORMAT=COMPACT;

-- --------------------------------------------------------

--
-- Table structure for table `hr_employment_applications_qualifications`
--

CREATE TABLE IF NOT EXISTS `hr_employment_applications_qualifications` (
  `id` int(11) unsigned NOT NULL,
  `application_id` int(11) unsigned DEFAULT NULL,
  `country` int(11) unsigned DEFAULT NULL COMMENT 'ref to ''general_countries''',
  `school_name` varchar(255) COLLATE utf8_bin DEFAULT NULL,
  `grade` varchar(255) COLLATE utf8_bin DEFAULT NULL,
  `graduation_year` year(4) DEFAULT NULL,
  `degree` varchar(255) COLLATE utf8_bin DEFAULT NULL,
  `major` varchar(255) COLLATE utf8_bin DEFAULT NULL,
  `attachment_file` varchar(255) COLLATE utf8_bin DEFAULT NULL,
  `is_deleted` tinyint(4) unsigned DEFAULT NULL,
  `deleted_by` int(11) unsigned DEFAULT NULL COMMENT 'ref to ''users''',
  `deleted_date` datetime DEFAULT NULL,
  `Created_by` int(11) unsigned DEFAULT NULL COMMENT 'ref to ''users''',
  `Created_date` datetime DEFAULT NULL,
  `last_update_by` int(11) unsigned DEFAULT NULL COMMENT 'ref to ''users''',
  `last_update_date` datetime DEFAULT NULL
) ENGINE=InnoDB DEFAULT CHARSET=utf8 COLLATE=utf8_bin ROW_FORMAT=COMPACT;

-- --------------------------------------------------------

--
-- Table structure for table `hr_fines_warnings`
--

CREATE TABLE IF NOT EXISTS `hr_fines_warnings` (
  `id` int(11) unsigned NOT NULL,
  `employee` int(10) unsigned DEFAULT NULL COMMENT 'ref to ''hr_employment_applications''',
  `fine_type` int(10) unsigned DEFAULT NULL COMMENT 'ref to ''general_hr_fines_types''',
  `warning_type` int(10) unsigned DEFAULT NULL COMMENT 'ref to ''general_hr_warnings_types''',
  `type` tinyint(3) unsigned DEFAULT NULL COMMENT '1 Fine | 2 Warning',
  `amount` int(11) unsigned DEFAULT NULL,
  `month` tinyint(3) unsigned DEFAULT NULL,
  `year` year(4) DEFAULT NULL,
  `reason` text COLLATE utf8_bin,
  `status` tinyint(3) unsigned DEFAULT NULL COMMENT '1 approved',
  `approved_date` datetime DEFAULT NULL,
  `approved_by` int(10) unsigned DEFAULT NULL COMMENT 'ref to ''users''',
  `notes` text COLLATE utf8_bin COMMENT 'ملاحظات على الموافقة او الرفض',
  `is_deleted` tinyint(4) unsigned DEFAULT NULL,
  `deleted_by` int(11) unsigned DEFAULT NULL COMMENT 'ref to ''users''',
  `deleted_date` datetime DEFAULT NULL,
  `Created_by` int(11) unsigned DEFAULT NULL COMMENT 'ref to ''users''',
  `Created_date` datetime DEFAULT NULL,
  `last_update_by` int(11) unsigned DEFAULT NULL COMMENT 'ref to ''users''',
  `last_update_date` datetime DEFAULT NULL
) ENGINE=InnoDB DEFAULT CHARSET=utf8 COLLATE=utf8_bin ROW_FORMAT=COMPACT COMMENT='العلاقات بين الموظف والخصومات';

-- --------------------------------------------------------

--
-- Table structure for table `hr_leaverequest`
--

CREATE TABLE IF NOT EXISTS `hr_leaverequest` (
  `id` int(11) unsigned NOT NULL,
  `leave_date` date DEFAULT NULL,
  `leave_type` int(10) unsigned DEFAULT NULL,
  `from` time DEFAULT NULL,
  `to` time DEFAULT NULL,
  `reason` text COLLATE utf8_bin,
  `is_deleted` tinyint(4) unsigned DEFAULT NULL,
  `deleted_by` int(11) unsigned DEFAULT NULL COMMENT 'ref to ''users''',
  `deleted_date` datetime DEFAULT NULL,
  `Created_by` int(11) unsigned DEFAULT NULL COMMENT 'ref to ''users''',
  `Created_date` datetime DEFAULT NULL,
  `last_update_by` int(11) unsigned DEFAULT NULL COMMENT 'ref to ''users''',
  `last_update_date` datetime DEFAULT NULL
) ENGINE=InnoDB DEFAULT CHARSET=utf8 COLLATE=utf8_bin ROW_FORMAT=COMPACT;

-- --------------------------------------------------------

--
-- Table structure for table `hr_rewards`
--

CREATE TABLE IF NOT EXISTS `hr_rewards` (
  `id` int(11) unsigned NOT NULL,
  `employee` int(10) unsigned DEFAULT NULL COMMENT 'ref to ''hr_employment_applications''',
  `reward_type` int(10) unsigned DEFAULT NULL COMMENT 'ref to ''general_hr_rewards_types''',
  `amount` int(10) unsigned DEFAULT NULL,
  `starting_due_month` tinyint(3) unsigned DEFAULT NULL,
  `starting_due_year` year(4) DEFAULT NULL,
  `reason` text COLLATE utf8_bin,
  `status` tinyint(3) unsigned DEFAULT NULL COMMENT '1 approved',
  `approved_date` datetime DEFAULT NULL,
  `approved_by` int(10) unsigned DEFAULT NULL COMMENT 'ref to ''users''',
  `notes` text COLLATE utf8_bin COMMENT 'ملاحظات على الموافقة او الرفض',
  `is_deleted` tinyint(4) unsigned DEFAULT NULL,
  `deleted_by` int(11) unsigned DEFAULT NULL COMMENT 'ref to ''users''',
  `deleted_date` datetime DEFAULT NULL,
  `Created_by` int(11) unsigned DEFAULT NULL COMMENT 'ref to ''users''',
  `Created_date` datetime DEFAULT NULL,
  `last_update_by` int(11) unsigned DEFAULT NULL COMMENT 'ref to ''users''',
  `last_update_date` datetime DEFAULT NULL
) ENGINE=InnoDB DEFAULT CHARSET=utf8 COLLATE=utf8_bin ROW_FORMAT=COMPACT COMMENT='العلاقات بين الموظف والخصومات';

-- --------------------------------------------------------

--
-- Table structure for table `imagescenter`
--

CREATE TABLE IF NOT EXISTS `imagescenter` (
  `id` int(11) unsigned NOT NULL,
  `section` varchar(50) COLLATE utf8_bin DEFAULT NULL,
  `ref_id` int(11) unsigned DEFAULT NULL,
  `img` varchar(255) COLLATE utf8_bin DEFAULT NULL,
  `img_thumb` varchar(255) COLLATE utf8_bin DEFAULT NULL,
  `Created_by` int(11) unsigned DEFAULT NULL COMMENT 'ref to ''users''',
  `Created_date` datetime DEFAULT NULL
) ENGINE=InnoDB DEFAULT CHARSET=utf8 COLLATE=utf8_bin;

-- --------------------------------------------------------

--
-- Table structure for table `journal`
--

CREATE TABLE IF NOT EXISTS `journal` (
  `id` int(11) NOT NULL,
  `file_path` varchar(255) COLLATE utf8_bin DEFAULT NULL,
  `title` varchar(255) COLLATE utf8_bin DEFAULT NULL,
  `issue_number` int(10) unsigned DEFAULT NULL,
  `Created_by` int(11) DEFAULT NULL,
  `Created_date` datetime DEFAULT NULL,
  `last_update_by` int(11) DEFAULT NULL,
  `last_update_date` datetime DEFAULT NULL,
  `is_deleted` tinyint(4) DEFAULT NULL,
  `deleted_by` int(11) DEFAULT NULL,
  `deleted_date` datetime DEFAULT NULL
) ENGINE=InnoDB DEFAULT CHARSET=utf8 COLLATE=utf8_bin ROW_FORMAT=COMPACT;

-- --------------------------------------------------------

--
-- Table structure for table `layers`
--

CREATE TABLE IF NOT EXISTS `layers` (
  `id` bigint(20) unsigned NOT NULL,
  `slide_id` bigint(20) unsigned DEFAULT NULL COMMENT 'ref to ''slides''',
  `title` varchar(255) DEFAULT NULL,
  `type` tinyint(4) unsigned DEFAULT NULL COMMENT '1 img || 2 text || 3 link',
  `hidden_on_mobile` tinyint(4) unsigned DEFAULT NULL COMMENT '1 hidden || 0 not',
  `Incoming_animation_Classes` varchar(255) DEFAULT NULL,
  `Outgoing_animation_Classes` varchar(255) DEFAULT NULL,
  `data_start` int(11) DEFAULT NULL,
  `data_speed` int(11) DEFAULT NULL,
  `data_x_ar` varchar(255) DEFAULT NULL COMMENT '"left", "center", "right", or any Value between -2500  and 2500.',
  `data_x_en` varchar(255) DEFAULT NULL,
  `data_y_ar` varchar(255) DEFAULT NULL COMMENT '"top", "center", "bottom", or any Value between -2500  and 2500. ',
  `data_y_en` varchar(255) DEFAULT NULL,
  `data_easing` varchar(50) DEFAULT NULL,
  `data_endeasing` varchar(50) DEFAULT NULL,
  `data_end` int(11) DEFAULT NULL,
  `data_endspeed` int(11) DEFAULT NULL,
  `text_ar` varchar(255) DEFAULT NULL,
  `text_en` varchar(255) DEFAULT NULL,
  `href` varchar(255) DEFAULT NULL,
  `target` varchar(255) DEFAULT NULL,
  `img` varchar(255) DEFAULT NULL,
  `img_thumb` varchar(255) DEFAULT NULL,
  `font_color` varchar(255) DEFAULT NULL,
  `bg_color` varchar(255) DEFAULT NULL,
  `font_size` int(11) unsigned DEFAULT NULL,
  `Created_by` int(11) unsigned DEFAULT NULL COMMENT 'ref to ''users''',
  `Created_date` datetime DEFAULT NULL,
  `last_update_by` int(11) unsigned DEFAULT NULL COMMENT 'ref to ''users''',
  `last_update_date` datetime DEFAULT NULL
) ENGINE=InnoDB DEFAULT CHARSET=utf8 ROW_FORMAT=COMPACT;

-- --------------------------------------------------------

--
-- Table structure for table `letters`
--

CREATE TABLE IF NOT EXISTS `letters` (
  `id` int(11) unsigned NOT NULL,
  `target` tinyint(4) NOT NULL DEFAULT '1',
  `is_active` tinyint(4) unsigned NOT NULL DEFAULT '1' COMMENT '0 No, 1 Yes',
  `name_en` varchar(255) COLLATE utf8_bin DEFAULT NULL,
  `name_ar` varchar(255) COLLATE utf8_bin DEFAULT NULL,
  `icon` varchar(100) COLLATE utf8_bin DEFAULT 'fa-file-text-o' COMMENT 'fa-icon',
  `is_deleted` tinyint(4) unsigned DEFAULT NULL,
  `deleted_by` int(11) unsigned DEFAULT NULL COMMENT 'ref to ''users''',
  `deleted_date` datetime DEFAULT NULL,
  `Created_by` int(11) unsigned DEFAULT NULL COMMENT 'ref to ''users''',
  `Created_date` datetime DEFAULT NULL,
  `last_update_by` int(11) unsigned DEFAULT NULL COMMENT 'ref to ''users''',
  `last_update_date` datetime DEFAULT NULL
) ENGINE=InnoDB AUTO_INCREMENT=17 DEFAULT CHARSET=utf8 COLLATE=utf8_bin ROW_FORMAT=COMPACT;

--
-- Dumping data for table `letters`
--

INSERT INTO `letters` (`id`, `target`, `is_active`, `name_en`, `name_ar`, `icon`, `is_deleted`, `deleted_by`, `deleted_date`, `Created_by`, `Created_date`, `last_update_by`, `last_update_date`) VALUES
(1, 1, 1, 'Internal Vacation Request', 'إجازة داخلية موظف', 'fa-blind', NULL, NULL, NULL, 1, '2019-03-22 12:23:01', 1686, '2019-09-16 19:26:01'),
(2, 1, 1, 'Allowance Approval ', 'اعتماد حافز', 'fa-envira', NULL, NULL, NULL, 1, '2019-04-16 16:06:18', 1686, '2019-06-17 08:36:31'),
(3, 1, 1, 'Complaint ', 'شكوى', 'fa-fa', NULL, NULL, NULL, 1, '2019-04-16 16:12:18', 1686, '2019-06-12 16:48:27'),
(4, 1, 1, 'Admin Resignation Request ', 'طلب إستقالة موظف ', 'fa-first-order', NULL, NULL, NULL, 1, '2019-04-16 16:15:09', 1686, '2019-07-10 19:37:24'),
(5, 1, 1, 'Issuing Tickets OR Allowance Tickets  ', 'صرف مستحقات إجازة ونهاية خدمة', 'fa-anchor', NULL, NULL, NULL, 1, '2019-04-16 16:18:57', 1686, '2019-06-27 09:26:00'),
(6, 1, 0, 'hosting request Temporary', 'طلب إستضافة  مؤقت', 'fa-asl-interpreting', NULL, NULL, NULL, 1, '2019-04-16 18:09:52', 1686, '2019-05-28 13:11:21'),
(7, 1, 1, 'Local Visit Report', 'تقرير زيارة محلية ', 'fa-gitlab', NULL, NULL, NULL, 1, '2019-04-17 09:49:50', 1686, '2019-05-27 00:22:28'),
(8, 2, 1, 'Custody Request ', 'طلب عهدة مالية', 'fa-american-sign-language-interpreting', NULL, NULL, NULL, 1636, '2019-04-29 17:33:49', 1686, '2019-07-07 19:51:43'),
(9, 1, 1, 'Custody Clearance ', 'بيان تصفية عهدة ', 'fa-blind', NULL, NULL, NULL, 1636, '2019-04-29 18:03:47', 1686, '2019-06-17 08:31:45'),
(10, 1, 1, 'Clearance Request', 'اخلاء طرف', 'fa-envira', NULL, NULL, NULL, 1676, '2019-04-30 17:46:49', 1686, '2019-10-03 08:24:28'),
(11, 2, 1, 'Vacancy Request ', 'طلب إعلان شاغر', 'fa-first-order', NULL, NULL, NULL, 1, '2019-05-06 12:17:11', 1686, '2019-05-27 00:19:35'),
(12, 1, 1, 'Leave Request ', 'استئذان أثناء الدوام', 'fa-braille', NULL, NULL, NULL, 1684, '2019-05-09 12:06:32', 1686, '2019-07-10 19:50:03'),
(13, 1, 1, 'Requset addressed', 'طلب احالة', 'fa-exchange', NULL, NULL, NULL, 1698, '2019-05-24 14:55:22', 1, '2019-05-24 16:42:43'),
(14, 1, 1, 'a', 'نموذج إجازة لمدراء الإدارات', 'fa-blind', NULL, NULL, NULL, 1686, '2019-05-26 13:39:26', 1686, '2019-06-17 08:25:26'),
(15, 1, 1, 'l', 'إجازة خارجية للموظف', 'fa-american-sign-language-interpreting', NULL, NULL, NULL, 1686, '2019-05-27 11:54:50', 1686, '2019-07-11 08:22:56'),
(16, 1, 1, 'a', 'طلب سلفة مالية', 'fa-bank', NULL, NULL, NULL, 1686, '2019-05-28 11:04:12', 1686, '2019-06-12 11:52:50');

-- --------------------------------------------------------

--
-- Table structure for table `letters_applications`
--

CREATE TABLE IF NOT EXISTS `letters_applications` (
  `id` int(11) unsigned NOT NULL,
  `letter` int(10) unsigned DEFAULT NULL COMMENT 'ref to ''letters''',
  `is_deleted` tinyint(4) unsigned DEFAULT NULL,
  `deleted_by` int(11) unsigned DEFAULT NULL COMMENT 'ref to ''users''',
  `deleted_date` datetime DEFAULT NULL,
  `Created_by` int(11) unsigned DEFAULT NULL COMMENT 'ref to ''users''',
  `Created_date` datetime DEFAULT NULL,
  `last_update_by` int(11) unsigned DEFAULT NULL COMMENT 'ref to ''users''',
  `last_update_date` datetime DEFAULT NULL,
  `date1` date DEFAULT NULL,
  `date2` date DEFAULT NULL,
  `date3` date DEFAULT NULL,
  `date4` date DEFAULT NULL,
  `date5` date DEFAULT NULL,
  `time1` time DEFAULT NULL,
  `time2` time DEFAULT NULL,
  `number1` int(11) DEFAULT NULL,
  `number2` int(11) DEFAULT NULL,
  `number3` int(11) DEFAULT NULL,
  `number4` int(11) DEFAULT NULL,
  `number5` int(11) DEFAULT NULL,
  `number6` int(11) DEFAULT NULL,
  `varchar1` varchar(255) COLLATE utf8_bin DEFAULT NULL,
  `varchar2` varchar(255) COLLATE utf8_bin DEFAULT NULL,
  `varchar3` varchar(255) COLLATE utf8_bin DEFAULT NULL,
  `varchar4` varchar(255) COLLATE utf8_bin DEFAULT NULL,
  `varchar5` varchar(255) COLLATE utf8_bin DEFAULT NULL,
  `varchar6` varchar(255) COLLATE utf8_bin DEFAULT NULL,
  `varchar7` varchar(255) COLLATE utf8_bin DEFAULT NULL,
  `varchar8` varchar(255) COLLATE utf8_bin DEFAULT NULL,
  `varchar9` varchar(255) COLLATE utf8_bin DEFAULT NULL,
  `varchar10` varchar(255) COLLATE utf8_bin DEFAULT NULL,
  `text1` text COLLATE utf8_bin,
  `text2` text COLLATE utf8_bin,
  `text3` text COLLATE utf8_bin,
  `text4` text COLLATE utf8_bin,
  `text5` text COLLATE utf8_bin,
  `dropdown1` int(11) DEFAULT NULL,
  `dropdown2` int(11) DEFAULT NULL,
  `checkbox1` varchar(150) COLLATE utf8_bin DEFAULT NULL,
  `checkbox2` varchar(150) COLLATE utf8_bin DEFAULT NULL,
  `attachment` text COLLATE utf8_bin,
  `directory` text COLLATE utf8_bin
) ENGINE=InnoDB DEFAULT CHARSET=utf8 COLLATE=utf8_bin ROW_FORMAT=COMPACT;

-- --------------------------------------------------------

--
-- Table structure for table `letters_applications_approvals`
--

CREATE TABLE IF NOT EXISTS `letters_applications_approvals` (
  `id` int(11) unsigned NOT NULL,
  `order` tinyint(3) unsigned DEFAULT NULL,
  `app_status` tinyint(3) unsigned DEFAULT NULL COMMENT '1 accepted || 2 rejected',
  `application_id` int(10) unsigned DEFAULT NULL COMMENT 'ref to ''letters_applications''',
  `department` int(10) unsigned DEFAULT NULL COMMENT 'ref to ''general_hr_departments''',
  `approved_date` datetime DEFAULT NULL,
  `approved_by` int(11) unsigned DEFAULT NULL COMMENT 'ref to ''users''',
  `rejected_date` datetime DEFAULT NULL,
  `rejected_by` int(11) unsigned DEFAULT NULL COMMENT 'ref to ''users''',
  `notes` text COLLATE utf8_bin,
  `is_deleted` tinyint(4) unsigned DEFAULT NULL,
  `deleted_by` int(11) unsigned DEFAULT NULL COMMENT 'ref to ''users''',
  `deleted_date` datetime DEFAULT NULL,
  `Created_by` int(11) unsigned DEFAULT NULL COMMENT 'ref to ''users''',
  `Created_date` datetime DEFAULT NULL,
  `last_update_by` int(11) unsigned DEFAULT NULL COMMENT 'ref to ''users''',
  `last_update_date` datetime DEFAULT NULL
) ENGINE=InnoDB DEFAULT CHARSET=utf8 COLLATE=utf8_bin ROW_FORMAT=COMPACT;

-- --------------------------------------------------------

--
-- Table structure for table `letters_approvals`
--

CREATE TABLE IF NOT EXISTS `letters_approvals` (
  `id` int(11) unsigned NOT NULL,
  `order` tinyint(3) unsigned NOT NULL,
  `letter` int(10) unsigned DEFAULT NULL COMMENT 'ref to ''letters''',
  `department` int(10) unsigned DEFAULT NULL COMMENT 'ref to ''general_hr_departments''',
  `is_deleted` tinyint(4) unsigned DEFAULT NULL,
  `deleted_by` int(11) unsigned DEFAULT NULL COMMENT 'ref to ''users''',
  `deleted_date` datetime DEFAULT NULL,
  `Created_by` int(11) unsigned DEFAULT NULL COMMENT 'ref to ''users''',
  `Created_date` datetime DEFAULT NULL,
  `last_update_by` int(11) unsigned DEFAULT NULL COMMENT 'ref to ''users''',
  `last_update_date` datetime DEFAULT NULL
) ENGINE=InnoDB AUTO_INCREMENT=51 DEFAULT CHARSET=utf8 COLLATE=utf8_bin ROW_FORMAT=COMPACT;

--
-- Dumping data for table `letters_approvals`
--

INSERT INTO `letters_approvals` (`id`, `order`, `letter`, `department`, `is_deleted`, `deleted_by`, `deleted_date`, `Created_by`, `Created_date`, `last_update_by`, `last_update_date`) VALUES
(1, 1, 1, NULL, NULL, NULL, NULL, 1, '2019-03-22 12:23:01', 1686, '2019-09-16 19:26:01'),
(2, 2, 1, 3, NULL, NULL, NULL, 1, '2019-03-22 12:23:01', 1686, '2019-09-16 19:26:01'),
(3, 3, 1, 7, NULL, NULL, NULL, 1, '2019-03-22 12:23:01', 1686, '2019-09-16 19:26:01'),
(4, 1, 2, NULL, NULL, NULL, NULL, 1, '2019-04-16 16:06:18', 1686, '2019-06-17 08:36:31'),
(5, 2, 2, 7, NULL, NULL, NULL, 1, '2019-04-16 16:06:18', 1686, '2019-06-17 08:36:31'),
(6, 3, 2, 16, NULL, NULL, NULL, 1, '2019-04-16 16:06:18', 1686, '2019-06-17 08:36:31'),
(7, 1, 3, NULL, 1, 1686, '2019-06-12 11:24:28', 1, '2019-04-16 16:12:18', 1686, '2019-05-27 00:25:26'),
(8, 2, 3, 1, 1, 1686, '2019-05-27 00:24:59', 1, '2019-04-16 16:12:18', NULL, NULL),
(9, 1, 3, 7, NULL, NULL, NULL, 1, '2019-04-16 16:12:18', 1686, '2019-06-12 16:48:27'),
(10, 1, 4, NULL, NULL, NULL, NULL, 1, '2019-04-16 16:15:09', 1686, '2019-07-10 19:37:24'),
(11, 2, 4, 7, NULL, NULL, NULL, 1, '2019-04-16 16:15:09', 1686, '2019-07-10 19:37:24'),
(12, 3, 4, 3, NULL, NULL, NULL, 1, '2019-04-16 16:15:09', 1686, '2019-07-10 19:37:24'),
(13, 1, 5, 2, NULL, NULL, NULL, 1, '2019-04-16 16:18:57', 1686, '2019-06-27 09:26:00'),
(14, 2, 5, 16, 1, 1686, '2019-06-27 09:19:59', 1, '2019-04-16 16:18:57', 1686, '2019-06-17 08:34:02'),
(15, 3, 5, 2, 1, 1686, '2019-06-27 09:19:50', 1, '2019-04-16 16:18:57', 1686, '2019-06-17 08:34:02'),
(16, 1, 6, NULL, NULL, NULL, NULL, 1, '2019-04-16 18:09:52', 1686, '2019-05-28 13:11:21'),
(17, 2, 6, 7, NULL, NULL, NULL, 1, '2019-04-16 18:09:52', 1686, '2019-05-28 13:11:21'),
(18, 1, 7, NULL, NULL, NULL, NULL, 1, '2019-04-17 09:49:50', 1686, '2019-05-27 00:22:28'),
(19, 2, 7, 7, NULL, NULL, NULL, 1, '2019-04-17 09:49:50', 1686, '2019-05-27 00:22:28'),
(20, 1, 8, 7, NULL, NULL, NULL, 1636, '2019-04-29 17:50:45', 1686, '2019-07-07 19:51:43'),
(21, 2, 8, 16, NULL, NULL, NULL, 1636, '2019-04-29 17:50:45', 1686, '2019-07-07 19:51:43'),
(22, 3, 8, 2, NULL, NULL, NULL, 1636, '2019-04-29 17:50:45', 1686, '2019-07-07 19:51:43'),
(23, 1, 9, 16, NULL, NULL, NULL, 1636, '2019-04-29 18:03:47', 1686, '2019-06-17 08:31:45'),
(24, 1, 10, NULL, NULL, NULL, NULL, 1676, '2019-04-30 17:46:49', 1686, '2019-10-03 08:24:28'),
(25, 2, 10, 3, NULL, NULL, NULL, 1676, '2019-04-30 17:46:49', 1686, '2019-10-03 08:24:28'),
(26, 3, 10, 16, NULL, NULL, NULL, 1676, '2019-04-30 17:46:49', 1686, '2019-10-03 08:24:28'),
(27, 4, 10, 2, NULL, NULL, NULL, 1676, '2019-04-30 17:46:49', 1686, '2019-10-03 08:24:28'),
(28, 1, 11, 7, NULL, NULL, NULL, 1, '2019-05-06 12:17:11', 1686, '2019-05-27 00:19:35'),
(29, 1, 12, NULL, 1, 1686, '2019-07-10 19:48:50', 1684, '2019-05-09 12:06:32', 1686, '2019-05-28 11:22:25'),
(30, 2, 12, 3, 1, 1686, '2019-05-27 00:18:04', 1684, '2019-05-09 12:06:32', 1686, '2019-05-26 13:23:39'),
(31, 1, 12, 7, NULL, NULL, NULL, 1684, '2019-05-09 12:06:32', 1686, '2019-07-10 19:50:03'),
(32, 1, 13, 7, NULL, NULL, NULL, 1, '2019-05-24 16:42:43', NULL, NULL),
(33, 1, 14, 7, NULL, NULL, NULL, 1686, '2019-05-26 13:39:26', 1686, '2019-06-17 08:25:26'),
(34, 4, 5, 7, 1, 1686, '2019-06-27 09:19:47', 1686, '2019-05-27 00:23:57', 1686, '2019-06-17 08:34:02'),
(35, 4, 4, 16, NULL, NULL, NULL, 1686, '2019-05-27 00:24:46', 1686, '2019-07-10 19:37:24'),
(36, 1, 15, NULL, NULL, NULL, NULL, 1686, '2019-05-27 11:54:50', 1686, '2019-07-11 08:22:56'),
(37, 2, 15, 3, NULL, NULL, NULL, 1686, '2019-05-27 11:54:50', 1686, '2019-07-11 08:22:56'),
(38, 3, 15, 7, NULL, NULL, NULL, 1686, '2019-05-27 11:54:50', 1686, '2019-07-11 08:22:56'),
(39, 4, 15, 2, NULL, NULL, NULL, 1686, '2019-05-27 11:54:50', 1686, '2019-07-11 08:22:56'),
(40, 5, 15, 16, NULL, NULL, NULL, 1686, '2019-05-27 23:57:46', 1686, '2019-07-11 08:22:56'),
(41, 1, 16, 7, NULL, NULL, NULL, 1686, '2019-05-28 11:04:12', 1686, '2019-06-12 11:52:50'),
(42, 2, 16, 16, NULL, NULL, NULL, 1686, '2019-05-28 11:04:12', 1686, '2019-06-12 11:52:50'),
(43, 3, 16, 2, NULL, NULL, NULL, 1686, '2019-05-28 11:04:12', 1686, '2019-06-12 11:52:50'),
(44, 5, 10, 7, NULL, NULL, NULL, 1686, '2019-06-17 08:26:51', 1686, '2019-10-03 08:24:28'),
(45, 2, 9, 2, NULL, NULL, NULL, 1686, '2019-06-17 08:31:00', 1686, '2019-06-17 08:31:45'),
(46, 5, 4, 2, NULL, NULL, NULL, 1686, '2019-06-17 08:36:09', 1686, '2019-07-10 19:37:24'),
(47, 4, 2, 2, NULL, NULL, NULL, 1686, '2019-06-17 08:36:31', NULL, NULL),
(48, 6, 15, 2, NULL, NULL, NULL, 1686, '2019-06-30 20:02:48', 1686, '2019-07-11 08:22:56'),
(49, 6, 4, 7, NULL, NULL, NULL, 1686, '2019-07-10 19:37:24', NULL, NULL),
(50, 7, 15, 7, NULL, NULL, NULL, 1686, '2019-07-10 19:42:59', 1686, '2019-07-11 08:22:56');

-- --------------------------------------------------------

--
-- Table structure for table `letters_dropdowns`
--

CREATE TABLE IF NOT EXISTS `letters_dropdowns` (
  `id` int(11) unsigned NOT NULL,
  `source` tinyint(3) unsigned NOT NULL DEFAULT '2' COMMENT '1 System & 2 From Admins',
  `source_data` varchar(50) CHARACTER SET utf8 DEFAULT NULL COMMENT 'وصف معين يساعد المبرمج على جلب البيانات',
  `is_active` tinyint(4) unsigned NOT NULL DEFAULT '1' COMMENT '0 No, 1 Yes',
  `name_en` varchar(255) COLLATE utf8_bin DEFAULT NULL,
  `name_ar` varchar(255) COLLATE utf8_bin DEFAULT NULL,
  `is_deleted` tinyint(4) unsigned DEFAULT NULL,
  `deleted_by` int(11) unsigned DEFAULT NULL COMMENT 'ref to ''users''',
  `deleted_date` datetime DEFAULT NULL,
  `Created_by` int(11) unsigned DEFAULT NULL COMMENT 'ref to ''users''',
  `Created_date` datetime DEFAULT NULL,
  `last_update_by` int(11) unsigned DEFAULT NULL COMMENT 'ref to ''users''',
  `last_update_date` datetime DEFAULT NULL
) ENGINE=InnoDB AUTO_INCREMENT=3 DEFAULT CHARSET=utf8 COLLATE=utf8_bin ROW_FORMAT=COMPACT;

--
-- Dumping data for table `letters_dropdowns`
--

INSERT INTO `letters_dropdowns` (`id`, `source`, `source_data`, `is_active`, `name_en`, `name_ar`, `is_deleted`, `deleted_by`, `deleted_date`, `Created_by`, `Created_date`, `last_update_by`, `last_update_date`) VALUES
(1, 2, NULL, 1, 'Allowance type', 'نوع الحافز', NULL, NULL, NULL, 1, '2019-04-16 15:59:18', 1, '2019-04-16 16:00:04'),
(2, 2, NULL, 1, 'Type of holiday', 'نوع الإجازة', NULL, NULL, NULL, 1686, '2019-05-26 13:37:54', 1686, '2019-05-27 00:28:02');

-- --------------------------------------------------------

--
-- Table structure for table `letters_dropdowns_options`
--

CREATE TABLE IF NOT EXISTS `letters_dropdowns_options` (
  `id` int(11) unsigned NOT NULL,
  `dropdown` int(11) unsigned NOT NULL COMMENT 'ref to ''letters_dropdowns''',
  `name_en` varchar(255) COLLATE utf8_bin DEFAULT NULL,
  `name_ar` varchar(255) COLLATE utf8_bin DEFAULT NULL,
  `salary_affect` tinyint(3) unsigned DEFAULT NULL COMMENT '1 yes هل يؤثر هذا الحقل على الرواتب',
  `is_deleted` tinyint(4) unsigned DEFAULT NULL,
  `deleted_by` int(11) unsigned DEFAULT NULL COMMENT 'ref to ''users''',
  `deleted_date` datetime DEFAULT NULL,
  `Created_by` int(11) unsigned DEFAULT NULL COMMENT 'ref to ''users''',
  `Created_date` datetime DEFAULT NULL,
  `last_update_by` int(11) unsigned DEFAULT NULL COMMENT 'ref to ''users''',
  `last_update_date` datetime DEFAULT NULL
) ENGINE=InnoDB AUTO_INCREMENT=7 DEFAULT CHARSET=utf8 COLLATE=utf8_bin ROW_FORMAT=COMPACT;

--
-- Dumping data for table `letters_dropdowns_options`
--

INSERT INTO `letters_dropdowns_options` (`id`, `dropdown`, `name_en`, `name_ar`, `salary_affect`, `is_deleted`, `deleted_by`, `deleted_date`, `Created_by`, `Created_date`, `last_update_by`, `last_update_date`) VALUES
(1, 1, 'Permanent ', 'دائم', NULL, NULL, NULL, NULL, 1, '2019-04-16 15:59:18', 1, '2019-04-16 16:00:04'),
(2, 1, 'Temporary ', 'مؤقت', NULL, NULL, NULL, NULL, 1, '2019-04-16 16:00:04', NULL, NULL),
(3, 2, '1', 'اعتيادية', NULL, NULL, NULL, NULL, 1686, '2019-05-26 13:37:54', 1686, '2019-05-27 00:28:02'),
(4, 2, '2', 'جزئية', NULL, NULL, NULL, NULL, 1686, '2019-05-26 13:37:54', 1686, '2019-05-27 00:28:02'),
(5, 2, '3', 'مرضية', NULL, NULL, NULL, NULL, 1686, '2019-05-26 13:37:54', 1686, '2019-05-27 00:28:02'),
(6, 2, '4', 'بدون راتب', NULL, NULL, NULL, NULL, 1686, '2019-05-26 13:37:54', 1686, '2019-05-27 00:28:02');

-- --------------------------------------------------------

--
-- Table structure for table `letters_fields`
--

CREATE TABLE IF NOT EXISTS `letters_fields` (
  `id` int(11) unsigned NOT NULL,
  `letter` int(10) unsigned DEFAULT NULL COMMENT 'ref to ''letters''',
  `name_en` varchar(255) COLLATE utf8_bin DEFAULT NULL,
  `name_ar` varchar(255) COLLATE utf8_bin DEFAULT NULL,
  `col_name` varchar(255) COLLATE utf8_bin DEFAULT NULL,
  `required` tinyint(3) unsigned DEFAULT NULL,
  `type` tinyint(3) unsigned DEFAULT NULL,
  `dropdown` int(10) unsigned DEFAULT NULL COMMENT 'ref to ''letters_dropdowns''',
  `checkbox` int(10) unsigned DEFAULT NULL COMMENT 'ref to ''letters_dropdowns''',
  `lable_width` tinyint(3) unsigned DEFAULT NULL COMMENT '1-12',
  `field_width` tinyint(3) unsigned DEFAULT NULL COMMENT '1-12',
  `order` tinyint(3) unsigned DEFAULT NULL,
  `is_deleted` tinyint(4) unsigned DEFAULT NULL,
  `deleted_by` int(11) unsigned DEFAULT NULL COMMENT 'ref to ''users''',
  `deleted_date` datetime DEFAULT NULL,
  `Created_by` int(11) unsigned DEFAULT NULL COMMENT 'ref to ''users''',
  `Created_date` datetime DEFAULT NULL,
  `last_update_by` int(11) unsigned DEFAULT NULL COMMENT 'ref to ''users''',
  `last_update_date` datetime DEFAULT NULL
) ENGINE=InnoDB AUTO_INCREMENT=76 DEFAULT CHARSET=utf8 COLLATE=utf8_bin ROW_FORMAT=COMPACT;

--
-- Dumping data for table `letters_fields`
--

INSERT INTO `letters_fields` (`id`, `letter`, `name_en`, `name_ar`, `col_name`, `required`, `type`, `dropdown`, `checkbox`, `lable_width`, `field_width`, `order`, `is_deleted`, `deleted_by`, `deleted_date`, `Created_by`, `Created_date`, `last_update_by`, `last_update_date`) VALUES
(1, 1, 'Vacation start date', 'بداية الإجازة', 'date1', 1, 1, NULL, NULL, 2, 2, 2, NULL, NULL, NULL, 1, '2019-03-22 12:23:01', 1686, '2019-09-16 19:26:02'),
(2, 1, 'Vacation end date', 'نهاية الإجازة ', 'date2', 1, 1, NULL, NULL, 2, 2, 3, NULL, NULL, NULL, 1, '2019-03-22 12:23:01', 1686, '2019-09-16 19:26:02'),
(3, 1, 'Reason', 'السبب', 'text1', 1, 5, NULL, NULL, 2, 4, 4, NULL, NULL, NULL, 1, '2019-03-22 12:23:01', 1686, '2019-09-16 19:26:02'),
(4, 2, 'from date', 'من تاريخ ', 'date1', NULL, 1, NULL, NULL, 3, 5, 1, NULL, NULL, NULL, 1, '2019-04-16 16:06:18', 1686, '2019-06-17 08:36:31'),
(5, 2, 'To Date', 'الى تاريخ ', 'date2', NULL, 1, NULL, NULL, 3, 5, 2, NULL, NULL, NULL, 1, '2019-04-16 16:06:18', 1686, '2019-06-17 08:36:31'),
(6, 2, 'Position ', 'المسمى الوظيفي', 'varchar1', NULL, 4, NULL, NULL, 3, 5, 5, NULL, NULL, NULL, 1, '2019-04-16 16:06:19', 1686, '2019-06-17 08:36:32'),
(7, 2, 'For the Employee', 'لصالح الموظف', 'text1', NULL, 5, NULL, NULL, 3, 7, 4, NULL, NULL, NULL, 1, '2019-04-16 16:06:19', 1686, '2019-06-17 08:36:32'),
(8, 2, 'For these reasons ', 'نظرا لتوفر الأسباب التالية ', 'text2', NULL, 5, NULL, NULL, 3, 9, 6, NULL, NULL, NULL, 1, '2019-04-16 16:06:19', 1686, '2019-06-17 08:36:32'),
(9, 2, 'This Allowance to be  ', 'على أن يكون هذا الحافز', 'dropdown1', NULL, 6, 1, NULL, 4, 3, 3, NULL, NULL, NULL, 1, '2019-04-16 16:06:19', 1686, '2019-06-17 08:36:32'),
(10, 3, 'Compliant Date  ', 'تاريخ الشكوى', 'date1', NULL, 1, NULL, NULL, 1, 5, 1, NULL, NULL, NULL, 1, '2019-04-16 16:12:18', 1686, '2019-06-12 16:48:27'),
(11, 3, 'Reason', 'سبب الشكوى ', 'text1', NULL, 5, NULL, NULL, 4, 9, 2, NULL, NULL, NULL, 1, '2019-04-16 16:12:18', 1686, '2019-06-12 16:48:27'),
(12, 4, 'Resignation Starting Date', 'تاريخ بداية الإستقالة', 'date1', NULL, 1, NULL, NULL, 2, 5, 1, NULL, NULL, NULL, 1, '2019-04-16 16:15:09', 1686, '2019-07-10 19:37:24'),
(13, 4, 'Reasons of Resignation', 'أسباب الإستقالة ', 'text1', NULL, 5, NULL, NULL, 2, 5, 2, NULL, NULL, NULL, 1, '2019-04-16 16:15:09', 1686, '2019-07-10 19:37:24'),
(14, 5, 'departure date', 'تاريخ المغادرة', 'date1', NULL, 1, NULL, NULL, 2, 3, 2, NULL, NULL, NULL, 1, '2019-04-16 16:18:57', 1686, '2019-06-27 09:26:00'),
(15, 5, 'return date', 'تاريخ العودة', 'date2', NULL, 1, NULL, NULL, 2, 3, 3, NULL, NULL, NULL, 1, '2019-04-16 16:18:57', 1686, '2019-06-27 09:26:00'),
(16, 5, 'Resuming date', 'تاريخ المباشرة', 'date3', NULL, 1, NULL, NULL, 5, 5, 3, 1, 1686, '2019-06-27 09:20:55', 1, '2019-04-16 16:18:57', 1686, '2019-06-17 08:34:02'),
(17, 5, 'a', 'اسم الموظف', 'varchar1', NULL, 4, NULL, NULL, 2, 3, 1, NULL, NULL, NULL, 1, '2019-04-16 16:18:57', 1686, '2019-06-27 09:26:01'),
(18, 5, 'Independent Name ', 'اسم التابع ', 'varchar2', NULL, 4, NULL, NULL, 5, 5, 5, 1, 1686, '2019-06-27 09:21:28', 1, '2019-04-16 16:18:58', 1686, '2019-06-17 08:34:02'),
(19, 6, 'From Date', 'من تاريخ ', 'date1', NULL, 1, NULL, NULL, 3, 4, 1, NULL, NULL, NULL, 1, '2019-04-16 18:09:52', 1686, '2019-05-28 13:11:21'),
(20, 6, 'To date ', 'إلى تاريخ', 'date2', NULL, 1, NULL, NULL, 3, 4, 2, NULL, NULL, NULL, 1, '2019-04-16 18:09:52', 1686, '2019-05-28 13:11:21'),
(21, 6, 'Hosting Cost', 'كلفة الإستضافة ', 'number1', NULL, 3, NULL, NULL, 4, 4, 3, NULL, NULL, NULL, 1, '2019-04-16 18:09:53', 1686, '2019-05-28 13:11:21'),
(22, 6, 'Breacher name ', 'إسم الداعية', 'varchar1', NULL, 4, NULL, NULL, 4, 7, 4, NULL, NULL, NULL, 1, '2019-04-16 18:09:53', 1686, '2019-05-28 13:11:22'),
(23, 7, 'Visit Date', 'تاريخ الزيارة', 'date1', NULL, 1, NULL, NULL, 3, 3, 1, NULL, NULL, NULL, 1, '2019-04-17 09:49:51', 1686, '2019-05-27 00:22:28'),
(24, 7, 'Report No.', 'رقم التقرير ', 'number1', NULL, 3, NULL, NULL, 3, 3, 3, NULL, NULL, NULL, 1, '2019-04-17 09:49:51', 1686, '2019-05-27 00:22:29'),
(25, 7, 'Visit Day', 'يوم الزيارة ', 'varchar1', NULL, 4, NULL, NULL, 3, 3, 2, NULL, NULL, NULL, 1, '2019-04-17 09:49:51', 1686, '2019-05-27 00:22:29'),
(26, 7, 'Visited location ', 'الجهة التي تمت لها الزيارة', 'text1', NULL, 5, NULL, NULL, 3, 5, 4, NULL, NULL, NULL, 1, '2019-04-17 09:49:51', 1686, '2019-05-27 00:22:29'),
(27, 7, 'Point that were discoused ', 'لمحة من النقاط التي تم مناقشتها ', 'text2', NULL, 5, NULL, NULL, 4, 9, 5, NULL, NULL, NULL, 1, '2019-04-17 09:49:51', 1686, '2019-05-27 00:22:29'),
(28, 7, 'Team Members', 'اسماء عناصر الفريق ', 'text3', NULL, 5, NULL, NULL, 4, 9, 6, NULL, NULL, NULL, 1, '2019-04-17 09:49:51', 1686, '2019-05-27 00:22:29'),
(29, 8, 'Last Custody Amount ', 'قيمة العهدة السابقة ', 'number1', 1, 3, NULL, NULL, 3, 2, 1, NULL, NULL, NULL, 1636, '2019-04-29 17:33:49', 1686, '2019-07-07 19:51:43'),
(30, 8, 'Last Custody Balance', 'المتبقي من العهدة السابقة', 'number2', 1, 3, NULL, NULL, 3, 2, 2, NULL, NULL, NULL, 1636, '2019-04-29 17:33:49', 1686, '2019-07-07 19:51:43'),
(31, 8, 'Payment', 'أوجه الصرف', 'varchar1', NULL, 4, NULL, NULL, 2, 5, 5, NULL, NULL, NULL, 1636, '2019-04-29 17:33:49', 1686, '2019-07-07 19:51:43'),
(32, 8, 'Amount', 'المبلغ ', 'varchar2', NULL, 4, NULL, NULL, 2, 2, 6, NULL, NULL, NULL, 1636, '2019-04-29 17:33:49', 1686, '2019-07-07 19:51:43'),
(33, 8, 'Payment', 'أوجه الصرف', 'varchar3', NULL, 4, NULL, NULL, 2, 5, 7, NULL, NULL, NULL, 1636, '2019-04-29 17:33:49', 1686, '2019-07-07 19:51:44'),
(34, 8, 'Amount', 'المبلغ ', 'varchar4', NULL, 4, NULL, NULL, 2, 2, 8, NULL, NULL, NULL, 1636, '2019-04-29 17:33:49', 1686, '2019-07-07 19:51:44'),
(35, 8, 'Payment', 'أوجه الصرف', 'varchar5', NULL, 4, NULL, NULL, 2, 5, 9, NULL, NULL, NULL, 1636, '2019-04-29 17:33:49', 1686, '2019-07-07 19:51:44'),
(36, 8, 'Amount', 'المبلغ ', 'varchar6', NULL, 4, NULL, NULL, 2, 2, 10, NULL, NULL, NULL, 1636, '2019-04-29 17:33:49', 1686, '2019-07-07 19:51:44'),
(37, 8, 'Payment', 'أوجه الصرف', 'varchar7', NULL, 4, NULL, NULL, 2, 5, 11, NULL, NULL, NULL, 1636, '2019-04-29 17:33:49', 1686, '2019-07-07 19:51:44'),
(38, 8, 'Amount', 'المبلغ ', 'varchar8', NULL, 4, NULL, NULL, 2, 2, 12, NULL, NULL, NULL, 1636, '2019-04-29 17:33:49', 1686, '2019-07-07 19:51:44'),
(39, 8, 'Payment', 'أوجه الصرف', 'varchar9', NULL, 4, NULL, NULL, 2, 5, 13, NULL, NULL, NULL, 1636, '2019-04-29 17:33:50', 1686, '2019-07-07 19:51:44'),
(40, 8, 'Amount', 'المبلغ ', 'varchar10', NULL, 4, NULL, NULL, 2, 2, 14, NULL, NULL, NULL, 1636, '2019-04-29 17:33:50', 1686, '2019-07-07 19:51:44'),
(41, 8, 'Custody Request Reason', 'مبررات صرف العهدة الجديدة ', 'text1', 1, 5, NULL, NULL, 3, 7, 4, NULL, NULL, NULL, 1636, '2019-04-29 17:33:50', 1686, '2019-07-07 19:51:44'),
(42, 8, 'Requested Custody Amount', 'قيمة العهدة المطلوبة ', 'number3', 1, 3, NULL, NULL, 3, 2, 3, NULL, NULL, NULL, 1636, '2019-04-29 17:50:46', 1686, '2019-07-07 19:51:43'),
(43, 10, 'employee No', 'رقم الموظف ', 'number1', 1, 3, NULL, NULL, 2, 2, 1, NULL, NULL, NULL, 1676, '2019-04-30 17:46:49', 1686, '2019-10-03 08:24:29'),
(44, 10, 'employee name', 'اسم الموظف ', 'varchar1', 1, 4, NULL, NULL, 2, 2, 2, NULL, NULL, NULL, 1676, '2019-04-30 17:46:49', 1686, '2019-10-03 08:24:29'),
(45, 10, 'department', 'القسم', 'varchar2', 1, 4, NULL, NULL, 2, 2, 3, NULL, NULL, NULL, 1676, '2019-04-30 17:46:49', 1686, '2019-10-03 08:24:29'),
(46, 11, 'Position', 'المسمى الوظيفي', 'text1', NULL, 5, NULL, NULL, 1, 6, 1, NULL, NULL, NULL, 1, '2019-05-06 12:17:11', 1686, '2019-05-27 00:19:35'),
(47, 11, 'Experiance', 'المؤهلات و الخبرات ', 'text2', NULL, 5, NULL, NULL, 1, 6, 2, NULL, NULL, NULL, 1, '2019-05-06 12:17:11', 1686, '2019-05-27 00:19:35'),
(48, 11, 'Responsibilities ', 'المهام الوظيفية ', 'text3', NULL, 5, NULL, NULL, 1, 6, 3, NULL, NULL, NULL, 1, '2019-05-06 12:17:11', 1686, '2019-05-27 00:19:35'),
(49, 11, 'Working Hours', 'ساعات العمل', 'text4', NULL, 5, NULL, NULL, 1, 6, 4, NULL, NULL, NULL, 1, '2019-05-06 12:17:11', 1686, '2019-05-27 00:19:36'),
(50, 11, 'C.V', 'السيرة الذاتية ', 'text5', NULL, 5, NULL, NULL, 1, 6, 5, NULL, NULL, NULL, 1, '2019-05-06 12:17:11', 1686, '2019-05-27 00:19:36'),
(51, 12, 'from time', 'من الساعة', 'date1', 1, 1, NULL, NULL, 1, 1, 1, 1, 1684, '2019-05-09 12:09:00', 1684, '2019-05-09 12:06:32', NULL, NULL),
(52, 12, 'To Time', 'الى الساعة ', 'date2', 1, 1, NULL, NULL, 1, 1, 2, 1, 1684, '2019-05-09 12:08:57', 1684, '2019-05-09 12:06:32', NULL, NULL),
(53, 12, 'Reasone', 'السبب', 'text1', NULL, 5, NULL, NULL, 1, 9, 3, NULL, NULL, NULL, 1684, '2019-05-09 12:06:33', 1686, '2019-07-10 19:50:04'),
(54, 12, 'from ', 'من الساعة', 'time1', 1, 2, NULL, NULL, 1, 2, 1, NULL, NULL, NULL, 1684, '2019-05-09 12:10:02', 1686, '2019-07-10 19:50:04'),
(55, 12, 'To', 'الى الساعة', 'time2', NULL, 2, NULL, NULL, 1, 2, 2, NULL, NULL, NULL, 1684, '2019-05-09 12:10:02', 1686, '2019-07-10 19:50:04'),
(56, 13, 'Request text', 'نص الطلب', 'text1', 1, 5, NULL, NULL, 2, 6, 1, NULL, NULL, NULL, 1, '2019-05-24 14:59:33', 1, '2019-05-24 16:42:43'),
(57, 14, 'a', 'تاريخ البداية', 'date1', 1, 1, NULL, NULL, 1, 2, 2, NULL, NULL, NULL, 1686, '2019-05-26 13:39:26', 1686, '2019-06-17 08:25:26'),
(58, 14, 'a', 'تاريخ النهاية', 'date2', 1, 1, NULL, NULL, 1, 2, 3, NULL, NULL, NULL, 1686, '2019-05-26 13:39:26', 1686, '2019-06-17 08:25:26'),
(59, 14, 'a', 'من البديل', 'varchar1', 1, 4, NULL, NULL, 1, 4, 4, NULL, NULL, NULL, 1686, '2019-05-26 13:39:26', 1686, '2019-06-17 08:25:26'),
(60, 14, 'a', 'نوع الإجازة', 'dropdown1', 1, 6, 2, NULL, 1, 2, 1, NULL, NULL, NULL, 1686, '2019-05-26 13:40:19', 1686, '2019-06-17 08:25:27'),
(61, 1, 'A', 'نوع الإجازة', 'dropdown1', 1, 6, 2, NULL, 2, 2, 1, NULL, NULL, NULL, 1686, '2019-05-27 00:41:11', 1686, '2019-09-16 19:26:02'),
(62, 15, 'a', 'بداية الإجازة', 'date1', 1, 1, NULL, NULL, 3, 2, 2, NULL, NULL, NULL, 1686, '2019-05-27 11:54:50', 1686, '2019-07-11 08:22:56'),
(63, 15, 'a', 'نهاية الإجازة', 'date2', 1, 1, NULL, NULL, 3, 2, 3, NULL, NULL, NULL, 1686, '2019-05-27 11:54:50', 1686, '2019-07-11 08:22:56'),
(64, 15, 'a', 'عدد أيام الإجازة', 'number1', 1, 3, NULL, NULL, 3, 2, 4, NULL, NULL, NULL, 1686, '2019-05-27 11:54:50', 1686, '2019-07-11 08:22:56'),
(65, 15, 'a', 'سبب الإجازة', 'text1', NULL, 5, NULL, NULL, 3, 7, 6, NULL, NULL, NULL, 1686, '2019-05-27 11:54:50', 1686, '2019-07-11 08:22:56'),
(66, 15, 'a', 'نوع الإجازة', 'dropdown1', 1, 6, 2, NULL, 3, 2, 1, NULL, NULL, NULL, 1686, '2019-05-27 11:54:51', 1686, '2019-07-11 08:22:56'),
(67, 16, 'l', 'المبلغ المطلوب', 'number1', 1, 3, NULL, NULL, 2, 2, 1, NULL, NULL, NULL, 1686, '2019-05-28 11:04:12', 1686, '2019-06-12 11:52:50'),
(68, 16, 'l', 'مقدار الخصم الشهري', 'number2', 1, 3, NULL, NULL, 2, 2, 2, NULL, NULL, NULL, 1686, '2019-05-28 11:04:12', 1686, '2019-06-12 11:52:50'),
(69, 16, 'l', 'سبب السلفة', 'text1', 1, 5, NULL, NULL, 2, 5, 3, NULL, NULL, NULL, 1686, '2019-05-28 11:04:13', 1686, '2019-06-12 11:52:50'),
(70, 9, 'اسم الموظف ', 'اسم الموظف', 'varchar1', NULL, 4, NULL, NULL, 2, 2, 1, NULL, NULL, NULL, 1686, '2019-06-03 00:00:58', 1686, '2019-06-17 08:31:45'),
(71, 5, 'a', 'المبلغ', 'varchar2', NULL, 4, NULL, NULL, 2, 3, 6, NULL, NULL, NULL, 1686, '2019-06-27 09:22:35', 1686, '2019-06-27 09:26:01'),
(72, 5, 'a', 'المستحقات', 'text1', NULL, 5, NULL, NULL, 2, 6, 5, NULL, NULL, NULL, 1686, '2019-06-27 09:22:35', 1686, '2019-06-27 09:26:01'),
(73, 5, 'a', 'وجهة السفر', 'varchar3', NULL, 4, NULL, NULL, 2, 3, 4, NULL, NULL, NULL, 1686, '2019-06-27 09:26:01', NULL, NULL),
(74, 15, 'a', 'كفيل غارم (حال وجود سلفة مالية)', 'varchar1', 1, 4, NULL, NULL, 3, 2, 5, NULL, NULL, NULL, 1686, '2019-07-11 08:19:59', 1686, '2019-07-11 08:22:56'),
(75, 1, 'a', 'الموظف البديل', 'varchar1', 1, 4, NULL, NULL, 2, 2, 5, NULL, NULL, NULL, 1686, '2019-07-11 08:25:24', 1686, '2019-09-16 19:26:02');

-- --------------------------------------------------------

--
-- Table structure for table `library_main_cats`
--

CREATE TABLE IF NOT EXISTS `library_main_cats` (
  `id` int(11) unsigned NOT NULL,
  `name_ar` varchar(255) COLLATE utf8_bin DEFAULT NULL,
  `name_en` varchar(255) COLLATE utf8_bin DEFAULT NULL,
  `is_deleted` tinyint(4) unsigned DEFAULT NULL,
  `deleted_by` int(11) unsigned DEFAULT NULL COMMENT 'ref to ''users''',
  `deleted_date` datetime DEFAULT NULL,
  `Created_by` int(11) unsigned DEFAULT NULL COMMENT 'ref to ''users''',
  `Created_date` datetime DEFAULT NULL,
  `last_update_by` int(11) unsigned DEFAULT NULL COMMENT 'ref to ''users''',
  `last_update_date` datetime DEFAULT NULL
) ENGINE=InnoDB AUTO_INCREMENT=3 DEFAULT CHARSET=utf8 COLLATE=utf8_bin ROW_FORMAT=COMPACT;

--
-- Dumping data for table `library_main_cats`
--

INSERT INTO `library_main_cats` (`id`, `name_ar`, `name_en`, `is_deleted`, `deleted_by`, `deleted_date`, `Created_by`, `Created_date`, `last_update_by`, `last_update_date`) VALUES
(1, 'الكتب', 'Book', NULL, NULL, NULL, 1, '2018-10-17 21:50:45', NULL, NULL),
(2, 'الرسائل', 'Thesis', NULL, NULL, NULL, 1, '2018-10-17 21:50:46', NULL, NULL);

-- --------------------------------------------------------

--
-- Table structure for table `library_manager`
--

CREATE TABLE IF NOT EXISTS `library_manager` (
  `id` int(11) unsigned NOT NULL,
  `type` int(10) unsigned DEFAULT NULL COMMENT 'ref to ''library_main_cats''',
  `title` varchar(255) COLLATE utf8_bin DEFAULT NULL,
  `auther` varchar(255) COLLATE utf8_bin DEFAULT NULL,
  `date_of_publication` date DEFAULT NULL,
  `place_of_publication` varchar(255) COLLATE utf8_bin DEFAULT NULL,
  `edition` varchar(255) COLLATE utf8_bin DEFAULT NULL,
  `number_of_pages` int(10) unsigned DEFAULT NULL,
  `category_no` varchar(150) COLLATE utf8_bin DEFAULT NULL,
  `topic_of_book` varchar(150) COLLATE utf8_bin DEFAULT NULL,
  `public_number` varchar(150) COLLATE utf8_bin DEFAULT NULL,
  `number` int(10) DEFAULT NULL,
  `summary_book` text COLLATE utf8_bin,
  `pdf_file` varchar(255) COLLATE utf8_bin DEFAULT NULL,
  `cover_image` varchar(255) COLLATE utf8_bin DEFAULT NULL,
  `isbn` varchar(255) COLLATE utf8_bin DEFAULT NULL,
  `part_number` int(11) DEFAULT NULL,
  `place_of_book` varchar(255) COLLATE utf8_bin DEFAULT NULL,
  `publisher` varchar(255) COLLATE utf8_bin DEFAULT NULL,
  `date_of_thesis` date DEFAULT NULL,
  `serial` varchar(255) COLLATE utf8_bin DEFAULT NULL,
  `hand_graduation` varchar(255) COLLATE utf8_bin DEFAULT NULL,
  `major` varchar(255) COLLATE utf8_bin DEFAULT NULL,
  `supervisor` varchar(255) COLLATE utf8_bin DEFAULT NULL,
  `degree` varchar(255) COLLATE utf8_bin DEFAULT NULL,
  `Created_by` int(11) unsigned DEFAULT NULL COMMENT 'ref to ''users''',
  `Created_date` datetime DEFAULT NULL,
  `last_update_by` int(11) unsigned DEFAULT NULL COMMENT 'ref to ''users''',
  `last_update_date` datetime DEFAULT NULL,
  `is_deleted` tinyint(4) unsigned DEFAULT NULL,
  `deleted_by` int(11) unsigned DEFAULT NULL COMMENT 'ref to ''users''',
  `deleted_date` datetime DEFAULT NULL
) ENGINE=InnoDB DEFAULT CHARSET=utf8 COLLATE=utf8_bin ROW_FORMAT=COMPACT;

-- --------------------------------------------------------

--
-- Table structure for table `marketing_rejected_student_application`
--

CREATE TABLE IF NOT EXISTS `marketing_rejected_student_application` (
  `id` int(11) unsigned NOT NULL,
  `application_id` int(11) NOT NULL,
  `status` int(11) NOT NULL,
  `note` text
) ENGINE=InnoDB DEFAULT CHARSET=utf8;

-- --------------------------------------------------------

--
-- Table structure for table `menus`
--

CREATE TABLE IF NOT EXISTS `menus` (
  `id` int(11) NOT NULL,
  `order` int(11) DEFAULT NULL,
  `target` int(11) NOT NULL DEFAULT '1' COMMENT '1 same 2 blank',
  `parent` int(11) DEFAULT NULL,
  `name_ar` varchar(255) COLLATE utf8_bin DEFAULT NULL,
  `name_en` varchar(255) COLLATE utf8_bin DEFAULT NULL,
  `internal_link` char(50) COLLATE utf8_bin DEFAULT NULL,
  `link` varchar(255) COLLATE utf8_bin DEFAULT NULL,
  `is_deleted` int(11) DEFAULT NULL,
  `deleted_by` int(11) DEFAULT NULL,
  `Created_by` int(11) DEFAULT NULL,
  `last_update_by` int(11) DEFAULT NULL,
  `Created_date` datetime DEFAULT NULL,
  `last_update_date` datetime DEFAULT NULL
) ENGINE=InnoDB DEFAULT CHARSET=utf8 COLLATE=utf8_bin ROW_FORMAT=COMPACT;

-- --------------------------------------------------------

--
-- Table structure for table `news`
--

CREATE TABLE IF NOT EXISTS `news` (
  `id` int(11) NOT NULL,
  `stick` tinyint(3) unsigned DEFAULT NULL COMMENT 'تثبيت الخبر',
  `view` bigint(20) unsigned DEFAULT NULL,
  `categorie` bigint(20) DEFAULT NULL,
  `field` bigint(20) DEFAULT NULL,
  `img` varchar(255) COLLATE utf8_bin DEFAULT NULL,
  `img_thumb` varchar(255) COLLATE utf8_bin DEFAULT NULL,
  `title_ar` varchar(255) COLLATE utf8_bin DEFAULT NULL,
  `title_en` varchar(255) COLLATE utf8_bin DEFAULT NULL,
  `desc_ar` varchar(255) COLLATE utf8_bin DEFAULT NULL,
  `desc_en` varchar(255) COLLATE utf8_bin DEFAULT NULL,
  `other_details_ar` text COLLATE utf8_bin,
  `other_details_en` text COLLATE utf8_bin,
  `Created_by` int(11) DEFAULT NULL,
  `Created_date` datetime DEFAULT NULL,
  `last_update_by` int(11) DEFAULT NULL,
  `last_update_date` datetime DEFAULT NULL,
  `is_deleted` tinyint(4) DEFAULT NULL,
  `deleted_by` int(11) DEFAULT NULL,
  `deleted_date` datetime DEFAULT NULL
) ENGINE=InnoDB DEFAULT CHARSET=utf8 COLLATE=utf8_bin ROW_FORMAT=COMPACT;

-- --------------------------------------------------------

--
-- Table structure for table `notifications`
--

CREATE TABLE IF NOT EXISTS `notifications` (
  `id` int(10) unsigned NOT NULL,
  `notification_cat` int(10) unsigned DEFAULT NULL COMMENT 'ref to ''notifications_list''',
  `first_ref` int(10) unsigned DEFAULT NULL,
  `affected_user` int(10) unsigned DEFAULT NULL COMMENT 'ref to ''users''',
  `effected_by` int(10) unsigned DEFAULT NULL COMMENT 'ref to ''users''',
  `sent_to_mail` tinyint(3) unsigned DEFAULT NULL,
  `seen_in_system` tinyint(3) unsigned DEFAULT NULL,
  `seen_in_system_date` datetime DEFAULT NULL,
  `Created_date` datetime DEFAULT NULL
) ENGINE=InnoDB DEFAULT CHARSET=utf8;

-- --------------------------------------------------------

--
-- Table structure for table `notifications_list`
--

CREATE TABLE IF NOT EXISTS `notifications_list` (
  `id` int(10) unsigned NOT NULL,
  `token` varchar(50) DEFAULT NULL,
  `description` varchar(50) DEFAULT NULL,
  `first_ref` varchar(50) DEFAULT NULL COMMENT 'Model'
) ENGINE=InnoDB AUTO_INCREMENT=4 DEFAULT CHARSET=utf8 ROW_FORMAT=DYNAMIC;

--
-- Dumping data for table `notifications_list`
--

INSERT INTO `notifications_list` (`id`, `token`, `description`, `first_ref`) VALUES
(1, 'assign_task', 'اسند مهمة', 'Tasks'),
(2, 'finish_task', 'اتم مهمة', 'Tasks'),
(3, 'not_finish_task', 'لم يتم المهمة', 'Tasks');

-- --------------------------------------------------------

--
-- Table structure for table `pages`
--

CREATE TABLE IF NOT EXISTS `pages` (
  `id` int(11) NOT NULL,
  `order` int(10) unsigned DEFAULT NULL,
  `title_ar` varchar(255) COLLATE utf8_bin DEFAULT NULL,
  `title_en` varchar(255) COLLATE utf8_bin DEFAULT NULL,
  `content_ar` text COLLATE utf8_bin,
  `content_en` text COLLATE utf8_bin,
  `Created_by` int(11) DEFAULT NULL,
  `Created_date` datetime DEFAULT NULL,
  `last_update_by` int(11) DEFAULT NULL,
  `last_update_date` datetime DEFAULT NULL,
  `is_deleted` tinyint(4) DEFAULT NULL,
  `deleted_by` int(11) DEFAULT NULL,
  `deleted_date` datetime DEFAULT NULL
) ENGINE=InnoDB DEFAULT CHARSET=utf8 COLLATE=utf8_bin ROW_FORMAT=COMPACT;

-- --------------------------------------------------------

--
-- Table structure for table `permissions_groups`
--

CREATE TABLE IF NOT EXISTS `permissions_groups` (
  `id` int(11) unsigned NOT NULL,
  `name_ar` varchar(255) COLLATE utf8_bin NOT NULL,
  `name_en` varchar(255) COLLATE utf8_bin NOT NULL,
  `is_deleted` tinyint(4) unsigned DEFAULT NULL,
  `deleted_by` int(11) unsigned DEFAULT NULL COMMENT 'ref to ''users''',
  `deleted_date` datetime DEFAULT NULL,
  `Created_by` int(11) unsigned DEFAULT NULL COMMENT 'ref to ''users''',
  `Created_date` datetime DEFAULT NULL,
  `last_update_by` int(11) unsigned DEFAULT NULL COMMENT 'ref to ''users''',
  `last_update_date` datetime DEFAULT NULL
) ENGINE=InnoDB AUTO_INCREMENT=6 DEFAULT CHARSET=utf8 COLLATE=utf8_bin ROW_FORMAT=COMPACT COMMENT='مجموعات صلاحيات المستخدمين';

--
-- Dumping data for table `permissions_groups`
--

INSERT INTO `permissions_groups` (`id`, `name_ar`, `name_en`, `is_deleted`, `deleted_by`, `deleted_date`, `Created_by`, `Created_date`, `last_update_by`, `last_update_date`) VALUES
(1, 'موارد بشرية', 'Human Resources Deparment', NULL, NULL, NULL, 1, '2019-03-10 17:13:06', 1698, '2019-07-24 20:05:46'),
(2, 'محاسبة', 'Accounting', NULL, NULL, NULL, 1684, '2019-05-09 11:53:54', 1647, '2019-05-27 13:15:35'),
(3, 'المدير العام', 'المدير العام', NULL, NULL, NULL, 1, '2019-05-13 12:12:53', 1698, '2019-10-03 17:54:53'),
(4, 'المدير المالي', 'Financial Director', NULL, NULL, NULL, 1647, '2019-05-27 13:29:13', NULL, NULL),
(5, 'المستودع والمخازن', '123', NULL, NULL, NULL, 1698, '2019-11-15 12:54:02', 1698, '2019-11-19 10:17:30');

-- --------------------------------------------------------

--
-- Table structure for table `permissions_groups_roles_relations`
--

CREATE TABLE IF NOT EXISTS `permissions_groups_roles_relations` (
  `id` int(11) unsigned NOT NULL,
  `groub` int(10) unsigned DEFAULT NULL COMMENT 'ref to ''permissions_groups''',
  `role` int(10) unsigned DEFAULT NULL COMMENT 'ref to ''roles''',
  `is_deleted` tinyint(4) unsigned DEFAULT NULL,
  `deleted_by` int(11) unsigned DEFAULT NULL COMMENT 'ref to ''users''',
  `deleted_date` datetime DEFAULT NULL,
  `Created_by` int(11) unsigned DEFAULT NULL COMMENT 'ref to ''users''',
  `Created_date` datetime DEFAULT NULL,
  `last_update_by` int(11) unsigned DEFAULT NULL COMMENT 'ref to ''users''',
  `last_update_date` datetime DEFAULT NULL
) ENGINE=InnoDB AUTO_INCREMENT=575 DEFAULT CHARSET=utf8 COLLATE=utf8_bin ROW_FORMAT=COMPACT COMMENT='مجموعات صلاحيات المستخدمين';

--
-- Dumping data for table `permissions_groups_roles_relations`
--

INSERT INTO `permissions_groups_roles_relations` (`id`, `groub`, `role`, `is_deleted`, `deleted_by`, `deleted_date`, `Created_by`, `Created_date`, `last_update_by`, `last_update_date`) VALUES
(1, 1, 160, NULL, NULL, NULL, 1, '2019-03-10 17:13:06', NULL, NULL),
(2, 1, 161, NULL, NULL, NULL, 1, '2019-03-10 17:13:06', NULL, NULL),
(3, 1, 162, NULL, NULL, NULL, 1, '2019-03-10 17:13:06', NULL, NULL),
(4, 1, 163, NULL, NULL, NULL, 1, '2019-03-10 17:13:06', NULL, NULL),
(5, 1, 164, NULL, NULL, NULL, 1, '2019-03-10 17:13:06', NULL, NULL),
(6, 1, 165, NULL, NULL, NULL, 1, '2019-03-10 17:13:06', NULL, NULL),
(7, 1, 166, NULL, NULL, NULL, 1, '2019-03-10 17:13:06', NULL, NULL),
(8, 1, 167, NULL, NULL, NULL, 1, '2019-03-10 17:13:06', NULL, NULL),
(9, 1, 168, NULL, NULL, NULL, 1, '2019-03-10 17:13:06', NULL, NULL),
(10, 1, 169, NULL, NULL, NULL, 1, '2019-03-10 17:13:06', NULL, NULL),
(11, 1, 170, NULL, NULL, NULL, 1, '2019-03-10 17:13:06', NULL, NULL),
(12, 1, 171, NULL, NULL, NULL, 1, '2019-03-10 17:13:06', NULL, NULL),
(13, 1, 172, NULL, NULL, NULL, 1, '2019-03-10 17:13:06', NULL, NULL),
(14, 1, 173, NULL, NULL, NULL, 1, '2019-03-10 17:13:06', NULL, NULL),
(15, 1, 174, NULL, NULL, NULL, 1, '2019-03-10 17:13:06', NULL, NULL),
(16, 1, 175, NULL, NULL, NULL, 1, '2019-03-10 17:13:06', NULL, NULL),
(17, 1, 230, NULL, NULL, NULL, 1, '2019-03-10 17:13:06', NULL, NULL),
(18, 1, 231, NULL, NULL, NULL, 1, '2019-03-10 17:13:06', NULL, NULL),
(19, 1, 232, NULL, NULL, NULL, 1, '2019-03-10 17:13:06', NULL, NULL),
(20, 1, 233, NULL, NULL, NULL, 1, '2019-03-10 17:13:06', NULL, NULL),
(21, 1, 234, NULL, NULL, NULL, 1, '2019-03-10 17:13:06', NULL, NULL),
(22, 1, 236, NULL, NULL, NULL, 1, '2019-03-10 17:13:06', NULL, NULL),
(23, 1, 237, NULL, NULL, NULL, 1, '2019-03-10 17:13:06', NULL, NULL),
(24, 1, 238, NULL, NULL, NULL, 1, '2019-03-10 17:13:06', NULL, NULL),
(25, 1, 147, NULL, NULL, NULL, 1, '2019-03-10 17:13:06', NULL, NULL),
(26, 1, 148, NULL, NULL, NULL, 1, '2019-03-10 17:13:06', NULL, NULL),
(27, 1, 149, NULL, NULL, NULL, 1, '2019-03-10 17:13:06', NULL, NULL),
(28, 1, 150, NULL, NULL, NULL, 1, '2019-03-10 17:13:06', NULL, NULL),
(29, 1, 192, NULL, NULL, NULL, 1, '2019-03-10 17:13:06', NULL, NULL),
(30, 1, 193, NULL, NULL, NULL, 1, '2019-03-10 17:13:06', NULL, NULL),
(31, 1, 194, NULL, NULL, NULL, 1, '2019-03-10 17:13:06', NULL, NULL),
(32, 1, 195, NULL, NULL, NULL, 1, '2019-03-10 17:13:06', NULL, NULL),
(33, 1, 196, NULL, NULL, NULL, 1, '2019-03-10 17:13:06', NULL, NULL),
(34, 1, 197, NULL, NULL, NULL, 1, '2019-03-10 17:13:06', NULL, NULL),
(35, 1, 198, NULL, NULL, NULL, 1, '2019-03-10 17:13:06', NULL, NULL),
(36, 1, 199, NULL, NULL, NULL, 1, '2019-03-10 17:13:06', NULL, NULL),
(37, 1, 200, NULL, NULL, NULL, 1, '2019-03-10 17:13:06', NULL, NULL),
(38, 1, 201, NULL, NULL, NULL, 1, '2019-03-10 17:13:06', NULL, NULL),
(39, 1, 202, NULL, NULL, NULL, 1, '2019-03-10 17:13:06', NULL, NULL),
(40, 1, 203, NULL, NULL, NULL, 1, '2019-03-10 17:13:06', NULL, NULL),
(41, 1, 204, NULL, NULL, NULL, 1, '2019-03-10 17:13:06', NULL, NULL),
(42, 1, 205, NULL, NULL, NULL, 1, '2019-03-10 17:13:06', NULL, NULL),
(43, 1, 206, NULL, NULL, NULL, 1, '2019-03-10 17:13:06', NULL, NULL),
(44, 1, 207, NULL, NULL, NULL, 1, '2019-03-10 17:13:06', NULL, NULL),
(45, 1, 208, NULL, NULL, NULL, 1, '2019-03-10 17:13:06', NULL, NULL),
(46, 1, 209, NULL, NULL, NULL, 1, '2019-03-10 17:13:06', NULL, NULL),
(47, 1, 210, NULL, NULL, NULL, 1, '2019-03-10 17:13:06', NULL, NULL),
(48, 1, 211, NULL, NULL, NULL, 1, '2019-03-10 17:13:06', NULL, NULL),
(49, 1, 212, NULL, NULL, NULL, 1, '2019-03-10 17:13:06', NULL, NULL),
(50, 1, 213, NULL, NULL, NULL, 1, '2019-03-10 17:13:06', NULL, NULL),
(51, 1, 214, NULL, NULL, NULL, 1, '2019-03-10 17:13:06', NULL, NULL),
(52, 1, 215, NULL, NULL, NULL, 1, '2019-03-10 17:13:06', NULL, NULL),
(53, 1, 216, NULL, NULL, NULL, 1, '2019-03-10 17:13:06', NULL, NULL),
(54, 1, 217, NULL, NULL, NULL, 1, '2019-03-10 17:13:06', NULL, NULL),
(55, 1, 218, NULL, NULL, NULL, 1, '2019-03-10 17:13:06', NULL, NULL),
(56, 1, 219, NULL, NULL, NULL, 1, '2019-03-10 17:13:06', NULL, NULL),
(57, 1, 220, NULL, NULL, NULL, 1, '2019-03-10 17:13:06', NULL, NULL),
(58, 1, 221, NULL, NULL, NULL, 1, '2019-03-10 17:13:06', NULL, NULL),
(59, 1, 222, NULL, NULL, NULL, 1, '2019-03-10 17:13:06', NULL, NULL),
(60, 1, 223, NULL, NULL, NULL, 1, '2019-03-10 17:13:06', NULL, NULL),
(61, 1, 224, NULL, NULL, NULL, 1, '2019-03-10 17:13:06', NULL, NULL),
(62, 1, 225, NULL, NULL, NULL, 1, '2019-03-10 17:13:06', NULL, NULL),
(63, 1, 226, NULL, NULL, NULL, 1, '2019-03-10 17:13:06', NULL, NULL),
(64, 1, 227, NULL, NULL, NULL, 1, '2019-03-10 17:13:06', NULL, NULL),
(65, 1, 228, NULL, NULL, NULL, 1, '2019-03-10 17:13:06', NULL, NULL),
(66, 1, 229, NULL, NULL, NULL, 1, '2019-03-10 17:13:06', NULL, NULL),
(67, 1, 267, NULL, NULL, NULL, 1, '2019-03-10 17:13:06', NULL, NULL),
(68, 1, 299, NULL, NULL, NULL, 1, '2019-03-10 17:13:06', NULL, NULL),
(69, 1, 300, NULL, NULL, NULL, 1, '2019-03-10 17:13:06', NULL, NULL),
(70, 1, 301, NULL, NULL, NULL, 1, '2019-03-10 17:13:06', NULL, NULL),
(71, 2, 176, NULL, NULL, NULL, 1684, '2019-05-09 11:53:54', NULL, NULL),
(72, 2, 177, NULL, NULL, NULL, 1684, '2019-05-09 11:53:54', NULL, NULL),
(73, 2, 178, NULL, NULL, NULL, 1684, '2019-05-09 11:53:54', NULL, NULL),
(74, 2, 179, NULL, NULL, NULL, 1684, '2019-05-09 11:53:54', NULL, NULL),
(75, 2, 241, NULL, NULL, NULL, 1684, '2019-05-09 11:53:54', NULL, NULL),
(76, 2, 284, NULL, NULL, NULL, 1684, '2019-05-09 11:53:54', NULL, NULL),
(77, 2, 285, NULL, NULL, NULL, 1684, '2019-05-09 11:53:54', NULL, NULL),
(78, 2, 286, NULL, NULL, NULL, 1684, '2019-05-09 11:53:54', NULL, NULL),
(79, 2, 287, NULL, NULL, NULL, 1684, '2019-05-09 11:53:54', NULL, NULL),
(80, 2, 288, NULL, NULL, NULL, 1684, '2019-05-09 11:53:54', NULL, NULL),
(81, 2, 289, NULL, NULL, NULL, 1684, '2019-05-09 11:53:54', NULL, NULL),
(82, 2, 290, NULL, NULL, NULL, 1684, '2019-05-09 11:53:54', NULL, NULL),
(83, 2, 291, NULL, NULL, NULL, 1684, '2019-05-09 11:53:54', NULL, NULL),
(84, 2, 292, NULL, NULL, NULL, 1684, '2019-05-09 11:53:54', NULL, NULL),
(85, 2, 293, NULL, NULL, NULL, 1684, '2019-05-09 11:53:54', NULL, NULL),
(86, 2, 294, NULL, NULL, NULL, 1684, '2019-05-09 11:53:54', NULL, NULL),
(87, 2, 295, NULL, NULL, NULL, 1684, '2019-05-09 11:53:54', NULL, NULL),
(88, 2, 296, NULL, NULL, NULL, 1684, '2019-05-09 11:53:54', NULL, NULL),
(89, 2, 297, NULL, NULL, NULL, 1684, '2019-05-09 11:53:54', NULL, NULL),
(90, 2, 298, NULL, NULL, NULL, 1684, '2019-05-09 11:53:54', NULL, NULL),
(91, 2, 321, NULL, NULL, NULL, 1684, '2019-05-09 11:53:54', NULL, NULL),
(92, 2, 322, NULL, NULL, NULL, 1684, '2019-05-09 11:53:54', NULL, NULL),
(93, 2, 323, NULL, NULL, NULL, 1684, '2019-05-09 11:53:54', NULL, NULL),
(94, 2, 324, NULL, NULL, NULL, 1684, '2019-05-09 11:53:54', NULL, NULL),
(95, 2, 325, NULL, NULL, NULL, 1684, '2019-05-09 11:53:54', NULL, NULL),
(96, 2, 326, NULL, NULL, NULL, 1684, '2019-05-09 11:53:54', NULL, NULL),
(97, 2, 327, NULL, NULL, NULL, 1684, '2019-05-09 11:53:54', NULL, NULL),
(98, 2, 328, NULL, NULL, NULL, 1684, '2019-05-09 11:53:54', NULL, NULL),
(99, 3, 123, NULL, NULL, NULL, 1, '2019-05-13 12:12:53', NULL, NULL),
(100, 3, 124, NULL, NULL, NULL, 1, '2019-05-13 12:12:53', NULL, NULL),
(101, 3, 125, NULL, NULL, NULL, 1, '2019-05-13 12:12:53', NULL, NULL),
(102, 3, 126, NULL, NULL, NULL, 1, '2019-05-13 12:12:53', NULL, NULL),
(103, 3, 127, NULL, NULL, NULL, 1, '2019-05-13 12:12:53', NULL, NULL),
(104, 3, 128, NULL, NULL, NULL, 1, '2019-05-13 12:12:53', NULL, NULL),
(105, 3, 129, NULL, NULL, NULL, 1, '2019-05-13 12:12:53', NULL, NULL),
(106, 3, 130, NULL, NULL, NULL, 1, '2019-05-13 12:12:53', NULL, NULL),
(107, 3, 131, NULL, NULL, NULL, 1, '2019-05-13 12:12:53', NULL, NULL),
(108, 3, 132, NULL, NULL, NULL, 1, '2019-05-13 12:12:53', NULL, NULL),
(109, 3, 133, NULL, NULL, NULL, 1, '2019-05-13 12:12:53', NULL, NULL),
(110, 3, 134, NULL, NULL, NULL, 1, '2019-05-13 12:12:53', NULL, NULL),
(111, 3, 135, NULL, NULL, NULL, 1, '2019-05-13 12:12:53', NULL, NULL),
(112, 3, 136, NULL, NULL, NULL, 1, '2019-05-13 12:12:53', NULL, NULL),
(113, 3, 137, NULL, NULL, NULL, 1, '2019-05-13 12:12:53', NULL, NULL),
(114, 3, 138, NULL, NULL, NULL, 1, '2019-05-13 12:12:53', NULL, NULL),
(115, 3, 139, NULL, NULL, NULL, 1, '2019-05-13 12:12:53', NULL, NULL),
(116, 3, 140, NULL, NULL, NULL, 1, '2019-05-13 12:12:53', NULL, NULL),
(117, 3, 141, NULL, NULL, NULL, 1, '2019-05-13 12:12:53', NULL, NULL),
(118, 3, 142, NULL, NULL, NULL, 1, '2019-05-13 12:12:53', NULL, NULL),
(119, 3, 143, NULL, NULL, NULL, 1, '2019-05-13 12:12:53', NULL, NULL),
(120, 3, 144, NULL, NULL, NULL, 1, '2019-05-13 12:12:53', NULL, NULL),
(121, 3, 145, NULL, NULL, NULL, 1, '2019-05-13 12:12:53', NULL, NULL),
(122, 3, 146, NULL, NULL, NULL, 1, '2019-05-13 12:12:53', NULL, NULL),
(123, 3, 151, NULL, NULL, NULL, 1, '2019-05-13 12:12:53', NULL, NULL),
(124, 3, 152, NULL, NULL, NULL, 1, '2019-05-13 12:12:53', NULL, NULL),
(125, 3, 153, NULL, NULL, NULL, 1, '2019-05-13 12:12:53', NULL, NULL),
(126, 3, 154, NULL, NULL, NULL, 1, '2019-05-13 12:12:53', NULL, NULL),
(127, 3, 155, NULL, NULL, NULL, 1, '2019-05-13 12:12:53', NULL, NULL),
(128, 3, 156, NULL, NULL, NULL, 1, '2019-05-13 12:12:53', NULL, NULL),
(129, 3, 157, NULL, NULL, NULL, 1, '2019-05-13 12:12:53', NULL, NULL),
(130, 3, 158, NULL, NULL, NULL, 1, '2019-05-13 12:12:53', NULL, NULL),
(131, 3, 160, NULL, NULL, NULL, 1, '2019-05-13 12:12:53', NULL, NULL),
(132, 3, 161, NULL, NULL, NULL, 1, '2019-05-13 12:12:53', NULL, NULL),
(133, 3, 162, NULL, NULL, NULL, 1, '2019-05-13 12:12:53', NULL, NULL),
(134, 3, 163, NULL, NULL, NULL, 1, '2019-05-13 12:12:53', NULL, NULL),
(135, 3, 164, NULL, NULL, NULL, 1, '2019-05-13 12:12:53', NULL, NULL),
(136, 3, 165, NULL, NULL, NULL, 1, '2019-05-13 12:12:53', NULL, NULL),
(137, 3, 166, NULL, NULL, NULL, 1, '2019-05-13 12:12:53', NULL, NULL),
(138, 3, 167, NULL, NULL, NULL, 1, '2019-05-13 12:12:53', NULL, NULL),
(139, 3, 168, NULL, NULL, NULL, 1, '2019-05-13 12:12:53', NULL, NULL),
(140, 3, 169, NULL, NULL, NULL, 1, '2019-05-13 12:12:53', NULL, NULL),
(141, 3, 170, NULL, NULL, NULL, 1, '2019-05-13 12:12:53', NULL, NULL),
(142, 3, 171, NULL, NULL, NULL, 1, '2019-05-13 12:12:53', NULL, NULL),
(143, 3, 172, NULL, NULL, NULL, 1, '2019-05-13 12:12:53', NULL, NULL),
(144, 3, 173, NULL, NULL, NULL, 1, '2019-05-13 12:12:53', NULL, NULL),
(145, 3, 174, NULL, NULL, NULL, 1, '2019-05-13 12:12:53', NULL, NULL),
(146, 3, 175, NULL, NULL, NULL, 1, '2019-05-13 12:12:53', NULL, NULL),
(147, 3, 176, NULL, NULL, NULL, 1, '2019-05-13 12:12:53', NULL, NULL),
(148, 3, 177, NULL, NULL, NULL, 1, '2019-05-13 12:12:53', NULL, NULL),
(149, 3, 178, NULL, NULL, NULL, 1, '2019-05-13 12:12:53', NULL, NULL),
(150, 3, 179, NULL, NULL, NULL, 1, '2019-05-13 12:12:53', NULL, NULL),
(151, 3, 188, NULL, NULL, NULL, 1, '2019-05-13 12:12:53', NULL, NULL),
(152, 3, 189, NULL, NULL, NULL, 1, '2019-05-13 12:12:53', NULL, NULL),
(153, 3, 190, NULL, NULL, NULL, 1, '2019-05-13 12:12:54', NULL, NULL),
(154, 3, 191, NULL, NULL, NULL, 1, '2019-05-13 12:12:54', NULL, NULL),
(155, 3, 230, NULL, NULL, NULL, 1, '2019-05-13 12:12:54', NULL, NULL),
(156, 3, 231, NULL, NULL, NULL, 1, '2019-05-13 12:12:54', NULL, NULL),
(157, 3, 232, NULL, NULL, NULL, 1, '2019-05-13 12:12:54', NULL, NULL),
(158, 3, 233, NULL, NULL, NULL, 1, '2019-05-13 12:12:54', NULL, NULL),
(159, 3, 234, NULL, NULL, NULL, 1, '2019-05-13 12:12:54', NULL, NULL),
(160, 3, 236, NULL, NULL, NULL, 1, '2019-05-13 12:12:54', NULL, NULL),
(161, 3, 237, NULL, NULL, NULL, 1, '2019-05-13 12:12:54', NULL, NULL),
(162, 3, 238, NULL, NULL, NULL, 1, '2019-05-13 12:12:54', NULL, NULL),
(163, 3, 20, NULL, NULL, NULL, 1, '2019-05-13 12:12:54', NULL, NULL),
(164, 3, 24, NULL, NULL, NULL, 1, '2019-05-13 12:12:54', NULL, NULL),
(165, 3, 25, NULL, NULL, NULL, 1, '2019-05-13 12:12:54', NULL, NULL),
(166, 3, 26, NULL, NULL, NULL, 1, '2019-05-13 12:12:54', NULL, NULL),
(167, 3, 27, NULL, NULL, NULL, 1, '2019-05-13 12:12:54', NULL, NULL),
(168, 3, 28, NULL, NULL, NULL, 1, '2019-05-13 12:12:54', NULL, NULL),
(169, 3, 29, NULL, NULL, NULL, 1, '2019-05-13 12:12:54', NULL, NULL),
(170, 3, 30, NULL, NULL, NULL, 1, '2019-05-13 12:12:54', NULL, NULL),
(171, 3, 31, NULL, NULL, NULL, 1, '2019-05-13 12:12:54', NULL, NULL),
(172, 3, 32, NULL, NULL, NULL, 1, '2019-05-13 12:12:54', NULL, NULL),
(173, 3, 33, NULL, NULL, NULL, 1, '2019-05-13 12:12:54', NULL, NULL),
(174, 3, 34, NULL, NULL, NULL, 1, '2019-05-13 12:12:54', NULL, NULL),
(175, 3, 35, NULL, NULL, NULL, 1, '2019-05-13 12:12:54', NULL, NULL),
(176, 3, 36, NULL, NULL, NULL, 1, '2019-05-13 12:12:54', NULL, NULL),
(177, 3, 37, NULL, NULL, NULL, 1, '2019-05-13 12:12:54', NULL, NULL),
(178, 3, 38, NULL, NULL, NULL, 1, '2019-05-13 12:12:54', NULL, NULL),
(179, 3, 39, NULL, NULL, NULL, 1, '2019-05-13 12:12:54', NULL, NULL),
(180, 3, 40, NULL, NULL, NULL, 1, '2019-05-13 12:12:54', NULL, NULL),
(181, 3, 41, NULL, NULL, NULL, 1, '2019-05-13 12:12:54', NULL, NULL),
(182, 3, 42, NULL, NULL, NULL, 1, '2019-05-13 12:12:54', NULL, NULL),
(183, 3, 43, NULL, NULL, NULL, 1, '2019-05-13 12:12:54', NULL, NULL),
(184, 3, 44, NULL, NULL, NULL, 1, '2019-05-13 12:12:54', NULL, NULL),
(185, 3, 45, NULL, NULL, NULL, 1, '2019-05-13 12:12:54', NULL, NULL),
(186, 3, 46, NULL, NULL, NULL, 1, '2019-05-13 12:12:54', NULL, NULL),
(187, 3, 47, NULL, NULL, NULL, 1, '2019-05-13 12:12:54', NULL, NULL),
(188, 3, 48, NULL, NULL, NULL, 1, '2019-05-13 12:12:54', NULL, NULL),
(189, 3, 49, NULL, NULL, NULL, 1, '2019-05-13 12:12:54', NULL, NULL),
(190, 3, 50, NULL, NULL, NULL, 1, '2019-05-13 12:12:54', NULL, NULL),
(191, 3, 51, NULL, NULL, NULL, 1, '2019-05-13 12:12:54', NULL, NULL),
(192, 3, 52, NULL, NULL, NULL, 1, '2019-05-13 12:12:54', NULL, NULL),
(193, 3, 53, NULL, NULL, NULL, 1, '2019-05-13 12:12:54', NULL, NULL),
(194, 3, 54, NULL, NULL, NULL, 1, '2019-05-13 12:12:54', NULL, NULL),
(195, 3, 55, NULL, NULL, NULL, 1, '2019-05-13 12:12:54', NULL, NULL),
(196, 3, 56, NULL, NULL, NULL, 1, '2019-05-13 12:12:54', NULL, NULL),
(197, 3, 57, NULL, NULL, NULL, 1, '2019-05-13 12:12:54', NULL, NULL),
(198, 3, 58, NULL, NULL, NULL, 1, '2019-05-13 12:12:54', NULL, NULL),
(199, 3, 59, NULL, NULL, NULL, 1, '2019-05-13 12:12:54', NULL, NULL),
(200, 3, 60, NULL, NULL, NULL, 1, '2019-05-13 12:12:54', NULL, NULL),
(201, 3, 61, NULL, NULL, NULL, 1, '2019-05-13 12:12:54', NULL, NULL),
(202, 3, 62, NULL, NULL, NULL, 1, '2019-05-13 12:12:54', NULL, NULL),
(203, 3, 63, NULL, NULL, NULL, 1, '2019-05-13 12:12:54', NULL, NULL),
(204, 3, 64, NULL, NULL, NULL, 1, '2019-05-13 12:12:54', NULL, NULL),
(205, 3, 65, NULL, NULL, NULL, 1, '2019-05-13 12:12:54', NULL, NULL),
(206, 3, 66, NULL, NULL, NULL, 1, '2019-05-13 12:12:54', NULL, NULL),
(207, 3, 67, NULL, NULL, NULL, 1, '2019-05-13 12:12:54', NULL, NULL),
(208, 3, 68, NULL, NULL, NULL, 1, '2019-05-13 12:12:54', NULL, NULL),
(209, 3, 69, NULL, NULL, NULL, 1, '2019-05-13 12:12:54', NULL, NULL),
(210, 3, 70, NULL, NULL, NULL, 1, '2019-05-13 12:12:54', NULL, NULL),
(211, 3, 71, NULL, NULL, NULL, 1, '2019-05-13 12:12:54', NULL, NULL),
(212, 3, 76, NULL, NULL, NULL, 1, '2019-05-13 12:12:54', NULL, NULL),
(213, 3, 77, NULL, NULL, NULL, 1, '2019-05-13 12:12:54', NULL, NULL),
(214, 3, 78, NULL, NULL, NULL, 1, '2019-05-13 12:12:54', NULL, NULL),
(215, 3, 79, NULL, NULL, NULL, 1, '2019-05-13 12:12:54', NULL, NULL),
(216, 3, 112, NULL, NULL, NULL, 1, '2019-05-13 12:12:54', NULL, NULL),
(217, 3, 113, NULL, NULL, NULL, 1, '2019-05-13 12:12:54', NULL, NULL),
(218, 3, 114, NULL, NULL, NULL, 1, '2019-05-13 12:12:54', NULL, NULL),
(219, 3, 115, NULL, NULL, NULL, 1, '2019-05-13 12:12:54', NULL, NULL),
(220, 3, 116, NULL, NULL, NULL, 1, '2019-05-13 12:12:54', NULL, NULL),
(221, 3, 117, NULL, NULL, NULL, 1, '2019-05-13 12:12:54', NULL, NULL),
(222, 3, 118, NULL, NULL, NULL, 1, '2019-05-13 12:12:54', NULL, NULL),
(223, 3, 240, NULL, NULL, NULL, 1, '2019-05-13 12:12:54', NULL, NULL),
(224, 3, 72, NULL, NULL, NULL, 1, '2019-05-13 12:12:54', NULL, NULL),
(225, 3, 73, NULL, NULL, NULL, 1, '2019-05-13 12:12:54', NULL, NULL),
(226, 3, 74, NULL, NULL, NULL, 1, '2019-05-13 12:12:54', NULL, NULL),
(227, 3, 75, NULL, NULL, NULL, 1, '2019-05-13 12:12:54', NULL, NULL),
(228, 3, 80, NULL, NULL, NULL, 1, '2019-05-13 12:12:54', NULL, NULL),
(229, 3, 81, NULL, NULL, NULL, 1, '2019-05-13 12:12:54', NULL, NULL),
(230, 3, 82, NULL, NULL, NULL, 1, '2019-05-13 12:12:54', NULL, NULL),
(231, 3, 83, NULL, NULL, NULL, 1, '2019-05-13 12:12:54', NULL, NULL),
(232, 3, 84, NULL, NULL, NULL, 1, '2019-05-13 12:12:54', NULL, NULL),
(233, 3, 85, NULL, NULL, NULL, 1, '2019-05-13 12:12:54', NULL, NULL),
(234, 3, 86, NULL, NULL, NULL, 1, '2019-05-13 12:12:54', NULL, NULL),
(235, 3, 87, NULL, NULL, NULL, 1, '2019-05-13 12:12:54', NULL, NULL),
(236, 3, 88, NULL, NULL, NULL, 1, '2019-05-13 12:12:54', NULL, NULL),
(237, 3, 89, NULL, NULL, NULL, 1, '2019-05-13 12:12:54', NULL, NULL),
(238, 3, 90, NULL, NULL, NULL, 1, '2019-05-13 12:12:54', NULL, NULL),
(239, 3, 91, NULL, NULL, NULL, 1, '2019-05-13 12:12:54', NULL, NULL),
(240, 3, 96, NULL, NULL, NULL, 1, '2019-05-13 12:12:54', NULL, NULL),
(241, 3, 97, NULL, NULL, NULL, 1, '2019-05-13 12:12:54', NULL, NULL),
(242, 3, 98, NULL, NULL, NULL, 1, '2019-05-13 12:12:54', NULL, NULL),
(243, 3, 99, NULL, NULL, NULL, 1, '2019-05-13 12:12:54', NULL, NULL),
(244, 3, 100, NULL, NULL, NULL, 1, '2019-05-13 12:12:54', NULL, NULL),
(245, 3, 101, NULL, NULL, NULL, 1, '2019-05-13 12:12:54', NULL, NULL),
(246, 3, 102, NULL, NULL, NULL, 1, '2019-05-13 12:12:54', NULL, NULL),
(247, 3, 103, NULL, NULL, NULL, 1, '2019-05-13 12:12:54', NULL, NULL),
(248, 3, 104, NULL, NULL, NULL, 1, '2019-05-13 12:12:54', NULL, NULL),
(249, 3, 105, NULL, NULL, NULL, 1, '2019-05-13 12:12:54', NULL, NULL),
(250, 3, 106, NULL, NULL, NULL, 1, '2019-05-13 12:12:54', NULL, NULL),
(251, 3, 107, NULL, NULL, NULL, 1, '2019-05-13 12:12:54', NULL, NULL),
(252, 3, 108, NULL, NULL, NULL, 1, '2019-05-13 12:12:54', NULL, NULL),
(253, 3, 109, NULL, NULL, NULL, 1, '2019-05-13 12:12:54', NULL, NULL),
(254, 3, 110, NULL, NULL, NULL, 1, '2019-05-13 12:12:54', NULL, NULL),
(255, 3, 111, NULL, NULL, NULL, 1, '2019-05-13 12:12:54', NULL, NULL),
(256, 3, 119, NULL, NULL, NULL, 1, '2019-05-13 12:12:54', NULL, NULL),
(257, 3, 120, NULL, NULL, NULL, 1, '2019-05-13 12:12:54', NULL, NULL),
(258, 3, 121, NULL, NULL, NULL, 1, '2019-05-13 12:12:55', NULL, NULL),
(259, 3, 122, NULL, NULL, NULL, 1, '2019-05-13 12:12:55', NULL, NULL),
(260, 3, 239, NULL, NULL, NULL, 1, '2019-05-13 12:12:55', NULL, NULL),
(261, 3, 147, NULL, NULL, NULL, 1, '2019-05-13 12:12:55', NULL, NULL),
(262, 3, 148, NULL, NULL, NULL, 1, '2019-05-13 12:12:55', NULL, NULL),
(263, 3, 149, NULL, NULL, NULL, 1, '2019-05-13 12:12:55', NULL, NULL),
(264, 3, 150, NULL, NULL, NULL, 1, '2019-05-13 12:12:55', NULL, NULL),
(265, 3, 192, NULL, NULL, NULL, 1, '2019-05-13 12:12:55', NULL, NULL),
(266, 3, 193, NULL, NULL, NULL, 1, '2019-05-13 12:12:55', NULL, NULL),
(267, 3, 194, NULL, NULL, NULL, 1, '2019-05-13 12:12:55', NULL, NULL),
(268, 3, 195, NULL, NULL, NULL, 1, '2019-05-13 12:12:55', NULL, NULL),
(269, 3, 196, NULL, NULL, NULL, 1, '2019-05-13 12:12:55', NULL, NULL),
(270, 3, 197, NULL, NULL, NULL, 1, '2019-05-13 12:12:55', NULL, NULL),
(271, 3, 198, NULL, NULL, NULL, 1, '2019-05-13 12:12:55', NULL, NULL),
(272, 3, 199, NULL, NULL, NULL, 1, '2019-05-13 12:12:55', NULL, NULL),
(273, 3, 200, NULL, NULL, NULL, 1, '2019-05-13 12:12:55', NULL, NULL),
(274, 3, 201, NULL, NULL, NULL, 1, '2019-05-13 12:12:55', NULL, NULL),
(275, 3, 202, NULL, NULL, NULL, 1, '2019-05-13 12:12:55', NULL, NULL),
(276, 3, 203, NULL, NULL, NULL, 1, '2019-05-13 12:12:55', NULL, NULL),
(277, 3, 204, NULL, NULL, NULL, 1, '2019-05-13 12:12:55', NULL, NULL),
(278, 3, 205, NULL, NULL, NULL, 1, '2019-05-13 12:12:55', NULL, NULL),
(279, 3, 206, NULL, NULL, NULL, 1, '2019-05-13 12:12:55', NULL, NULL),
(280, 3, 207, NULL, NULL, NULL, 1, '2019-05-13 12:12:55', NULL, NULL),
(281, 3, 208, NULL, NULL, NULL, 1, '2019-05-13 12:12:55', NULL, NULL),
(282, 3, 209, NULL, NULL, NULL, 1, '2019-05-13 12:12:55', NULL, NULL),
(283, 3, 210, NULL, NULL, NULL, 1, '2019-05-13 12:12:55', NULL, NULL),
(284, 3, 211, NULL, NULL, NULL, 1, '2019-05-13 12:12:55', NULL, NULL),
(285, 3, 212, NULL, NULL, NULL, 1, '2019-05-13 12:12:55', NULL, NULL),
(286, 3, 213, NULL, NULL, NULL, 1, '2019-05-13 12:12:55', NULL, NULL),
(287, 3, 214, NULL, NULL, NULL, 1, '2019-05-13 12:12:55', NULL, NULL),
(288, 3, 215, NULL, NULL, NULL, 1, '2019-05-13 12:12:55', NULL, NULL),
(289, 3, 216, NULL, NULL, NULL, 1, '2019-05-13 12:12:55', NULL, NULL),
(290, 3, 217, NULL, NULL, NULL, 1, '2019-05-13 12:12:55', NULL, NULL),
(291, 3, 218, NULL, NULL, NULL, 1, '2019-05-13 12:12:55', NULL, NULL),
(292, 3, 219, NULL, NULL, NULL, 1, '2019-05-13 12:12:55', NULL, NULL),
(293, 3, 220, NULL, NULL, NULL, 1, '2019-05-13 12:12:55', NULL, NULL),
(294, 3, 221, NULL, NULL, NULL, 1, '2019-05-13 12:12:55', NULL, NULL),
(295, 3, 222, NULL, NULL, NULL, 1, '2019-05-13 12:12:55', NULL, NULL),
(296, 3, 223, NULL, NULL, NULL, 1, '2019-05-13 12:12:55', NULL, NULL),
(297, 3, 224, NULL, NULL, NULL, 1, '2019-05-13 12:12:55', NULL, NULL),
(298, 3, 225, NULL, NULL, NULL, 1, '2019-05-13 12:12:55', NULL, NULL),
(299, 3, 226, NULL, NULL, NULL, 1, '2019-05-13 12:12:55', NULL, NULL),
(300, 3, 227, NULL, NULL, NULL, 1, '2019-05-13 12:12:55', NULL, NULL),
(301, 3, 228, NULL, NULL, NULL, 1, '2019-05-13 12:12:55', NULL, NULL),
(302, 3, 229, NULL, NULL, NULL, 1, '2019-05-13 12:12:55', NULL, NULL),
(303, 3, 267, NULL, NULL, NULL, 1, '2019-05-13 12:12:55', NULL, NULL),
(304, 3, 299, NULL, NULL, NULL, 1, '2019-05-13 12:12:55', NULL, NULL),
(305, 3, 300, NULL, NULL, NULL, 1, '2019-05-13 12:12:55', NULL, NULL),
(306, 3, 301, NULL, NULL, NULL, 1, '2019-05-13 12:12:55', NULL, NULL),
(307, 3, 241, NULL, NULL, NULL, 1, '2019-05-13 12:12:55', NULL, NULL),
(308, 3, 284, NULL, NULL, NULL, 1, '2019-05-13 12:12:55', NULL, NULL),
(309, 3, 285, NULL, NULL, NULL, 1, '2019-05-13 12:12:55', NULL, NULL),
(310, 3, 286, NULL, NULL, NULL, 1, '2019-05-13 12:12:55', NULL, NULL),
(311, 3, 287, NULL, NULL, NULL, 1, '2019-05-13 12:12:55', NULL, NULL),
(312, 3, 288, NULL, NULL, NULL, 1, '2019-05-13 12:12:55', NULL, NULL),
(313, 3, 289, NULL, NULL, NULL, 1, '2019-05-13 12:12:55', NULL, NULL),
(314, 3, 290, NULL, NULL, NULL, 1, '2019-05-13 12:12:55', NULL, NULL),
(315, 3, 291, NULL, NULL, NULL, 1, '2019-05-13 12:12:55', NULL, NULL),
(316, 3, 292, NULL, NULL, NULL, 1, '2019-05-13 12:12:55', NULL, NULL),
(317, 3, 293, NULL, NULL, NULL, 1, '2019-05-13 12:12:55', NULL, NULL),
(318, 3, 294, NULL, NULL, NULL, 1, '2019-05-13 12:12:55', NULL, NULL),
(319, 3, 295, NULL, NULL, NULL, 1, '2019-05-13 12:12:55', NULL, NULL),
(320, 3, 296, NULL, NULL, NULL, 1, '2019-05-13 12:12:55', NULL, NULL),
(321, 3, 297, NULL, NULL, NULL, 1, '2019-05-13 12:12:55', NULL, NULL),
(322, 3, 298, NULL, NULL, NULL, 1, '2019-05-13 12:12:55', NULL, NULL),
(323, 3, 321, NULL, NULL, NULL, 1, '2019-05-13 12:12:55', NULL, NULL),
(324, 3, 322, NULL, NULL, NULL, 1, '2019-05-13 12:12:55', NULL, NULL),
(325, 3, 323, NULL, NULL, NULL, 1, '2019-05-13 12:12:55', NULL, NULL),
(326, 3, 324, NULL, NULL, NULL, 1, '2019-05-13 12:12:55', NULL, NULL),
(327, 3, 325, NULL, NULL, NULL, 1, '2019-05-13 12:12:55', NULL, NULL),
(328, 3, 326, NULL, NULL, NULL, 1, '2019-05-13 12:12:55', NULL, NULL),
(329, 3, 327, NULL, NULL, NULL, 1, '2019-05-13 12:12:55', NULL, NULL),
(330, 3, 328, NULL, NULL, NULL, 1, '2019-05-13 12:12:55', NULL, NULL),
(331, 3, 242, NULL, NULL, NULL, 1, '2019-05-13 12:12:55', NULL, NULL),
(332, 3, 243, NULL, NULL, NULL, 1, '2019-05-13 12:12:55', NULL, NULL),
(333, 3, 244, NULL, NULL, NULL, 1, '2019-05-13 12:12:55', NULL, NULL),
(334, 3, 245, NULL, NULL, NULL, 1, '2019-05-13 12:12:55', NULL, NULL),
(335, 3, 246, NULL, NULL, NULL, 1, '2019-05-13 12:12:55', NULL, NULL),
(336, 3, 247, NULL, NULL, NULL, 1, '2019-05-13 12:12:55', NULL, NULL),
(337, 3, 248, NULL, NULL, NULL, 1, '2019-05-13 12:12:55', NULL, NULL),
(338, 3, 249, NULL, NULL, NULL, 1, '2019-05-13 12:12:55', NULL, NULL),
(339, 3, 250, NULL, NULL, NULL, 1, '2019-05-13 12:12:55', NULL, NULL),
(340, 3, 251, NULL, NULL, NULL, 1, '2019-05-13 12:12:55', NULL, NULL),
(341, 3, 252, NULL, NULL, NULL, 1, '2019-05-13 12:12:55', NULL, NULL),
(342, 3, 253, NULL, NULL, NULL, 1, '2019-05-13 12:12:55', NULL, NULL),
(343, 3, 254, NULL, NULL, NULL, 1, '2019-05-13 12:12:55', NULL, NULL),
(344, 3, 255, NULL, NULL, NULL, 1, '2019-05-13 12:12:55', NULL, NULL),
(345, 3, 256, NULL, NULL, NULL, 1, '2019-05-13 12:12:55', NULL, NULL),
(346, 3, 257, NULL, NULL, NULL, 1, '2019-05-13 12:12:55', NULL, NULL),
(347, 3, 258, NULL, NULL, NULL, 1, '2019-05-13 12:12:55', NULL, NULL),
(348, 3, 259, NULL, NULL, NULL, 1, '2019-05-13 12:12:55', NULL, NULL),
(349, 3, 260, NULL, NULL, NULL, 1, '2019-05-13 12:12:55', NULL, NULL),
(350, 3, 261, NULL, NULL, NULL, 1, '2019-05-13 12:12:55', NULL, NULL),
(351, 3, 262, NULL, NULL, NULL, 1, '2019-05-13 12:12:55', NULL, NULL),
(352, 3, 263, NULL, NULL, NULL, 1, '2019-05-13 12:12:55', NULL, NULL),
(353, 3, 264, NULL, NULL, NULL, 1, '2019-05-13 12:12:55', NULL, NULL),
(354, 3, 265, NULL, NULL, NULL, 1, '2019-05-13 12:12:55', NULL, NULL),
(355, 3, 266, NULL, NULL, NULL, 1, '2019-05-13 12:12:55', NULL, NULL),
(356, 3, 358, NULL, NULL, NULL, 1, '2019-05-13 12:12:55', NULL, NULL),
(357, 3, 376, NULL, NULL, NULL, 1, '2019-05-13 12:12:55', NULL, NULL),
(358, 3, 377, NULL, NULL, NULL, 1, '2019-05-13 12:12:55', NULL, NULL),
(359, 3, 378, NULL, NULL, NULL, 1, '2019-05-13 12:12:55', NULL, NULL),
(360, 3, 383, NULL, NULL, NULL, 1, '2019-05-13 12:12:55', NULL, NULL),
(361, 3, 384, NULL, NULL, NULL, 1, '2019-05-13 12:12:55', NULL, NULL),
(362, 3, 385, NULL, NULL, NULL, 1, '2019-05-13 12:12:55', NULL, NULL),
(363, 3, 268, NULL, NULL, NULL, 1, '2019-05-13 12:12:55', NULL, NULL),
(364, 3, 269, NULL, NULL, NULL, 1, '2019-05-13 12:12:55', NULL, NULL),
(365, 3, 270, NULL, NULL, NULL, 1, '2019-05-13 12:12:55', NULL, NULL),
(366, 3, 271, NULL, NULL, NULL, 1, '2019-05-13 12:12:55', NULL, NULL),
(367, 3, 272, NULL, NULL, NULL, 1, '2019-05-13 12:12:55', NULL, NULL),
(368, 3, 273, NULL, NULL, NULL, 1, '2019-05-13 12:12:55', NULL, NULL),
(369, 3, 274, NULL, NULL, NULL, 1, '2019-05-13 12:12:55', NULL, NULL),
(370, 3, 275, NULL, NULL, NULL, 1, '2019-05-13 12:12:55', NULL, NULL),
(371, 3, 276, NULL, NULL, NULL, 1, '2019-05-13 12:12:55', NULL, NULL),
(372, 3, 277, NULL, NULL, NULL, 1, '2019-05-13 12:12:55', NULL, NULL),
(373, 3, 278, NULL, NULL, NULL, 1, '2019-05-13 12:12:55', NULL, NULL),
(374, 3, 279, NULL, NULL, NULL, 1, '2019-05-13 12:12:56', NULL, NULL),
(375, 3, 280, NULL, NULL, NULL, 1, '2019-05-13 12:12:56', NULL, NULL),
(376, 3, 281, NULL, NULL, NULL, 1, '2019-05-13 12:12:56', NULL, NULL),
(377, 3, 282, NULL, NULL, NULL, 1, '2019-05-13 12:12:56', NULL, NULL),
(378, 3, 283, NULL, NULL, NULL, 1, '2019-05-13 12:12:56', NULL, NULL),
(379, 3, 329, NULL, NULL, NULL, 1, '2019-05-13 12:12:56', NULL, NULL),
(380, 3, 330, NULL, NULL, NULL, 1, '2019-05-13 12:12:56', NULL, NULL),
(381, 3, 331, NULL, NULL, NULL, 1, '2019-05-13 12:12:56', NULL, NULL),
(382, 3, 332, NULL, NULL, NULL, 1, '2019-05-13 12:12:56', NULL, NULL),
(383, 3, 333, NULL, NULL, NULL, 1, '2019-05-13 12:12:56', NULL, NULL),
(384, 3, 334, NULL, NULL, NULL, 1, '2019-05-13 12:12:56', NULL, NULL),
(385, 3, 335, NULL, NULL, NULL, 1, '2019-05-13 12:12:56', NULL, NULL),
(386, 3, 336, NULL, NULL, NULL, 1, '2019-05-13 12:12:56', NULL, NULL),
(387, 3, 337, NULL, NULL, NULL, 1, '2019-05-13 12:12:56', NULL, NULL),
(388, 3, 338, NULL, NULL, NULL, 1, '2019-05-13 12:12:56', NULL, NULL),
(389, 3, 339, NULL, NULL, NULL, 1, '2019-05-13 12:12:56', NULL, NULL),
(390, 3, 340, NULL, NULL, NULL, 1, '2019-05-13 12:12:56', NULL, NULL),
(391, 3, 341, NULL, NULL, NULL, 1, '2019-05-13 12:12:56', NULL, NULL),
(392, 3, 342, NULL, NULL, NULL, 1, '2019-05-13 12:12:56', NULL, NULL),
(393, 3, 343, NULL, NULL, NULL, 1, '2019-05-13 12:12:56', NULL, NULL),
(394, 3, 344, NULL, NULL, NULL, 1, '2019-05-13 12:12:56', NULL, NULL),
(395, 3, 345, NULL, NULL, NULL, 1, '2019-05-13 12:12:56', NULL, NULL),
(396, 3, 346, NULL, NULL, NULL, 1, '2019-05-13 12:12:56', NULL, NULL),
(397, 3, 347, NULL, NULL, NULL, 1, '2019-05-13 12:12:56', NULL, NULL),
(398, 3, 348, NULL, NULL, NULL, 1, '2019-05-13 12:12:56', NULL, NULL),
(399, 3, 349, NULL, NULL, NULL, 1, '2019-05-13 12:12:56', NULL, NULL),
(400, 3, 350, NULL, NULL, NULL, 1, '2019-05-13 12:12:56', NULL, NULL),
(401, 3, 351, NULL, NULL, NULL, 1, '2019-05-13 12:12:56', NULL, NULL),
(402, 3, 352, NULL, NULL, NULL, 1, '2019-05-13 12:12:56', NULL, NULL),
(403, 3, 353, NULL, NULL, NULL, 1, '2019-05-13 12:12:56', NULL, NULL),
(404, 3, 354, NULL, NULL, NULL, 1, '2019-05-13 12:12:56', NULL, NULL),
(405, 3, 355, NULL, NULL, NULL, 1, '2019-05-13 12:12:56', NULL, NULL),
(406, 3, 356, NULL, NULL, NULL, 1, '2019-05-13 12:12:56', NULL, NULL),
(407, 3, 357, NULL, NULL, NULL, 1, '2019-05-13 12:12:56', NULL, NULL),
(408, 3, 359, NULL, NULL, NULL, 1, '2019-05-13 12:12:56', NULL, NULL),
(409, 3, 360, NULL, NULL, NULL, 1, '2019-05-13 12:12:56', NULL, NULL),
(410, 3, 361, NULL, NULL, NULL, 1, '2019-05-13 12:12:56', NULL, NULL),
(411, 3, 370, NULL, NULL, NULL, 1, '2019-05-13 12:12:56', NULL, NULL),
(412, 3, 371, NULL, NULL, NULL, 1, '2019-05-13 12:12:56', NULL, NULL),
(413, 3, 372, NULL, NULL, NULL, 1, '2019-05-13 12:12:56', NULL, NULL),
(414, 3, 373, NULL, NULL, NULL, 1, '2019-05-13 12:12:56', NULL, NULL),
(415, 3, 374, NULL, NULL, NULL, 1, '2019-05-13 12:12:56', NULL, NULL),
(416, 3, 375, NULL, NULL, NULL, 1, '2019-05-13 12:12:56', NULL, NULL),
(417, 3, 302, NULL, NULL, NULL, 1, '2019-05-13 12:12:56', NULL, NULL),
(418, 3, 303, NULL, NULL, NULL, 1, '2019-05-13 12:12:56', NULL, NULL),
(419, 3, 304, NULL, NULL, NULL, 1, '2019-05-13 12:12:56', NULL, NULL),
(420, 3, 305, NULL, NULL, NULL, 1, '2019-05-13 12:12:56', NULL, NULL),
(421, 3, 306, NULL, NULL, NULL, 1, '2019-05-13 12:12:56', NULL, NULL),
(422, 3, 307, NULL, NULL, NULL, 1, '2019-05-13 12:12:56', NULL, NULL),
(423, 3, 308, NULL, NULL, NULL, 1, '2019-05-13 12:12:56', NULL, NULL),
(424, 3, 309, NULL, NULL, NULL, 1, '2019-05-13 12:12:56', NULL, NULL),
(425, 3, 310, NULL, NULL, NULL, 1, '2019-05-13 12:12:56', NULL, NULL),
(426, 3, 311, NULL, NULL, NULL, 1, '2019-05-13 12:12:56', NULL, NULL),
(427, 3, 312, NULL, NULL, NULL, 1, '2019-05-13 12:12:56', NULL, NULL),
(428, 3, 313, NULL, NULL, NULL, 1, '2019-05-13 12:12:56', NULL, NULL),
(429, 3, 314, NULL, NULL, NULL, 1, '2019-05-13 12:12:56', NULL, NULL),
(430, 3, 315, NULL, NULL, NULL, 1, '2019-05-13 12:12:56', NULL, NULL),
(431, 3, 316, NULL, NULL, NULL, 1, '2019-05-13 12:12:56', NULL, NULL),
(432, 3, 317, NULL, NULL, NULL, 1, '2019-05-13 12:12:56', NULL, NULL),
(433, 3, 318, NULL, NULL, NULL, 1, '2019-05-13 12:12:56', NULL, NULL),
(434, 3, 362, NULL, NULL, NULL, 1, '2019-05-13 12:12:56', NULL, NULL),
(435, 3, 363, NULL, NULL, NULL, 1, '2019-05-13 12:12:56', NULL, NULL),
(436, 3, 364, NULL, NULL, NULL, 1, '2019-05-13 12:12:56', NULL, NULL),
(437, 3, 365, NULL, NULL, NULL, 1, '2019-05-13 12:12:56', NULL, NULL),
(438, 3, 366, NULL, NULL, NULL, 1, '2019-05-13 12:12:56', NULL, NULL),
(439, 3, 367, NULL, NULL, NULL, 1, '2019-05-13 12:12:56', NULL, NULL),
(440, 3, 368, NULL, NULL, NULL, 1, '2019-05-13 12:12:56', NULL, NULL),
(441, 3, 369, NULL, NULL, NULL, 1, '2019-05-13 12:12:56', NULL, NULL),
(442, 3, 379, NULL, NULL, NULL, 1, '2019-05-13 12:12:56', NULL, NULL),
(443, 3, 380, NULL, NULL, NULL, 1, '2019-05-13 12:12:56', NULL, NULL),
(444, 3, 381, NULL, NULL, NULL, 1, '2019-05-13 12:12:56', NULL, NULL),
(445, 3, 382, NULL, NULL, NULL, 1, '2019-05-13 12:12:56', NULL, NULL),
(446, 2, 386, NULL, NULL, NULL, 1647, '2019-05-26 22:18:27', NULL, NULL),
(447, 2, 387, NULL, NULL, NULL, 1647, '2019-05-26 22:18:27', NULL, NULL),
(448, 2, 388, NULL, NULL, NULL, 1647, '2019-05-26 22:18:27', NULL, NULL),
(449, 2, 389, NULL, NULL, NULL, 1647, '2019-05-26 22:18:27', NULL, NULL),
(450, 2, 391, NULL, NULL, NULL, 1647, '2019-05-26 22:18:27', NULL, NULL),
(451, 2, 392, NULL, NULL, NULL, 1647, '2019-05-26 22:18:27', NULL, NULL),
(452, 2, 393, NULL, NULL, NULL, 1647, '2019-05-26 22:18:27', NULL, NULL),
(453, 2, 394, NULL, NULL, NULL, 1647, '2019-05-26 22:18:27', NULL, NULL),
(454, 2, 395, NULL, NULL, NULL, 1647, '2019-05-26 22:18:27', NULL, NULL),
(455, 3, 390, NULL, NULL, NULL, 1647, '2019-05-27 13:11:12', NULL, NULL),
(456, 3, 386, NULL, NULL, NULL, 1647, '2019-05-27 13:11:12', NULL, NULL),
(457, 3, 387, NULL, NULL, NULL, 1647, '2019-05-27 13:11:12', NULL, NULL),
(458, 3, 388, NULL, NULL, NULL, 1647, '2019-05-27 13:11:12', NULL, NULL),
(459, 3, 389, NULL, NULL, NULL, 1647, '2019-05-27 13:11:12', NULL, NULL),
(460, 3, 391, NULL, NULL, NULL, 1647, '2019-05-27 13:11:12', NULL, NULL),
(461, 3, 392, NULL, NULL, NULL, 1647, '2019-05-27 13:11:12', NULL, NULL),
(462, 3, 393, NULL, NULL, NULL, 1647, '2019-05-27 13:11:12', NULL, NULL),
(463, 3, 394, NULL, NULL, NULL, 1647, '2019-05-27 13:11:12', NULL, NULL),
(464, 3, 395, NULL, NULL, NULL, 1647, '2019-05-27 13:11:12', NULL, NULL),
(465, 4, 241, NULL, NULL, NULL, 1647, '2019-05-27 13:29:13', NULL, NULL),
(466, 4, 284, NULL, NULL, NULL, 1647, '2019-05-27 13:29:13', NULL, NULL),
(467, 4, 285, NULL, NULL, NULL, 1647, '2019-05-27 13:29:13', NULL, NULL),
(468, 4, 286, NULL, NULL, NULL, 1647, '2019-05-27 13:29:13', NULL, NULL),
(469, 4, 287, NULL, NULL, NULL, 1647, '2019-05-27 13:29:13', NULL, NULL),
(470, 4, 288, NULL, NULL, NULL, 1647, '2019-05-27 13:29:13', NULL, NULL),
(471, 4, 289, NULL, NULL, NULL, 1647, '2019-05-27 13:29:13', NULL, NULL),
(472, 4, 290, NULL, NULL, NULL, 1647, '2019-05-27 13:29:13', NULL, NULL),
(473, 4, 291, NULL, NULL, NULL, 1647, '2019-05-27 13:29:13', NULL, NULL),
(474, 4, 292, NULL, NULL, NULL, 1647, '2019-05-27 13:29:13', NULL, NULL),
(475, 4, 293, NULL, NULL, NULL, 1647, '2019-05-27 13:29:13', NULL, NULL),
(476, 4, 294, NULL, NULL, NULL, 1647, '2019-05-27 13:29:13', NULL, NULL),
(477, 4, 295, NULL, NULL, NULL, 1647, '2019-05-27 13:29:13', NULL, NULL),
(478, 4, 296, NULL, NULL, NULL, 1647, '2019-05-27 13:29:13', NULL, NULL),
(479, 4, 297, NULL, NULL, NULL, 1647, '2019-05-27 13:29:13', NULL, NULL),
(480, 4, 298, NULL, NULL, NULL, 1647, '2019-05-27 13:29:13', NULL, NULL),
(481, 4, 321, NULL, NULL, NULL, 1647, '2019-05-27 13:29:13', NULL, NULL),
(482, 4, 322, NULL, NULL, NULL, 1647, '2019-05-27 13:29:13', NULL, NULL),
(483, 4, 323, NULL, NULL, NULL, 1647, '2019-05-27 13:29:13', NULL, NULL),
(484, 4, 324, NULL, NULL, NULL, 1647, '2019-05-27 13:29:13', NULL, NULL),
(485, 4, 325, NULL, NULL, NULL, 1647, '2019-05-27 13:29:13', NULL, NULL),
(486, 4, 326, NULL, NULL, NULL, 1647, '2019-05-27 13:29:13', NULL, NULL),
(487, 4, 327, NULL, NULL, NULL, 1647, '2019-05-27 13:29:13', NULL, NULL),
(488, 4, 328, NULL, NULL, NULL, 1647, '2019-05-27 13:29:13', NULL, NULL),
(489, 4, 386, NULL, NULL, NULL, 1647, '2019-05-27 13:29:13', NULL, NULL),
(490, 4, 387, NULL, NULL, NULL, 1647, '2019-05-27 13:29:13', NULL, NULL),
(491, 4, 388, NULL, NULL, NULL, 1647, '2019-05-27 13:29:13', NULL, NULL),
(492, 4, 389, NULL, NULL, NULL, 1647, '2019-05-27 13:29:13', NULL, NULL),
(493, 4, 391, NULL, NULL, NULL, 1647, '2019-05-27 13:29:13', NULL, NULL),
(494, 4, 392, NULL, NULL, NULL, 1647, '2019-05-27 13:29:13', NULL, NULL),
(495, 4, 393, NULL, NULL, NULL, 1647, '2019-05-27 13:29:13', NULL, NULL),
(496, 4, 394, NULL, NULL, NULL, 1647, '2019-05-27 13:29:13', NULL, NULL),
(497, 4, 395, NULL, NULL, NULL, 1647, '2019-05-27 13:29:13', NULL, NULL),
(498, 1, 390, NULL, NULL, NULL, 1698, '2019-06-16 10:51:06', NULL, NULL),
(499, 1, 396, NULL, NULL, NULL, 1698, '2019-06-16 10:51:06', NULL, NULL),
(500, 1, 397, NULL, NULL, NULL, 1698, '2019-06-16 10:51:06', NULL, NULL),
(501, 1, 398, NULL, NULL, NULL, 1698, '2019-06-16 10:51:06', NULL, NULL),
(502, 1, 399, NULL, NULL, NULL, 1698, '2019-06-16 10:51:06', NULL, NULL),
(503, 1, 406, NULL, NULL, NULL, 1698, '2019-07-24 20:05:46', NULL, NULL),
(504, 1, 407, NULL, NULL, NULL, 1698, '2019-07-24 20:05:46', NULL, NULL),
(505, 1, 408, NULL, NULL, NULL, 1698, '2019-07-24 20:05:46', NULL, NULL),
(506, 1, 409, NULL, NULL, NULL, 1698, '2019-07-24 20:05:46', NULL, NULL),
(507, 3, 400, NULL, NULL, NULL, 1698, '2019-10-03 17:54:53', NULL, NULL),
(508, 3, 401, NULL, NULL, NULL, 1698, '2019-10-03 17:54:53', NULL, NULL),
(509, 3, 402, NULL, NULL, NULL, 1698, '2019-10-03 17:54:53', NULL, NULL),
(510, 3, 403, NULL, NULL, NULL, 1698, '2019-10-03 17:54:53', NULL, NULL),
(511, 3, 404, NULL, NULL, NULL, 1698, '2019-10-03 17:54:53', NULL, NULL),
(512, 3, 405, NULL, NULL, NULL, 1698, '2019-10-03 17:54:53', NULL, NULL),
(513, 3, 396, NULL, NULL, NULL, 1698, '2019-10-03 17:54:53', NULL, NULL),
(514, 3, 397, NULL, NULL, NULL, 1698, '2019-10-03 17:54:53', NULL, NULL),
(515, 3, 398, NULL, NULL, NULL, 1698, '2019-10-03 17:54:53', NULL, NULL),
(516, 3, 399, NULL, NULL, NULL, 1698, '2019-10-03 17:54:53', NULL, NULL),
(517, 3, 406, NULL, NULL, NULL, 1698, '2019-10-03 17:54:53', NULL, NULL),
(518, 3, 407, NULL, NULL, NULL, 1698, '2019-10-03 17:54:53', NULL, NULL),
(519, 3, 408, NULL, NULL, NULL, 1698, '2019-10-03 17:54:53', NULL, NULL),
(520, 3, 409, NULL, NULL, NULL, 1698, '2019-10-03 17:54:53', NULL, NULL),
(521, 5, 268, NULL, NULL, NULL, 1698, '2019-11-15 12:54:02', NULL, NULL),
(522, 5, 269, NULL, NULL, NULL, 1698, '2019-11-15 12:54:02', NULL, NULL),
(523, 5, 270, NULL, NULL, NULL, 1698, '2019-11-15 12:54:02', NULL, NULL),
(524, 5, 271, NULL, NULL, NULL, 1698, '2019-11-15 12:54:02', NULL, NULL),
(525, 5, 272, NULL, NULL, NULL, 1698, '2019-11-15 12:54:02', NULL, NULL),
(526, 5, 273, NULL, NULL, NULL, 1698, '2019-11-15 12:54:02', NULL, NULL),
(527, 5, 274, NULL, NULL, NULL, 1698, '2019-11-15 12:54:02', NULL, NULL),
(528, 5, 275, NULL, NULL, NULL, 1698, '2019-11-15 12:54:02', NULL, NULL),
(529, 5, 276, NULL, NULL, NULL, 1698, '2019-11-15 12:54:02', NULL, NULL),
(530, 5, 277, NULL, NULL, NULL, 1698, '2019-11-15 12:54:02', NULL, NULL),
(531, 5, 278, NULL, NULL, NULL, 1698, '2019-11-15 12:54:02', NULL, NULL),
(532, 5, 279, NULL, NULL, NULL, 1698, '2019-11-15 12:54:02', NULL, NULL),
(533, 5, 280, NULL, NULL, NULL, 1698, '2019-11-15 12:54:02', NULL, NULL),
(534, 5, 281, NULL, NULL, NULL, 1698, '2019-11-15 12:54:02', NULL, NULL),
(535, 5, 282, NULL, NULL, NULL, 1698, '2019-11-15 12:54:02', NULL, NULL),
(536, 5, 283, NULL, NULL, NULL, 1698, '2019-11-15 12:54:02', NULL, NULL),
(537, 5, 329, NULL, NULL, NULL, 1698, '2019-11-15 12:54:02', NULL, NULL),
(538, 5, 330, NULL, NULL, NULL, 1698, '2019-11-15 12:54:02', NULL, NULL),
(539, 5, 331, NULL, NULL, NULL, 1698, '2019-11-15 12:54:02', NULL, NULL),
(540, 5, 332, NULL, NULL, NULL, 1698, '2019-11-15 12:54:02', NULL, NULL),
(541, 5, 333, NULL, NULL, NULL, 1698, '2019-11-15 12:54:02', NULL, NULL),
(542, 5, 334, NULL, NULL, NULL, 1698, '2019-11-15 12:54:02', NULL, NULL),
(543, 5, 335, NULL, NULL, NULL, 1698, '2019-11-15 12:54:02', NULL, NULL),
(544, 5, 336, NULL, NULL, NULL, 1698, '2019-11-15 12:54:02', NULL, NULL),
(545, 5, 337, NULL, NULL, NULL, 1698, '2019-11-15 12:54:02', NULL, NULL),
(546, 5, 338, NULL, NULL, NULL, 1698, '2019-11-15 12:54:02', NULL, NULL),
(547, 5, 339, NULL, NULL, NULL, 1698, '2019-11-15 12:54:02', NULL, NULL),
(548, 5, 340, NULL, NULL, NULL, 1698, '2019-11-15 12:54:02', NULL, NULL),
(549, 5, 341, NULL, NULL, NULL, 1698, '2019-11-15 12:54:02', NULL, NULL),
(550, 5, 342, NULL, NULL, NULL, 1698, '2019-11-15 12:54:02', NULL, NULL),
(551, 5, 343, NULL, NULL, NULL, 1698, '2019-11-15 12:54:02', NULL, NULL),
(552, 5, 344, NULL, NULL, NULL, 1698, '2019-11-15 12:54:02', NULL, NULL),
(553, 5, 345, NULL, NULL, NULL, 1698, '2019-11-15 12:54:02', NULL, NULL),
(554, 5, 346, NULL, NULL, NULL, 1698, '2019-11-15 12:54:02', NULL, NULL),
(555, 5, 347, NULL, NULL, NULL, 1698, '2019-11-15 12:54:02', NULL, NULL),
(556, 5, 348, NULL, NULL, NULL, 1698, '2019-11-15 12:54:02', NULL, NULL),
(557, 5, 349, NULL, NULL, NULL, 1698, '2019-11-15 12:54:02', NULL, NULL),
(558, 5, 350, NULL, NULL, NULL, 1698, '2019-11-15 12:54:02', NULL, NULL),
(559, 5, 351, NULL, NULL, NULL, 1698, '2019-11-15 12:54:02', NULL, NULL),
(560, 5, 352, NULL, NULL, NULL, 1698, '2019-11-15 12:54:02', NULL, NULL),
(561, 5, 353, NULL, NULL, NULL, 1698, '2019-11-15 12:54:02', NULL, NULL),
(562, 5, 354, NULL, NULL, NULL, 1698, '2019-11-15 12:54:02', NULL, NULL),
(563, 5, 355, NULL, NULL, NULL, 1698, '2019-11-15 12:54:02', NULL, NULL),
(564, 5, 356, NULL, NULL, NULL, 1698, '2019-11-15 12:54:02', NULL, NULL),
(565, 5, 357, NULL, NULL, NULL, 1698, '2019-11-15 12:54:02', NULL, NULL),
(566, 5, 359, NULL, NULL, NULL, 1698, '2019-11-15 12:54:02', NULL, NULL),
(567, 5, 360, NULL, NULL, NULL, 1698, '2019-11-15 12:54:02', NULL, NULL),
(568, 5, 361, NULL, NULL, NULL, 1698, '2019-11-15 12:54:02', NULL, NULL),
(569, 5, 370, NULL, NULL, NULL, 1698, '2019-11-15 12:54:02', NULL, NULL),
(570, 5, 371, NULL, NULL, NULL, 1698, '2019-11-15 12:54:02', NULL, NULL),
(571, 5, 372, NULL, NULL, NULL, 1698, '2019-11-15 12:54:02', NULL, NULL),
(572, 5, 373, NULL, NULL, NULL, 1698, '2019-11-15 12:54:02', NULL, NULL),
(573, 5, 374, NULL, NULL, NULL, 1698, '2019-11-15 12:54:02', NULL, NULL),
(574, 5, 375, NULL, NULL, NULL, 1698, '2019-11-15 12:54:02', NULL, NULL);

-- --------------------------------------------------------

--
-- Table structure for table `permissions_groups_users_relations`
--

CREATE TABLE IF NOT EXISTS `permissions_groups_users_relations` (
  `id` int(11) unsigned NOT NULL,
  `groub` int(10) unsigned DEFAULT NULL COMMENT 'ref to ''permissions_groups''',
  `user` int(10) unsigned DEFAULT NULL COMMENT 'ref to ''users''',
  `is_deleted` tinyint(4) unsigned DEFAULT NULL,
  `deleted_by` int(11) unsigned DEFAULT NULL COMMENT 'ref to ''users''',
  `deleted_date` datetime DEFAULT NULL,
  `Created_by` int(11) unsigned DEFAULT NULL COMMENT 'ref to ''users''',
  `Created_date` datetime DEFAULT NULL,
  `last_update_by` int(11) unsigned DEFAULT NULL COMMENT 'ref to ''users''',
  `last_update_date` datetime DEFAULT NULL
) ENGINE=InnoDB DEFAULT CHARSET=utf8 COLLATE=utf8_bin ROW_FORMAT=COMPACT COMMENT='العلاقات بين المستخدمين ومجموعات الصلاحيات';

-- --------------------------------------------------------

--
-- Table structure for table `permission_sections`
--

CREATE TABLE IF NOT EXISTS `permission_sections` (
  `id` int(11) unsigned NOT NULL,
  `parent` int(11) unsigned DEFAULT NULL,
  `name_ar` varchar(255) COLLATE utf8_bin DEFAULT NULL,
  `name_en` varchar(255) COLLATE utf8_bin DEFAULT NULL,
  `is_deleted` tinyint(4) unsigned DEFAULT NULL,
  `deleted_by` int(11) unsigned DEFAULT NULL COMMENT 'ref to ''users''',
  `deleted_date` datetime DEFAULT NULL,
  `Created_by` int(11) unsigned DEFAULT NULL COMMENT 'ref to ''users''',
  `Created_date` datetime DEFAULT NULL,
  `last_update_by` int(11) unsigned DEFAULT NULL COMMENT 'ref to ''users''',
  `last_update_date` datetime DEFAULT NULL
) ENGINE=InnoDB AUTO_INCREMENT=11 DEFAULT CHARSET=utf8 COLLATE=utf8_bin ROW_FORMAT=COMPACT;

--
-- Dumping data for table `permission_sections`
--

INSERT INTO `permission_sections` (`id`, `parent`, `name_ar`, `name_en`, `is_deleted`, `deleted_by`, `deleted_date`, `Created_by`, `Created_date`, `last_update_by`, `last_update_date`) VALUES
(1, NULL, 'عام', 'General', NULL, NULL, NULL, NULL, NULL, NULL, NULL),
(2, NULL, 'التسجيل', 'Register', NULL, NULL, NULL, NULL, NULL, NULL, NULL),
(3, NULL, 'المالية', 'Finance', NULL, NULL, NULL, NULL, NULL, NULL, NULL),
(4, NULL, 'الموارد البشرية', 'HR', NULL, NULL, NULL, NULL, NULL, NULL, NULL),
(5, NULL, 'المحاسبة', 'Accounting', NULL, NULL, NULL, NULL, NULL, NULL, NULL),
(6, NULL, 'الموقع - ويب سايت', 'WebSite', NULL, NULL, NULL, NULL, NULL, NULL, NULL),
(7, NULL, 'المخازن', 'Stores', NULL, NULL, NULL, NULL, NULL, NULL, NULL),
(8, NULL, 'النظام', 'System', NULL, NULL, NULL, NULL, NULL, NULL, NULL),
(9, NULL, 'التعليم الالكتروني', 'E-Learning', NULL, NULL, NULL, NULL, NULL, NULL, NULL),
(10, NULL, 'المكتبة', 'Library', NULL, NULL, NULL, NULL, NULL, NULL, NULL);

-- --------------------------------------------------------

--
-- Table structure for table `relations`
--

CREATE TABLE IF NOT EXISTS `relations` (
  `id` int(11) unsigned NOT NULL,
  `announcements` int(11) unsigned DEFAULT NULL,
  `new` int(11) unsigned DEFAULT NULL,
  `description` varchar(50) COLLATE utf8_bin DEFAULT NULL,
  `tag` int(11) unsigned DEFAULT NULL COMMENT 'ref to ''tags''',
  `lang` varchar(50) COLLATE utf8_bin DEFAULT NULL,
  `Created_date` datetime DEFAULT NULL,
  `last_update_date` datetime DEFAULT NULL,
  `Created_by` int(11) unsigned DEFAULT NULL
) ENGINE=InnoDB DEFAULT CHARSET=utf8 COLLATE=utf8_bin ROW_FORMAT=COMPACT;

-- --------------------------------------------------------

--
-- Table structure for table `roles`
--

CREATE TABLE IF NOT EXISTS `roles` (
  `id` int(11) unsigned NOT NULL,
  `section` int(11) unsigned DEFAULT NULL COMMENT 'ref to ''permission_sections''',
  `name` varchar(255) NOT NULL,
  `description` varchar(255) DEFAULT NULL,
  `disables` tinyint(4) DEFAULT NULL,
  `add_hr` varchar(255) DEFAULT NULL
) ENGINE=InnoDB AUTO_INCREMENT=410 DEFAULT CHARSET=utf8;

--
-- Dumping data for table `roles`
--

INSERT INTO `roles` (`id`, `section`, `name`, `description`, `disables`, `add_hr`) VALUES
(1, NULL, 'login', 'Login privileges, granted after account confirmation', NULL, NULL),
(20, 2, 'E_Registration_Settings', NULL, NULL, NULL),
(24, 2, 'A_Admission_Applications', NULL, NULL, NULL),
(25, 2, 'B_Admission_Applications', NULL, NULL, NULL),
(26, 2, 'E_Admission_Applications', NULL, NULL, NULL),
(27, 2, 'D_Admission_Applications', NULL, NULL, NULL),
(28, 2, 'A_Students_Interviews', NULL, NULL, NULL),
(29, 2, 'B_Students_Interviews', NULL, NULL, NULL),
(30, 2, 'E_Students_Interviews', NULL, NULL, NULL),
(31, 2, 'D_Students_Interviews', NULL, NULL, NULL),
(32, 2, 'A_Colleges', NULL, NULL, NULL),
(33, 2, 'B_Colleges', NULL, NULL, NULL),
(34, 2, 'E_Colleges', NULL, NULL, NULL),
(35, 2, 'D_Colleges', NULL, NULL, NULL),
(36, 2, 'A_Departments', NULL, NULL, NULL),
(37, 2, 'B_Departments', NULL, NULL, NULL),
(38, 2, 'E_Departments', NULL, NULL, NULL),
(39, 2, 'D_Departments', NULL, NULL, NULL),
(40, 2, 'A_Programs', NULL, NULL, NULL),
(41, 2, 'B_Programs', NULL, NULL, NULL),
(42, 2, 'E_Programs', NULL, NULL, NULL),
(43, 2, 'D_Programs', NULL, NULL, NULL),
(44, 2, 'A_Courses', NULL, NULL, NULL),
(45, 2, 'B_Courses', NULL, NULL, NULL),
(46, 2, 'E_Courses', NULL, NULL, NULL),
(47, 2, 'D_Courses', NULL, NULL, NULL),
(48, 2, 'A_Academicyears', NULL, NULL, NULL),
(49, 2, 'B_Academicyears', NULL, NULL, NULL),
(50, 2, 'E_Academicyears', NULL, NULL, NULL),
(51, 2, 'D_Academicyears', NULL, NULL, NULL),
(52, 2, 'A_Terms', NULL, NULL, NULL),
(53, 2, 'B_Terms', NULL, NULL, NULL),
(54, 2, 'E_Terms', NULL, NULL, NULL),
(55, 2, 'D_Terms', NULL, NULL, NULL),
(56, 2, 'A_Sections', NULL, NULL, NULL),
(57, 2, 'B_Sections', NULL, NULL, NULL),
(58, 2, 'E_Sections', NULL, NULL, NULL),
(59, 2, 'D_Sections', NULL, NULL, NULL),
(60, 2, 'A_Levels', NULL, NULL, NULL),
(61, 2, 'B_Levels', NULL, NULL, NULL),
(62, 2, 'E_Levels', NULL, NULL, NULL),
(63, 2, 'D_Levels', NULL, NULL, NULL),
(64, 2, 'A_Rooms', NULL, NULL, NULL),
(65, 2, 'E_Rooms', NULL, NULL, NULL),
(66, 2, 'B_Rooms', NULL, NULL, NULL),
(67, 2, 'D_Rooms', NULL, NULL, NULL),
(68, 2, 'A_Majors', NULL, NULL, NULL),
(69, 2, 'B_Majors', NULL, NULL, NULL),
(70, 2, 'E_Majors', NULL, NULL, NULL),
(71, 2, 'D_Majors', NULL, NULL, NULL),
(72, 3, 'A_Financials_Fees', NULL, NULL, NULL),
(73, 3, 'E_Financials_Fees', NULL, NULL, NULL),
(74, 3, 'B_Financials_Fees', NULL, NULL, NULL),
(75, 3, 'D_Financials_Fees', NULL, NULL, NULL),
(76, 2, 'A_Students_Types', NULL, NULL, NULL),
(77, 2, 'E_Students_Types', NULL, NULL, NULL),
(78, 2, 'B_Students_Types', NULL, NULL, NULL),
(79, 2, 'D_Students_Types', NULL, NULL, NULL),
(80, 3, 'A_Discount_Management', NULL, NULL, NULL),
(81, 3, 'E_Discount_Management', NULL, NULL, NULL),
(82, 3, 'B_Discount_Management', NULL, NULL, NULL),
(83, 3, 'D_Discount_Management', NULL, NULL, NULL),
(84, 3, 'A_Manminpayment', NULL, NULL, NULL),
(85, 3, 'E_Manminpayment', NULL, NULL, NULL),
(86, 3, 'B_Manminpayment', NULL, NULL, NULL),
(87, 3, 'D_Manminpayment', NULL, NULL, NULL),
(88, 3, 'A_Fines_Management', NULL, NULL, NULL),
(89, 3, 'E_Fines_Management', NULL, NULL, NULL),
(90, 3, 'B_Fines_Management', NULL, NULL, NULL),
(91, 3, 'D_Fines_Management', NULL, NULL, NULL),
(96, 3, 'A_financials_sponsors', NULL, NULL, NULL),
(97, 3, 'E_financials_sponsors', NULL, NULL, NULL),
(98, 3, 'B_financials_sponsors', NULL, NULL, NULL),
(99, 3, 'D_financials_sponsors', NULL, NULL, NULL),
(100, 3, 'A_Financials_sponsorships', NULL, NULL, NULL),
(101, 3, 'E_Financials_sponsorships', NULL, NULL, NULL),
(102, 3, 'B_Financials_sponsorships', NULL, NULL, NULL),
(103, 3, 'D_Financials_sponsorships', NULL, NULL, NULL),
(104, 3, 'A_Financials_Payments', NULL, NULL, NULL),
(105, 3, 'E_Financials_Payments', NULL, NULL, NULL),
(106, 3, 'B_Financials_Payments', NULL, NULL, NULL),
(107, 3, 'D_Financials_Payments', NULL, NULL, NULL),
(108, 3, 'A_Manminpayment_Custom', NULL, NULL, NULL),
(109, 3, 'E_Manminpayment_Custom', NULL, NULL, NULL),
(110, 3, 'B_Manminpayment_Custom', NULL, NULL, NULL),
(111, 3, 'D_Manminpayment_Custom', NULL, NULL, NULL),
(112, 2, 'A_Students', NULL, NULL, NULL),
(113, 2, 'B_Students', NULL, NULL, NULL),
(114, 2, 'E_Students', NULL, NULL, NULL),
(115, 2, 'D_Students', NULL, NULL, NULL),
(116, 2, 'Browse_Current_class_schedule', NULL, NULL, NULL),
(117, 2, 'Approve_nonReg_Section_For_Student', 'الموافقة على الشعب في الارشاد', NULL, NULL),
(118, 2, 'Delete_section_prior_to_the_adoption', 'حذف الشعب عند الارشاد', NULL, NULL),
(119, 3, 'A_Discount_Students', NULL, NULL, NULL),
(120, 3, 'E_Discount_Students', NULL, NULL, NULL),
(121, 3, 'B_Discount_Students', NULL, NULL, NULL),
(122, 3, 'D_Discount_Students', NULL, NULL, NULL),
(123, 1, 'A_Edulevels', NULL, NULL, NULL),
(124, 1, 'E_Edulevels', NULL, NULL, NULL),
(125, 1, 'B_Edulevels', NULL, NULL, NULL),
(126, 1, 'D_Edulevels', NULL, NULL, NULL),
(127, 1, 'A_Genders', NULL, NULL, NULL),
(128, 1, 'E_Genders', NULL, NULL, NULL),
(129, 1, 'B_Genders', NULL, NULL, NULL),
(130, 1, 'D_Genders', NULL, NULL, NULL),
(131, 1, 'A_Hscertypes', NULL, NULL, NULL),
(132, 1, 'E_Hscertypes', NULL, NULL, NULL),
(133, 1, 'B_Hscertypes', NULL, NULL, NULL),
(134, 1, 'D_Hscertypes', NULL, NULL, NULL),
(135, 1, 'A_Legalforms', NULL, NULL, NULL),
(136, 1, 'E_Legalforms', NULL, NULL, NULL),
(137, 1, 'B_Legalforms', NULL, NULL, NULL),
(138, 1, 'D_Legalforms', NULL, NULL, NULL),
(139, 1, 'A_Countries', NULL, NULL, NULL),
(140, 1, 'E_Countries', NULL, NULL, NULL),
(141, 1, 'B_Countries', NULL, NULL, NULL),
(142, 1, 'D_Countries', NULL, NULL, NULL),
(143, 1, 'A_Sprelations', NULL, NULL, NULL),
(144, 1, 'E_Sprelations', NULL, NULL, NULL),
(145, 1, 'B_Sprelations', NULL, NULL, NULL),
(146, 1, 'D_Sprelations', NULL, NULL, NULL),
(147, 4, 'A_Employment_Applications', NULL, NULL, NULL),
(148, 4, 'E_Employment_Applications', NULL, NULL, NULL),
(149, 4, 'B_Employment_Applications', NULL, NULL, NULL),
(150, 4, 'D_Employment_Applications', NULL, NULL, NULL),
(151, 1, 'A_Maritalstatus', NULL, NULL, NULL),
(152, 1, 'E_Maritalstatus', NULL, NULL, NULL),
(153, 1, 'B_Maritalstatus', NULL, NULL, NULL),
(154, 1, 'D_Maritalstatus', NULL, NULL, NULL),
(155, 1, 'A_Religions', NULL, NULL, NULL),
(156, 1, 'E_Religions', NULL, NULL, NULL),
(157, 1, 'B_Religions', NULL, NULL, NULL),
(158, 1, 'D_Religions', NULL, NULL, NULL),
(160, 1, 'A_Hr_Sections', NULL, NULL, NULL),
(161, 1, 'B_Hr_Sections', NULL, NULL, NULL),
(162, 1, 'E_Hr_Sections', NULL, NULL, NULL),
(163, 1, 'D_Hr_Sections', NULL, NULL, NULL),
(164, 1, 'A_Hr_Employee_Types', NULL, NULL, NULL),
(165, 1, 'E_Hr_Employee_Types', NULL, NULL, NULL),
(166, 1, 'B_Hr_Employee_Types', NULL, NULL, NULL),
(167, 1, 'D_Hr_Employee_Types', NULL, NULL, NULL),
(168, 1, 'A_Hr_Departments', NULL, NULL, NULL),
(169, 1, 'E_Hr_Departments', NULL, NULL, NULL),
(170, 1, 'B_Hr_Departments', NULL, NULL, NULL),
(171, 1, 'D_Hr_Departments', NULL, NULL, NULL),
(172, 1, 'A_Hr_Positions', NULL, NULL, NULL),
(173, 1, 'E_Hr_Positions', NULL, NULL, NULL),
(174, 1, 'B_Hr_Positions', NULL, NULL, NULL),
(175, 1, 'D_Hr_Positions', NULL, NULL, NULL),
(176, 1, 'A_Banks', NULL, NULL, NULL),
(177, 1, 'E_Banks', NULL, NULL, NULL),
(178, 1, 'B_Banks', NULL, NULL, NULL),
(179, 1, 'D_Banks', NULL, NULL, NULL),
(188, 1, 'A_Cities', NULL, NULL, NULL),
(189, 1, 'E_Cities', NULL, NULL, NULL),
(190, 1, 'B_Cities', NULL, NULL, NULL),
(191, 1, 'D_Cities', NULL, NULL, NULL),
(192, 4, 'Accept_Employment_Applications', NULL, NULL, NULL),
(193, 4, 'Reject_Employment_Applications', NULL, NULL, NULL),
(194, 4, 'B_Hr_Employment_Administration', NULL, NULL, NULL),
(195, 4, 'E_Hr_Employment_Administration', NULL, NULL, NULL),
(196, 4, 'D_Hr_Employment_Administration', NULL, NULL, NULL),
(197, 4, 'A_Allowances_Types', NULL, NULL, NULL),
(198, 4, 'E_Allowances_Types', NULL, NULL, NULL),
(199, 4, 'B_Allowances_Types', NULL, NULL, NULL),
(200, 4, 'D_Allowances_Types', NULL, NULL, NULL),
(201, 4, 'A_Deductions_Types', NULL, NULL, NULL),
(202, 4, 'E_Deductions_Types', NULL, NULL, NULL),
(203, 4, 'B_Deductions_Types', NULL, NULL, NULL),
(204, 4, 'D_Deductions_Types', NULL, NULL, NULL),
(205, 4, 'Add_Allowances_To_Employee', NULL, NULL, NULL),
(206, 4, 'Add_Deductions_To_Employee', NULL, NULL, NULL),
(207, 4, 'A_Fines_Warnings', NULL, NULL, NULL),
(208, 4, 'E_Fines_Warnings', NULL, NULL, NULL),
(209, 4, 'B_Fines_Warnings', NULL, NULL, NULL),
(210, 4, 'D_Fines_Warnings', NULL, NULL, NULL),
(211, 4, 'A_Hr_Fines_Types', NULL, NULL, NULL),
(212, 4, 'E_Hr_Fines_Types', NULL, NULL, NULL),
(213, 4, 'B_Hr_Fines_Types', NULL, NULL, NULL),
(214, 4, 'D_Hr_Fines_Types', NULL, NULL, NULL),
(215, 4, 'A_Hr_Warnings_Types', NULL, NULL, NULL),
(216, 4, 'E_Hr_Warnings_Types', NULL, NULL, NULL),
(217, 4, 'B_Hr_Warnings_Types', NULL, NULL, NULL),
(218, 4, 'D_Hr_Warnings_Types', NULL, NULL, NULL),
(219, 4, 'Accept_HR_Fines', NULL, NULL, NULL),
(220, 4, 'Accept_HR_Warnings', NULL, NULL, NULL),
(221, 4, 'A_hr_rewards', NULL, NULL, NULL),
(222, 4, 'B_hr_rewards', NULL, NULL, NULL),
(223, 4, 'E_hr_rewards', NULL, NULL, NULL),
(224, 4, 'D_hr_rewards', NULL, NULL, NULL),
(225, 4, 'Accept_HR_Rewards', NULL, NULL, NULL),
(226, 4, 'A_HR_Rewards_Types', NULL, NULL, NULL),
(227, 4, 'E_HR_Rewards_Types', NULL, NULL, NULL),
(228, 4, 'B_HR_Rewards_Types', NULL, NULL, NULL),
(229, 4, 'D_HR_Rewards_Types', NULL, NULL, NULL),
(230, 1, 'A_Request_letters', NULL, NULL, NULL),
(231, 1, 'E_Request_letters', NULL, NULL, NULL),
(232, 1, 'B_Request_letters', NULL, NULL, NULL),
(233, 1, 'D_Request_letters', NULL, NULL, NULL),
(234, 1, 'A_Letters_Dropdowns', NULL, NULL, NULL),
(236, 1, 'E_Letters_Dropdowns', NULL, NULL, NULL),
(237, 1, 'B_Letters_Dropdowns', NULL, NULL, NULL),
(238, 1, 'D_Letters_Dropdowns', NULL, NULL, NULL),
(239, 3, 'ShowTermsCost', NULL, NULL, NULL),
(240, 2, 'Reject_Student_Applications', NULL, NULL, NULL),
(241, 5, 'Link_Accounts', NULL, NULL, NULL),
(242, 6, 'E_WebSite_Settings', 'التحكم في اعدادات الموقع', NULL, NULL),
(243, 6, 'A_Slides', NULL, NULL, NULL),
(244, 6, 'B_Slides', NULL, NULL, NULL),
(245, 6, 'E_Slides', NULL, NULL, NULL),
(246, 6, 'D_Slides', NULL, NULL, NULL),
(247, 6, 'A_Home_Icons', NULL, NULL, NULL),
(248, 6, 'B_Home_Icons', NULL, NULL, NULL),
(249, 6, 'E_Home_Icons', NULL, NULL, NULL),
(250, 6, 'D_Home_Icons', NULL, NULL, NULL),
(251, 6, 'A_Site_Menus', NULL, NULL, NULL),
(252, 6, 'E_Site_Menus', NULL, NULL, NULL),
(253, 6, 'B_Site_Menus', NULL, NULL, NULL),
(254, 6, 'D_Site_Menus', NULL, NULL, NULL),
(255, 6, 'A_Pages', NULL, NULL, NULL),
(256, 6, 'E_Pages', NULL, NULL, NULL),
(257, 6, 'B_Pages', NULL, NULL, NULL),
(258, 6, 'D_Pages', NULL, NULL, NULL),
(259, 6, 'A_News', NULL, NULL, NULL),
(260, 6, 'E_News', NULL, NULL, NULL),
(261, 6, 'D_News', NULL, NULL, NULL),
(262, 6, 'B_News', NULL, NULL, NULL),
(263, 6, 'A_Announcements', NULL, NULL, NULL),
(264, 6, 'E_Announcements', NULL, NULL, NULL),
(265, 6, 'B_Announcements', NULL, NULL, NULL),
(266, 6, 'D_Announcements', NULL, NULL, NULL),
(267, 4, 'E_hr_Settings', NULL, NULL, NULL),
(268, 7, 'A_Inventory_Item', NULL, NULL, NULL),
(269, 7, 'B_Inventory_Item', NULL, NULL, NULL),
(270, 7, 'E_Inventory_Item', NULL, NULL, NULL),
(271, 7, 'D_Inventory_Item', NULL, NULL, NULL),
(272, 7, 'A_Stores_Categories', NULL, NULL, NULL),
(273, 7, 'E_Stores_Categories', NULL, NULL, NULL),
(274, 7, 'B_Stores_Categories', NULL, NULL, NULL),
(275, 7, 'D_Stores_Categories', NULL, NULL, NULL),
(276, 7, 'A_Stores_Stores', NULL, NULL, NULL),
(277, 7, 'B_Stores_Stores', NULL, NULL, NULL),
(278, 7, 'E_Stores_Stores', NULL, NULL, NULL),
(279, 7, 'D_Stores_Stores', NULL, NULL, NULL),
(280, 7, 'A_Stores_Units', NULL, NULL, NULL),
(281, 7, 'E_Stores_Units', NULL, NULL, NULL),
(282, 7, 'B_Stores_Units', NULL, NULL, NULL),
(283, 7, 'D_Stores_Units', NULL, NULL, NULL),
(284, 5, 'A_Accounting_Accounts', NULL, NULL, NULL),
(285, 5, 'E_Accounting_Accounts', NULL, NULL, NULL),
(286, 5, 'B_Accounting_Accounts', NULL, NULL, NULL),
(287, 5, 'D_Accounting_Accounts', NULL, NULL, NULL),
(288, 5, 'A_Daily_Constraints', NULL, NULL, NULL),
(289, 5, 'E_Daily_Constraints', NULL, NULL, NULL),
(290, 5, 'B_Daily_Constraints', NULL, NULL, NULL),
(291, 5, 'D_Daily_Constraints', NULL, NULL, NULL),
(292, 5, 'P_Daily_Constraints', NULL, NULL, NULL),
(293, 5, 'I_Daily_Constraints', NULL, NULL, NULL),
(294, 5, 'Payments', NULL, NULL, NULL),
(295, 5, 'Payables', NULL, NULL, NULL),
(296, 5, 'Receivable', NULL, NULL, NULL),
(297, 5, 'Calculation_of_salaries', NULL, NULL, NULL),
(298, 5, 'Post_Salaries_To_Accounts', NULL, NULL, NULL),
(299, 4, 'Review_attendance_and_departure', NULL, NULL, NULL),
(300, 4, 'Import_attendance_and_departure', NULL, NULL, NULL),
(301, 4, 'Export_attendance_and_departure', NULL, NULL, NULL),
(302, 8, 'General_Settings_Control', NULL, NULL, NULL),
(303, 8, 'Read_Contact_Messages', NULL, NULL, NULL),
(304, 8, 'Delete_Contact_Messages', NULL, NULL, NULL),
(305, 8, 'Browse_System_Users', NULL, NULL, NULL),
(306, 8, 'Add_System_Users', NULL, NULL, NULL),
(307, 8, 'Edit_System_Users', NULL, NULL, NULL),
(308, 8, 'Delete_System_Users', NULL, NULL, NULL),
(309, 8, 'Browse_Dictionary', NULL, NULL, NULL),
(310, 8, 'Add_Dictionary', NULL, NULL, NULL),
(311, 8, 'Edit_Dictionary', NULL, NULL, NULL),
(312, 8, 'Delete_Dictionary', NULL, NULL, NULL),
(313, 8, 'Browse_permissions_groups', NULL, NULL, NULL),
(314, 8, 'Add_permissions_groups', NULL, NULL, NULL),
(315, 8, 'Edit_permissions_groups', NULL, NULL, NULL),
(316, 8, 'Delete_permissions_groups', NULL, NULL, NULL),
(317, 8, 'give_delete_permissions', NULL, NULL, NULL),
(318, 8, 'Browse_System_Reports', NULL, NULL, NULL),
(321, 5, 'A_Payables', NULL, NULL, NULL),
(322, 5, 'E_Payables', NULL, NULL, NULL),
(323, 5, 'B_Payables', NULL, NULL, NULL),
(324, 5, 'D_Payables', NULL, NULL, NULL),
(325, 5, 'A_Receivables', NULL, NULL, NULL),
(326, 5, 'E_Receivables', NULL, NULL, NULL),
(327, 5, 'B_Receivables', NULL, NULL, NULL),
(328, 5, 'D_Receivables', NULL, NULL, NULL),
(329, 7, 'Stores_itransfer', NULL, NULL, NULL),
(330, 7, 'A_Goods_Receipts_Voucher', NULL, NULL, NULL),
(331, 7, 'E_Goods_Receipts_Voucher', NULL, NULL, NULL),
(332, 7, 'B_Goods_Receipts_Voucher', NULL, NULL, NULL),
(333, 7, 'D_Goods_Receipts_Voucher', NULL, NULL, NULL),
(334, 7, 'A_Goods_Delivery_Voucher', NULL, NULL, NULL),
(335, 7, 'E_Goods_Delivery_Voucher', NULL, NULL, NULL),
(336, 7, 'B_Goods_Delivery_Voucher', NULL, NULL, NULL),
(337, 7, 'D_Goods_Delivery_Voucher', NULL, NULL, NULL),
(338, 7, 'A_Elimination_Voucher', NULL, NULL, NULL),
(339, 7, 'E_Elimination_Voucher', NULL, NULL, NULL),
(340, 7, 'B_Elimination_Voucher', NULL, NULL, NULL),
(341, 7, 'D_Elimination_Voucher', NULL, NULL, NULL),
(342, 7, 'A_Continuous_Stocktaking', NULL, NULL, NULL),
(343, 7, 'E_Continuous_Stocktaking', NULL, NULL, NULL),
(344, 7, 'B_Continuous_Stocktaking', NULL, NULL, NULL),
(345, 7, 'D_Continuous_Stocktaking', NULL, NULL, NULL),
(346, 7, 'A_Periodic_Stocktaking', NULL, NULL, NULL),
(347, 7, 'E_Periodic_Stocktaking', NULL, NULL, NULL),
(348, 7, 'B_Periodic_Stocktaking', NULL, NULL, NULL),
(349, 7, 'D_Periodic_Stocktaking', NULL, NULL, NULL),
(350, 7, 'A_Sales_Invoice', NULL, NULL, NULL),
(351, 7, 'E_Sales_Invoice', NULL, NULL, NULL),
(352, 7, 'B_Sales_Invoice', NULL, NULL, NULL),
(353, 7, 'D_Sales_Invoice', NULL, NULL, NULL),
(354, 7, 'A_Sales_Return', NULL, NULL, NULL),
(355, 7, 'E_Sales_Return', NULL, NULL, NULL),
(356, 7, 'B_Sales_Return', NULL, NULL, NULL),
(357, 7, 'D_Sales_Return', NULL, NULL, NULL),
(358, 6, 'Journal_Control', NULL, NULL, NULL),
(359, 7, 'Store_Item_Report', NULL, NULL, NULL),
(360, 7, 'Browse_Employees_Detection', NULL, NULL, NULL),
(361, 7, 'Browse_Suppliers_Detection', NULL, NULL, NULL),
(362, 9, 'A_Elearning_Students_Participates', NULL, NULL, NULL),
(363, 9, 'E_Elearning_Students_Participates', NULL, NULL, NULL),
(364, 9, 'B_Elearning_Students_Participates', NULL, NULL, NULL),
(365, 9, 'D_Elearning_Students_Participates', NULL, NULL, NULL),
(366, 9, 'A_Elearning_Students_Infractions', NULL, NULL, NULL),
(367, 9, 'E_Elearning_Students_Infractions', NULL, NULL, NULL),
(368, 9, 'B_Elearning_Students_Infractions', NULL, NULL, NULL),
(369, 9, 'D_Elearning_Students_Infractions', NULL, NULL, NULL),
(370, 7, 'R_Purchase', NULL, NULL, NULL),
(371, 7, 'R_Sales_Invoice', NULL, NULL, NULL),
(372, 7, 'Add_bpbalance', NULL, NULL, NULL),
(373, 7, 'Edit_bpbalance', NULL, NULL, NULL),
(374, 7, 'Browse_bpbalance', NULL, NULL, NULL),
(375, 7, 'Delete_bpbalance', NULL, NULL, NULL),
(376, 6, 'A_Uploadcenter', NULL, NULL, NULL),
(377, 6, 'E_Uploadcenter', NULL, NULL, NULL),
(378, 6, 'D_Uploadcenter', NULL, NULL, NULL),
(379, 10, 'A_Library_Items', NULL, NULL, NULL),
(380, 10, 'E_Library_Items', NULL, NULL, NULL),
(381, 10, 'B_Library_Items', NULL, NULL, NULL),
(382, 10, 'D_Library_Items', NULL, NULL, NULL),
(383, 6, 'A_Journal', NULL, NULL, NULL),
(384, 6, 'E_Journal', NULL, NULL, NULL),
(385, 6, 'D_Journal', NULL, NULL, NULL),
(386, 5, 'A_CostCenter', 'Add cost Center', NULL, NULL),
(387, 5, 'E_CostCenter', 'Edit Coset Center', NULL, NULL),
(388, 5, 'B_CostCenter', 'Browse Cost Center', NULL, NULL),
(389, 5, 'D_CostCenter', 'Delete Cost Center', NULL, NULL),
(390, 4, 'Delete_Allowances_From_Employee', 'Delete allowances', NULL, NULL),
(391, 5, 'Allow_trans_change_state', 'Allow to change the status of the trans -> to 0', NULL, NULL),
(392, 5, 'A_Recieptv', NULL, NULL, NULL),
(393, 5, 'E_Recieptv', NULL, NULL, NULL),
(394, 5, 'B_Recieptv', NULL, NULL, NULL),
(395, 5, 'D_Recieptv', NULL, NULL, NULL),
(396, 4, 'A_Advancepayment', NULL, NULL, NULL),
(397, 4, 'E_Advancepayment', NULL, NULL, NULL),
(398, 4, 'B_Advancepayment', NULL, NULL, NULL),
(399, 4, 'D_Advancepayment', NULL, NULL, NULL),
(400, 1, 'A_Contactperson', NULL, NULL, NULL),
(401, 1, 'E_Contactperson', NULL, NULL, NULL),
(402, 1, 'B_Contactperson', NULL, NULL, NULL),
(403, 1, 'D_Contactperson', NULL, NULL, NULL),
(404, 1, 'A_ِAcceptInbox', NULL, NULL, NULL),
(405, 1, 'B_ِAcceptInbox', NULL, NULL, NULL),
(406, 4, 'A_hr_history', NULL, NULL, NULL),
(407, 4, 'E_hr_history', NULL, NULL, NULL),
(408, 4, 'D_hr_history', NULL, NULL, NULL),
(409, 4, 'B_hr_history', NULL, NULL, NULL);

-- --------------------------------------------------------

--
