178.214.83.249 - - [18/Oct/2018:18:25:30 +0300] "GET /noindex/css/fonts/Bold/OpenSans-Bold.woff HTTP/1.1" 404 239 "http://asdco.net/noindex/css/open-sans.css" "Mozilla/5.0 (Windows NT 10.0; Win64; x64; rv:62.0) Gecko/20100101 Firefox/62.0"
178.214.83.249 - - [18/Oct/2018:18:25:30 +0300] "GET /noindex/css/fonts/Light/OpenSans-Light.ttf HTTP/1.1" 404 240 "http://asdco.net/noindex/css/open-sans.css" "Mozilla/5.0 (Windows NT 10.0; Win64; x64; rv:62.0) Gecko/20100101 Firefox/62.0"
178.214.83.249 - - [18/Oct/2018:18:25:31 +0300] "GET /noindex/css/fonts/Bold/OpenSans-Bold.ttf HTTP/1.1" 404 238 "http://asdco.net/noindex/css/open-sans.css" "Mozilla/5.0 (Windows NT 10.0; Win64; x64; rv:62.0) Gecko/20100101 Firefox/62.0"
66.249.66.218 - - [18/Oct/2018:19:12:48 +0300] "GET /robots.txt HTTP/1.1" 404 208 "-" "Mozilla/5.0 (compatible; Googlebot/2.1; +http://www.google.com/bot.html)"
66.249.66.222 - - [18/Oct/2018:19:12:48 +0300] "GET / HTTP/1.1" 403 4897 "-" "Mozilla/5.0 (compatible; Googlebot/2.1; +http://www.google.com/bot.html)"
40.77.167.132 - - [18/Oct/2018:22:04:51 +0300] "GET / HTTP/1.1" 403 4897 "-" "Mozilla/5.0 (iPhone; CPU iPhone OS 7_0 like Mac OS X) AppleWebKit/537.51.1 (KHTML, like Gecko) Version/7.0 Mobile/11A465 Safari/9537.53 (compatible; bingbot/2.0; +http://www.bing.com/bingbot.htm)"
180.76.187.106 - - [19/Oct/2018:01:15:11 +0300] "GET /console/css/dashboard-min.css HTTP/1.1" 404 227 "-" "Mozilla/5.0 (Windows NT 10.0; Win64; x64; rv:57.0) Gecko/20100101 Firefox/57.0"
180.76.187.106 - - [19/Oct/2018:01:15:11 +0300] "GET /status HTTP/1.1" 404 204 "-" "Mozilla/5.0 (Windows NT 10.0; Win64; x64; rv:57.0) Gecko/20100101 Firefox/57.0"
47.106.248.123 - - [19/Oct/2018:01:16:53 +0300] "GET /console/css/dashboard-min.css HTTP/1.1" 404 227 "-" "Mozilla/5.0 (Windows NT 10.0; Win64; x64; rv:57.0) Gecko/20100101 Firefox/57.0"
47.106.248.123 - - [19/Oct/2018:01:16:54 +0300] "GET /status HTTP/1.1" 404 204 "-" "Mozilla/5.0 (Windows NT 10.0; Win64; x64; rv:57.0) Gecko/20100101 Firefox/57.0"
66.249.66.87 - - [19/Oct/2018:01:20:18 +0300] "GET /robots.txt HTTP/1.1" 404 208 "-" "Mozilla/5.0 (compatible; Googlebot/2.1; +http://www.google.com/bot.html)"
66.249.66.88 - - [19/Oct/2018:01:20:18 +0300] "GET / HTTP/1.1" 403 4897 "-" "Mozilla/5.0 (Linux; Android 6.0.1; Nexus 5X Build/MMB29P) AppleWebKit/537.36 (KHTML, like Gecko) Chrome/41.0.2272.96 Mobile Safari/537.36 (compatible; Googlebot/2.1; +http://www.google.com/bot.html)"
66.249.66.220 - - [19/Oct/2018:01:52:35 +0300] "GET / HTTP/1.1" 403 4897 "-" "Mozilla/5.0 (Linux; Android 6.0.1; Nexus 5X Build/MMB29P) AppleWebKit/537.36 (KHTML, like Gecko) Chrome/41.0.2272.96 Mobile Safari/537.36 (compatible; Googlebot/2.1; +http://www.google.com/bot.html)"
66.249.66.86 - - [19/Oct/2018:02:26:02 +0300] "GET / HTTP/1.1" 403 4897 "-" "Mozilla/5.0 (compatible; Googlebot/2.1; +http://www.google.com/bot.html)"
47.97.215.184 - - [19/Oct/2018:02:31:59 +0300] "GET /console/css/dashboard-min.css HTTP/1.1" 404 227 "-" "Mozilla/5.0 (Windows NT 10.0; Win64; x64; rv:57.0) Gecko/20100101 Firefox/57.0"
47.97.215.184 - - [19/Oct/2018:02:32:00 +0300] "GET /status HTTP/1.1" 404 204 "-" "Mozilla/5.0 (Windows NT 10.0; Win64; x64; rv:57.0) Gecko/20100101 Firefox/57.0"
157.55.39.49 - - [19/Oct/2018:05:49:34 +0300] "GET /robots.txt HTTP/1.1" 404 208 "-" "Mozilla/5.0 (compatible; bingbot/2.0; +http://www.bing.com/bingbot.htm)"
207.46.13.189 - - [19/Oct/2018:05:49:54 +0300] "GET /images/clients/our-clients/ HTTP/1.1" 404 225 "-" "Mozilla/5.0 (compatible; bingbot/2.0; +http://www.bing.com/bingbot.htm)"
66.249.66.220 - - [19/Oct/2018:11:13:58 +0300] "GET /robots.txt HTTP/1.1" 404 208 "-" "Mozilla/5.0 (compatible; Googlebot/2.1; +http://www.google.com/bot.html)"
66.249.66.222 - - [19/Oct/2018:11:13:58 +0300] "GET / HTTP/1.1" 403 4897 "-" "Mozilla/5.0 (Linux; Android 6.0.1; Nexus 5X Build/MMB29P) AppleWebKit/537.36 (KHTML, like Gecko) Chrome/41.0.2272.96 Mobile Safari/537.36 (compatible; Googlebot/2.1; +http://www.google.com/bot.html)"
5.45.207.48 - - [19/Oct/2018:11:56:34 +0300] "GET /robots.txt HTTP/1.1" 404 208 "-" "Mozilla/5.0 (compatible; YandexBot/3.0; +http://yandex.com/bots)"
5.45.207.48 - - [19/Oct/2018:11:56:38 +0300] "GET /favicon.ico HTTP/1.1" 404 209 "-" "Mozilla/5.0 (compatible; YandexBot/3.0; +http://yandex.com/bots)"
140.143.185.181 - - [19/Oct/2018:12:12:03 +0300] "GET /console/css/dashboard-min.css HTTP/1.1" 404 227 "-" "Mozilla/5.0 (Windows NT 10.0; Win64; x64; rv:57.0) Gecko/20100101 Firefox/57.0"
140.143.185.181 - - [19/Oct/2018:12:12:03 +0300] "GET /status HTTP/1.1" 404 204 "-" "Mozilla/5.0 (Windows NT 10.0; Win64; x64; rv:57.0) Gecko/20100101 Firefox/57.0"
184.154.139.19 - - [19/Oct/2018:14:51:25 +0300] "GET / HTTP/1.1" 403 4897 "http://www.google.com/url?url=www.asdco.net&yahoo.com" "Mozilla/5.0 (compatible; MSIE 9.0; Windows NT 6.1; WOW64; Trident/6.0)"
184.154.139.19 - - [19/Oct/2018:14:51:26 +0300] "GET /th1s_1s_a_4o4.html HTTP/1.1" 404 216 "http://www.google.com/url?url=www.asdco.net&yahoo.com" "Mozilla/5.0 (compatible; MSIE 9.0; Windows NT 6.1; WOW64; Trident/6.0)"
184.154.139.19 - - [19/Oct/2018:14:51:26 +0300] "GET /noindex/css/open-sans.css HTTP/1.1" 200 5081 "http://www.google.com/url?url=www.asdco.net&yahoo.com" "Mozilla/5.0 (compatible; MSIE 9.0; Windows NT 6.1; WOW64; Trident/6.0)"
184.154.139.19 - - [19/Oct/2018:14:51:26 +0300] "GET /noindex/css/bootstrap.min.css HTTP/1.1" 200 19341 "-" "SiteLockSpider [en] (WinNT; I ;Nav)"
52.53.201.78 - - [19/Oct/2018:15:49:29 +0300] "GET / HTTP/1.1" 403 4897 "-" "Mozilla/5.0 (Macintosh; Intel Mac OS X 10_12_6) AppleWebKit/537.36 (KHTML, like Gecko) Chrome/61.0.3163.100 Safari/537.36"
34.224.5.173 - - [19/Oct/2018:17:56:07 +0300] "GET / HTTP/1.1" 403 4897 "-" "Mozilla/5.0 (X11; Ubuntu; Linux x86_64) AppleWebKit/537.36 (KHTML, like Gecko) Chrome/60.0.3112.101 Safari/537.36"
66.249.66.88 - - [19/Oct/2018:20:25:50 +0300] "GET /robots.txt HTTP/1.1" 404 208 "-" "Mozilla/5.0 (compatible; Googlebot/2.1; +http://www.google.com/bot.html)"
66.249.66.86 - - [19/Oct/2018:20:25:50 +0300] "GET / HTTP/1.1" 403 4897 "-" "Mozilla/5.0 (Linux; Android 6.0.1; Nexus 5X Build/MMB29P) AppleWebKit/537.36 (KHTML, like Gecko) Chrome/41.0.2272.96 Mobile Safari/537.36 (compatible; Googlebot/2.1; +http://www.google.com/bot.html)"
66.249.66.88 - - [19/Oct/2018:20:26:47 +0300] "GET / HTTP/1.1" 403 4897 "-" "Mozilla/5.0 (compatible; Googlebot/2.1; +http://www.google.com/bot.html)"
66.249.66.222 - - [19/Oct/2018:21:00:58 +0300] "GET / HTTP/1.1" 403 4897 "-" "Mozilla/5.0 (Linux; Android 6.0.1; Nexus 5X Build/MMB29P) AppleWebKit/537.36 (KHTML, like Gecko) Chrome/41.0.2272.96 Mobile Safari/537.36 (compatible; Googlebot/2.1; +http://www.google.com/bot.html)"
207.46.13.189 - - [20/Oct/2018:01:26:43 +0300] "GET /images/clients/our-clients/ HTTP/1.1" 404 225 "-" "Mozilla/5.0 (compatible; bingbot/2.0; +http://www.bing.com/bingbot.htm)"
54.36.150.118 - - [20/Oct/2018:02:59:35 +0300] "GET /robots.txt HTTP/1.1" 404 208 "-" "Mozilla/5.0 (compatible; AhrefsBot/5.2; +http://ahrefs.com/robot/)"
54.36.148.249 - - [20/Oct/2018:02:59:36 +0300] "GET /Product/show/12 HTTP/1.1" 404 213 "-" "Mozilla/5.0 (compatible; AhrefsBot/5.2; +http://ahrefs.com/robot/)"
213.181.83.239 - - [20/Oct/2018:04:17:16 +0300] "GET / HTTP/1.1" 403 4897 "-" "Mozilla/5.0 (compatible; 3w24bot/1.2; +https://3w24.com/addYourSite)"
198.96.155.3 - - [20/Oct/2018:06:13:41 +0300] "GET / HTTP/1.1" 403 4897 "-" "Mozilla/5.0 (Unknown; Linux) AppleWebKit/538.1 (KHTML, like Gecko) Chrome/v1.0.0 Safari/538.1"
198.96.155.3 - - [20/Oct/2018:06:13:42 +0300] "GET / HTTP/1.1" 403 4897 "-" "Mozilla/5.0 (Unknown; Linux) AppleWebKit/538.1 (KHTML, like Gecko) Chrome/v1.0.0 Safari/538.1"
198.96.155.3 - - [20/Oct/2018:06:13:43 +0300] "GET / HTTP/1.1" 403 4897 "-" "Mozilla/5.0 (Unknown; Linux) AppleWebKit/538.1 (KHTML, like Gecko) Chrome/v1.0.0 Safari/538.1"
198.96.155.3 - - [20/Oct/2018:06:13:44 +0300] "GET /wp-login.php?action=register HTTP/1.1" 404 210 "-" "Mozilla/5.0 (Unknown; Linux) AppleWebKit/538.1 (KHTML, like Gecko) Chrome/v1.0.0 Safari/538.1"
198.96.155.3 - - [20/Oct/2018:06:13:45 +0300] "GET / HTTP/1.1" 403 4897 "-" "Mozilla/5.0 (Unknown; Linux) AppleWebKit/538.1 (KHTML, like Gecko) Chrome/v1.0.0 Safari/538.1"
198.96.155.3 - - [20/Oct/2018:06:13:46 +0300] "GET /index.php?option=com_user&task=register HTTP/1.1" 404 207 "-" "Mozilla/5.0 (Unknown; Linux) AppleWebKit/538.1 (KHTML, like Gecko) Chrome/v1.0.0 Safari/538.1"
198.96.155.3 - - [20/Oct/2018:06:13:46 +0300] "GET /user/register HTTP/1.1" 404 211 "-" "Mozilla/5.0 (Unknown; Linux) AppleWebKit/538.1 (KHTML, like Gecko) Chrome/v1.0.0 Safari/538.1"
188.165.233.34 - - [20/Oct/2018:09:11:35 +0300] "GET /robots.txt HTTP/1.0" 404 208 "-" ""
188.165.233.34 - - [20/Oct/2018:09:11:35 +0300] "GET / HTTP/1.1" 403 4897 "-" "Mozilla/5.0 (X11; Ubuntu; Linux x86_64; rv:21.0) Gecko/20130331 Firefox/21.0"
35.229.90.243 - - [20/Oct/2018:09:20:15 +0300] "GET / HTTP/1.1" 403 4897 "-" "Mozilla/5.0 (X11; U; Linux i686; en-US; rv:1.4) Gecko/20030624"
66.249.66.86 - - [20/Oct/2018:10:59:00 +0300] "GET /robots.txt HTTP/1.1" 404 208 "-" "Mozilla/5.0 (compatible; Googlebot/2.1; +http://www.google.com/bot.html)"
184.154.139.19 - - [20/Oct/2018:14:45:45 +0300] "GET / HTTP/1.1" 403 4897 "http://www.google.com/url?url=www.asdco.net&yahoo.com" "Mozilla/5.0 (compatible; MSIE 9.0; Windows NT 6.1; WOW64; Trident/6.0)"
184.154.139.19 - - [20/Oct/2018:14:45:45 +0300] "GET /th1s_1s_a_4o4.html HTTP/1.1" 404 216 "http://www.google.com/url?url=www.asdco.net&yahoo.com" "Mozilla/5.0 (compatible; MSIE 9.0; Windows NT 6.1; WOW64; Trident/6.0)"
184.154.139.19 - - [20/Oct/2018:14:45:45 +0300] "GET /noindex/css/open-sans.css HTTP/1.1" 200 5081 "http://www.google.com/url?url=www.asdco.net&yahoo.com" "Mozilla/5.0 (compatible; MSIE 9.0; Windows NT 6.1; WOW64; Trident/6.0)"
184.154.139.19 - - [20/Oct/2018:14:45:46 +0300] "GET /noindex/css/bootstrap.min.css HTTP/1.1" 200 19341 "-" "SiteLockSpider [en] (WinNT; I ;Nav)"
184.154.139.19 - - [20/Oct/2018:14:45:46 +0300] "GET / HTTP/1.1" 403 4897 "-" "SiteLockSpider [en] (WinNT; I ;Nav)"
52.14.121.186 - - [20/Oct/2018:18:54:14 +0300] "GET /wp-login.php HTTP/1.1" 404 210 "https://google.com" "Mozilla/5.0 (Windows NT 6.1; rv:28.0) Gecko/20100101 Firefox/28.0"
52.14.121.186 - - [20/Oct/2018:18:54:18 +0300] "GET /administrator/index.php HTTP/1.1" 404 221 "https://google.com" "Mozilla/5.0 (Windows NT 6.2; WOW64; rv:29.0) Gecko/20120101 Firefox/29.0"
52.14.121.186 - - [20/Oct/2018:18:54:21 +0300] "GET /phpmyadmin/index.php HTTP/1.1" 404 218 "https://google.com" "Mozilla/5.0 (Windows NT 6.2; WOW64; rv:31.0) Gecko/20100101 Firefox/31.0"
52.14.121.186 - - [20/Oct/2018:18:54:24 +0300] "GET /pma/index.php HTTP/1.1" 404 211 "https://google.com" "Mozilla/5.0 (Windows NT 6.1; rv:31.0) Gecko/20100101 Firefox/31.0"
66.249.66.88 - - [20/Oct/2018:21:43:08 +0300] "GET / HTTP/1.1" 403 4897 "-" "Mozilla/5.0 (compatible; Googlebot/2.1; +http://www.google.com/bot.html)"
66.249.66.88 - - [20/Oct/2018:21:46:06 +0300] "GET / HTTP/1.1" 403 4897 "-" "Mozilla/5.0 (Linux; Android 6.0.1; Nexus 5X Build/MMB29P) AppleWebKit/537.36 (KHTML, like Gecko) Chrome/41.0.2272.96 Mobile Safari/537.36 (compatible; Googlebot/2.1; +http://www.google.com/bot.html)"
66.249.66.220 - - [20/Oct/2018:21:49:05 +0300] "GET /robots.txt HTTP/1.1" 404 208 "-" "Mozilla/5.0 (compatible; Googlebot/2.1; +http://www.google.com/bot.html)"
66.249.66.218 - - [20/Oct/2018:21:49:05 +0300] "GET / HTTP/1.1" 403 4897 "-" "Mozilla/5.0 (Linux; Android 6.0.1; Nexus 5X Build/MMB29P) AppleWebKit/537.36 (KHTML, like Gecko) Chrome/41.0.2272.96 Mobile Safari/537.36 (compatible; Googlebot/2.1; +http://www.google.com/bot.html)"
54.36.150.118 - - [20/Oct/2018:23:08:06 +0300] "GET /robots.txt HTTP/1.1" 404 208 "-" "Mozilla/5.0 (compatible; AhrefsBot/5.2; +http://ahrefs.com/robot/)"
54.36.149.96 - - [20/Oct/2018:23:08:07 +0300] "GET / HTTP/1.1" 403 4897 "-" "Mozilla/5.0 (compatible; AhrefsBot/5.2; +http://ahrefs.com/robot/)"
66.249.66.218 - - [21/Oct/2018:00:52:01 +0300] "GET / HTTP/1.1" 403 4897 "-" "Mozilla/5.0 (compatible; Googlebot/2.1; +http://www.google.com/bot.html)"
66.249.66.86 - - [21/Oct/2018:07:15:52 +0300] "GET /robots.txt HTTP/1.1" 404 208 "-" "Mozilla/5.0 (compatible; Googlebot/2.1; +http://www.google.com/bot.html)"
66.249.66.86 - - [21/Oct/2018:07:15:52 +0300] "GET / HTTP/1.1" 403 4897 "-" "Mozilla/5.0 (Linux; Android 6.0.1; Nexus 5X Build/MMB29P) AppleWebKit/537.36 (KHTML, like Gecko) Chrome/41.0.2272.96 Mobile Safari/537.36 (compatible; Googlebot/2.1; +http://www.google.com/bot.html)"
66.249.66.222 - - [21/Oct/2018:07:17:21 +0300] "GET / HTTP/1.1" 403 4897 "-" "Mozilla/5.0 (Linux; Android 6.0.1; Nexus 5X Build/MMB29P) AppleWebKit/537.36 (KHTML, like Gecko) Chrome/41.0.2272.96 Mobile Safari/537.36 (compatible; Googlebot/2.1; +http://www.google.com/bot.html)"
66.249.66.86 - - [21/Oct/2018:07:18:50 +0300] "GET / HTTP/1.1" 403 4897 "-" "Mozilla/5.0 (compatible; Googlebot/2.1; +http://www.google.com/bot.html)"
37.187.26.42 - - [21/Oct/2018:07:18:57 +0300] "GET / HTTP/1.1" 403 4897 "-" "Mozilla/5.0 (compatible; Googlebot/2.1; +http://www.google.com/bot.html)"
37.106.121.178 - - [21/Oct/2018:11:56:01 +0300] "GET / HTTP/1.1" 403 4897 "https://www.google.com.sa/" "Mozilla/5.0 (Windows NT 10.0; Win64; x64) AppleWebKit/537.36 (KHTML, like Gecko) Chrome/69.0.3497.100 Safari/537.36"
37.106.121.178 - - [21/Oct/2018:11:56:01 +0300] "GET /noindex/css/bootstrap.min.css HTTP/1.1" 200 4755 "http://www.asdco.net/" "Mozilla/5.0 (Windows NT 10.0; Win64; x64) AppleWebKit/537.36 (KHTML, like Gecko) Chrome/69.0.3497.100 Safari/537.36"
37.106.121.178 - - [21/Oct/2018:11:56:01 +0300] "GET /noindex/css/open-sans.css HTTP/1.1" 200 637 "http://www.asdco.net/" "Mozilla/5.0 (Windows NT 10.0; Win64; x64) AppleWebKit/537.36 (KHTML, like Gecko) Chrome/69.0.3497.100 Safari/537.36"
37.106.121.178 - - [21/Oct/2018:11:56:58 +0300] "GET /noindex/css/bootstrap.min.css HTTP/1.1" 200 4755 "http://www.asdco.net/" "Mozilla/5.0 (Windows NT 10.0; Win64; x64) AppleWebKit/537.36 (KHTML, like Gecko) Chrome/69.0.3497.100 Safari/537.36"
37.106.121.178 - - [21/Oct/2018:11:56:58 +0300] "GET /noindex/css/open-sans.css HTTP/1.1" 200 637 "http://www.asdco.net/" "Mozilla/5.0 (Windows NT 10.0; Win64; x64) AppleWebKit/537.36 (KHTML, like Gecko) Chrome/69.0.3497.100 Safari/537.36"
37.106.121.178 - - [21/Oct/2018:11:56:58 +0300] "GET /images/poweredby.png HTTP/1.1" 200 3956 "http://www.asdco.net/" "Mozilla/5.0 (Windows NT 10.0; Win64; x64) AppleWebKit/537.36 (KHTML, like Gecko) Chrome/69.0.3497.100 Safari/537.36"
37.106.121.178 - - [21/Oct/2018:11:56:58 +0300] "GET /images/apache_pb.gif HTTP/1.1" 200 2326 "http://www.asdco.net/" "Mozilla/5.0 (Windows NT 10.0; Win64; x64) AppleWebKit/537.36 (KHTML, like Gecko) Chrome/69.0.3497.100 Safari/537.36"
37.106.121.178 - - [21/Oct/2018:11:56:59 +0300] "GET /noindex/css/fonts/Light/OpenSans-Light.woff HTTP/1.1" 404 241 "http://www.asdco.net/noindex/css/open-sans.css" "Mozilla/5.0 (Windows NT 10.0; Win64; x64) AppleWebKit/537.36 (KHTML, like Gecko) Chrome/69.0.3497.100 Safari/537.36"
37.106.121.178 - - [21/Oct/2018:11:56:59 +0300] "GET /noindex/css/fonts/Bold/OpenSans-Bold.woff HTTP/1.1" 404 239 "http://www.asdco.net/noindex/css/open-sans.css" "Mozilla/5.0 (Windows NT 10.0; Win64; x64) AppleWebKit/537.36 (KHTML, like Gecko) Chrome/69.0.3497.100 Safari/537.36"
37.106.121.178 - - [21/Oct/2018:11:57:00 +0300] "GET /noindex/css/fonts/Light/OpenSans-Light.ttf HTTP/1.1" 404 240 "http://www.asdco.net/noindex/css/open-sans.css" "Mozilla/5.0 (Windows NT 10.0; Win64; x64) AppleWebKit/537.36 (KHTML, like Gecko) Chrome/69.0.3497.100 Safari/537.36"
37.106.121.178 - - [21/Oct/2018:11:57:00 +0300] "GET /noindex/css/fonts/Bold/OpenSans-Bold.ttf HTTP/1.1" 404 238 "http://www.asdco.net/noindex/css/open-sans.css" "Mozilla/5.0 (Windows NT 10.0; Win64; x64) AppleWebKit/537.36 (KHTML, like Gecko) Chrome/69.0.3497.100 Safari/537.36"
37.106.121.178 - - [21/Oct/2018:11:57:02 +0300] "GET /favicon.ico HTTP/1.1" 404 209 "http://www.asdco.net/" "Mozilla/5.0 (Windows NT 10.0; Win64; x64) AppleWebKit/537.36 (KHTML, like Gecko) Chrome/69.0.3497.100 Safari/537.36"
66.249.92.150 - - [21/Oct/2018:14:03:26 +0300] "GET / HTTP/1.1" 403 4897 "-" "AdsBot-Google (+http://www.google.com/adsbot.html)"
54.36.150.118 - - [21/Oct/2018:14:27:41 +0300] "GET /robots.txt HTTP/1.1" 404 208 "-" "Mozilla/5.0 (compatible; AhrefsBot/5.2; +http://ahrefs.com/robot/)"
54.36.148.32 - - [21/Oct/2018:14:27:42 +0300] "GET / HTTP/1.1" 403 4897 "-" "Mozilla/5.0 (compatible; AhrefsBot/5.2; +http://ahrefs.com/robot/)"
184.154.139.17 - - [21/Oct/2018:15:02:41 +0300] "GET / HTTP/1.1" 403 4897 "http://www.google.com/url?url=www.asdco.net&yahoo.com" "Mozilla/5.0 (compatible; MSIE 9.0; Windows NT 6.1; WOW64; Trident/6.0)"
184.154.139.17 - - [21/Oct/2018:15:02:41 +0300] "GET /th1s_1s_a_4o4.html HTTP/1.1" 404 216 "http://www.google.com/url?url=www.asdco.net&yahoo.com" "Mozilla/5.0 (compatible; MSIE 9.0; Windows NT 6.1; WOW64; Trident/6.0)"
184.154.139.17 - - [21/Oct/2018:15:02:41 +0300] "GET /noindex/css/bootstrap.min.css HTTP/1.1" 200 19341 "http://www.google.com/url?url=www.asdco.net&yahoo.com" "Mozilla/5.0 (compatible; MSIE 9.0; Windows NT 6.1; WOW64; Trident/6.0)"
184.154.139.17 - - [21/Oct/2018:15:02:42 +0300] "GET /noindex/css/open-sans.css HTTP/1.1" 200 5081 "-" "SiteLockSpider [en] (WinNT; I ;Nav)"
184.154.139.17 - - [21/Oct/2018:15:02:42 +0300] "GET / HTTP/1.1" 403 4897 "-" "SiteLockSpider [en] (WinNT; I ;Nav)"
94.49.186.168 - - [21/Oct/2018:15:19:19 +0300] "GET / HTTP/1.1" 403 4897 "https://www.google.com.sa/" "Mozilla/5.0 (Windows NT 10.0; Win64; x64) AppleWebKit/537.36 (KHTML, like Gecko) Chrome/69.0.3497.100 Safari/537.36"
94.49.186.168 - - [21/Oct/2018:15:19:19 +0300] "GET /noindex/css/bootstrap.min.css HTTP/1.1" 200 4755 "http://www.asdco.net/" "Mozilla/5.0 (Windows NT 10.0; Win64; x64) AppleWebKit/537.36 (KHTML, like Gecko) Chrome/69.0.3497.100 Safari/537.36"
94.49.186.168 - - [21/Oct/2018:15:19:19 +0300] "GET /noindex/css/open-sans.css HTTP/1.1" 200 637 "http://www.asdco.net/" "Mozilla/5.0 (Windows NT 10.0; Win64; x64) AppleWebKit/537.36 (KHTML, like Gecko) Chrome/69.0.3497.100 Safari/537.36"
66.249.66.222 - - [21/Oct/2018:16:56:03 +0300] "GET /robots.txt HTTP/1.1" 404 208 "-" "Mozilla/5.0 (compatible; Googlebot/2.1; +http://www.google.com/bot.html)"
66.249.66.222 - - [21/Oct/2018:16:56:03 +0300] "GET / HTTP/1.1" 403 4897 "-" "Mozilla/5.0 (compatible; Googlebot/2.1; +http://www.google.com/bot.html)"
66.249.66.86 - - [21/Oct/2018:20:54:39 +0300] "GET /robots.txt HTTP/1.1" 404 208 "-" "Mozilla/5.0 (compatible; Googlebot/2.1; +http://www.google.com/bot.html)"
66.249.66.87 - - [21/Oct/2018:20:54:39 +0300] "GET / HTTP/1.1" 403 4897 "-" "Mozilla/5.0 (Linux; Android 6.0.1; Nexus 5X Build/MMB29P) AppleWebKit/537.36 (KHTML, like Gecko) Chrome/41.0.2272.96 Mobile Safari/537.36 (compatible; Googlebot/2.1; +http://www.google.com/bot.html)"
66.249.66.218 - - [21/Oct/2018:21:15:35 +0300] "GET / HTTP/1.1" 403 4897 "-" "Mozilla/5.0 (Linux; Android 6.0.1; Nexus 5X Build/MMB29P) AppleWebKit/537.36 (KHTML, like Gecko) Chrome/41.0.2272.96 Mobile Safari/537.36 (compatible; Googlebot/2.1; +http://www.google.com/bot.html)"
66.249.66.88 - - [21/Oct/2018:21:17:40 +0300] "GET / HTTP/1.1" 403 4897 "-" "Mozilla/5.0 (compatible; Googlebot/2.1; +http://www.google.com/bot.html)"
52.53.201.78 - - [21/Oct/2018:22:49:24 +0300] "GET / HTTP/1.1" 403 4897 "-" "Mozilla/5.0 (Macintosh; Intel Mac OS X 10_12_6) AppleWebKit/537.36 (KHTML, like Gecko) Chrome/61.0.3163.100 Safari/537.36"
66.249.66.87 - - [22/Oct/2018:00:00:55 +0300] "GET /Product/show/9 HTTP/1.1" 404 212 "-" "Mozilla/5.0 (compatible; Googlebot/2.1; +http://www.google.com/bot.html)"
163.172.4.153 - - [22/Oct/2018:07:22:35 +0300] "GET / HTTP/1.1" 403 4897 "http://asdco.net/" "Mozilla/5.0 (Macintosh; Intel Mac OS X 10_11_6) AppleWebKit/537.36 (KHTML, like Gecko) Chrome/57.0.2987.133 Safari/537.36"
66.249.66.222 - - [22/Oct/2018:07:43:29 +0300] "GET /robots.txt HTTP/1.1" 404 208 "-" "Mozilla/5.0 (compatible; Googlebot/2.1; +http://www.google.com/bot.html)"
66.249.66.218 - - [22/Oct/2018:07:43:29 +0300] "GET / HTTP/1.1" 403 4897 "-" "Mozilla/5.0 (compatible; Googlebot/2.1; +http://www.google.com/bot.html)"
104.144.139.227 - - [22/Oct/2018:11:33:41 +0300] "GET / HTTP/1.1" 403 4897 "asdco.net" "Mozilla/5.0 (Windows NT 10.0; Win64; x64) AppleWebKit/537.36 (KHTML, like Gecko) Chrome/62.0.3202.94 Safari/537.36"
104.144.139.227 - - [22/Oct/2018:11:33:43 +0300] "GET / HTTP/1.1" 403 4897 "asdco.net" "Mozilla/5.0 (Windows NT 10.0; Win64; x64) AppleWebKit/537.36 (KHTML, like Gecko) Chrome/62.0.3202.94 Safari/537.36"
104.144.139.227 - - [22/Oct/2018:11:33:45 +0300] "GET / HTTP/1.1" 403 4897 "asdco.net" "Mozilla/5.0 (Windows NT 10.0; Win64; x64) AppleWebKit/537.36 (KHTML, like Gecko) Chrome/62.0.3202.94 Safari/537.36"
104.144.139.227 - - [22/Oct/2018:11:33:47 +0300] "GET / HTTP/1.1" 403 4897 "asdco.net" "Mozilla/5.0 (Windows NT 10.0; Win64; x64) AppleWebKit/537.36 (KHTML, like Gecko) Chrome/62.0.3202.94 Safari/537.36"
184.154.139.21 - - [22/Oct/2018:14:50:26 +0300] "GET / HTTP/1.1" 403 4897 "http://www.google.com/url?url=www.asdco.net&yahoo.com" "Mozilla/5.0 (compatible; MSIE 9.0; Windows NT 6.1; WOW64; Trident/6.0)"
184.154.139.21 - - [22/Oct/2018:14:50:26 +0300] "GET /th1s_1s_a_4o4.html HTTP/1.1" 404 216 "http://www.google.com/url?url=www.asdco.net&yahoo.com" "Mozilla/5.0 (compatible; MSIE 9.0; Windows NT 6.1; WOW64; Trident/6.0)"
184.154.139.21 - - [22/Oct/2018:14:50:26 +0300] "GET /noindex/css/bootstrap.min.css HTTP/1.1" 200 19341 "http://www.google.com/url?url=www.asdco.net&yahoo.com" "Mozilla/5.0 (compatible; MSIE 9.0; Windows NT 6.1; WOW64; Trident/6.0)"
184.154.139.21 - - [22/Oct/2018:14:50:27 +0300] "GET /noindex/css/open-sans.css HTTP/1.1" 200 5081 "-" "SiteLockSpider [en] (WinNT; I ;Nav)"
184.154.139.21 - - [22/Oct/2018:14:50:27 +0300] "GET / HTTP/1.1" 403 4897 "-" "SiteLockSpider [en] (WinNT; I ;Nav)"
66.249.66.220 - - [22/Oct/2018:16:35:15 +0300] "GET / HTTP/1.1" 403 4897 "-" "Mozilla/5.0 (compatible; Googlebot/2.1; +http://www.google.com/bot.html)"
86.110.118.182 - - [22/Oct/2018:17:29:06 +0300] "GET /wp-login.php HTTP/1.1" 404 210 "-" "Mozilla/5.0 (compatible; MSIE 9.0; Windows NT 6.1; Trident/5.0)"
86.110.118.182 - - [22/Oct/2018:17:29:06 +0300] "GET //wp-login.php HTTP/1.1" 404 210 "-" "Mozilla/5.0 (compatible; MSIE 9.0; Windows NT 6.1; Trident/5.0)"
193.169.252.91 - - [22/Oct/2018:18:55:08 +0300] "GET /wp-login.php HTTP/1.1" 404 210 "http://asdco.net/wp-login.php" "Mozilla/4.0 (compatible; MSIE 9.0; Windows NT 6.1; 125LA; .NET CLR 2.0.50727; .NET CLR 3.0.04506.648; .NET CLR 3.5.21022)"
193.169.252.91 - - [22/Oct/2018:18:55:08 +0300] "GET /wp-login.php HTTP/1.1" 404 210 "http://asdco.net/wp-login.php" "Mozilla/4.0 (compatible; MSIE 9.0; Windows NT 6.1; 125LA; .NET CLR 2.0.50727; .NET CLR 3.0.04506.648; .NET CLR 3.5.21022)"
66.249.66.87 - - [22/Oct/2018:19:17:53 +0300] "GET /robots.txt HTTP/1.1" 404 208 "-" "Mozilla/5.0 (compatible; Googlebot/2.1; +http://www.google.com/bot.html)"
66.249.66.87 - - [22/Oct/2018:19:17:53 +0300] "GET / HTTP/1.1" 403 4897 "-" "Mozilla/5.0 (Linux; Android 6.0.1; Nexus 5X Build/MMB29P) AppleWebKit/537.36 (KHTML, like Gecko) Chrome/41.0.2272.96 Mobile Safari/537.36 (compatible; Googlebot/2.1; +http://www.google.com/bot.html)"
66.249.66.222 - - [22/Oct/2018:19:19:48 +0300] "GET / HTTP/1.1" 403 4897 "-" "Mozilla/5.0 (Linux; Android 6.0.1; Nexus 5X Build/MMB29P) AppleWebKit/537.36 (KHTML, like Gecko) Chrome/41.0.2272.96 Mobile Safari/537.36 (compatible; Googlebot/2.1; +http://www.google.com/bot.html)"
77.243.191.18 - - [22/Oct/2018:19:36:58 +0300] "GET /wp-login.php HTTP/1.1" 404 210 "-" "Mozilla/5.0 (Windows; U; Windows NT 6.0) Gecko/20091201 Firefox/3.5.6 GTB5"
77.243.191.18 - - [22/Oct/2018:19:36:58 +0300] "GET /blog/wp-login.php HTTP/1.1" 404 215 "-" "Mozilla/5.0 (Windows; U; Windows NT 6.0) Gecko/20091201 Firefox/3.5.6 GTB5"
77.243.191.18 - - [22/Oct/2018:19:36:58 +0300] "GET /wp/wp-login.php HTTP/1.1" 404 213 "-" "Mozilla/5.0 (Windows; U; Windows NT 6.0) Gecko/20091201 Firefox/3.5.6 GTB5"
77.243.191.18 - - [22/Oct/2018:19:36:59 +0300] "GET /wordpress/wp-login.php HTTP/1.1" 404 220 "-" "Mozilla/5.0 (Windows; U; Windows NT 6.0) Gecko/20091201 Firefox/3.5.6 GTB5"
66.249.66.86 - - [22/Oct/2018:19:44:58 +0300] "GET / HTTP/1.1" 403 4897 "-" "Mozilla/5.0 (compatible; Googlebot/2.1; +http://www.google.com/bot.html)"
66.249.66.218 - - [23/Oct/2018:03:45:06 +0300] "GET /robots.txt HTTP/1.1" 404 208 "-" "Mozilla/5.0 (compatible; Googlebot/2.1; +http://www.google.com/bot.html)"
66.249.66.86 - - [23/Oct/2018:05:12:04 +0300] "GET / HTTP/1.1" 403 4897 "-" "Mozilla/5.0 (compatible; Googlebot/2.1; +http://www.google.com/bot.html)"
52.41.252.46 - - [23/Oct/2018:06:03:46 +0300] "GET / HTTP/1.1" 403 4897 "-" "Mozilla/5.0 (Windows NT 6.1; WOW64; rv:55.0) Gecko/20100101 Firefox/55.0"
54.36.150.118 - - [23/Oct/2018:11:48:10 +0300] "GET /robots.txt HTTP/1.1" 404 208 "-" "Mozilla/5.0 (compatible; AhrefsBot/5.2; +http://ahrefs.com/robot/)"
54.36.149.0 - - [23/Oct/2018:11:48:11 +0300] "GET /cgi-bin/ HTTP/1.1" 403 210 "-" "Mozilla/5.0 (compatible; AhrefsBot/5.2; +http://ahrefs.com/robot/)"
54.36.148.129 - - [23/Oct/2018:13:04:38 +0300] "GET /files/o3foxd7dzvx6gsvnhuti.JPG HTTP/1.1" 404 228 "-" "Mozilla/5.0 (compatible; AhrefsBot/5.2; +http://ahrefs.com/robot/)"
66.249.66.87 - - [23/Oct/2018:14:10:08 +0300] "GET /robots.txt HTTP/1.1" 404 208 "-" "Mozilla/5.0 (compatible; Googlebot/2.1; +http://www.google.com/bot.html)"
66.249.66.88 - - [23/Oct/2018:14:10:08 +0300] "GET / HTTP/1.1" 403 4897 "-" "Mozilla/5.0 (Linux; Android 6.0.1; Nexus 5X Build/MMB29P) AppleWebKit/537.36 (KHTML, like Gecko) Chrome/41.0.2272.96 Mobile Safari/537.36 (compatible; Googlebot/2.1; +http://www.google.com/bot.html)"
66.249.66.218 - - [23/Oct/2018:14:12:04 +0300] "GET / HTTP/1.1" 403 4897 "-" "Mozilla/5.0 (Linux; Android 6.0.1; Nexus 5X Build/MMB29P) AppleWebKit/537.36 (KHTML, like Gecko) Chrome/41.0.2272.96 Mobile Safari/537.36 (compatible; Googlebot/2.1; +http://www.google.com/bot.html)"
184.154.139.19 - - [23/Oct/2018:14:47:17 +0300] "GET / HTTP/1.1" 403 4897 "http://www.google.com/url?url=www.asdco.net&yahoo.com" "Mozilla/5.0 (compatible; MSIE 9.0; Windows NT 6.1; WOW64; Trident/6.0)"
184.154.139.19 - - [23/Oct/2018:14:47:17 +0300] "GET /th1s_1s_a_4o4.html HTTP/1.1" 404 216 "http://www.google.com/url?url=www.asdco.net&yahoo.com" "Mozilla/5.0 (compatible; MSIE 9.0; Windows NT 6.1; WOW64; Trident/6.0)"
184.154.139.19 - - [23/Oct/2018:14:47:17 +0300] "GET /noindex/css/open-sans.css HTTP/1.1" 200 5081 "http://www.google.com/url?url=www.asdco.net&yahoo.com" "Mozilla/5.0 (compatible; MSIE 9.0; Windows NT 6.1; WOW64; Trident/6.0)"
184.154.139.19 - - [23/Oct/2018:14:47:18 +0300] "GET /noindex/css/bootstrap.min.css HTTP/1.1" 200 19341 "-" "SiteLockSpider [en] (WinNT; I ;Nav)"
184.154.139.19 - - [23/Oct/2018:14:47:18 +0300] "GET / HTTP/1.1" 403 4897 "-" "SiteLockSpider [en] (WinNT; I ;Nav)"
66.249.66.88 - - [23/Oct/2018:16:44:58 +0300] "GET / HTTP/1.1" 403 4897 "-" "Mozilla/5.0 (compatible; Googlebot/2.1; +http://www.google.com/bot.html)"
54.36.148.73 - - [23/Oct/2018:22:27:16 +0300] "GET /Product/Cat/2 HTTP/1.1" 404 211 "-" "Mozilla/5.0 (compatible; AhrefsBot/5.2; +http://ahrefs.com/robot/)"
66.249.66.88 - - [24/Oct/2018:00:51:52 +0300] "GET / HTTP/1.1" 403 4897 "-" "Mozilla/5.0 (Linux; Android 6.0.1; Nexus 5X Build/MMB29P) AppleWebKit/537.36 (KHTML, like Gecko) Chrome/41.0.2272.96 Mobile Safari/537.36 (compatible; Googlebot/2.1; +http://www.google.com/bot.html)"
190.2.148.176 - - [24/Oct/2018:01:54:42 +0300] "GET / HTTP/1.1" 403 4897 "-" "Mozilla/5.0 (Windows NT 5.1) AppleWebKit/537.36 (KHTML, like Gecko) Chrome/27.0.1453.94 Safari/537.36"
5.45.207.48 - - [24/Oct/2018:02:02:12 +0300] "GET /robots.txt HTTP/1.1" 404 208 "-" "Mozilla/5.0 (compatible; YandexBot/3.0; +http://yandex.com/bots)"
5.45.207.48 - - [24/Oct/2018:02:02:16 +0300] "GET / HTTP/1.1" 403 4897 "-" "Mozilla/5.0 (compatible; YandexBot/3.0; +http://yandex.com/bots)"
52.53.201.78 - - [24/Oct/2018:05:06:44 +0300] "GET / HTTP/1.1" 403 4897 "-" "Mozilla/5.0 (Macintosh; Intel Mac OS X 10_12_6) AppleWebKit/537.36 (KHTML, like Gecko) Chrome/61.0.3163.100 Safari/537.36"
66.249.66.220 - - [24/Oct/2018:10:33:31 +0300] "GET /robots.txt HTTP/1.1" 404 208 "-" "Mozilla/5.0 (compatible; Googlebot/2.1; +http://www.google.com/bot.html)"
66.249.66.218 - - [24/Oct/2018:10:33:32 +0300] "GET / HTTP/1.1" 403 4897 "-" "Mozilla/5.0 (Linux; Android 6.0.1; Nexus 5X Build/MMB29P) AppleWebKit/537.36 (KHTML, like Gecko) Chrome/41.0.2272.96 Mobile Safari/537.36 (compatible; Googlebot/2.1; +http://www.google.com/bot.html)"
66.249.66.86 - - [24/Oct/2018:14:25:38 +0300] "GET /robots.txt HTTP/1.1" 404 208 "-" "Mozilla/5.0 (compatible; Googlebot/2.1; +http://www.google.com/bot.html)"
66.249.66.87 - - [24/Oct/2018:14:25:38 +0300] "GET / HTTP/1.1" 403 4897 "-" "Mozilla/5.0 (compatible; Googlebot/2.1; +http://www.google.com/bot.html)"
66.249.66.87 - - [24/Oct/2018:14:25:39 +0300] "GET / HTTP/1.1" 403 4897 "-" "Mozilla/5.0 (compatible; Googlebot/2.1; +http://www.google.com/bot.html)"
184.154.139.21 - - [24/Oct/2018:14:49:41 +0300] "GET / HTTP/1.1" 403 4897 "http://www.google.com/url?url=www.asdco.net&yahoo.com" "Mozilla/5.0 (compatible; MSIE 9.0; Windows NT 6.1; WOW64; Trident/6.0)"
184.154.139.21 - - [24/Oct/2018:14:49:42 +0300] "GET /th1s_1s_a_4o4.html HTTP/1.1" 404 216 "http://www.google.com/url?url=www.asdco.net&yahoo.com" "Mozilla/5.0 (compatible; MSIE 9.0; Windows NT 6.1; WOW64; Trident/6.0)"
184.154.139.21 - - [24/Oct/2018:14:49:42 +0300] "GET /noindex/css/open-sans.css HTTP/1.1" 200 5081 "http://www.google.com/url?url=www.asdco.net&yahoo.com" "Mozilla/5.0 (compatible; MSIE 9.0; Windows NT 6.1; WOW64; Trident/6.0)"
184.154.139.21 - - [24/Oct/2018:14:49:42 +0300] "GET /noindex/css/bootstrap.min.css HTTP/1.1" 200 19341 "-" "SiteLockSpider [en] (WinNT; I ;Nav)"
184.154.139.21 - - [24/Oct/2018:14:49:42 +0300] "GET / HTTP/1.1" 403 4897 "-" "SiteLockSpider [en] (WinNT; I ;Nav)"
54.36.150.118 - - [24/Oct/2018:16:41:01 +0300] "GET /robots.txt HTTP/1.1" 404 208 "-" "Mozilla/5.0 (compatible; AhrefsBot/5.2; +http://ahrefs.com/robot/)"
54.36.148.130 - - [24/Oct/2018:16:41:01 +0300] "GET /files/ghxr5x2jnioeao05lxyd.jpg HTTP/1.1" 404 228 "-" "Mozilla/5.0 (compatible; AhrefsBot/5.2; +http://ahrefs.com/robot/)"
157.55.39.25 - - [24/Oct/2018:17:02:53 +0300] "GET /robots.txt HTTP/1.1" 404 208 "-" "Mozilla/5.0 (compatible; bingbot/2.0; +http://www.bing.com/bingbot.htm)"
207.46.13.191 - - [24/Oct/2018:17:02:58 +0300] "GET / HTTP/1.1" 403 4897 "-" "Mozilla/5.0 (iPhone; CPU iPhone OS 7_0 like Mac OS X) AppleWebKit/537.51.1 (KHTML, like Gecko) Version/7.0 Mobile/11A465 Safari/9537.53 (compatible; bingbot/2.0; +http://www.bing.com/bingbot.htm)"
157.55.39.25 - - [24/Oct/2018:20:26:56 +0300] "GET /robots.txt HTTP/1.1" 404 208 "-" "Mozilla/5.0 (compatible; bingbot/2.0; +http://www.bing.com/bingbot.htm)"
207.46.13.191 - - [24/Oct/2018:20:27:01 +0300] "GET / HTTP/1.1" 403 4897 "-" "Mozilla/5.0 (compatible; bingbot/2.0; +http://www.bing.com/bingbot.htm)"
79.133.106.32 - - [24/Oct/2018:21:12:22 +0300] "GET / HTTP/1.1" 403 4897 "-" "GuzzleHttp/6.1.0 curl/7.35.0 PHP/5.5.9-1ubuntu4.14"
66.249.66.86 - - [24/Oct/2018:22:20:02 +0300] "GET / HTTP/1.1" 403 4897 "-" "Mozilla/5.0 (Linux; Android 6.0.1; Nexus 5X Build/MMB29P) AppleWebKit/537.36 (KHTML, like Gecko) Chrome/41.0.2272.96 Mobile Safari/537.36 (compatible; Googlebot/2.1; +http://www.google.com/bot.html)"
66.249.66.222 - - [24/Oct/2018:23:25:53 +0300] "GET /robots.txt HTTP/1.1" 404 208 "-" "Mozilla/5.0 (compatible; Googlebot/2.1; +http://www.google.com/bot.html)"
66.249.66.220 - - [24/Oct/2018:23:25:53 +0300] "GET / HTTP/1.1" 403 4897 "-" "Mozilla/5.0 (Linux; Android 6.0.1; Nexus 5X Build/MMB29P) AppleWebKit/537.36 (KHTML, like Gecko) Chrome/41.0.2272.96 Mobile Safari/537.36 (compatible; Googlebot/2.1; +http://www.google.com/bot.html)"
66.249.66.218 - - [25/Oct/2018:07:13:14 +0300] "GET / HTTP/1.1" 403 4897 "-" "Mozilla/5.0 (compatible; Googlebot/2.1; +http://www.google.com/bot.html)"
35.237.26.183 - - [25/Oct/2018:08:07:39 +0300] "GET / HTTP/1.1" 403 4897 "-" "Mozilla/5.0 (X11; U; Linux i686; en-US; rv:1.4) Gecko/20030624"
66.249.66.86 - - [25/Oct/2018:09:07:09 +0300] "GET /robots.txt HTTP/1.1" 404 208 "-" "Mozilla/5.0 (compatible; Googlebot/2.1; +http://www.google.com/bot.html)"
66.249.66.86 - - [25/Oct/2018:09:07:09 +0300] "GET / HTTP/1.1" 403 4897 "-" "Mozilla/5.0 (Linux; Android 6.0.1; Nexus 5X Build/MMB29P) AppleWebKit/537.36 (KHTML, like Gecko) Chrome/41.0.2272.96 Mobile Safari/537.36 (compatible; Googlebot/2.1; +http://www.google.com/bot.html)"
66.249.66.218 - - [25/Oct/2018:09:12:30 +0300] "GET / HTTP/1.1" 403 4897 "-" "Mozilla/5.0 (Linux; Android 6.0.1; Nexus 5X Build/MMB29P) AppleWebKit/537.36 (KHTML, like Gecko) Chrome/41.0.2272.96 Mobile Safari/537.36 (compatible; Googlebot/2.1; +http://www.google.com/bot.html)"
149.202.238.204 - - [25/Oct/2018:11:37:26 +0300] "HEAD / HTTP/1.1" 403 - "-" "Mozilla/5.0 (Windows NT 10.0; Win64; x64) AppleWebKit/537.36 (KHTML, like Gecko) Chrome/64.0.3282.186 Safari/537.36"
184.154.139.21 - - [25/Oct/2018:14:56:15 +0300] "GET / HTTP/1.1" 403 4897 "http://www.google.com/url?url=www.asdco.net&yahoo.com" "Mozilla/5.0 (compatible; MSIE 9.0; Windows NT 6.1; WOW64; Trident/6.0)"
184.154.139.21 - - [25/Oct/2018:14:56:15 +0300] "GET /th1s_1s_a_4o4.html HTTP/1.1" 404 216 "http://www.google.com/url?url=www.asdco.net&yahoo.com" "Mozilla/5.0 (compatible; MSIE 9.0; Windows NT 6.1; WOW64; Trident/6.0)"
184.154.139.21 - - [25/Oct/2018:14:56:16 +0300] "GET /noindex/css/open-sans.css HTTP/1.1" 200 5081 "http://www.google.com/url?url=www.asdco.net&yahoo.com" "Mozilla/5.0 (compatible; MSIE 9.0; Windows NT 6.1; WOW64; Trident/6.0)"
184.154.139.21 - - [25/Oct/2018:14:56:16 +0300] "GET /noindex/css/bootstrap.min.css HTTP/1.1" 200 19341 "-" "SiteLockSpider [en] (WinNT; I ;Nav)"
184.154.139.21 - - [25/Oct/2018:14:56:16 +0300] "GET / HTTP/1.1" 403 4897 "-" "SiteLockSpider [en] (WinNT; I ;Nav)"
198.71.226.32 - - [25/Oct/2018:15:53:06 +0300] "GET //wp-login.php HTTP/1.1" 404 210 "-" "Mozilla/5.0 (X11; U; Linux i686; pt-BR; rv:1.9.0.15) Gecko/2009102815 Ubuntu/9.04 (jaunty) Firefox/3.0.15"
198.71.226.32 - - [25/Oct/2018:15:53:07 +0300] "GET /blog//wp-login.php HTTP/1.1" 404 216 "-" "Mozilla/5.0 (X11; U; Linux i686; pt-BR; rv:1.9.0.15) Gecko/2009102815 Ubuntu/9.04 (jaunty) Firefox/3.0.15"
198.71.226.32 - - [25/Oct/2018:15:53:07 +0300] "GET /wordpress//wp-login.php HTTP/1.1" 404 221 "-" "Mozilla/5.0 (X11; U; Linux i686; pt-BR; rv:1.9.0.15) Gecko/2009102815 Ubuntu/9.04 (jaunty) Firefox/3.0.15"
198.71.226.32 - - [25/Oct/2018:15:53:07 +0300] "GET /wp//wp-login.php HTTP/1.1" 404 214 "-" "Mozilla/5.0 (X11; U; Linux i686; pt-BR; rv:1.9.0.15) Gecko/2009102815 Ubuntu/9.04 (jaunty) Firefox/3.0.15"
66.249.66.218 - - [25/Oct/2018:16:52:01 +0300] "GET /robots.txt HTTP/1.1" 404 208 "-" "Mozilla/5.0 (compatible; Googlebot/2.1; +http://www.google.com/bot.html)"
66.249.66.220 - - [25/Oct/2018:16:52:01 +0300] "GET / HTTP/1.1" 403 4897 "-" "Mozilla/5.0 (compatible; Googlebot/2.1; +http://www.google.com/bot.html)"
66.249.66.86 - - [25/Oct/2018:18:30:12 +0300] "GET / HTTP/1.1" 403 4897 "-" "Mozilla/5.0 (Linux; Android 6.0.1; Nexus 5X Build/MMB29P) AppleWebKit/537.36 (KHTML, like Gecko) Chrome/41.0.2272.96 Mobile Safari/537.36 (compatible; Googlebot/2.1; +http://www.google.com/bot.html)"
66.249.66.220 - - [25/Oct/2018:18:31:16 +0300] "GET / HTTP/1.1" 403 4897 "-" "Mozilla/5.0 (Linux; Android 6.0.1; Nexus 5X Build/MMB29P) AppleWebKit/537.36 (KHTML, like Gecko) Chrome/41.0.2272.96 Mobile Safari/537.36 (compatible; Googlebot/2.1; +http://www.google.com/bot.html)"
34.210.10.191 - - [25/Oct/2018:20:50:10 +0300] "GET / HTTP/1.1" 403 4897 "-" "Mozilla/5.0 (Windows NT 10.0; Win64; x64; rv:62.0) Gecko/20100101 Firefox/62.0"
5.150.254.67 - - [26/Oct/2018:09:36:35 +0300] "GET / HTTP/1.1" 403 4897 "-" "Mozilla/5.0 (Windows NT 10.0; Win64; x64) AppleWebKit/537.36 (KHTML, like Gecko) Chrome/60.0.3112.113 Safari/537.36"
185.220.101.21 - - [26/Oct/2018:09:36:37 +0300] "GET / HTTP/1.1" 403 4897 "-" "Mozilla/5.0 (Windows NT 10.0; Win64; x64) AppleWebKit/537.36 (KHTML, like Gecko) Chrome/60.0.3112.113 Safari/537.36"
185.220.101.21 - - [26/Oct/2018:09:36:39 +0300] "GET / HTTP/1.1" 403 4897 "-" "Mozilla/5.0 (Windows NT 10.0; Win64; x64) AppleWebKit/537.36 (KHTML, like Gecko) Chrome/60.0.3112.113 Safari/537.36"
185.220.101.21 - - [26/Oct/2018:09:36:39 +0300] "GET /wp-login.php?action=register HTTP/1.1" 404 210 "-" "Mozilla/5.0 (Windows NT 10.0; Win64; x64) AppleWebKit/537.36 (KHTML, like Gecko) Chrome/60.0.3112.113 Safari/537.36"
185.220.101.21 - - [26/Oct/2018:09:36:40 +0300] "GET / HTTP/1.1" 403 4897 "-" "Mozilla/5.0 (Windows NT 10.0; Win64; x64) AppleWebKit/537.36 (KHTML, like Gecko) Chrome/60.0.3112.113 Safari/537.36"
185.220.101.21 - - [26/Oct/2018:09:36:41 +0300] "GET /index.php?option=com_user&task=register HTTP/1.1" 404 207 "-" "Mozilla/5.0 (Windows NT 10.0; Win64; x64) AppleWebKit/537.36 (KHTML, like Gecko) Chrome/60.0.3112.113 Safari/537.36"
185.220.101.21 - - [26/Oct/2018:09:36:42 +0300] "GET /user/register HTTP/1.1" 404 211 "-" "Mozilla/5.0 (Windows NT 10.0; Win64; x64) AppleWebKit/537.36 (KHTML, like Gecko) Chrome/60.0.3112.113 Safari/537.36"
54.36.150.118 - - [26/Oct/2018:09:52:47 +0300] "GET /robots.txt HTTP/1.1" 404 208 "-" "Mozilla/5.0 (compatible; AhrefsBot/5.2; +http://ahrefs.com/robot/)"
54.36.148.34 - - [26/Oct/2018:09:52:48 +0300] "GET /Product/show/2 HTTP/1.1" 404 212 "-" "Mozilla/5.0 (compatible; AhrefsBot/5.2; +http://ahrefs.com/robot/)"
66.249.66.218 - - [26/Oct/2018:11:35:47 +0300] "GET /robots.txt HTTP/1.1" 404 208 "-" "Mozilla/5.0 (compatible; Googlebot/2.1; +http://www.google.com/bot.html)"
66.249.66.222 - - [26/Oct/2018:11:35:48 +0300] "GET / HTTP/1.1" 403 4897 "-" "Mozilla/5.0 (compatible; Googlebot/2.1; +http://www.google.com/bot.html)"
66.249.66.87 - - [26/Oct/2018:11:42:53 +0300] "GET /robots.txt HTTP/1.1" 404 208 "-" "Mozilla/5.0 (compatible; Googlebot/2.1; +http://www.google.com/bot.html)"
66.249.66.87 - - [26/Oct/2018:11:42:53 +0300] "GET / HTTP/1.1" 403 4897 "-" "Mozilla/5.0 (Linux; Android 6.0.1; Nexus 5X Build/MMB29P) AppleWebKit/537.36 (KHTML, like Gecko) Chrome/41.0.2272.96 Mobile Safari/537.36 (compatible; Googlebot/2.1; +http://www.google.com/bot.html)"
66.249.66.220 - - [26/Oct/2018:11:54:22 +0300] "GET / HTTP/1.1" 403 4897 "-" "Mozilla/5.0 (Linux; Android 6.0.1; Nexus 5X Build/MMB29P) AppleWebKit/537.36 (KHTML, like Gecko) Chrome/41.0.2272.96 Mobile Safari/537.36 (compatible; Googlebot/2.1; +http://www.google.com/bot.html)"
198.27.69.191 - - [26/Oct/2018:12:02:17 +0300] "GET /wp-login.php HTTP/1.1" 404 210 "-" "Mozilla/5.0 (Windows NT 10.0; WOW64) AppleWebKit/537.36 (KHTML, like Gecko) Chrome/46.0.2490.80 Safari/537.36"
198.27.69.191 - - [26/Oct/2018:12:02:26 +0300] "GET /robots.txt HTTP/1.1" 404 208 "-" "Mozilla/5.0 (Windows NT 10.0; WOW64) AppleWebKit/537.36 (KHTML, like Gecko) Chrome/46.0.2490.80 Safari/537.36"
52.53.201.78 - - [26/Oct/2018:12:04:10 +0300] "GET / HTTP/1.1" 403 4897 "-" "Mozilla/5.0 (Macintosh; Intel Mac OS X 10_12_6) AppleWebKit/537.36 (KHTML, like Gecko) Chrome/61.0.3163.100 Safari/537.36"
207.46.13.191 - - [26/Oct/2018:12:21:27 +0300] "GET / HTTP/1.1" 403 4897 "-" "Mozilla/5.0 (compatible; bingbot/2.0; +http://www.bing.com/bingbot.htm)"
184.154.139.18 - - [26/Oct/2018:14:50:20 +0300] "GET / HTTP/1.1" 403 4897 "http://www.google.com/url?url=www.asdco.net&yahoo.com" "Mozilla/5.0 (compatible; MSIE 9.0; Windows NT 6.1; WOW64; Trident/6.0)"
184.154.139.18 - - [26/Oct/2018:14:50:21 +0300] "GET /th1s_1s_a_4o4.html HTTP/1.1" 404 216 "http://www.google.com/url?url=www.asdco.net&yahoo.com" "Mozilla/5.0 (compatible; MSIE 9.0; Windows NT 6.1; WOW64; Trident/6.0)"
184.154.139.18 - - [26/Oct/2018:14:50:21 +0300] "GET /noindex/css/open-sans.css HTTP/1.1" 200 5081 "http://www.google.com/url?url=www.asdco.net&yahoo.com" "Mozilla/5.0 (compatible; MSIE 9.0; Windows NT 6.1; WOW64; Trident/6.0)"
184.154.139.18 - - [26/Oct/2018:14:50:21 +0300] "GET /noindex/css/bootstrap.min.css HTTP/1.1" 200 19341 "-" "SiteLockSpider [en] (WinNT; I ;Nav)"
184.154.139.18 - - [26/Oct/2018:14:50:22 +0300] "GET / HTTP/1.1" 403 4897 "-" "SiteLockSpider [en] (WinNT; I ;Nav)"
54.36.148.176 - - [26/Oct/2018:15:55:02 +0300] "GET /Product/show/4 HTTP/1.1" 404 212 "-" "Mozilla/5.0 (compatible; AhrefsBot/5.2; +http://ahrefs.com/robot/)"
157.55.39.25 - - [26/Oct/2018:18:02:34 +0300] "GET /robots.txt HTTP/1.1" 404 208 "-" "Mozilla/5.0 (compatible; bingbot/2.0; +http://www.bing.com/bingbot.htm)"
207.46.13.191 - - [26/Oct/2018:18:04:56 +0300] "GET / HTTP/1.1" 403 4897 "-" "Mozilla/5.0 (iPhone; CPU iPhone OS 7_0 like Mac OS X) AppleWebKit/537.51.1 (KHTML, like Gecko) Version/7.0 Mobile/11A465 Safari/9537.53 (compatible; bingbot/2.0; +http://www.bing.com/bingbot.htm)"
54.36.149.46 - - [26/Oct/2018:18:27:22 +0300] "GET /Product/show/8 HTTP/1.1" 404 212 "-" "Mozilla/5.0 (compatible; AhrefsBot/5.2; +http://ahrefs.com/robot/)"
54.241.132.236 - - [26/Oct/2018:20:39:06 +0300] "GET / HTTP/1.1" 403 4897 "-" "Mozilla/5.0 (X11; Ubuntu; Linux x86_64) AppleWebKit/537.36 (KHTML, like Gecko) Chrome/60.0.3112.101 Safari/537.36"
66.249.66.220 - - [26/Oct/2018:20:53:45 +0300] "GET / HTTP/1.1" 403 4897 "-" "Mozilla/5.0 (compatible; Googlebot/2.1; +http://www.google.com/bot.html)"
207.46.13.191 - - [26/Oct/2018:21:05:32 +0300] "GET / HTTP/1.1" 403 4897 "-" "Mozilla/5.0 (iPhone; CPU iPhone OS 7_0 like Mac OS X) AppleWebKit/537.51.1 (KHTML, like Gecko) Version/7.0 Mobile/11A465 Safari/9537.53 (compatible; bingbot/2.0; +http://www.bing.com/bingbot.htm)"
66.249.66.88 - - [26/Oct/2018:21:38:26 +0300] "GET / HTTP/1.1" 403 4897 "-" "Mozilla/5.0 (Linux; Android 6.0.1; Nexus 5X Build/MMB29P) AppleWebKit/537.36 (KHTML, like Gecko) Chrome/41.0.2272.96 Mobile Safari/537.36 (compatible; Googlebot/2.1; +http://www.google.com/bot.html)"
66.249.66.222 - - [26/Oct/2018:21:51:34 +0300] "GET / HTTP/1.1" 403 4897 "-" "Mozilla/5.0 (Linux; Android 6.0.1; Nexus 5X Build/MMB29P) AppleWebKit/537.36 (KHTML, like Gecko) Chrome/41.0.2272.96 Mobile Safari/537.36 (compatible; Googlebot/2.1; +http://www.google.com/bot.html)"
185.117.118.146 - - [27/Oct/2018:00:23:21 +0300] "HEAD / HTTP/1.1" 403 - "-" "Mozilla/5.0 (compatible; Uptimebot/1.0; +http://www.uptime.com/uptimebot)"
54.36.148.227 - - [27/Oct/2018:00:42:12 +0300] "GET /Product/show/11 HTTP/1.1" 404 213 "-" "Mozilla/5.0 (compatible; AhrefsBot/5.2; +http://ahrefs.com/robot/)"
67.231.16.203 - - [27/Oct/2018:12:36:24 +0300] "GET /robots.txt HTTP/1.1" 404 208 "-" "Mozilla/5.0 (compatible; Uptimebot/1.0; +http://www.uptime.com/uptimebot)"
67.231.16.205 - - [27/Oct/2018:12:36:25 +0300] "HEAD / HTTP/1.1" 403 - "-" "Mozilla/5.0 (compatible; Uptimebot/1.0; +http://www.uptime.com/uptimebot)"
184.154.139.20 - - [27/Oct/2018:14:48:34 +0300] "GET / HTTP/1.1" 403 4897 "http://www.google.com/url?url=www.asdco.net&yahoo.com" "Mozilla/5.0 (compatible; MSIE 9.0; Windows NT 6.1; WOW64; Trident/6.0)"
184.154.139.20 - - [27/Oct/2018:14:48:34 +0300] "GET /th1s_1s_a_4o4.html HTTP/1.1" 404 216 "http://www.google.com/url?url=www.asdco.net&yahoo.com" "Mozilla/5.0 (compatible; MSIE 9.0; Windows NT 6.1; WOW64; Trident/6.0)"
184.154.139.20 - - [27/Oct/2018:14:48:34 +0300] "GET /noindex/css/bootstrap.min.css HTTP/1.1" 200 19341 "http://www.google.com/url?url=www.asdco.net&yahoo.com" "Mozilla/5.0 (compatible; MSIE 9.0; Windows NT 6.1; WOW64; Trident/6.0)"
184.154.139.20 - - [27/Oct/2018:14:48:35 +0300] "GET /noindex/css/open-sans.css HTTP/1.1" 200 5081 "-" "SiteLockSpider [en] (WinNT; I ;Nav)"
184.154.139.20 - - [27/Oct/2018:14:48:35 +0300] "GET / HTTP/1.1" 403 4897 "-" "SiteLockSpider [en] (WinNT; I ;Nav)"
163.172.4.153 - - [28/Oct/2018:00:47:10 +0300] "GET / HTTP/1.1" 403 4897 "http://asdco.net/" "Mozilla/5.0 (Windows NT 10.0) AppleWebKit/537.36 (KHTML, like Gecko) Chrome/58.0.3029.110 Safari/537.36"
54.36.150.118 - - [28/Oct/2018:01:36:32 +0300] "GET /robots.txt HTTP/1.1" 404 208 "-" "Mozilla/5.0 (compatible; AhrefsBot/5.2; +http://ahrefs.com/robot/)"
54.36.148.121 - - [28/Oct/2018:01:36:32 +0300] "GET /files/csg9he3nsloglyqswsmd.jpg HTTP/1.1" 404 228 "-" "Mozilla/5.0 (compatible; AhrefsBot/5.2; +http://ahrefs.com/robot/)"
46.101.80.192 - - [28/Oct/2018:01:39:20 +0300] "GET / HTTP/1.1" 403 4897 "-" "Mozilla/5.0 (Windows NT 6.0) AppleWebKit/537.36 (KHTML, like Gecko) Chrome/34.0.1847.116 Safari/537.36"
157.55.39.6 - - [28/Oct/2018:01:46:28 +0300] "GET /robots.txt HTTP/1.1" 404 208 "-" "Mozilla/5.0 (compatible; bingbot/2.0; +http://www.bing.com/bingbot.htm)"
207.46.13.116 - - [28/Oct/2018:01:48:12 +0300] "GET /images/clients/our-clients/ HTTP/1.1" 404 225 "-" "Mozilla/5.0 (compatible; bingbot/2.0; +http://www.bing.com/bingbot.htm)"
54.36.148.209 - - [28/Oct/2018:03:11:21 +0200] "GET /Product/show/9 HTTP/1.1" 404 212 "-" "Mozilla/5.0 (compatible; AhrefsBot/5.2; +http://ahrefs.com/robot/)"
54.36.148.14 - - [28/Oct/2018:08:07:09 +0200] "GET /Product/show/3 HTTP/1.1" 404 212 "-" "Mozilla/5.0 (compatible; AhrefsBot/5.2; +http://ahrefs.com/robot/)"
173.208.204.34 - - [28/Oct/2018:12:19:49 +0200] "GET / HTTP/1.1" 403 4897 "http://asdco.net" "Mozilla/5.0 (Windows NT 6.1; WOW64) AppleWebKit/537.36 (KHTML, like Gecko) Chrome/64.0.3251.0 Safari/537.36"
173.208.204.34 - - [28/Oct/2018:12:19:49 +0200] "GET / HTTP/1.1" 403 4897 "http://asdco.net" "Mozilla/5.0 (Windows NT 6.1; WOW64) AppleWebKit/537.36 (KHTML, like Gecko) Chrome/64.0.3251.0 Safari/537.36"
173.208.204.34 - - [28/Oct/2018:12:19:50 +0200] "GET / HTTP/1.1" 403 4897 "http://asdco.net" "Mozilla/5.0 (Windows NT 6.1; WOW64) AppleWebKit/537.36 (KHTML, like Gecko) Chrome/64.0.3251.0 Safari/537.36"
173.208.204.34 - - [28/Oct/2018:12:19:50 +0200] "GET / HTTP/1.1" 403 4897 "http://asdco.net" "Mozilla/5.0 (Windows NT 6.1; WOW64) AppleWebKit/537.36 (KHTML, like Gecko) Chrome/64.0.3251.0 Safari/537.36"
184.154.139.21 - - [28/Oct/2018:13:46:59 +0200] "GET / HTTP/1.1" 403 4897 "http://www.google.com/url?url=www.asdco.net&yahoo.com" "Mozilla/5.0 (compatible; MSIE 9.0; Windows NT 6.1; WOW64; Trident/6.0)"
184.154.139.21 - - [28/Oct/2018:13:46:59 +0200] "GET /th1s_1s_a_4o4.html HTTP/1.1" 404 216 "http://www.google.com/url?url=www.asdco.net&yahoo.com" "Mozilla/5.0 (compatible; MSIE 9.0; Windows NT 6.1; WOW64; Trident/6.0)"
184.154.139.21 - - [28/Oct/2018:13:47:00 +0200] "GET /noindex/css/open-sans.css HTTP/1.1" 200 5081 "http://www.google.com/url?url=www.asdco.net&yahoo.com" "Mozilla/5.0 (compatible; MSIE 9.0; Windows NT 6.1; WOW64; Trident/6.0)"
184.154.139.21 - - [28/Oct/2018:13:47:00 +0200] "GET /noindex/css/bootstrap.min.css HTTP/1.1" 200 19341 "-" "SiteLockSpider [en] (WinNT; I ;Nav)"
184.154.139.21 - - [28/Oct/2018:13:47:00 +0200] "GET / HTTP/1.1" 403 4897 "-" "SiteLockSpider [en] (WinNT; I ;Nav)"
5.45.207.48 - - [28/Oct/2018:16:40:59 +0200] "GET /robots.txt HTTP/1.1" 404 208 "-" "Mozilla/5.0 (compatible; YandexBot/3.0; +http://yandex.com/bots)"
178.154.200.21 - - [28/Oct/2018:16:40:59 +0200] "GET /robots.txt HTTP/1.1" 404 208 "-" "Mozilla/5.0 (compatible; YandexBot/3.0; +http://yandex.com/bots)"
5.45.207.48 - - [28/Oct/2018:16:41:03 +0200] "GET / HTTP/1.1" 403 4897 "-" "Mozilla/5.0 (compatible; YandexBot/3.0; +http://yandex.com/bots)"
178.154.200.21 - - [28/Oct/2018:16:41:03 +0200] "GET / HTTP/1.1" 403 4897 "-" "Mozilla/5.0 (compatible; YandexBot/3.0; +http://yandex.com/bots)"
54.36.148.37 - - [28/Oct/2018:17:15:50 +0200] "GET /Home/ChangeLng/ar HTTP/1.1" 404 215 "-" "Mozilla/5.0 (compatible; AhrefsBot/5.2; +http://ahrefs.com/robot/)"
52.53.201.78 - - [28/Oct/2018:18:34:01 +0200] "GET / HTTP/1.1" 403 4897 "-" "Mozilla/5.0 (Macintosh; Intel Mac OS X 10_12_6) AppleWebKit/537.36 (KHTML, like Gecko) Chrome/61.0.3163.100 Safari/537.36"
54.36.149.88 - - [28/Oct/2018:21:54:30 +0200] "GET /users/login HTTP/1.1" 404 209 "-" "Mozilla/5.0 (compatible; AhrefsBot/5.2; +http://ahrefs.com/robot/)"
157.55.39.6 - - [28/Oct/2018:23:14:19 +0200] "GET /robots.txt HTTP/1.1" 404 208 "-" "Mozilla/5.0 (compatible; bingbot/2.0; +http://www.bing.com/bingbot.htm)"
40.77.167.115 - - [28/Oct/2018:23:20:01 +0200] "GET / HTTP/1.1" 403 4897 "-" "Mozilla/5.0 (iPhone; CPU iPhone OS 7_0 like Mac OS X) AppleWebKit/537.51.1 (KHTML, like Gecko) Version/7.0 Mobile/11A465 Safari/9537.53 (compatible; bingbot/2.0; +http://www.bing.com/bingbot.htm)"
89.163.131.167 - - [29/Oct/2018:00:29:39 +0200] "GET /robots.txt HTTP/1.1" 404 208 "-" "Mozilla/5.0 (compatible; Uptimebot/1.0; +http://www.uptime.com/uptimebot)"
40.77.167.115 - - [29/Oct/2018:03:19:53 +0200] "GET / HTTP/1.1" 403 4897 "-" "Mozilla/5.0 (iPhone; CPU iPhone OS 7_0 like Mac OS X) AppleWebKit/537.51.1 (KHTML, like Gecko) Version/7.0 Mobile/11A465 Safari/9537.53 (compatible; bingbot/2.0; +http://www.bing.com/bingbot.htm)"
54.36.150.118 - - [29/Oct/2018:11:03:46 +0200] "GET /robots.txt HTTP/1.1" 404 208 "-" "Mozilla/5.0 (compatible; AhrefsBot/5.2; +http://ahrefs.com/robot/)"
54.36.148.223 - - [29/Oct/2018:11:03:47 +0200] "GET / HTTP/1.1" 403 4897 "-" "Mozilla/5.0 (compatible; AhrefsBot/5.2; +http://ahrefs.com/robot/)"
185.244.39.4 - - [29/Oct/2018:12:38:42 +0200] "GET /.git/HEAD HTTP/1.1" 404 207 "-" "Python-urllib/3.6"
184.154.139.21 - - [29/Oct/2018:13:48:10 +0200] "GET / HTTP/1.1" 403 4897 "http://www.google.com/url?url=www.asdco.net&yahoo.com" "Mozilla/5.0 (compatible; MSIE 9.0; Windows NT 6.1; WOW64; Trident/6.0)"
184.154.139.21 - - [29/Oct/2018:13:48:10 +0200] "GET /th1s_1s_a_4o4.html HTTP/1.1" 404 216 "http://www.google.com/url?url=www.asdco.net&yahoo.com" "Mozilla/5.0 (compatible; MSIE 9.0; Windows NT 6.1; WOW64; Trident/6.0)"
