185.234.217.9 - - [22/Mar/2019:00:04:13 +0200] "GET /wp-login.php HTTP/1.1" 404 210 "-" "Mozilla/5.0 (compatible; MSIE 9.0; Windows NT 6.1; Trident/5.0)"
185.234.217.9 - - [22/Mar/2019:00:04:13 +0200] "GET //wp-login.php HTTP/1.1" 404 210 "-" "Mozilla/5.0 (compatible; MSIE 9.0; Windows NT 6.1; Trident/5.0)"
173.232.242.34 - - [22/Mar/2019:00:10:31 +0200] "GET / HTTP/1.0" 403 4897 "-" "Mozilla/5.0 (Windows NT 6.1; Win64; x64) AppleWebKit/537.36 (KHTML, like Gecko) Chrome/62.0.3202.94 Safari/537.36"
173.232.242.34 - - [22/Mar/2019:00:10:33 +0200] "GET / HTTP/1.0" 403 4897 "-" "Mozilla/5.0 (Windows NT 6.1; Win64; x64) AppleWebKit/537.36 (KHTML, like Gecko) Chrome/62.0.3202.94 Safari/537.36"
173.232.242.34 - - [22/Mar/2019:00:10:34 +0200] "GET / HTTP/1.0" 403 4897 "-" "Mozilla/5.0 (Windows NT 6.1; Win64; x64) AppleWebKit/537.36 (KHTML, like Gecko) Chrome/62.0.3202.94 Safari/537.36"
178.154.200.21 - - [22/Mar/2019:00:12:58 +0200] "GET /robots.txt HTTP/1.1" 404 208 "-" "Mozilla/5.0 (compatible; YandexBot/3.0; +http://yandex.com/bots)"
5.45.207.15 - - [22/Mar/2019:00:12:59 +0200] "GET /robots.txt HTTP/1.1" 404 208 "-" "Mozilla/5.0 (compatible; YandexBot/3.0; +http://yandex.com/bots)"
178.154.171.21 - - [22/Mar/2019:00:13:02 +0200] "GET / HTTP/1.1" 403 4897 "-" "Mozilla/5.0 (compatible; YandexBot/3.0; +http://yandex.com/bots)"
178.154.171.21 - - [22/Mar/2019:00:13:02 +0200] "GET / HTTP/1.1" 403 4897 "-" "Mozilla/5.0 (compatible; YandexBot/3.0; +http://yandex.com/bots)"
66.249.64.52 - - [22/Mar/2019:00:21:55 +0200] "GET / HTTP/1.1" 403 4897 "-" "Mozilla/5.0 (compatible; Googlebot/2.1; +http://www.google.com/bot.html)"
51.77.52.160 - - [22/Mar/2019:02:15:44 +0200] "GET / HTTP/1.1" 403 4897 "-" "Mozilla/5.0 (compatible; Googlebot/2.1; +http://www.google.com/bot.html)"
157.55.39.12 - - [22/Mar/2019:05:09:18 +0200] "GET / HTTP/1.1" 403 4897 "-" "Mozilla/5.0 (iPhone; CPU iPhone OS 7_0 like Mac OS X) AppleWebKit/537.51.1 (KHTML, like Gecko) Version/7.0 Mobile/11A465 Safari/9537.53 (compatible; bingbot/2.0; +http://www.bing.com/bingbot.htm)"
192.99.13.22 - - [22/Mar/2019:05:29:48 +0200] "GET / HTTP/1.1" 403 4897 "-" "Mozilla/5.0 (Windows NT 10.0; Win64; x64) AppleWebKit/537.36 (KHTML, like Gecko) Chrome/63.0.3239.132 Safari/537.36"
192.99.13.22 - - [22/Mar/2019:05:29:48 +0200] "GET /wp-includes/wlwmanifest.xml HTTP/1.1" 404 225 "-" "Mozilla/5.0 (Windows NT 10.0; Win64; x64) AppleWebKit/537.36 (KHTML, like Gecko) Chrome/63.0.3239.132 Safari/537.36"
192.99.13.22 - - [22/Mar/2019:05:29:53 +0200] "GET /xmlrpc.php?rsd HTTP/1.1" 404 208 "-" "Mozilla/5.0 (Windows NT 10.0; Win64; x64) AppleWebKit/537.36 (KHTML, like Gecko) Chrome/63.0.3239.132 Safari/537.36"
192.99.13.22 - - [22/Mar/2019:05:29:59 +0200] "GET / HTTP/1.1" 403 4897 "-" "Mozilla/5.0 (Windows NT 10.0; Win64; x64) AppleWebKit/537.36 (KHTML, like Gecko) Chrome/63.0.3239.132 Safari/537.36"
192.99.13.22 - - [22/Mar/2019:05:29:59 +0200] "GET /blog/wp-includes/wlwmanifest.xml HTTP/1.1" 404 230 "-" "Mozilla/5.0 (Windows NT 10.0; Win64; x64) AppleWebKit/537.36 (KHTML, like Gecko) Chrome/63.0.3239.132 Safari/537.36"
192.99.13.22 - - [22/Mar/2019:05:30:04 +0200] "GET /web/wp-includes/wlwmanifest.xml HTTP/1.1" 404 229 "-" "Mozilla/5.0 (Windows NT 10.0; Win64; x64) AppleWebKit/537.36 (KHTML, like Gecko) Chrome/63.0.3239.132 Safari/537.36"
192.99.13.22 - - [22/Mar/2019:05:30:09 +0200] "GET /wordpress/wp-includes/wlwmanifest.xml HTTP/1.1" 404 235 "-" "Mozilla/5.0 (Windows NT 10.0; Win64; x64) AppleWebKit/537.36 (KHTML, like Gecko) Chrome/63.0.3239.132 Safari/537.36"
192.99.13.22 - - [22/Mar/2019:05:30:14 +0200] "GET /website/wp-includes/wlwmanifest.xml HTTP/1.1" 404 233 "-" "Mozilla/5.0 (Windows NT 10.0; Win64; x64) AppleWebKit/537.36 (KHTML, like Gecko) Chrome/63.0.3239.132 Safari/537.36"
192.99.13.22 - - [22/Mar/2019:05:30:20 +0200] "GET /wp/wp-includes/wlwmanifest.xml HTTP/1.1" 404 228 "-" "Mozilla/5.0 (Windows NT 10.0; Win64; x64) AppleWebKit/537.36 (KHTML, like Gecko) Chrome/63.0.3239.132 Safari/537.36"
192.99.13.22 - - [22/Mar/2019:05:30:25 +0200] "GET /news/wp-includes/wlwmanifest.xml HTTP/1.1" 404 230 "-" "Mozilla/5.0 (Windows NT 10.0; Win64; x64) AppleWebKit/537.36 (KHTML, like Gecko) Chrome/63.0.3239.132 Safari/537.36"
192.99.13.22 - - [22/Mar/2019:05:30:30 +0200] "GET /2015/wp-includes/wlwmanifest.xml HTTP/1.1" 404 230 "-" "Mozilla/5.0 (Windows NT 10.0; Win64; x64) AppleWebKit/537.36 (KHTML, like Gecko) Chrome/63.0.3239.132 Safari/537.36"
192.99.13.22 - - [22/Mar/2019:05:30:35 +0200] "GET /2016/wp-includes/wlwmanifest.xml HTTP/1.1" 404 230 "-" "Mozilla/5.0 (Windows NT 10.0; Win64; x64) AppleWebKit/537.36 (KHTML, like Gecko) Chrome/63.0.3239.132 Safari/537.36"
192.99.13.22 - - [22/Mar/2019:05:30:40 +0200] "GET /2017/wp-includes/wlwmanifest.xml HTTP/1.1" 404 230 "-" "Mozilla/5.0 (Windows NT 10.0; Win64; x64) AppleWebKit/537.36 (KHTML, like Gecko) Chrome/63.0.3239.132 Safari/537.36"
192.99.13.22 - - [22/Mar/2019:05:30:46 +0200] "GET /2018/wp-includes/wlwmanifest.xml HTTP/1.1" 404 230 "-" "Mozilla/5.0 (Windows NT 10.0; Win64; x64) AppleWebKit/537.36 (KHTML, like Gecko) Chrome/63.0.3239.132 Safari/537.36"
192.99.13.22 - - [22/Mar/2019:05:30:51 +0200] "GET /shop/wp-includes/wlwmanifest.xml HTTP/1.1" 404 230 "-" "Mozilla/5.0 (Windows NT 10.0; Win64; x64) AppleWebKit/537.36 (KHTML, like Gecko) Chrome/63.0.3239.132 Safari/537.36"
192.99.13.22 - - [22/Mar/2019:05:30:56 +0200] "GET /wp1/wp-includes/wlwmanifest.xml HTTP/1.1" 404 229 "-" "Mozilla/5.0 (Windows NT 10.0; Win64; x64) AppleWebKit/537.36 (KHTML, like Gecko) Chrome/63.0.3239.132 Safari/537.36"
192.99.13.22 - - [22/Mar/2019:05:31:01 +0200] "GET /test/wp-includes/wlwmanifest.xml HTTP/1.1" 404 230 "-" "Mozilla/5.0 (Windows NT 10.0; Win64; x64) AppleWebKit/537.36 (KHTML, like Gecko) Chrome/63.0.3239.132 Safari/537.36"
192.99.13.22 - - [22/Mar/2019:05:31:06 +0200] "GET /media/wp-includes/wlwmanifest.xml HTTP/1.1" 404 231 "-" "Mozilla/5.0 (Windows NT 10.0; Win64; x64) AppleWebKit/537.36 (KHTML, like Gecko) Chrome/63.0.3239.132 Safari/537.36"
192.99.13.22 - - [22/Mar/2019:05:31:12 +0200] "GET /wp2/wp-includes/wlwmanifest.xml HTTP/1.1" 404 229 "-" "Mozilla/5.0 (Windows NT 10.0; Win64; x64) AppleWebKit/537.36 (KHTML, like Gecko) Chrome/63.0.3239.132 Safari/537.36"
192.99.13.22 - - [22/Mar/2019:05:31:17 +0200] "GET /site/wp-includes/wlwmanifest.xml HTTP/1.1" 404 230 "-" "Mozilla/5.0 (Windows NT 10.0; Win64; x64) AppleWebKit/537.36 (KHTML, like Gecko) Chrome/63.0.3239.132 Safari/537.36"
192.99.13.22 - - [22/Mar/2019:05:31:22 +0200] "GET /cms/wp-includes/wlwmanifest.xml HTTP/1.1" 404 229 "-" "Mozilla/5.0 (Windows NT 10.0; Win64; x64) AppleWebKit/537.36 (KHTML, like Gecko) Chrome/63.0.3239.132 Safari/537.36"
192.99.13.22 - - [22/Mar/2019:05:31:27 +0200] "GET /sito/wp-includes/wlwmanifest.xml HTTP/1.1" 404 230 "-" "Mozilla/5.0 (Windows NT 10.0; Win64; x64) AppleWebKit/537.36 (KHTML, like Gecko) Chrome/63.0.3239.132 Safari/537.36"
180.125.5.52 - - [22/Mar/2019:07:56:31 +0200] "GET / HTTP/1.1" 403 4897 "-" "Mozilla/4.0 (compatible; Win32; WinHttp.WinHttpRequest.5)"
54.36.148.137 - - [22/Mar/2019:09:26:49 +0200] "GET /Product/show/7 HTTP/1.1" 404 212 "-" "Mozilla/5.0 (compatible; AhrefsBot/6.1; +http://ahrefs.com/robot/)"
60.191.38.77 - - [22/Mar/2019:10:52:43 +0200] "GET / HTTP/1.1" 403 4897 "-" "Mozilla/5.0 (Macintosh; Intel Mac OS X 10.11; rv:47.0) Gecko/20100101 Firefox/47.0"
66.249.64.56 - - [22/Mar/2019:12:05:28 +0200] "GET /robots.txt HTTP/1.1" 404 208 "-" "Mozilla/5.0 (compatible; Googlebot/2.1; +http://www.google.com/bot.html)"
66.249.64.52 - - [22/Mar/2019:12:05:28 +0200] "GET / HTTP/1.1" 403 4897 "-" "Mozilla/5.0 (Linux; Android 6.0.1; Nexus 5X Build/MMB29P) AppleWebKit/537.36 (KHTML, like Gecko) Chrome/41.0.2272.96 Mobile Safari/537.36 (compatible; Googlebot/2.1; +http://www.google.com/bot.html)"
66.249.64.222 - - [22/Mar/2019:12:50:28 +0200] "GET /robots.txt HTTP/1.1" 404 208 "-" "Mozilla/5.0 (compatible; Googlebot/2.1; +http://www.google.com/bot.html)"
66.249.64.218 - - [22/Mar/2019:12:50:28 +0200] "GET / HTTP/1.1" 403 4897 "-" "Mozilla/5.0 (compatible; Googlebot/2.1; +http://www.google.com/bot.html)"
66.249.64.220 - - [22/Mar/2019:13:19:42 +0200] "GET / HTTP/1.1" 403 4897 "-" "Mozilla/5.0 (Linux; Android 6.0.1; Nexus 5X Build/MMB29P) AppleWebKit/537.36 (KHTML, like Gecko) Chrome/41.0.2272.96 Mobile Safari/537.36 (compatible; Googlebot/2.1; +http://www.google.com/bot.html)"
66.249.64.52 - - [22/Mar/2019:13:35:27 +0200] "GET / HTTP/1.1" 403 4897 "-" "Mozilla/5.0 (compatible; Googlebot/2.1; +http://www.google.com/bot.html)"
184.154.139.19 - - [22/Mar/2019:13:50:39 +0200] "GET / HTTP/1.1" 403 4897 "http://www.google.com/url?url=www.asdco.net&yahoo.com" "Mozilla/5.0 (compatible; MSIE 9.0; Windows NT 6.1; WOW64; Trident/6.0)"
184.154.139.19 - - [22/Mar/2019:13:50:39 +0200] "GET /th1s_1s_a_4o4.html HTTP/1.1" 404 216 "http://www.google.com/url?url=www.asdco.net&yahoo.com" "Mozilla/5.0 (compatible; MSIE 9.0; Windows NT 6.1; WOW64; Trident/6.0)"
184.154.139.19 - - [22/Mar/2019:13:50:40 +0200] "GET /noindex/css/bootstrap.min.css HTTP/1.1" 200 19341 "http://www.google.com/url?url=www.asdco.net&yahoo.com" "Mozilla/5.0 (compatible; MSIE 9.0; Windows NT 6.1; WOW64; Trident/6.0)"
184.154.139.19 - - [22/Mar/2019:13:50:40 +0200] "GET /noindex/css/open-sans.css HTTP/1.1" 200 5081 "-" "SiteLockSpider [en] (WinNT; I ;Nav)"
184.154.139.19 - - [22/Mar/2019:13:50:41 +0200] "GET / HTTP/1.1" 403 4897 "-" "SiteLockSpider [en] (WinNT; I ;Nav)"
37.214.179.248 - - [22/Mar/2019:18:06:58 +0200] "GET / HTTP/1.0" 403 4897 "http://asdco.net/" "Mozilla/5.0 (Windows NT 6.1; Win64; x64) AppleWebKit/537.36 (KHTML, like Gecko) Chrome/67.0.3396.99 Safari/537.36"
37.214.179.248 - - [22/Mar/2019:18:06:58 +0200] "GET / HTTP/1.0" 403 4897 "http://asdco.net/" "Mozilla/5.0 (Windows NT 6.1; Win64; x64) AppleWebKit/537.36 (KHTML, like Gecko) Chrome/67.0.3396.99 Safari/537.36"
34.220.135.247 - - [22/Mar/2019:18:10:23 +0200] "GET / HTTP/1.1" 403 4897 "-" "Go-http-client/1.1"
52.53.201.78 - - [22/Mar/2019:19:04:20 +0200] "GET / HTTP/1.1" 403 4897 "-" "Mozilla/5.0 (Macintosh; Intel Mac OS X 10_12_6) AppleWebKit/537.36 (KHTML, like Gecko) Chrome/61.0.3163.100 Safari/537.36"
35.231.109.109 - - [22/Mar/2019:19:34:23 +0200] "GET / HTTP/1.1" 403 4897 "-" "Mozilla/5.0 (X11; U; Linux i686; en-US; rv:1.4) Gecko/20030624"
35.229.86.71 - - [22/Mar/2019:19:50:58 +0200] "GET / HTTP/1.1" 403 4897 "-" "Mozilla/5.0 (X11; U; Linux i686; en-US; rv:1.4) Gecko/20030624"
66.249.64.52 - - [22/Mar/2019:21:12:13 +0200] "GET / HTTP/1.1" 403 4897 "-" "Mozilla/5.0 (Linux; Android 6.0.1; Nexus 5X Build/MMB29P) AppleWebKit/537.36 (KHTML, like Gecko) Chrome/41.0.2272.96 Mobile Safari/537.36 (compatible; Googlebot/2.1; +http://www.google.com/bot.html)"
66.249.64.218 - - [22/Mar/2019:22:15:13 +0200] "GET / HTTP/1.1" 403 4897 "-" "Mozilla/5.0 (compatible; Googlebot/2.1; +http://www.google.com/bot.html)"
46.229.168.137 - - [23/Mar/2019:00:57:04 +0200] "GET /robots.txt HTTP/1.1" 404 208 "-" "Mozilla/5.0 (compatible; SemrushBot/3~bl; +http://www.semrush.com/bot.html)"
46.229.168.140 - - [23/Mar/2019:00:57:04 +0200] "GET / HTTP/1.1" 403 4897 "-" "Mozilla/5.0 (compatible; SemrushBot/3~bl; +http://www.semrush.com/bot.html)"
46.229.168.147 - - [23/Mar/2019:00:57:05 +0200] "GET /sitemap.xml HTTP/1.1" 404 209 "-" "Mozilla/5.0 (compatible; SemrushBot/3~bl; +http://www.semrush.com/bot.html)"
66.249.64.218 - - [23/Mar/2019:01:19:42 +0200] "GET /robots.txt HTTP/1.1" 404 208 "-" "Mozilla/5.0 (compatible; Googlebot/2.1; +http://www.google.com/bot.html)"
66.249.64.220 - - [23/Mar/2019:01:19:43 +0200] "GET / HTTP/1.1" 403 4897 "-" "Mozilla/5.0 (Linux; Android 6.0.1; Nexus 5X Build/MMB29P) AppleWebKit/537.36 (KHTML, like Gecko) Chrome/41.0.2272.96 Mobile Safari/537.36 (compatible; Googlebot/2.1; +http://www.google.com/bot.html)"
66.249.64.56 - - [23/Mar/2019:01:48:57 +0200] "GET /robots.txt HTTP/1.1" 404 208 "-" "Mozilla/5.0 (compatible; Googlebot/2.1; +http://www.google.com/bot.html)"
66.249.64.54 - - [23/Mar/2019:01:48:58 +0200] "GET / HTTP/1.1" 403 4897 "-" "Mozilla/5.0 (compatible; Googlebot/2.1; +http://www.google.com/bot.html)"
39.104.204.75 - - [23/Mar/2019:10:38:39 +0200] "POST /wp-admin/admin-ajax.php HTTP/1.1" 404 221 "-" "-"
66.249.64.56 - - [23/Mar/2019:12:21:18 +0200] "GET / HTTP/1.1" 403 4897 "-" "Mozilla/5.0 (Linux; Android 6.0.1; Nexus 5X Build/MMB29P) AppleWebKit/537.36 (KHTML, like Gecko) Chrome/41.0.2272.96 Mobile Safari/537.36 (compatible; Googlebot/2.1; +http://www.google.com/bot.html)"
66.249.64.222 - - [23/Mar/2019:12:32:23 +0200] "GET / HTTP/1.1" 403 4897 "-" "Mozilla/5.0 (compatible; Googlebot/2.1; +http://www.google.com/bot.html)"
66.249.64.218 - - [23/Mar/2019:12:32:23 +0200] "GET / HTTP/1.1" 403 4897 "-" "Mozilla/5.0 (compatible; Googlebot/2.1; +http://www.google.com/bot.html)"
202.60.66.114 - - [23/Mar/2019:13:48:42 +0200] "GET / HTTP/1.0" 403 4897 "http://asdco.net" "Mozilla/4.0 (compatible; MSIE 7.0; Windows NT 5.1; .NET CLR 1.1.4322; .NET CLR 2.0.50727; .NET CLR 3.0.04506.30; InfoPath.1; .NET CLR 3.0.04506.648; .NET CLR 3.0.4506.2152; .NET CLR 3.5.30729)"
184.154.139.20 - - [23/Mar/2019:13:50:39 +0200] "GET / HTTP/1.1" 403 4897 "http://www.google.com/url?url=www.asdco.net&yahoo.com" "Mozilla/5.0 (compatible; MSIE 9.0; Windows NT 6.1; WOW64; Trident/6.0)"
184.154.139.20 - - [23/Mar/2019:13:50:39 +0200] "GET /th1s_1s_a_4o4.html HTTP/1.1" 404 216 "http://www.google.com/url?url=www.asdco.net&yahoo.com" "Mozilla/5.0 (compatible; MSIE 9.0; Windows NT 6.1; WOW64; Trident/6.0)"
184.154.139.20 - - [23/Mar/2019:13:50:40 +0200] "GET /noindex/css/bootstrap.min.css HTTP/1.1" 200 19341 "http://www.google.com/url?url=www.asdco.net&yahoo.com" "Mozilla/5.0 (compatible; MSIE 9.0; Windows NT 6.1; WOW64; Trident/6.0)"
184.154.139.20 - - [23/Mar/2019:13:50:40 +0200] "GET /noindex/css/open-sans.css HTTP/1.1" 200 5081 "-" "SiteLockSpider [en] (WinNT; I ;Nav)"
184.154.139.20 - - [23/Mar/2019:13:50:40 +0200] "GET / HTTP/1.1" 403 4897 "-" "SiteLockSpider [en] (WinNT; I ;Nav)"
66.249.64.220 - - [23/Mar/2019:14:48:56 +0200] "GET /robots.txt HTTP/1.1" 404 208 "-" "Mozilla/5.0 (compatible; Googlebot/2.1; +http://www.google.com/bot.html)"
66.249.64.54 - - [23/Mar/2019:14:51:04 +0200] "GET /robots.txt HTTP/1.1" 404 208 "-" "Mozilla/5.0 (compatible; Googlebot/2.1; +http://www.google.com/bot.html)"
66.249.64.52 - - [23/Mar/2019:14:51:04 +0200] "GET / HTTP/1.1" 403 4897 "-" "Mozilla/5.0 (compatible; Googlebot/2.1; +http://www.google.com/bot.html)"
188.165.233.34 - - [23/Mar/2019:16:34:08 +0200] "GET /robots.txt HTTP/1.0" 404 208 "-" ""
188.165.233.34 - - [23/Mar/2019:16:34:08 +0200] "GET / HTTP/1.1" 403 4897 "-" "Mozilla/5.0 (X11; Ubuntu; Linux x86_64; rv:21.0) Gecko/20130331 Firefox/21.0"
52.42.128.191 - - [23/Mar/2019:22:26:40 +0200] "GET / HTTP/1.1" 403 4897 "-" "Go-http-client/1.1"
46.166.190.135 - - [23/Mar/2019:22:45:07 +0200] "HEAD / HTTP/1.1" 403 - "https://uptime.com/asdco.net" "Mozilla/5.0 (compatible; Uptimebot/1.0; +http://www.uptime.com/uptimebot)"
66.249.64.218 - - [24/Mar/2019:00:06:25 +0200] "GET / HTTP/1.1" 403 4897 "-" "Mozilla/5.0 (Linux; Android 6.0.1; Nexus 5X Build/MMB29P) AppleWebKit/537.36 (KHTML, like Gecko) Chrome/41.0.2272.96 Mobile Safari/537.36 (compatible; Googlebot/2.1; +http://www.google.com/bot.html)"
52.53.161.17 - - [24/Mar/2019:02:29:41 +0200] "GET / HTTP/1.1" 403 4897 "-" "Mozilla/5.0 (X11; Ubuntu; Linux x86_64) AppleWebKit/537.36 (KHTML, like Gecko) Chrome/60.0.3112.101 Safari/537.36"
157.55.39.24 - - [24/Mar/2019:03:37:42 +0200] "GET /robots.txt HTTP/1.1" 404 208 "-" "Mozilla/5.0 (compatible; bingbot/2.0; +http://www.bing.com/bingbot.htm)"
207.46.13.150 - - [24/Mar/2019:03:37:45 +0200] "GET / HTTP/1.1" 403 4897 "-" "Mozilla/5.0 (compatible; bingbot/2.0; +http://www.bing.com/bingbot.htm)"
195.3.144.185 - - [24/Mar/2019:06:35:00 +0200] "GET / HTTP/1.1" 403 4897 "-" "Scrapy/1.5.1 (+https://scrapy.org)"
54.36.150.9 - - [24/Mar/2019:06:39:45 +0200] "GET /robots.txt HTTP/1.1" 404 208 "-" "Mozilla/5.0 (compatible; AhrefsBot/6.1; +http://ahrefs.com/robot/)"
54.36.150.76 - - [24/Mar/2019:06:39:45 +0200] "GET /Product/show/3 HTTP/1.1" 404 212 "-" "Mozilla/5.0 (compatible; AhrefsBot/6.1; +http://ahrefs.com/robot/)"
54.36.148.174 - - [24/Mar/2019:09:05:34 +0200] "GET /Product/show/8 HTTP/1.1" 404 212 "-" "Mozilla/5.0 (compatible; AhrefsBot/6.1; +http://ahrefs.com/robot/)"
66.249.64.218 - - [24/Mar/2019:09:49:16 +0200] "GET /robots.txt HTTP/1.1" 404 208 "-" "Mozilla/5.0 (compatible; Googlebot/2.1; +http://www.google.com/bot.html)"
66.249.64.218 - - [24/Mar/2019:09:49:17 +0200] "GET / HTTP/1.1" 403 4897 "-" "Mozilla/5.0 (compatible; Googlebot/2.1; +http://www.google.com/bot.html)"
207.46.13.18 - - [24/Mar/2019:09:49:21 +0200] "GET / HTTP/1.1" 403 4897 "-" "Mozilla/5.0 (iPhone; CPU iPhone OS 7_0 like Mac OS X) AppleWebKit/537.51.1 (KHTML, like Gecko) Version/7.0 Mobile/11A465 Safari/9537.53 (compatible; bingbot/2.0; +http://www.bing.com/bingbot.htm)"
184.154.139.19 - - [24/Mar/2019:13:52:43 +0200] "GET / HTTP/1.1" 403 4897 "http://www.google.com/url?url=www.asdco.net&yahoo.com" "Mozilla/5.0 (compatible; MSIE 9.0; Windows NT 6.1; WOW64; Trident/6.0)"
184.154.139.19 - - [24/Mar/2019:13:52:43 +0200] "GET /th1s_1s_a_4o4.html HTTP/1.1" 404 216 "http://www.google.com/url?url=www.asdco.net&yahoo.com" "Mozilla/5.0 (compatible; MSIE 9.0; Windows NT 6.1; WOW64; Trident/6.0)"
184.154.139.19 - - [24/Mar/2019:13:52:43 +0200] "GET /noindex/css/bootstrap.min.css HTTP/1.1" 200 19341 "http://www.google.com/url?url=www.asdco.net&yahoo.com" "Mozilla/5.0 (compatible; MSIE 9.0; Windows NT 6.1; WOW64; Trident/6.0)"
184.154.139.19 - - [24/Mar/2019:13:52:44 +0200] "GET /noindex/css/open-sans.css HTTP/1.1" 200 5081 "-" "SiteLockSpider [en] (WinNT; I ;Nav)"
184.154.139.19 - - [24/Mar/2019:13:52:44 +0200] "GET / HTTP/1.1" 403 4897 "-" "SiteLockSpider [en] (WinNT; I ;Nav)"
66.249.64.54 - - [24/Mar/2019:14:41:18 +0200] "GET /robots.txt HTTP/1.1" 404 208 "-" "Mozilla/5.0 (compatible; Googlebot/2.1; +http://www.google.com/bot.html)"
66.249.64.56 - - [24/Mar/2019:14:41:19 +0200] "GET / HTTP/1.1" 403 4897 "-" "Mozilla/5.0 (Linux; Android 6.0.1; Nexus 5X Build/MMB29P) AppleWebKit/537.36 (KHTML, like Gecko) Chrome/41.0.2272.96 Mobile Safari/537.36 (compatible; Googlebot/2.1; +http://www.google.com/bot.html)"
66.249.64.56 - - [24/Mar/2019:15:41:30 +0200] "GET / HTTP/1.1" 403 4897 "-" "Mozilla/5.0 (compatible; Googlebot/2.1; +http://www.google.com/bot.html)"
192.99.13.22 - - [24/Mar/2019:17:32:04 +0200] "GET / HTTP/1.1" 403 4897 "-" "Mozilla/5.0 (Windows NT 10.0; Win64; x64) AppleWebKit/537.36 (KHTML, like Gecko) Chrome/63.0.3239.132 Safari/537.36"
192.99.13.22 - - [24/Mar/2019:17:32:04 +0200] "GET /wp-includes/wlwmanifest.xml HTTP/1.1" 404 225 "-" "Mozilla/5.0 (Windows NT 10.0; Win64; x64) AppleWebKit/537.36 (KHTML, like Gecko) Chrome/63.0.3239.132 Safari/537.36"
192.99.13.22 - - [24/Mar/2019:17:32:09 +0200] "GET /xmlrpc.php?rsd HTTP/1.1" 404 208 "-" "Mozilla/5.0 (Windows NT 10.0; Win64; x64) AppleWebKit/537.36 (KHTML, like Gecko) Chrome/63.0.3239.132 Safari/537.36"
192.99.13.22 - - [24/Mar/2019:17:32:14 +0200] "GET / HTTP/1.1" 403 4897 "-" "Mozilla/5.0 (Windows NT 10.0; Win64; x64) AppleWebKit/537.36 (KHTML, like Gecko) Chrome/63.0.3239.132 Safari/537.36"
192.99.13.22 - - [24/Mar/2019:17:32:15 +0200] "GET /blog/wp-includes/wlwmanifest.xml HTTP/1.1" 404 230 "-" "Mozilla/5.0 (Windows NT 10.0; Win64; x64) AppleWebKit/537.36 (KHTML, like Gecko) Chrome/63.0.3239.132 Safari/537.36"
192.99.13.22 - - [24/Mar/2019:17:32:20 +0200] "GET /web/wp-includes/wlwmanifest.xml HTTP/1.1" 404 229 "-" "Mozilla/5.0 (Windows NT 10.0; Win64; x64) AppleWebKit/537.36 (KHTML, like Gecko) Chrome/63.0.3239.132 Safari/537.36"
192.99.13.22 - - [24/Mar/2019:17:32:25 +0200] "GET /wordpress/wp-includes/wlwmanifest.xml HTTP/1.1" 404 235 "-" "Mozilla/5.0 (Windows NT 10.0; Win64; x64) AppleWebKit/537.36 (KHTML, like Gecko) Chrome/63.0.3239.132 Safari/537.36"
192.99.13.22 - - [24/Mar/2019:17:32:30 +0200] "GET /website/wp-includes/wlwmanifest.xml HTTP/1.1" 404 233 "-" "Mozilla/5.0 (Windows NT 10.0; Win64; x64) AppleWebKit/537.36 (KHTML, like Gecko) Chrome/63.0.3239.132 Safari/537.36"
192.99.13.22 - - [24/Mar/2019:17:32:35 +0200] "GET /wp/wp-includes/wlwmanifest.xml HTTP/1.1" 404 228 "-" "Mozilla/5.0 (Windows NT 10.0; Win64; x64) AppleWebKit/537.36 (KHTML, like Gecko) Chrome/63.0.3239.132 Safari/537.36"
192.99.13.22 - - [24/Mar/2019:17:32:41 +0200] "GET /news/wp-includes/wlwmanifest.xml HTTP/1.1" 404 230 "-" "Mozilla/5.0 (Windows NT 10.0; Win64; x64) AppleWebKit/537.36 (KHTML, like Gecko) Chrome/63.0.3239.132 Safari/537.36"
192.99.13.22 - - [24/Mar/2019:17:32:46 +0200] "GET /2015/wp-includes/wlwmanifest.xml HTTP/1.1" 404 230 "-" "Mozilla/5.0 (Windows NT 10.0; Win64; x64) AppleWebKit/537.36 (KHTML, like Gecko) Chrome/63.0.3239.132 Safari/537.36"
192.99.13.22 - - [24/Mar/2019:17:32:51 +0200] "GET /2016/wp-includes/wlwmanifest.xml HTTP/1.1" 404 230 "-" "Mozilla/5.0 (Windows NT 10.0; Win64; x64) AppleWebKit/537.36 (KHTML, like Gecko) Chrome/63.0.3239.132 Safari/537.36"
192.99.13.22 - - [24/Mar/2019:17:32:56 +0200] "GET /2017/wp-includes/wlwmanifest.xml HTTP/1.1" 404 230 "-" "Mozilla/5.0 (Windows NT 10.0; Win64; x64) AppleWebKit/537.36 (KHTML, like Gecko) Chrome/63.0.3239.132 Safari/537.36"
192.99.13.22 - - [24/Mar/2019:17:33:01 +0200] "GET /2018/wp-includes/wlwmanifest.xml HTTP/1.1" 404 230 "-" "Mozilla/5.0 (Windows NT 10.0; Win64; x64) AppleWebKit/537.36 (KHTML, like Gecko) Chrome/63.0.3239.132 Safari/537.36"
192.99.13.22 - - [24/Mar/2019:17:33:07 +0200] "GET /shop/wp-includes/wlwmanifest.xml HTTP/1.1" 404 230 "-" "Mozilla/5.0 (Windows NT 10.0; Win64; x64) AppleWebKit/537.36 (KHTML, like Gecko) Chrome/63.0.3239.132 Safari/537.36"
192.99.13.22 - - [24/Mar/2019:17:33:12 +0200] "GET /wp1/wp-includes/wlwmanifest.xml HTTP/1.1" 404 229 "-" "Mozilla/5.0 (Windows NT 10.0; Win64; x64) AppleWebKit/537.36 (KHTML, like Gecko) Chrome/63.0.3239.132 Safari/537.36"
192.99.13.22 - - [24/Mar/2019:17:33:17 +0200] "GET /test/wp-includes/wlwmanifest.xml HTTP/1.1" 404 230 "-" "Mozilla/5.0 (Windows NT 10.0; Win64; x64) AppleWebKit/537.36 (KHTML, like Gecko) Chrome/63.0.3239.132 Safari/537.36"
192.99.13.22 - - [24/Mar/2019:17:33:22 +0200] "GET /media/wp-includes/wlwmanifest.xml HTTP/1.1" 404 231 "-" "Mozilla/5.0 (Windows NT 10.0; Win64; x64) AppleWebKit/537.36 (KHTML, like Gecko) Chrome/63.0.3239.132 Safari/537.36"
192.99.13.22 - - [24/Mar/2019:17:33:27 +0200] "GET /wp2/wp-includes/wlwmanifest.xml HTTP/1.1" 404 229 "-" "Mozilla/5.0 (Windows NT 10.0; Win64; x64) AppleWebKit/537.36 (KHTML, like Gecko) Chrome/63.0.3239.132 Safari/537.36"
192.99.13.22 - - [24/Mar/2019:17:33:33 +0200] "GET /site/wp-includes/wlwmanifest.xml HTTP/1.1" 404 230 "-" "Mozilla/5.0 (Windows NT 10.0; Win64; x64) AppleWebKit/537.36 (KHTML, like Gecko) Chrome/63.0.3239.132 Safari/537.36"
192.99.13.22 - - [24/Mar/2019:17:33:38 +0200] "GET /cms/wp-includes/wlwmanifest.xml HTTP/1.1" 404 229 "-" "Mozilla/5.0 (Windows NT 10.0; Win64; x64) AppleWebKit/537.36 (KHTML, like Gecko) Chrome/63.0.3239.132 Safari/537.36"
192.99.13.22 - - [24/Mar/2019:17:33:43 +0200] "GET /sito/wp-includes/wlwmanifest.xml HTTP/1.1" 404 230 "-" "Mozilla/5.0 (Windows NT 10.0; Win64; x64) AppleWebKit/537.36 (KHTML, like Gecko) Chrome/63.0.3239.132 Safari/537.36"
66.249.64.218 - - [24/Mar/2019:18:03:20 +0200] "GET / HTTP/1.1" 403 4897 "-" "Mozilla/5.0 (Linux; Android 6.0.1; Nexus 5X Build/MMB29P) AppleWebKit/537.36 (KHTML, like Gecko) Chrome/41.0.2272.96 Mobile Safari/537.36 (compatible; Googlebot/2.1; +http://www.google.com/bot.html)"
66.249.64.218 - - [24/Mar/2019:19:13:28 +0200] "GET / HTTP/1.1" 403 4897 "-" "Mozilla/5.0 (compatible; Googlebot/2.1; +http://www.google.com/bot.html)"
66.249.64.220 - - [24/Mar/2019:19:13:28 +0200] "GET / HTTP/1.1" 403 4897 "-" "Mozilla/5.0 (compatible; Googlebot/2.1; +http://www.google.com/bot.html)"
66.249.64.56 - - [24/Mar/2019:23:52:39 +0200] "GET / HTTP/1.1" 403 4897 "-" "Mozilla/5.0 (Linux; Android 6.0.1; Nexus 5X Build/MMB29P) AppleWebKit/537.36 (KHTML, like Gecko) Chrome/41.0.2272.96 Mobile Safari/537.36 (compatible; Googlebot/2.1; +http://www.google.com/bot.html)"
54.36.149.92 - - [25/Mar/2019:00:48:14 +0200] "GET /files/o3foxd7dzvx6gsvnhuti.JPG HTTP/1.1" 404 228 "-" "Mozilla/5.0 (compatible; AhrefsBot/6.1; +http://ahrefs.com/robot/)"
66.249.64.54 - - [25/Mar/2019:02:53:57 +0200] "GET /robots.txt HTTP/1.1" 404 208 "-" "Mozilla/5.0 (compatible; Googlebot/2.1; +http://www.google.com/bot.html)"
66.249.64.56 - - [25/Mar/2019:02:53:57 +0200] "GET / HTTP/1.1" 403 4897 "-" "Mozilla/5.0 (compatible; Googlebot/2.1; +http://www.google.com/bot.html)"
5.45.207.48 - - [25/Mar/2019:02:55:30 +0200] "GET /robots.txt HTTP/1.1" 404 208 "-" "Mozilla/5.0 (compatible; YandexBot/3.0; +http://yandex.com/bots)"
5.45.207.48 - - [25/Mar/2019:02:55:34 +0200] "GET / HTTP/1.1" 403 4897 "-" "Mozilla/5.0 (compatible; YandexBot/3.0; +http://yandex.com/bots)"
52.53.201.78 - - [25/Mar/2019:03:16:41 +0200] "GET / HTTP/1.1" 403 4897 "-" "Mozilla/5.0 (Macintosh; Intel Mac OS X 10_12_6) AppleWebKit/537.36 (KHTML, like Gecko) Chrome/61.0.3163.100 Safari/537.36"
66.249.64.220 - - [25/Mar/2019:04:36:18 +0200] "GET /robots.txt HTTP/1.1" 404 208 "-" "Mozilla/5.0 (compatible; Googlebot/2.1; +http://www.google.com/bot.html)"
66.249.64.218 - - [25/Mar/2019:04:36:19 +0200] "GET / HTTP/1.1" 403 4897 "-" "Mozilla/5.0 (Linux; Android 6.0.1; Nexus 5X Build/MMB29P) AppleWebKit/537.36 (KHTML, like Gecko) Chrome/41.0.2272.96 Mobile Safari/537.36 (compatible; Googlebot/2.1; +http://www.google.com/bot.html)"
40.77.167.21 - - [25/Mar/2019:05:37:19 +0200] "GET / HTTP/1.1" 403 4897 "-" "Mozilla/5.0 (iPhone; CPU iPhone OS 7_0 like Mac OS X) AppleWebKit/537.51.1 (KHTML, like Gecko) Version/7.0 Mobile/11A465 Safari/9537.53 (compatible; bingbot/2.0; +http://www.bing.com/bingbot.htm)"
173.252.127.12 - - [25/Mar/2019:09:38:51 +0200] "GET /images/asel/27.jpg HTTP/1.1" 404 216 "-" "cortex/1.0"
173.252.127.10 - - [25/Mar/2019:09:38:51 +0200] "GET /images/asel/27.jpg HTTP/1.1" 404 216 "-" "cortex/1.0"
173.252.127.9 - - [25/Mar/2019:09:38:52 +0200] "GET /images/asel/27.jpg HTTP/1.1" 404 216 "-" "cortex/1.0"
173.252.127.25 - - [25/Mar/2019:09:38:52 +0200] "GET /images/asel/27.jpg HTTP/1.1" 404 216 "-" "cortex/1.0"
173.252.127.38 - - [25/Mar/2019:09:38:53 +0200] "GET /images/asel/27.jpg HTTP/1.1" 404 216 "-" "cortex/1.0"
173.252.127.13 - - [25/Mar/2019:09:38:53 +0200] "GET /images/asel/27.jpg HTTP/1.1" 404 216 "-" "cortex/1.0"
173.252.127.20 - - [25/Mar/2019:09:38:54 +0200] "GET /images/asel/27.jpg HTTP/1.1" 404 216 "-" "facebookexternalhit/1.1 (+http://www.facebook.com/externalhit_uatext.php)"
66.249.64.56 - - [25/Mar/2019:10:45:44 +0200] "GET / HTTP/1.1" 403 4897 "-" "Mozilla/5.0 (Linux; Android 6.0.1; Nexus 5X Build/MMB29P) AppleWebKit/537.36 (KHTML, like Gecko) Chrome/41.0.2272.96 Mobile Safari/537.36 (compatible; Googlebot/2.1; +http://www.google.com/bot.html)"
66.249.64.54 - - [25/Mar/2019:12:23:47 +0200] "GET / HTTP/1.1" 403 4897 "-" "Mozilla/5.0 (compatible; Googlebot/2.1; +http://www.google.com/bot.html)"
184.154.139.17 - - [25/Mar/2019:13:51:28 +0200] "GET / HTTP/1.1" 403 4897 "http://www.google.com/url?url=www.asdco.net&yahoo.com" "Mozilla/5.0 (compatible; MSIE 9.0; Windows NT 6.1; WOW64; Trident/6.0)"
184.154.139.17 - - [25/Mar/2019:13:51:28 +0200] "GET /th1s_1s_a_4o4.html HTTP/1.1" 404 216 "http://www.google.com/url?url=www.asdco.net&yahoo.com" "Mozilla/5.0 (compatible; MSIE 9.0; Windows NT 6.1; WOW64; Trident/6.0)"
184.154.139.17 - - [25/Mar/2019:13:51:28 +0200] "GET /noindex/css/bootstrap.min.css HTTP/1.1" 200 19341 "http://www.google.com/url?url=www.asdco.net&yahoo.com" "Mozilla/5.0 (compatible; MSIE 9.0; Windows NT 6.1; WOW64; Trident/6.0)"
184.154.139.17 - - [25/Mar/2019:13:51:29 +0200] "GET /noindex/css/open-sans.css HTTP/1.1" 200 5081 "-" "SiteLockSpider [en] (WinNT; I ;Nav)"
184.154.139.17 - - [25/Mar/2019:13:51:29 +0200] "GET / HTTP/1.1" 403 4897 "-" "SiteLockSpider [en] (WinNT; I ;Nav)"
66.249.64.218 - - [25/Mar/2019:14:16:29 +0200] "GET / HTTP/1.1" 403 4897 "-" "Mozilla/5.0 (Linux; Android 6.0.1; Nexus 5X Build/MMB29P) AppleWebKit/537.36 (KHTML, like Gecko) Chrome/41.0.2272.96 Mobile Safari/537.36 (compatible; Googlebot/2.1; +http://www.google.com/bot.html)"
96.227.61.123 - - [25/Mar/2019:17:56:42 +0200] "GET / HTTP/1.1" 403 4897 "-" "Ruby"
66.249.64.218 - - [25/Mar/2019:18:19:41 +0200] "GET /robots.txt HTTP/1.1" 404 208 "-" "Mozilla/5.0 (compatible; Googlebot/2.1; +http://www.google.com/bot.html)"
66.249.64.222 - - [25/Mar/2019:18:19:41 +0200] "GET / HTTP/1.1" 403 4897 "-" "Mozilla/5.0 (compatible; Googlebot/2.1; +http://www.google.com/bot.html)"
176.31.101.204 - - [25/Mar/2019:20:14:48 +0200] "GET / HTTP/1.0" 403 4897 "-" "Mozilla/5.0 (Windows NT 6.3; WOW64) AppleWebKit/537.36 (KHTML, like Gecko) Chrome/34.0.1847.137 Safari/537.36"
176.31.101.204 - - [25/Mar/2019:20:14:48 +0200] "GET / HTTP/1.0" 403 4897 "-" "Mozilla/5.0 (Windows NT 6.3; WOW64) AppleWebKit/537.36 (KHTML, like Gecko) Chrome/34.0.1847.137 Safari/537.36"
176.31.101.204 - - [25/Mar/2019:20:14:48 +0200] "GET / HTTP/1.0" 403 4897 "-" "Mozilla/5.0 (Windows NT 6.3; WOW64) AppleWebKit/537.36 (KHTML, like Gecko) Chrome/34.0.1847.137 Safari/537.36"
176.31.101.204 - - [25/Mar/2019:20:14:48 +0200] "GET / HTTP/1.0" 403 4897 "-" "Mozilla/5.0 (Windows NT 6.3; WOW64) AppleWebKit/537.36 (KHTML, like Gecko) Chrome/34.0.1847.137 Safari/537.36"
66.249.64.52 - - [25/Mar/2019:20:30:24 +0200] "GET /robots.txt HTTP/1.1" 404 208 "-" "Mozilla/5.0 (compatible; Googlebot/2.1; +http://www.google.com/bot.html)"
66.249.64.56 - - [25/Mar/2019:20:30:25 +0200] "GET / HTTP/1.1" 403 4897 "-" "Mozilla/5.0 (Linux; Android 6.0.1; Nexus 5X Build/MMB29P) AppleWebKit/537.36 (KHTML, like Gecko) Chrome/41.0.2272.96 Mobile Safari/537.36 (compatible; Googlebot/2.1; +http://www.google.com/bot.html)"
66.249.64.56 - - [25/Mar/2019:20:45:37 +0200] "GET / HTTP/1.1" 403 4897 "-" "Mozilla/5.0 (compatible; Googlebot/2.1; +http://www.google.com/bot.html)"
54.36.150.10 - - [25/Mar/2019:20:51:30 +0200] "GET /robots.txt HTTP/1.1" 404 208 "-" "Mozilla/5.0 (compatible; AhrefsBot/6.1; +http://ahrefs.com/robot/)"
54.36.149.70 - - [25/Mar/2019:20:51:30 +0200] "GET /Product/show/12 HTTP/1.1" 404 213 "-" "Mozilla/5.0 (compatible; AhrefsBot/6.1; +http://ahrefs.com/robot/)"
66.249.64.222 - - [25/Mar/2019:23:17:22 +0200] "GET / HTTP/1.1" 403 4897 "-" "Mozilla/5.0 (Linux; Android 6.0.1; Nexus 5X Build/MMB29P) AppleWebKit/537.36 (KHTML, like Gecko) Chrome/41.0.2272.96 Mobile Safari/537.36 (compatible; Googlebot/2.1; +http://www.google.com/bot.html)"
207.46.13.92 - - [25/Mar/2019:23:44:43 +0200] "GET / HTTP/1.1" 403 4897 "-" "Mozilla/5.0 (iPhone; CPU iPhone OS 7_0 like Mac OS X) AppleWebKit/537.51.1 (KHTML, like Gecko) Version/7.0 Mobile/11A465 Safari/9537.53 (compatible; bingbot/2.0; +http://www.bing.com/bingbot.htm)"
66.249.64.52 - - [26/Mar/2019:05:23:42 +0200] "GET / HTTP/1.1" 403 4897 "-" "Mozilla/5.0 (Linux; Android 6.0.1; Nexus 5X Build/MMB29P) AppleWebKit/537.36 (KHTML, like Gecko) Chrome/41.0.2272.96 Mobile Safari/537.36 (compatible; Googlebot/2.1; +http://www.google.com/bot.html)"
66.249.64.56 - - [26/Mar/2019:06:15:58 +0200] "GET / HTTP/1.1" 403 4897 "-" "Mozilla/5.0 (compatible; Googlebot/2.1; +http://www.google.com/bot.html)"
66.249.64.218 - - [26/Mar/2019:08:03:56 +0200] "GET /robots.txt HTTP/1.1" 404 208 "-" "Mozilla/5.0 (compatible; Googlebot/2.1; +http://www.google.com/bot.html)"
66.249.64.220 - - [26/Mar/2019:08:03:56 +0200] "GET / HTTP/1.1" 403 4897 "-" "Mozilla/5.0 (Linux; Android 6.0.1; Nexus 5X Build/MMB29P) AppleWebKit/537.36 (KHTML, like Gecko) Chrome/41.0.2272.96 Mobile Safari/537.36 (compatible; Googlebot/2.1; +http://www.google.com/bot.html)"
5.45.207.48 - - [26/Mar/2019:13:29:01 +0200] "GET /robots.txt HTTP/1.1" 404 208 "-" "Mozilla/5.0 (compatible; YandexBot/3.0; +http://yandex.com/bots)"
178.154.200.21 - - [26/Mar/2019:13:29:01 +0200] "GET /robots.txt HTTP/1.1" 404 208 "-" "Mozilla/5.0 (compatible; YandexBot/3.0; +http://yandex.com/bots)"
5.45.207.48 - - [26/Mar/2019:13:29:05 +0200] "GET / HTTP/1.1" 403 4897 "-" "Mozilla/5.0 (compatible; YandexBot/3.0; +http://yandex.com/bots)"
178.154.200.21 - - [26/Mar/2019:13:29:05 +0200] "GET / HTTP/1.1" 403 4897 "-" "Mozilla/5.0 (compatible; YandexBot/3.0; +http://yandex.com/bots)"
184.154.139.21 - - [26/Mar/2019:13:47:08 +0200] "GET / HTTP/1.1" 403 4897 "http://www.google.com/url?url=www.asdco.net&yahoo.com" "Mozilla/5.0 (compatible; MSIE 9.0; Windows NT 6.1; WOW64; Trident/6.0)"
184.154.139.21 - - [26/Mar/2019:13:47:08 +0200] "GET /th1s_1s_a_4o4.html HTTP/1.1" 404 216 "http://www.google.com/url?url=www.asdco.net&yahoo.com" "Mozilla/5.0 (compatible; MSIE 9.0; Windows NT 6.1; WOW64; Trident/6.0)"
184.154.139.21 - - [26/Mar/2019:13:47:09 +0200] "GET /noindex/css/bootstrap.min.css HTTP/1.1" 200 19341 "http://www.google.com/url?url=www.asdco.net&yahoo.com" "Mozilla/5.0 (compatible; MSIE 9.0; Windows NT 6.1; WOW64; Trident/6.0)"
184.154.139.21 - - [26/Mar/2019:13:47:09 +0200] "GET /noindex/css/open-sans.css HTTP/1.1" 200 5081 "-" "SiteLockSpider [en] (WinNT; I ;Nav)"
184.154.139.21 - - [26/Mar/2019:13:47:09 +0200] "GET / HTTP/1.1" 403 4897 "-" "SiteLockSpider [en] (WinNT; I ;Nav)"
66.249.64.54 - - [26/Mar/2019:14:18:16 +0200] "GET /robots.txt HTTP/1.1" 404 208 "-" "Mozilla/5.0 (compatible; Googlebot/2.1; +http://www.google.com/bot.html)"
66.249.64.52 - - [26/Mar/2019:14:18:17 +0200] "GET / HTTP/1.1" 403 4897 "-" "Mozilla/5.0 (Linux; Android 6.0.1; Nexus 5X Build/MMB29P) AppleWebKit/537.36 (KHTML, like Gecko) Chrome/41.0.2272.96 Mobile Safari/537.36 (compatible; Googlebot/2.1; +http://www.google.com/bot.html)"
66.249.64.56 - - [26/Mar/2019:14:57:08 +0200] "GET / HTTP/1.1" 403 4897 "-" "Mozilla/5.0 (compatible; Googlebot/2.1; +http://www.google.com/bot.html)"
46.166.190.156 - - [26/Mar/2019:16:04:47 +0200] "HEAD / HTTP/1.1" 403 - "https://uptime.com/asdco.net" "Mozilla/5.0 (compatible; Uptimebot/1.0; +http://www.uptime.com/uptimebot)"
5.45.64.76 - - [26/Mar/2019:16:23:25 +0200] "GET / HTTP/1.1" 403 4897 "-" "Mozilla/4.0 (compatible; MSIE 6.0;Mozilla/5.0 (compatible; Googlebot/2.1; +http://www.google.com/bot.html)"
176.67.58.202 - - [26/Mar/2019:17:31:45 +0200] "GET / HTTP/1.1" 403 4897 "-" "Mozilla/5.0 (Windows NT 10.0; Win64; x64; rv:66.0) Gecko/20100101 Firefox/66.0"
176.67.58.202 - - [26/Mar/2019:17:31:45 +0200] "GET /noindex/css/open-sans.css HTTP/1.1" 200 637 "http://www.asdco.net/" "Mozilla/5.0 (Windows NT 10.0; Win64; x64; rv:66.0) Gecko/20100101 Firefox/66.0"
176.67.58.202 - - [26/Mar/2019:17:31:45 +0200] "GET /noindex/css/bootstrap.min.css HTTP/1.1" 200 4755 "http://www.asdco.net/" "Mozilla/5.0 (Windows NT 10.0; Win64; x64; rv:66.0) Gecko/20100101 Firefox/66.0"
176.67.58.202 - - [26/Mar/2019:17:31:45 +0200] "GET /images/apache_pb.gif HTTP/1.1" 200 2326 "http://www.asdco.net/" "Mozilla/5.0 (Windows NT 10.0; Win64; x64; rv:66.0) Gecko/20100101 Firefox/66.0"
176.67.58.202 - - [26/Mar/2019:17:31:45 +0200] "GET /images/poweredby.png HTTP/1.1" 200 3956 "http://www.asdco.net/" "Mozilla/5.0 (Windows NT 10.0; Win64; x64; rv:66.0) Gecko/20100101 Firefox/66.0"
176.67.58.202 - - [26/Mar/2019:17:31:45 +0200] "GET /noindex/css/fonts/Light/OpenSans-Light.woff HTTP/1.1" 404 241 "http://www.asdco.net/noindex/css/open-sans.css" "Mozilla/5.0 (Windows NT 10.0; Win64; x64; rv:66.0) Gecko/20100101 Firefox/66.0"
176.67.58.202 - - [26/Mar/2019:17:31:45 +0200] "GET /noindex/css/fonts/Bold/OpenSans-Bold.woff HTTP/1.1" 404 239 "http://www.asdco.net/noindex/css/open-sans.css" "Mozilla/5.0 (Windows NT 10.0; Win64; x64; rv:66.0) Gecko/20100101 Firefox/66.0"
176.67.58.202 - - [26/Mar/2019:17:31:45 +0200] "GET /noindex/css/fonts/Light/OpenSans-Light.ttf HTTP/1.1" 404 240 "http://www.asdco.net/noindex/css/open-sans.css" "Mozilla/5.0 (Windows NT 10.0; Win64; x64; rv:66.0) Gecko/20100101 Firefox/66.0"
176.67.58.202 - - [26/Mar/2019:17:31:45 +0200] "GET /noindex/css/fonts/Bold/OpenSans-Bold.ttf HTTP/1.1" 404 238 "http://www.asdco.net/noindex/css/open-sans.css" "Mozilla/5.0 (Windows NT 10.0; Win64; x64; rv:66.0) Gecko/20100101 Firefox/66.0"
176.67.58.202 - - [26/Mar/2019:17:31:45 +0200] "GET /favicon.ico HTTP/1.1" 404 209 "-" "Mozilla/5.0 (Windows NT 10.0; Win64; x64; rv:66.0) Gecko/20100101 Firefox/66.0"
66.249.64.220 - - [26/Mar/2019:17:38:26 +0200] "GET / HTTP/1.1" 403 4897 "-" "Mozilla/5.0 (Linux; Android 6.0.1; Nexus 5X Build/MMB29P) AppleWebKit/537.36 (KHTML, like Gecko) Chrome/41.0.2272.96 Mobile Safari/537.36 (compatible; Googlebot/2.1; +http://www.google.com/bot.html)"
176.67.58.202 - - [26/Mar/2019:18:52:41 +0200] "GET / HTTP/1.1" 403 4897 "-" "Mozilla/5.0 (Windows NT 10.0; Win64; x64; rv:66.0) Gecko/20100101 Firefox/66.0"
176.67.58.202 - - [26/Mar/2019:18:52:42 +0200] "GET /noindex/css/bootstrap.min.css HTTP/1.1" 200 4755 "http://asdco.net/" "Mozilla/5.0 (Windows NT 10.0; Win64; x64; rv:66.0) Gecko/20100101 Firefox/66.0"
176.67.58.202 - - [26/Mar/2019:18:52:42 +0200] "GET /noindex/css/open-sans.css HTTP/1.1" 200 637 "http://asdco.net/" "Mozilla/5.0 (Windows NT 10.0; Win64; x64; rv:66.0) Gecko/20100101 Firefox/66.0"
176.67.58.202 - - [26/Mar/2019:18:52:42 +0200] "GET /images/apache_pb.gif HTTP/1.1" 200 2326 "http://asdco.net/" "Mozilla/5.0 (Windows NT 10.0; Win64; x64; rv:66.0) Gecko/20100101 Firefox/66.0"
176.67.58.202 - - [26/Mar/2019:18:52:42 +0200] "GET /images/poweredby.png HTTP/1.1" 200 3956 "http://asdco.net/" "Mozilla/5.0 (Windows NT 10.0; Win64; x64; rv:66.0) Gecko/20100101 Firefox/66.0"
176.67.58.202 - - [26/Mar/2019:18:52:42 +0200] "GET /noindex/css/fonts/Bold/OpenSans-Bold.woff HTTP/1.1" 404 239 "http://asdco.net/noindex/css/open-sans.css" "Mozilla/5.0 (Windows NT 10.0; Win64; x64; rv:66.0) Gecko/20100101 Firefox/66.0"
176.67.58.202 - - [26/Mar/2019:18:52:42 +0200] "GET /noindex/css/fonts/Light/OpenSans-Light.woff HTTP/1.1" 404 241 "http://asdco.net/noindex/css/open-sans.css" "Mozilla/5.0 (Windows NT 10.0; Win64; x64; rv:66.0) Gecko/20100101 Firefox/66.0"
176.67.58.202 - - [26/Mar/2019:18:52:42 +0200] "GET /noindex/css/fonts/Bold/OpenSans-Bold.ttf HTTP/1.1" 404 238 "http://asdco.net/noindex/css/open-sans.css" "Mozilla/5.0 (Windows NT 10.0; Win64; x64; rv:66.0) Gecko/20100101 Firefox/66.0"
176.67.58.202 - - [26/Mar/2019:18:52:42 +0200] "GET /noindex/css/fonts/Light/OpenSans-Light.ttf HTTP/1.1" 404 240 "http://asdco.net/noindex/css/open-sans.css" "Mozilla/5.0 (Windows NT 10.0; Win64; x64; rv:66.0) Gecko/20100101 Firefox/66.0"
176.67.58.202 - - [26/Mar/2019:18:52:42 +0200] "GET /favicon.ico HTTP/1.1" 404 209 "-" "Mozilla/5.0 (Windows NT 10.0; Win64; x64; rv:66.0) Gecko/20100101 Firefox/66.0"
66.249.64.222 - - [26/Mar/2019:19:51:43 +0200] "GET / HTTP/1.1" 403 4897 "-" "Mozilla/5.0 (compatible; Googlebot/2.1; +http://www.google.com/bot.html)"
104.196.192.0 - - [26/Mar/2019:20:36:48 +0200] "GET / HTTP/1.1" 403 4897 "-" "Mozilla/5.0 (X11; U; Linux i686; en-US; rv:1.4) Gecko/20030624"
46.166.186.222 - - [27/Mar/2019:01:08:07 +0200] "HEAD / HTTP/1.1" 403 - "https://uptime.com/asdco.net" "Mozilla/5.0 (compatible; Uptimebot/1.0; +http://www.uptime.com/uptimebot)"
109.201.152.3 - - [27/Mar/2019:02:13:25 +0200] "HEAD / HTTP/1.1" 403 - "https://uptime.com/asdco.net" "Mozilla/5.0 (compatible; Uptimebot/1.0; +http://www.uptime.com/uptimebot)"
66.249.64.54 - - [27/Mar/2019:08:52:32 +0200] "GET /robots.txt HTTP/1.1" 404 208 "-" "Mozilla/5.0 (compatible; Googlebot/2.1; +http://www.google.com/bot.html)"
66.249.64.54 - - [27/Mar/2019:08:52:33 +0200] "GET / HTTP/1.1" 403 4897 "-" "Mozilla/5.0 (compatible; Googlebot/2.1; +http://www.google.com/bot.html)"
52.53.201.78 - - [27/Mar/2019:10:23:56 +0200] "GET / HTTP/1.1" 403 4897 "-" "Mozilla/5.0 (Macintosh; Intel Mac OS X 10_12_6) AppleWebKit/537.36 (KHTML, like Gecko) Chrome/61.0.3163.100 Safari/537.36"
54.244.211.12 - - [27/Mar/2019:10:27:29 +0200] "GET / HTTP/1.1" 403 4897 "-" "Go-http-client/1.1"
66.249.64.54 - - [27/Mar/2019:12:09:24 +0200] "GET / HTTP/1.1" 403 4897 "-" "Mozilla/5.0 (Linux; Android 6.0.1; Nexus 5X Build/MMB29P) AppleWebKit/537.36 (KHTML, like Gecko) Chrome/41.0.2272.96 Mobile Safari/537.36 (compatible; Googlebot/2.1; +http://www.google.com/bot.html)"
104.238.80.144 - - [27/Mar/2019:12:31:29 +0200] "GET /wp-login.php HTTP/1.1" 404 210 "-" "Mozilla/5.0 (X11; Ubuntu; Linux x86_64; rv:62.0) Gecko/20100101 Firefox/62.0"
185.234.217.208 - - [27/Mar/2019:12:56:15 +0200] "GET /wp-login.php HTTP/1.1" 404 210 "http://asdco.net/wp-login.php" "Mozilla/4.0 (compatible; MSIE 9.0; Windows NT 6.1; 125LA; .NET CLR 2.0.50727; .NET CLR 3.0.04506.648; .NET CLR 3.5.21022)"
185.234.217.208 - - [27/Mar/2019:12:56:15 +0200] "GET /wp-login.php HTTP/1.1" 404 210 "http://asdco.net/wp-login.php" "Mozilla/4.0 (compatible; MSIE 9.0; Windows NT 6.1; 125LA; .NET CLR 2.0.50727; .NET CLR 3.0.04506.648; .NET CLR 3.5.21022)"
184.154.139.17 - - [27/Mar/2019:13:47:22 +0200] "GET / HTTP/1.1" 403 4897 "http://www.google.com/url?url=www.asdco.net&yahoo.com" "Mozilla/5.0 (compatible; MSIE 9.0; Windows NT 6.1; WOW64; Trident/6.0)"
184.154.139.17 - - [27/Mar/2019:13:47:22 +0200] "GET /th1s_1s_a_4o4.html HTTP/1.1" 404 216 "http://www.google.com/url?url=www.asdco.net&yahoo.com" "Mozilla/5.0 (compatible; MSIE 9.0; Windows NT 6.1; WOW64; Trident/6.0)"
184.154.139.17 - - [27/Mar/2019:13:47:23 +0200] "GET /noindex/css/open-sans.css HTTP/1.1" 200 5081 "http://www.google.com/url?url=www.asdco.net&yahoo.com" "Mozilla/5.0 (compatible; MSIE 9.0; Windows NT 6.1; WOW64; Trident/6.0)"
184.154.139.17 - - [27/Mar/2019:13:47:23 +0200] "GET /noindex/css/bootstrap.min.css HTTP/1.1" 200 19341 "-" "SiteLockSpider [en] (WinNT; I ;Nav)"
184.154.139.17 - - [27/Mar/2019:13:47:23 +0200] "GET / HTTP/1.1" 403 4897 "-" "SiteLockSpider [en] (WinNT; I ;Nav)"
66.249.64.220 - - [27/Mar/2019:16:10:00 +0200] "GET /robots.txt HTTP/1.1" 404 208 "-" "Mozilla/5.0 (compatible; Googlebot/2.1; +http://www.google.com/bot.html)"
66.249.64.218 - - [27/Mar/2019:16:10:01 +0200] "GET / HTTP/1.1" 403 4897 "-" "Mozilla/5.0 (Linux; Android 6.0.1; Nexus 5X Build/MMB29P) AppleWebKit/537.36 (KHTML, like Gecko) Chrome/41.0.2272.96 Mobile Safari/537.36 (compatible; Googlebot/2.1; +http://www.google.com/bot.html)"
62.210.111.56 - - [27/Mar/2019:21:44:29 +0200] "GET / HTTP/1.0" 403 4897 "-" "Mozilla/5.0 (iPhone; CPU iPhone OS 7_0_4 like Mac OS X) AppleWebKit/537.51.1 (KHTML, like Gecko) Version/7.0 Mobile/11B554a Safari/9537.53"
62.210.111.56 - - [27/Mar/2019:21:44:29 +0200] "GET / HTTP/1.0" 403 4897 "-" "Mozilla/5.0 (iPhone; CPU iPhone OS 7_0_4 like Mac OS X) AppleWebKit/537.51.1 (KHTML, like Gecko) Version/7.0 Mobile/11B554a Safari/9537.53"
62.210.111.56 - - [27/Mar/2019:21:44:29 +0200] "GET / HTTP/1.0" 403 4897 "-" "Mozilla/5.0 (iPhone; CPU iPhone OS 7_0_4 like Mac OS X) AppleWebKit/537.51.1 (KHTML, like Gecko) Version/7.0 Mobile/11B554a Safari/9537.53"
62.210.111.56 - - [27/Mar/2019:21:44:29 +0200] "GET / HTTP/1.0" 403 4897 "-" "Mozilla/5.0 (iPhone; CPU iPhone OS 7_0_4 like Mac OS X) AppleWebKit/537.51.1 (KHTML, like Gecko) Version/7.0 Mobile/11B554a Safari/9537.53"
5.45.207.48 - - [28/Mar/2019:00:50:46 +0200] "GET /robots.txt HTTP/1.1" 404 208 "-" "Mozilla/5.0 (compatible; YandexBot/3.0; +http://yandex.com/bots)"
5.45.207.48 - - [28/Mar/2019:00:50:46 +0200] "GET /robots.txt HTTP/1.1" 404 208 "-" "Mozilla/5.0 (compatible; YandexBot/3.0; +http://yandex.com/bots)"
5.45.207.48 - - [28/Mar/2019:00:50:50 +0200] "GET / HTTP/1.1" 403 4897 "-" "Mozilla/5.0 (compatible; YandexBot/3.0; +http://yandex.com/bots)"
5.45.207.48 - - [28/Mar/2019:00:50:50 +0200] "GET / HTTP/1.1" 403 4897 "-" "Mozilla/5.0 (compatible; YandexBot/3.0; +http://yandex.com/bots)"
157.55.39.32 - - [28/Mar/2019:04:50:27 +0200] "GET /robots.txt HTTP/1.1" 404 208 "-" "Mozilla/5.0 (compatible; bingbot/2.0; +http://www.bing.com/bingbot.htm)"
157.55.39.86 - - [28/Mar/2019:04:50:29 +0200] "GET / HTTP/1.1" 403 4897 "-" "Mozilla/5.0 (compatible; bingbot/2.0; +http://www.bing.com/bingbot.htm)"
66.249.64.56 - - [28/Mar/2019:10:32:30 +0200] "GET /robots.txt HTTP/1.1" 404 208 "-" "Mozilla/5.0 (compatible; Googlebot/2.1; +http://www.google.com/bot.html)"
66.249.64.52 - - [28/Mar/2019:10:32:30 +0200] "GET / HTTP/1.1" 403 4897 "-" "Mozilla/5.0 (compatible; Googlebot/2.1; +http://www.google.com/bot.html)"
34.228.158.118 - - [28/Mar/2019:10:53:56 +0200] "GET / HTTP/1.1" 403 4897 "-" "Mozilla/5.0 (compatible; SurdotlyBot/1.0; +http://sur.ly/bot.html)"
34.228.158.118 - - [28/Mar/2019:10:53:56 +0200] "GET /favicon.ico HTTP/1.1" 404 209 "-" "Mozilla/5.0 (X11; U; Linux x86_64; en-US) AppleWebKit/532.9 (KHTML, like Gecko) Chrome/5.0.307.7 Safari/532.9"
184.154.139.20 - - [28/Mar/2019:13:50:04 +0200] "GET / HTTP/1.1" 403 4897 "http://www.google.com/url?url=www.asdco.net&yahoo.com" "Mozilla/5.0 (compatible; MSIE 9.0; Windows NT 6.1; WOW64; Trident/6.0)"
184.154.139.20 - - [28/Mar/2019:13:50:04 +0200] "GET /th1s_1s_a_4o4.html HTTP/1.1" 404 216 "http://www.google.com/url?url=www.asdco.net&yahoo.com" "Mozilla/5.0 (compatible; MSIE 9.0; Windows NT 6.1; WOW64; Trident/6.0)"
184.154.139.20 - - [28/Mar/2019:13:50:05 +0200] "GET /noindex/css/bootstrap.min.css HTTP/1.1" 200 19341 "http://www.google.com/url?url=www.asdco.net&yahoo.com" "Mozilla/5.0 (compatible; MSIE 9.0; Windows NT 6.1; WOW64; Trident/6.0)"
184.154.139.20 - - [28/Mar/2019:13:50:05 +0200] "GET /noindex/css/open-sans.css HTTP/1.1" 200 5081 "-" "SiteLockSpider [en] (WinNT; I ;Nav)"
184.154.139.20 - - [28/Mar/2019:13:50:05 +0200] "GET / HTTP/1.1" 403 4897 "-" "SiteLockSpider [en] (WinNT; I ;Nav)"
157.55.39.27 - - [28/Mar/2019:16:03:35 +0200] "GET /robots.txt HTTP/1.1" 404 208 "-" "Mozilla/5.0 (compatible; bingbot/2.0; +http://www.bing.com/bingbot.htm)"
157.55.39.118 - - [28/Mar/2019:16:03:38 +0200] "GET / HTTP/1.1" 403 4897 "-" "Mozilla/5.0 (iPhone; CPU iPhone OS 7_0 like Mac OS X) AppleWebKit/537.51.1 (KHTML, like Gecko) Version/7.0 Mobile/11A465 Safari/9537.53 (compatible; bingbot/2.0; +http://www.bing.com/bingbot.htm)"
109.201.154.217 - - [28/Mar/2019:19:31:16 +0200] "HEAD / HTTP/1.1" 403 - "https://uptime.com/asdco.net" "Mozilla/5.0 (compatible; Uptimebot/1.0; +http://www.uptime.com/uptimebot)"
40.77.167.85 - - [28/Mar/2019:20:41:06 +0200] "GET / HTTP/1.1" 403 4897 "-" "Mozilla/5.0 (iPhone; CPU iPhone OS 7_0 like Mac OS X) AppleWebKit/537.51.1 (KHTML, like Gecko) Version/7.0 Mobile/11A465 Safari/9537.53 (compatible; bingbot/2.0; +http://www.bing.com/bingbot.htm)"
69.58.178.56 - - [28/Mar/2019:23:16:59 +0200] "GET /robots.txt HTTP/1.1" 404 208 "-" "Mozilla/5.0 (compatible; ips-agent)"
69.58.178.56 - - [28/Mar/2019:23:17:05 +0200] "GET / HTTP/1.1" 403 4897 "-" "Mozilla/5.0 (compatible; ips-agent)"
209.17.96.210 - - [29/Mar/2019:03:21:35 +0300] "GET / HTTP/1.1" 403 4897 "-" "Mozilla/5.0 (compatible; Nimbostratus-Bot/v1.3.2; http://cloudsystemnetworks.com)"
54.36.149.31 - - [29/Mar/2019:07:50:54 +0300] "GET /robots.txt HTTP/1.1" 404 208 "-" "Mozilla/5.0 (compatible; AhrefsBot/6.1; +http://ahrefs.com/robot/)"
54.36.148.68 - - [29/Mar/2019:07:50:55 +0300] "GET /Product/show/9 HTTP/1.1" 404 212 "-" "Mozilla/5.0 (compatible; AhrefsBot/6.1; +http://ahrefs.com/robot/)"
5.45.207.48 - - [29/Mar/2019:11:49:21 +0300] "GET /robots.txt HTTP/1.1" 404 208 "-" "Mozilla/5.0 (compatible; YandexBot/3.0; +http://yandex.com/bots)"
178.154.200.21 - - [29/Mar/2019:11:49:21 +0300] "GET /robots.txt HTTP/1.1" 404 208 "-" "Mozilla/5.0 (compatible; YandexBot/3.0; +http://yandex.com/bots)"
5.45.207.48 - - [29/Mar/2019:11:49:25 +0300] "GET / HTTP/1.1" 403 4897 "-" "Mozilla/5.0 (compatible; YandexBot/3.0; +http://yandex.com/bots)"
178.154.200.21 - - [29/Mar/2019:11:49:25 +0300] "GET / HTTP/1.1" 403 4897 "-" "Mozilla/5.0 (compatible; YandexBot/3.0; +http://yandex.com/bots)"
66.249.64.220 - - [29/Mar/2019:12:08:21 +0300] "GET /robots.txt HTTP/1.1" 404 208 "-" "Mozilla/5.0 (compatible; Googlebot/2.1; +http://www.google.com/bot.html)"
66.249.64.222 - - [29/Mar/2019:12:08:21 +0300] "GET / HTTP/1.1" 403 4897 "-" "Mozilla/5.0 (compatible; Googlebot/2.1; +http://www.google.com/bot.html)"
66.249.64.54 - - [29/Mar/2019:13:08:43 +0300] "GET /robots.txt HTTP/1.1" 404 208 "-" "Mozilla/5.0 (compatible; Googlebot/2.1; +http://www.google.com/bot.html)"
66.249.64.52 - - [29/Mar/2019:13:08:44 +0300] "GET / HTTP/1.1" 403 4897 "-" "Mozilla/5.0 (compatible; Googlebot/2.1; +http://www.google.com/bot.html)"
60.191.38.77 - - [29/Mar/2019:13:35:29 +0300] "GET / HTTP/1.1" 403 4897 "-" "Mozilla/5.0 (Macintosh; Intel Mac OS X 10.11; rv:47.0) Gecko/20100101 Firefox/47.0"
66.249.64.56 - - [29/Mar/2019:13:51:39 +0300] "GET / HTTP/1.1" 403 4897 "-" "Mozilla/5.0 (Linux; Android 6.0.1; Nexus 5X Build/MMB29P) AppleWebKit/537.36 (KHTML, like Gecko) Chrome/41.0.2272.96 Mobile Safari/537.36 (compatible; Googlebot/2.1; +http://www.google.com/bot.html)"
184.154.139.19 - - [29/Mar/2019:14:48:32 +0300] "GET / HTTP/1.1" 403 4897 "http://www.google.com/url?url=www.asdco.net&yahoo.com" "Mozilla/5.0 (compatible; MSIE 9.0; Windows NT 6.1; WOW64; Trident/6.0)"
184.154.139.19 - - [29/Mar/2019:14:48:32 +0300] "GET /th1s_1s_a_4o4.html HTTP/1.1" 404 216 "http://www.google.com/url?url=www.asdco.net&yahoo.com" "Mozilla/5.0 (compatible; MSIE 9.0; Windows NT 6.1; WOW64; Trident/6.0)"
184.154.139.19 - - [29/Mar/2019:14:48:32 +0300] "GET /noindex/css/bootstrap.min.css HTTP/1.1" 200 19341 "http://www.google.com/url?url=www.asdco.net&yahoo.com" "Mozilla/5.0 (compatible; MSIE 9.0; Windows NT 6.1; WOW64; Trident/6.0)"
184.154.139.19 - - [29/Mar/2019:14:48:33 +0300] "GET /noindex/css/open-sans.css HTTP/1.1" 200 5081 "-" "SiteLockSpider [en] (WinNT; I ;Nav)"
184.154.139.19 - - [29/Mar/2019:14:48:33 +0300] "GET / HTTP/1.1" 403 4897 "-" "SiteLockSpider [en] (WinNT; I ;Nav)"
96.44.172.77 - - [29/Mar/2019:16:15:47 +0300] "GET / HTTP/1.0" 403 4897 "-" "Mozilla/5.0 (Windows NT 10.0; Win64; x64) AppleWebKit/537.36 (KHTML, like Gecko) Chrome/71.0.3578.98 Safari/537.36"
