184.154.139.21 - - [29/Oct/2018:13:48:10 +0200] "GET /noindex/css/open-sans.css HTTP/1.1" 200 5081 "http://www.google.com/url?url=www.asdco.net&yahoo.com" "Mozilla/5.0 (compatible; MSIE 9.0; Windows NT 6.1; WOW64; Trident/6.0)"
184.154.139.21 - - [29/Oct/2018:13:48:10 +0200] "GET /noindex/css/bootstrap.min.css HTTP/1.1" 200 19341 "-" "SiteLockSpider [en] (WinNT; I ;Nav)"
184.154.139.21 - - [29/Oct/2018:13:48:11 +0200] "GET / HTTP/1.1" 403 4897 "-" "SiteLockSpider [en] (WinNT; I ;Nav)"
54.36.148.182 - - [29/Oct/2018:14:09:54 +0200] "GET /files/tz9a4hbxwdbd1jhx50iz.jpg HTTP/1.1" 404 228 "-" "Mozilla/5.0 (compatible; AhrefsBot/5.2; +http://ahrefs.com/robot/)"
54.36.148.61 - - [29/Oct/2018:18:13:42 +0200] "GET /files/v5rv3uercijza1xgmaz7.jpg HTTP/1.1" 404 228 "-" "Mozilla/5.0 (compatible; AhrefsBot/5.2; +http://ahrefs.com/robot/)"
66.249.66.222 - - [29/Oct/2018:19:53:47 +0200] "GET /robots.txt HTTP/1.1" 404 208 "-" "Mozilla/5.0 (compatible; Googlebot/2.1; +http://www.google.com/bot.html)"
66.249.66.222 - - [29/Oct/2018:19:53:47 +0200] "GET / HTTP/1.1" 403 4897 "-" "Mozilla/5.0 (compatible; Googlebot/2.1; +http://www.google.com/bot.html)"
66.249.66.86 - - [29/Oct/2018:19:58:17 +0200] "GET /robots.txt HTTP/1.1" 404 208 "-" "Mozilla/5.0 (compatible; Googlebot/2.1; +http://www.google.com/bot.html)"
66.249.66.88 - - [29/Oct/2018:19:58:17 +0200] "GET / HTTP/1.1" 403 4897 "-" "Mozilla/5.0 (compatible; Googlebot/2.1; +http://www.google.com/bot.html)"
5.45.207.48 - - [29/Oct/2018:21:15:31 +0200] "GET /robots.txt HTTP/1.1" 404 208 "-" "Mozilla/5.0 (compatible; YandexBot/3.0; +http://yandex.com/bots)"
5.45.207.48 - - [29/Oct/2018:21:15:31 +0200] "GET /robots.txt HTTP/1.1" 404 208 "-" "Mozilla/5.0 (compatible; YandexBot/3.0; +http://yandex.com/bots)"
5.45.207.48 - - [29/Oct/2018:21:15:35 +0200] "GET / HTTP/1.1" 403 4897 "-" "Mozilla/5.0 (compatible; YandexBot/3.0; +http://yandex.com/bots)"
5.45.207.48 - - [29/Oct/2018:21:15:35 +0200] "GET / HTTP/1.1" 403 4897 "-" "Mozilla/5.0 (compatible; YandexBot/3.0; +http://yandex.com/bots)"
34.245.0.76 - - [30/Oct/2018:02:13:17 +0200] "GET / HTTP/1.1" 403 4897 "-" "Mozilla/5.0 (X11; Ubuntu; Linux x86_64) AppleWebKit/537.36 (KHTML, like Gecko) Chrome/60.0.3112.101 Safari/537.36"
67.231.16.206 - - [30/Oct/2018:04:58:24 +0200] "GET /robots.txt HTTP/1.1" 404 208 "-" "Mozilla/5.0 (compatible; Uptimebot/1.0; +http://www.uptime.com/uptimebot)"
67.231.16.204 - - [30/Oct/2018:04:58:25 +0200] "HEAD / HTTP/1.1" 403 - "-" "Mozilla/5.0 (compatible; Uptimebot/1.0; +http://www.uptime.com/uptimebot)"
193.169.252.188 - - [30/Oct/2018:05:31:32 +0200] "GET /wp-login.php HTTP/1.1" 404 210 "http://asdco.net/wp-login.php" "Mozilla/4.0 (compatible; MSIE 9.0; Windows NT 6.1; 125LA; .NET CLR 2.0.50727; .NET CLR 3.0.04506.648; .NET CLR 3.5.21022)"
193.169.252.188 - - [30/Oct/2018:05:31:32 +0200] "GET /wp-login.php HTTP/1.1" 404 210 "http://asdco.net/wp-login.php" "Mozilla/4.0 (compatible; MSIE 9.0; Windows NT 6.1; 125LA; .NET CLR 2.0.50727; .NET CLR 3.0.04506.648; .NET CLR 3.5.21022)"
66.249.66.86 - - [30/Oct/2018:05:38:41 +0200] "GET / HTTP/1.1" 403 4897 "-" "Mozilla/5.0 (Linux; Android 6.0.1; Nexus 5X Build/MMB29P) AppleWebKit/537.36 (KHTML, like Gecko) Chrome/41.0.2272.96 Mobile Safari/537.36 (compatible; Googlebot/2.1; +http://www.google.com/bot.html)"
66.249.66.218 - - [30/Oct/2018:05:39:56 +0200] "GET / HTTP/1.1" 403 4897 "-" "Mozilla/5.0 (Linux; Android 6.0.1; Nexus 5X Build/MMB29P) AppleWebKit/537.36 (KHTML, like Gecko) Chrome/41.0.2272.96 Mobile Safari/537.36 (compatible; Googlebot/2.1; +http://www.google.com/bot.html)"
66.249.66.86 - - [30/Oct/2018:05:55:03 +0200] "GET /portfolio_very_small.html/ HTTP/1.1" 404 224 "-" "Mozilla/5.0 (compatible; Googlebot/2.1; +http://www.google.com/bot.html)"
54.36.148.116 - - [30/Oct/2018:06:00:30 +0200] "GET / HTTP/1.1" 403 4897 "-" "Mozilla/5.0 (compatible; AhrefsBot/5.2; +http://ahrefs.com/robot/)"
35.237.133.132 - - [30/Oct/2018:08:20:32 +0200] "GET / HTTP/1.1" 403 4897 "-" "Mozilla/5.0 (X11; U; Linux i686; en-US; rv:1.4) Gecko/20030624"
46.4.122.146 - - [30/Oct/2018:09:20:08 +0200] "GET /robots.txt HTTP/1.1" 404 208 "-" "Mozilla/5.0 (compatible; BLEXBot/1.0; +http://webmeup-crawler.com/)"
46.4.122.146 - - [30/Oct/2018:09:20:08 +0200] "GET /robots.txt HTTP/1.1" 404 208 "-" "Mozilla/5.0 (compatible; BLEXBot/1.0; +http://webmeup-crawler.com/)"
46.4.122.146 - - [30/Oct/2018:09:20:08 +0200] "GET / HTTP/1.1" 403 4897 "-" "Mozilla/5.0 (compatible; BLEXBot/1.0; +http://webmeup-crawler.com/)"
46.4.122.146 - - [30/Oct/2018:10:08:45 +0200] "GET /robots.txt HTTP/1.1" 404 208 "-" "Mozilla/5.0 (compatible; BLEXBot/1.0; +http://webmeup-crawler.com/)"
46.4.122.146 - - [30/Oct/2018:10:08:45 +0200] "GET /robots.txt HTTP/1.1" 404 208 "-" "Mozilla/5.0 (compatible; BLEXBot/1.0; +http://webmeup-crawler.com/)"
46.4.122.146 - - [30/Oct/2018:10:08:45 +0200] "GET /sitemap.xml HTTP/1.1" 404 209 "-" "Mozilla/5.0 (compatible; BLEXBot/1.0; +http://webmeup-crawler.com/)"
46.4.122.146 - - [30/Oct/2018:10:08:54 +0200] "GET /sitemap.xml HTTP/1.1" 404 209 "-" "Mozilla/5.0 (compatible; BLEXBot/1.0; +http://webmeup-crawler.com/)"
184.154.139.20 - - [30/Oct/2018:13:45:58 +0200] "GET / HTTP/1.1" 403 4897 "http://www.google.com/url?url=www.asdco.net&yahoo.com" "Mozilla/5.0 (compatible; MSIE 9.0; Windows NT 6.1; WOW64; Trident/6.0)"
184.154.139.20 - - [30/Oct/2018:13:45:58 +0200] "GET /th1s_1s_a_4o4.html HTTP/1.1" 404 216 "http://www.google.com/url?url=www.asdco.net&yahoo.com" "Mozilla/5.0 (compatible; MSIE 9.0; Windows NT 6.1; WOW64; Trident/6.0)"
184.154.139.20 - - [30/Oct/2018:13:45:59 +0200] "GET /noindex/css/open-sans.css HTTP/1.1" 200 5081 "http://www.google.com/url?url=www.asdco.net&yahoo.com" "Mozilla/5.0 (compatible; MSIE 9.0; Windows NT 6.1; WOW64; Trident/6.0)"
184.154.139.20 - - [30/Oct/2018:13:45:59 +0200] "GET /noindex/css/bootstrap.min.css HTTP/1.1" 200 19341 "-" "SiteLockSpider [en] (WinNT; I ;Nav)"
184.154.139.20 - - [30/Oct/2018:13:45:59 +0200] "GET / HTTP/1.1" 403 4897 "-" "SiteLockSpider [en] (WinNT; I ;Nav)"
157.55.39.228 - - [30/Oct/2018:13:58:40 +0200] "GET / HTTP/1.1" 403 4897 "-" "Mozilla/5.0 (iPhone; CPU iPhone OS 7_0 like Mac OS X) AppleWebKit/537.51.1 (KHTML, like Gecko) Version/7.0 Mobile/11A465 Safari/9537.53 (compatible; bingbot/2.0; +http://www.bing.com/bingbot.htm)"
157.55.39.228 - - [30/Oct/2018:14:10:13 +0200] "GET / HTTP/1.1" 403 4897 "-" "Mozilla/5.0 (iPhone; CPU iPhone OS 7_0 like Mac OS X) AppleWebKit/537.51.1 (KHTML, like Gecko) Version/7.0 Mobile/11A465 Safari/9537.53 (compatible; bingbot/2.0; +http://www.bing.com/bingbot.htm)"
66.249.66.218 - - [30/Oct/2018:14:16:45 +0200] "GET /robots.txt HTTP/1.1" 404 208 "-" "Mozilla/5.0 (compatible; Googlebot/2.1; +http://www.google.com/bot.html)"
66.249.66.220 - - [30/Oct/2018:14:16:45 +0200] "GET / HTTP/1.1" 403 4897 "-" "Mozilla/5.0 (compatible; Googlebot/2.1; +http://www.google.com/bot.html)"
66.249.66.86 - - [30/Oct/2018:14:43:03 +0200] "GET /robots.txt HTTP/1.1" 404 208 "-" "Mozilla/5.0 (compatible; Googlebot/2.1; +http://www.google.com/bot.html)"
66.249.66.87 - - [30/Oct/2018:14:43:03 +0200] "GET / HTTP/1.1" 403 4897 "-" "Mozilla/5.0 (Linux; Android 6.0.1; Nexus 5X Build/MMB29P) AppleWebKit/537.36 (KHTML, like Gecko) Chrome/41.0.2272.96 Mobile Safari/537.36 (compatible; Googlebot/2.1; +http://www.google.com/bot.html)"
66.249.66.218 - - [30/Oct/2018:14:43:40 +0200] "GET / HTTP/1.1" 403 4897 "-" "Mozilla/5.0 (Linux; Android 6.0.1; Nexus 5X Build/MMB29P) AppleWebKit/537.36 (KHTML, like Gecko) Chrome/41.0.2272.96 Mobile Safari/537.36 (compatible; Googlebot/2.1; +http://www.google.com/bot.html)"
178.154.200.21 - - [30/Oct/2018:16:08:45 +0200] "GET /robots.txt HTTP/1.1" 404 208 "-" "Mozilla/5.0 (compatible; YandexBot/3.0; +http://yandex.com/bots)"
178.154.200.21 - - [30/Oct/2018:16:08:49 +0200] "GET /cgi-sys/suspendedpage.cgi HTTP/1.1" 404 223 "-" "Mozilla/5.0 (compatible; YandexBot/3.0; +http://yandex.com/bots)"
178.154.171.21 - - [30/Oct/2018:16:23:09 +0200] "GET / HTTP/1.1" 403 4897 "-" "Mozilla/5.0 (compatible; YandexBot/3.0; +http://yandex.com/bots)"
178.154.171.21 - - [30/Oct/2018:16:23:09 +0200] "GET /robots.txt HTTP/1.1" 404 208 "-" "Mozilla/5.0 (compatible; YandexBot/3.0; +http://yandex.com/bots)"
5.45.207.48 - - [30/Oct/2018:16:23:13 +0200] "GET / HTTP/1.1" 403 4897 "-" "Mozilla/5.0 (compatible; YandexBot/3.0; +http://yandex.com/bots)"
66.249.75.218 - - [31/Oct/2018:00:21:32 +0200] "GET / HTTP/1.1" 403 4897 "-" "Mozilla/5.0 (compatible; Googlebot/2.1; +http://www.google.com/bot.html)"
66.249.69.108 - - [31/Oct/2018:00:22:19 +0200] "GET / HTTP/1.1" 403 4897 "-" "Mozilla/5.0 (Linux; Android 6.0.1; Nexus 5X Build/MMB29P) AppleWebKit/537.36 (KHTML, like Gecko) Chrome/41.0.2272.96 Mobile Safari/537.36 (compatible; Googlebot/2.1; +http://www.google.com/bot.html)"
66.249.75.222 - - [31/Oct/2018:00:23:02 +0200] "GET / HTTP/1.1" 403 4897 "-" "Mozilla/5.0 (Linux; Android 6.0.1; Nexus 5X Build/MMB29P) AppleWebKit/537.36 (KHTML, like Gecko) Chrome/41.0.2272.96 Mobile Safari/537.36 (compatible; Googlebot/2.1; +http://www.google.com/bot.html)"
52.53.201.78 - - [31/Oct/2018:01:26:13 +0200] "GET / HTTP/1.1" 403 4897 "-" "Mozilla/5.0 (Macintosh; Intel Mac OS X 10_12_6) AppleWebKit/537.36 (KHTML, like Gecko) Chrome/61.0.3163.100 Safari/537.36"
190.2.148.176 - - [31/Oct/2018:03:03:48 +0200] "GET / HTTP/1.1" 403 4897 "-" "Mozilla/5.0 (Windows NT 5.1) AppleWebKit/537.36 (KHTML, like Gecko) Chrome/27.0.1453.94 Safari/537.36"
66.249.69.110 - - [31/Oct/2018:10:51:23 +0200] "GET /robots.txt HTTP/1.1" 404 208 "-" "Mozilla/5.0 (compatible; Googlebot/2.1; +http://www.google.com/bot.html)"
66.249.69.108 - - [31/Oct/2018:10:51:24 +0200] "GET / HTTP/1.1" 403 4897 "-" "Mozilla/5.0 (compatible; Googlebot/2.1; +http://www.google.com/bot.html)"
184.154.139.20 - - [31/Oct/2018:14:16:17 +0200] "GET / HTTP/1.1" 403 4897 "http://www.google.com/url?url=www.asdco.net&yahoo.com" "Mozilla/5.0 (compatible; MSIE 9.0; Windows NT 6.1; WOW64; Trident/6.0)"
184.154.139.20 - - [31/Oct/2018:14:16:17 +0200] "GET /th1s_1s_a_4o4.html HTTP/1.1" 404 216 "http://www.google.com/url?url=www.asdco.net&yahoo.com" "Mozilla/5.0 (compatible; MSIE 9.0; Windows NT 6.1; WOW64; Trident/6.0)"
184.154.139.20 - - [31/Oct/2018:14:16:17 +0200] "GET /noindex/css/bootstrap.min.css HTTP/1.1" 200 19341 "http://www.google.com/url?url=www.asdco.net&yahoo.com" "Mozilla/5.0 (compatible; MSIE 9.0; Windows NT 6.1; WOW64; Trident/6.0)"
184.154.139.20 - - [31/Oct/2018:14:16:18 +0200] "GET /noindex/css/open-sans.css HTTP/1.1" 200 5081 "-" "SiteLockSpider [en] (WinNT; I ;Nav)"
184.154.139.20 - - [31/Oct/2018:14:16:18 +0200] "GET / HTTP/1.1" 403 4897 "-" "SiteLockSpider [en] (WinNT; I ;Nav)"
167.114.233.118 - - [31/Oct/2018:14:34:33 +0200] "GET / HTTP/1.1" 403 4897 "-" "Mozilla/5.0 (Windows NT 10.0; rv:61.0) Gecko/20100101 Firefox/61.0"
5.45.207.48 - - [31/Oct/2018:14:46:14 +0200] "GET /robots.txt HTTP/1.1" 404 208 "-" "Mozilla/5.0 (compatible; YandexBot/3.0; +http://yandex.com/bots)"
5.45.207.48 - - [31/Oct/2018:14:46:18 +0200] "GET / HTTP/1.1" 403 4897 "-" "Mozilla/5.0 (compatible; YandexBot/3.0; +http://yandex.com/bots)"
163.172.4.153 - - [31/Oct/2018:17:27:38 +0200] "GET / HTTP/1.1" 403 4897 "http://asdco.net/" "Mozilla/5.0 (Windows NT 6.1; WOW64) AppleWebKit/537.36 (KHTML, like Gecko) Chrome/58.0.3029.110 Safari/537.36"
104.248.8.122 - - [31/Oct/2018:18:13:09 +0200] "HEAD / HTTP/1.1" 403 - "http://www.netcraft.com/survey/" "Mozilla/4.0 (compatible; Netcraft Web Server Survey)"
144.138.251.17 - - [31/Oct/2018:18:19:17 +0200] "GET / HTTP/1.1" 403 4897 "-" "Mozilla/5.0 (Macintosh; Intel Mac OS X 10_13_4) AppleWebKit/537.36 (KHTML, like Gecko) Chrome/67.0.3396.87 Safari/537.36"
54.36.150.118 - - [31/Oct/2018:18:47:52 +0200] "GET /robots.txt HTTP/1.1" 404 208 "-" "Mozilla/5.0 (compatible; AhrefsBot/5.2; +http://ahrefs.com/robot/)"
54.36.149.20 - - [31/Oct/2018:18:47:53 +0200] "GET /Home/ChangeLng/en HTTP/1.1" 404 215 "-" "Mozilla/5.0 (compatible; AhrefsBot/5.2; +http://ahrefs.com/robot/)"
79.134.218.13 - - [31/Oct/2018:19:10:51 +0200] "GET / HTTP/1.1" 403 4897 "-" "Mozilla/5.0 (Windows NT 10.0; WOW64; rv:62.0) Gecko/20100101 Firefox/62.0"
157.55.39.6 - - [31/Oct/2018:20:48:42 +0200] "GET /robots.txt HTTP/1.1" 404 208 "-" "Mozilla/5.0 (compatible; bingbot/2.0; +http://www.bing.com/bingbot.htm)"
157.55.39.143 - - [31/Oct/2018:20:48:47 +0200] "GET /images/asel/ HTTP/1.1" 404 210 "-" "Mozilla/5.0 (compatible; bingbot/2.0; +http://www.bing.com/bingbot.htm)"
207.46.13.184 - - [31/Oct/2018:20:48:51 +0200] "GET /images/team/ HTTP/1.1" 404 210 "-" "Mozilla/5.0 (compatible; bingbot/2.0; +http://www.bing.com/bingbot.htm)"
207.46.13.184 - - [31/Oct/2018:20:48:52 +0200] "GET / HTTP/1.1" 403 4897 "-" "Mozilla/5.0 (compatible; bingbot/2.0; +http://www.bing.com/bingbot.htm)"
207.46.13.184 - - [31/Oct/2018:20:48:52 +0200] "GET /images/fluid/ HTTP/1.1" 404 211 "-" "Mozilla/5.0 (compatible; bingbot/2.0; +http://www.bing.com/bingbot.htm)"
193.169.252.185 - - [01/Nov/2018:00:56:29 +0200] "GET /wp-login.php HTTP/1.1" 404 210 "http://asdco.net/wp-login.php" "Mozilla/4.0 (compatible; MSIE 9.0; Windows NT 6.1; 125LA; .NET CLR 2.0.50727; .NET CLR 3.0.04506.648; .NET CLR 3.5.21022)"
193.169.252.185 - - [01/Nov/2018:00:56:29 +0200] "GET /wp-login.php HTTP/1.1" 404 210 "http://asdco.net/wp-login.php" "Mozilla/4.0 (compatible; MSIE 9.0; Windows NT 6.1; 125LA; .NET CLR 2.0.50727; .NET CLR 3.0.04506.648; .NET CLR 3.5.21022)"
66.249.69.110 - - [01/Nov/2018:01:30:48 +0200] "GET /robots.txt HTTP/1.1" 404 208 "-" "Mozilla/5.0 (compatible; Googlebot/2.1; +http://www.google.com/bot.html)"
66.249.69.108 - - [01/Nov/2018:01:30:49 +0200] "GET / HTTP/1.1" 403 4897 "-" "Mozilla/5.0 (Linux; Android 6.0.1; Nexus 5X Build/MMB29P) AppleWebKit/537.36 (KHTML, like Gecko) Chrome/41.0.2272.96 Mobile Safari/537.36 (compatible; Googlebot/2.1; +http://www.google.com/bot.html)"
66.249.75.220 - - [01/Nov/2018:01:31:45 +0200] "GET /robots.txt HTTP/1.1" 404 208 "-" "Mozilla/5.0 (compatible; Googlebot/2.1; +http://www.google.com/bot.html)"
66.249.75.218 - - [01/Nov/2018:01:31:45 +0200] "GET / HTTP/1.1" 403 4897 "-" "Mozilla/5.0 (Linux; Android 6.0.1; Nexus 5X Build/MMB29P) AppleWebKit/537.36 (KHTML, like Gecko) Chrome/41.0.2272.96 Mobile Safari/537.36 (compatible; Googlebot/2.1; +http://www.google.com/bot.html)"
66.249.75.222 - - [01/Nov/2018:01:34:48 +0200] "GET / HTTP/1.1" 403 4897 "-" "Mozilla/5.0 (compatible; Googlebot/2.1; +http://www.google.com/bot.html)"
157.55.39.212 - - [01/Nov/2018:01:56:58 +0200] "GET / HTTP/1.1" 403 4897 "-" "Mozilla/5.0 (compatible; bingbot/2.0; +http://www.bing.com/bingbot.htm)"
5.45.207.48 - - [01/Nov/2018:04:53:33 +0200] "GET /robots.txt HTTP/1.1" 404 208 "-" "Mozilla/5.0 (compatible; YandexBot/3.0; +http://yandex.com/bots)"
178.154.200.21 - - [01/Nov/2018:04:53:33 +0200] "GET /robots.txt HTTP/1.1" 404 208 "-" "Mozilla/5.0 (compatible; YandexBot/3.0; +http://yandex.com/bots)"
5.45.207.48 - - [01/Nov/2018:04:53:37 +0200] "GET / HTTP/1.1" 403 4897 "-" "Mozilla/5.0 (compatible; YandexBot/3.0; +http://yandex.com/bots)"
178.154.200.21 - - [01/Nov/2018:04:53:37 +0200] "GET / HTTP/1.1" 403 4897 "-" "Mozilla/5.0 (compatible; YandexBot/3.0; +http://yandex.com/bots)"
184.154.139.19 - - [01/Nov/2018:13:47:48 +0200] "GET / HTTP/1.1" 403 4897 "http://www.google.com/url?url=www.asdco.net&yahoo.com" "Mozilla/5.0 (compatible; MSIE 9.0; Windows NT 6.1; WOW64; Trident/6.0)"
184.154.139.19 - - [01/Nov/2018:13:47:48 +0200] "GET /th1s_1s_a_4o4.html HTTP/1.1" 404 216 "http://www.google.com/url?url=www.asdco.net&yahoo.com" "Mozilla/5.0 (compatible; MSIE 9.0; Windows NT 6.1; WOW64; Trident/6.0)"
184.154.139.19 - - [01/Nov/2018:13:47:48 +0200] "GET /noindex/css/bootstrap.min.css HTTP/1.1" 200 19341 "http://www.google.com/url?url=www.asdco.net&yahoo.com" "Mozilla/5.0 (compatible; MSIE 9.0; Windows NT 6.1; WOW64; Trident/6.0)"
184.154.139.19 - - [01/Nov/2018:13:47:49 +0200] "GET /noindex/css/open-sans.css HTTP/1.1" 200 5081 "-" "SiteLockSpider [en] (WinNT; I ;Nav)"
184.154.139.19 - - [01/Nov/2018:13:47:49 +0200] "GET / HTTP/1.1" 403 4897 "-" "SiteLockSpider [en] (WinNT; I ;Nav)"
5.45.207.48 - - [01/Nov/2018:16:06:32 +0200] "GET /robots.txt HTTP/1.1" 404 208 "-" "Mozilla/5.0 (compatible; YandexBot/3.0; +http://yandex.com/bots)"
178.154.200.21 - - [01/Nov/2018:16:06:32 +0200] "GET /robots.txt HTTP/1.1" 404 208 "-" "Mozilla/5.0 (compatible; YandexBot/3.0; +http://yandex.com/bots)"
5.45.207.48 - - [01/Nov/2018:16:06:36 +0200] "GET / HTTP/1.1" 403 4897 "-" "Mozilla/5.0 (compatible; YandexBot/3.0; +http://yandex.com/bots)"
178.154.200.21 - - [01/Nov/2018:16:06:36 +0200] "GET / HTTP/1.1" 403 4897 "-" "Mozilla/5.0 (compatible; YandexBot/3.0; +http://yandex.com/bots)"
66.249.69.112 - - [01/Nov/2018:21:40:54 +0200] "GET /robots.txt HTTP/1.1" 404 208 "-" "Mozilla/5.0 (compatible; Googlebot/2.1; +http://www.google.com/bot.html)"
66.249.69.110 - - [01/Nov/2018:21:40:55 +0200] "GET / HTTP/1.1" 403 4897 "-" "Mozilla/5.0 (compatible; Googlebot/2.1; +http://www.google.com/bot.html)"
66.249.69.108 - - [01/Nov/2018:22:53:40 +0200] "GET / HTTP/1.1" 403 4897 "-" "Mozilla/5.0 (Linux; Android 6.0.1; Nexus 5X Build/MMB29P) AppleWebKit/537.36 (KHTML, like Gecko) Chrome/41.0.2272.96 Mobile Safari/537.36 (compatible; Googlebot/2.1; +http://www.google.com/bot.html)"
66.249.75.220 - - [01/Nov/2018:23:07:24 +0200] "GET /robots.txt HTTP/1.1" 404 208 "-" "Mozilla/5.0 (compatible; Googlebot/2.1; +http://www.google.com/bot.html)"
66.249.75.218 - - [01/Nov/2018:23:07:24 +0200] "GET / HTTP/1.1" 403 4897 "-" "Mozilla/5.0 (compatible; Googlebot/2.1; +http://www.google.com/bot.html)"
66.249.75.220 - - [01/Nov/2018:23:11:17 +0200] "GET / HTTP/1.1" 403 4897 "-" "Mozilla/5.0 (Linux; Android 6.0.1; Nexus 5X Build/MMB29P) AppleWebKit/537.36 (KHTML, like Gecko) Chrome/41.0.2272.96 Mobile Safari/537.36 (compatible; Googlebot/2.1; +http://www.google.com/bot.html)"
52.53.201.78 - - [02/Nov/2018:08:04:54 +0200] "GET / HTTP/1.1" 403 4897 "-" "Mozilla/5.0 (Macintosh; Intel Mac OS X 10_12_6) AppleWebKit/537.36 (KHTML, like Gecko) Chrome/61.0.3163.100 Safari/537.36"
159.203.98.58 - - [02/Nov/2018:09:27:40 +0200] "GET / HTTP/1.0" 403 4897 "-" "Mozilla/5.0 (compatible; NetcraftSurveyAgent/1.0; +info@netcraft.com)"
5.45.207.48 - - [02/Nov/2018:10:57:16 +0200] "GET /robots.txt HTTP/1.1" 404 208 "-" "Mozilla/5.0 (compatible; YandexBot/3.0; +http://yandex.com/bots)"
5.45.207.48 - - [02/Nov/2018:10:57:20 +0200] "GET / HTTP/1.1" 403 4897 "-" "Mozilla/5.0 (compatible; YandexBot/3.0; +http://yandex.com/bots)"
184.154.139.19 - - [02/Nov/2018:14:57:00 +0200] "GET / HTTP/1.1" 403 4897 "http://www.google.com/url?url=www.asdco.net&yahoo.com" "Mozilla/5.0 (compatible; MSIE 9.0; Windows NT 6.1; WOW64; Trident/6.0)"
184.154.139.19 - - [02/Nov/2018:14:57:00 +0200] "GET /th1s_1s_a_4o4.html HTTP/1.1" 404 216 "http://www.google.com/url?url=www.asdco.net&yahoo.com" "Mozilla/5.0 (compatible; MSIE 9.0; Windows NT 6.1; WOW64; Trident/6.0)"
184.154.139.19 - - [02/Nov/2018:14:57:00 +0200] "GET /noindex/css/open-sans.css HTTP/1.1" 200 5081 "http://www.google.com/url?url=www.asdco.net&yahoo.com" "Mozilla/5.0 (compatible; MSIE 9.0; Windows NT 6.1; WOW64; Trident/6.0)"
184.154.139.19 - - [02/Nov/2018:14:57:00 +0200] "GET /noindex/css/bootstrap.min.css HTTP/1.1" 200 19341 "-" "SiteLockSpider [en] (WinNT; I ;Nav)"
184.154.139.19 - - [02/Nov/2018:14:57:01 +0200] "GET / HTTP/1.1" 403 4897 "-" "SiteLockSpider [en] (WinNT; I ;Nav)"
66.249.69.112 - - [02/Nov/2018:17:13:45 +0200] "GET /robots.txt HTTP/1.1" 404 208 "-" "Mozilla/5.0 (compatible; Googlebot/2.1; +http://www.google.com/bot.html)"
66.249.69.110 - - [02/Nov/2018:17:13:45 +0200] "GET / HTTP/1.1" 403 4897 "-" "Mozilla/5.0 (compatible; Googlebot/2.1; +http://www.google.com/bot.html)"
66.249.69.110 - - [02/Nov/2018:17:44:23 +0200] "GET / HTTP/1.1" 403 4897 "-" "Mozilla/5.0 (Linux; Android 6.0.1; Nexus 5X Build/MMB29P) AppleWebKit/537.36 (KHTML, like Gecko) Chrome/41.0.2272.96 Mobile Safari/537.36 (compatible; Googlebot/2.1; +http://www.google.com/bot.html)"
66.249.75.222 - - [02/Nov/2018:18:05:27 +0200] "GET /robots.txt HTTP/1.1" 404 208 "-" "Mozilla/5.0 (compatible; Googlebot/2.1; +http://www.google.com/bot.html)"
66.249.75.218 - - [02/Nov/2018:18:05:27 +0200] "GET / HTTP/1.1" 403 4897 "-" "Mozilla/5.0 (Linux; Android 6.0.1; Nexus 5X Build/MMB29P) AppleWebKit/537.36 (KHTML, like Gecko) Chrome/41.0.2272.96 Mobile Safari/537.36 (compatible; Googlebot/2.1; +http://www.google.com/bot.html)"
66.249.75.222 - - [02/Nov/2018:18:13:06 +0200] "GET / HTTP/1.1" 403 4897 "-" "Mozilla/5.0 (compatible; Googlebot/2.1; +http://www.google.com/bot.html)"
80.90.55.168 - - [02/Nov/2018:18:51:33 +0200] "GET /robots.txt HTTP/1.1" 404 208 "-" "Mozilla/5.0 (compatible; Uptimebot/1.0; +http://www.uptime.com/uptimebot)"
80.90.55.172 - - [02/Nov/2018:18:51:33 +0200] "HEAD / HTTP/1.1" 403 - "-" "Mozilla/5.0 (compatible; Uptimebot/1.0; +http://www.uptime.com/uptimebot)"
69.163.216.133 - - [02/Nov/2018:21:59:33 +0200] "GET /wp/wp-admin/setup-config.php?step=1 HTTP/1.1" 404 226 "-" "libwww-perl/6.05"
69.163.216.133 - - [02/Nov/2018:21:59:34 +0200] "GET /wordpress/wp-admin/setup-config.php?step=1 HTTP/1.1" 404 233 "-" "libwww-perl/6.05"
5.45.207.48 - - [02/Nov/2018:22:26:56 +0200] "GET /robots.txt HTTP/1.1" 404 208 "-" "Mozilla/5.0 (compatible; YandexBot/3.0; +http://yandex.com/bots)"
5.45.207.48 - - [02/Nov/2018:22:26:56 +0200] "GET /robots.txt HTTP/1.1" 404 208 "-" "Mozilla/5.0 (compatible; YandexBot/3.0; +http://yandex.com/bots)"
5.45.207.48 - - [02/Nov/2018:22:27:00 +0200] "GET / HTTP/1.1" 403 4897 "-" "Mozilla/5.0 (compatible; YandexBot/3.0; +http://yandex.com/bots)"
5.45.207.48 - - [02/Nov/2018:22:27:00 +0200] "GET / HTTP/1.1" 403 4897 "-" "Mozilla/5.0 (compatible; YandexBot/3.0; +http://yandex.com/bots)"
66.249.69.112 - - [03/Nov/2018:02:50:08 +0200] "GET / HTTP/1.1" 403 4897 "-" "Mozilla/5.0 (compatible; Googlebot/2.1; +http://www.google.com/bot.html)"
66.249.69.110 - - [03/Nov/2018:03:20:46 +0200] "GET / HTTP/1.1" 403 4897 "-" "Mozilla/5.0 (Linux; Android 6.0.1; Nexus 5X Build/MMB29P) AppleWebKit/537.36 (KHTML, like Gecko) Chrome/41.0.2272.96 Mobile Safari/537.36 (compatible; Googlebot/2.1; +http://www.google.com/bot.html)"
66.249.75.218 - - [03/Nov/2018:03:30:21 +0200] "GET / HTTP/1.1" 403 4897 "-" "Mozilla/5.0 (Linux; Android 6.0.1; Nexus 5X Build/MMB29P) AppleWebKit/537.36 (KHTML, like Gecko) Chrome/41.0.2272.96 Mobile Safari/537.36 (compatible; Googlebot/2.1; +http://www.google.com/bot.html)"
5.45.207.48 - - [03/Nov/2018:07:08:43 +0200] "GET /robots.txt HTTP/1.1" 404 208 "-" "Mozilla/5.0 (compatible; YandexBot/3.0; +http://yandex.com/bots)"
5.45.207.48 - - [03/Nov/2018:07:08:46 +0200] "GET / HTTP/1.1" 403 4897 "-" "Mozilla/5.0 (compatible; YandexBot/3.0; +http://yandex.com/bots)"
188.165.208.29 - - [03/Nov/2018:09:07:20 +0200] "GET /robots.txt HTTP/1.0" 404 208 "-" ""
188.165.208.29 - - [03/Nov/2018:09:07:20 +0200] "GET / HTTP/1.1" 403 4897 "-" "Mozilla/5.0 (X11; Linux i686) AppleWebKit/534.30 (KHTML, like Gecko) Ubuntu/10.10 Chromium/12.0.742.112 Chrome/12.0.742.112 Safari/534.30"
54.36.150.118 - - [03/Nov/2018:11:04:38 +0200] "GET /robots.txt HTTP/1.1" 404 208 "-" "Mozilla/5.0 (compatible; AhrefsBot/5.2; +http://ahrefs.com/robot/)"
54.36.149.3 - - [03/Nov/2018:11:04:38 +0200] "GET /files/esgucvfgo7fuhw0fcgmr.jpg HTTP/1.1" 404 228 "-" "Mozilla/5.0 (compatible; AhrefsBot/5.2; +http://ahrefs.com/robot/)"
184.154.139.19 - - [03/Nov/2018:14:17:32 +0200] "GET / HTTP/1.1" 403 4897 "http://www.google.com/url?url=www.asdco.net&yahoo.com" "Mozilla/5.0 (compatible; MSIE 9.0; Windows NT 6.1; WOW64; Trident/6.0)"
184.154.139.19 - - [03/Nov/2018:14:17:32 +0200] "GET /th1s_1s_a_4o4.html HTTP/1.1" 404 216 "http://www.google.com/url?url=www.asdco.net&yahoo.com" "Mozilla/5.0 (compatible; MSIE 9.0; Windows NT 6.1; WOW64; Trident/6.0)"
184.154.139.19 - - [03/Nov/2018:14:17:32 +0200] "GET /noindex/css/open-sans.css HTTP/1.1" 200 5081 "http://www.google.com/url?url=www.asdco.net&yahoo.com" "Mozilla/5.0 (compatible; MSIE 9.0; Windows NT 6.1; WOW64; Trident/6.0)"
184.154.139.19 - - [03/Nov/2018:14:17:33 +0200] "GET /noindex/css/bootstrap.min.css HTTP/1.1" 200 19341 "-" "SiteLockSpider [en] (WinNT; I ;Nav)"
184.154.139.19 - - [03/Nov/2018:14:17:33 +0200] "GET / HTTP/1.1" 403 4897 "-" "SiteLockSpider [en] (WinNT; I ;Nav)"
66.249.75.222 - - [03/Nov/2018:14:46:13 +0200] "GET /robots.txt HTTP/1.1" 404 208 "-" "Mozilla/5.0 (compatible; Googlebot/2.1; +http://www.google.com/bot.html)"
66.249.75.220 - - [03/Nov/2018:14:46:14 +0200] "GET / HTTP/1.1" 403 4897 "-" "Mozilla/5.0 (compatible; Googlebot/2.1; +http://www.google.com/bot.html)"
66.249.69.110 - - [03/Nov/2018:15:12:12 +0200] "GET /robots.txt HTTP/1.1" 404 208 "-" "Mozilla/5.0 (compatible; Googlebot/2.1; +http://www.google.com/bot.html)"
66.249.69.110 - - [03/Nov/2018:15:12:12 +0200] "GET / HTTP/1.1" 403 4897 "-" "Mozilla/5.0 (Linux; Android 6.0.1; Nexus 5X Build/MMB29P) AppleWebKit/537.36 (KHTML, like Gecko) Chrome/41.0.2272.96 Mobile Safari/537.36 (compatible; Googlebot/2.1; +http://www.google.com/bot.html)"
66.249.75.218 - - [03/Nov/2018:15:34:28 +0200] "GET / HTTP/1.1" 403 4897 "-" "Mozilla/5.0 (Linux; Android 6.0.1; Nexus 5X Build/MMB29P) AppleWebKit/537.36 (KHTML, like Gecko) Chrome/41.0.2272.96 Mobile Safari/537.36 (compatible; Googlebot/2.1; +http://www.google.com/bot.html)"
178.154.200.21 - - [03/Nov/2018:16:00:53 +0200] "GET /robots.txt HTTP/1.1" 404 208 "-" "Mozilla/5.0 (compatible; YandexBot/3.0; +http://yandex.com/bots)"
5.45.207.15 - - [03/Nov/2018:16:00:53 +0200] "GET /robots.txt HTTP/1.1" 404 208 "-" "Mozilla/5.0 (compatible; YandexBot/3.0; +http://yandex.com/bots)"
178.154.171.21 - - [03/Nov/2018:16:00:56 +0200] "GET / HTTP/1.1" 403 4897 "-" "Mozilla/5.0 (compatible; YandexBot/3.0; +http://yandex.com/bots)"
178.154.171.21 - - [03/Nov/2018:16:00:57 +0200] "GET / HTTP/1.1" 403 4897 "-" "Mozilla/5.0 (compatible; YandexBot/3.0; +http://yandex.com/bots)"
66.249.69.110 - - [03/Nov/2018:21:58:04 +0200] "GET / HTTP/1.1" 403 4897 "-" "Mozilla/5.0 (compatible; Googlebot/2.1; +http://www.google.com/bot.html)"
66.249.75.222 - - [04/Nov/2018:01:39:25 +0200] "GET / HTTP/1.1" 403 4897 "-" "Mozilla/5.0 (compatible; Googlebot/2.1; +http://www.google.com/bot.html)"
180.76.15.151 - - [04/Nov/2018:03:00:52 +0200] "GET /robots.txt HTTP/1.1" 404 208 "-" "Mozilla/5.0 (Windows NT 5.1; rv:6.0.2) Gecko/20100101 Firefox/6.0.2"
180.76.15.7 - - [04/Nov/2018:03:00:53 +0200] "GET /robots.txt HTTP/1.1" 404 208 "-" "Mozilla/5.0 (Windows NT 5.1; rv:6.0.2) Gecko/20100101 Firefox/6.0.2"
67.231.16.204 - - [04/Nov/2018:03:59:23 +0200] "HEAD / HTTP/1.1" 403 - "-" "Mozilla/5.0 (compatible; Uptimebot/1.0; +http://www.uptime.com/uptimebot)"
180.76.15.137 - - [04/Nov/2018:04:02:36 +0200] "GET / HTTP/1.1" 403 4897 "-" "Mozilla/5.0 (compatible; Baiduspider/2.0; +http://www.baidu.com/search/spider.html)"
185.129.62.63 - - [04/Nov/2018:04:55:32 +0200] "GET / HTTP/1.1" 403 4897 "-" "Mozilla/5.0 (Windows NT 6.1; WOW64) AppleWebKit/537.36 (KHTML, like Gecko) Chrome/56.0.2924.87 Safari/537.36 OPR/43.0.2442.991"
204.85.191.30 - - [04/Nov/2018:04:55:34 +0200] "GET / HTTP/1.1" 403 4897 "-" "Mozilla/5.0 (Windows NT 6.1; WOW64) AppleWebKit/537.36 (KHTML, like Gecko) Chrome/56.0.2924.87 Safari/537.36 OPR/43.0.2442.991"
54.36.222.37 - - [04/Nov/2018:04:55:35 +0200] "GET / HTTP/1.1" 403 4897 "-" "Mozilla/5.0 (Windows NT 6.1; WOW64) AppleWebKit/537.36 (KHTML, like Gecko) Chrome/56.0.2924.87 Safari/537.36 OPR/43.0.2442.991"
51.15.65.25 - - [04/Nov/2018:04:55:37 +0200] "GET /wp-login.php?action=register HTTP/1.1" 404 210 "-" "Mozilla/5.0 (Windows NT 6.1; WOW64) AppleWebKit/537.36 (KHTML, like Gecko) Chrome/56.0.2924.87 Safari/537.36 OPR/43.0.2442.991"
51.15.65.25 - - [04/Nov/2018:04:55:38 +0200] "GET / HTTP/1.1" 403 4897 "-" "Mozilla/5.0 (Windows NT 6.1; WOW64) AppleWebKit/537.36 (KHTML, like Gecko) Chrome/56.0.2924.87 Safari/537.36 OPR/43.0.2442.991"
51.15.65.25 - - [04/Nov/2018:04:55:38 +0200] "GET /index.php?option=com_user&task=register HTTP/1.1" 404 207 "-" "Mozilla/5.0 (Windows NT 6.1; WOW64) AppleWebKit/537.36 (KHTML, like Gecko) Chrome/56.0.2924.87 Safari/537.36 OPR/43.0.2442.991"
51.15.65.25 - - [04/Nov/2018:04:55:39 +0200] "GET /user/register HTTP/1.1" 404 211 "-" "Mozilla/5.0 (Windows NT 6.1; WOW64) AppleWebKit/537.36 (KHTML, like Gecko) Chrome/56.0.2924.87 Safari/537.36 OPR/43.0.2442.991"
202.46.48.94 - - [04/Nov/2018:05:09:16 +0200] "GET / HTTP/1.1" 403 4897 "-" "Mozilla/5.0 (Windows NT 10.0; WOW64) AppleWebKit/537.36 (KHTML, like Gecko) Chrome/45.0.2454.93 Safari/537.36"
37.127.123.217 - - [04/Nov/2018:06:24:04 +0200] "GET / HTTP/1.1" 403 4897 "https://www.google.com/" "Mozilla/5.0 (iPhone; CPU iPhone OS 12_0_1 like Mac OS X) AppleWebKit/605.1.15 (KHTML, like Gecko) Version/12.0 Mobile/15E148 Safari/604.1"
37.127.123.217 - - [04/Nov/2018:06:24:04 +0200] "GET /noindex/css/bootstrap.min.css HTTP/1.1" 200 4755 "http://www.asdco.net/" "Mozilla/5.0 (iPhone; CPU iPhone OS 12_0_1 like Mac OS X) AppleWebKit/605.1.15 (KHTML, like Gecko) Version/12.0 Mobile/15E148 Safari/604.1"
37.127.123.217 - - [04/Nov/2018:06:24:04 +0200] "GET /noindex/css/open-sans.css HTTP/1.1" 200 637 "http://www.asdco.net/" "Mozilla/5.0 (iPhone; CPU iPhone OS 12_0_1 like Mac OS X) AppleWebKit/605.1.15 (KHTML, like Gecko) Version/12.0 Mobile/15E148 Safari/604.1"
37.127.123.217 - - [04/Nov/2018:06:24:04 +0200] "GET /images/apache_pb.gif HTTP/1.1" 200 2326 "http://www.asdco.net/" "Mozilla/5.0 (iPhone; CPU iPhone OS 12_0_1 like Mac OS X) AppleWebKit/605.1.15 (KHTML, like Gecko) Version/12.0 Mobile/15E148 Safari/604.1"
37.127.123.217 - - [04/Nov/2018:06:24:04 +0200] "GET /images/poweredby.png HTTP/1.1" 200 3956 "http://www.asdco.net/" "Mozilla/5.0 (iPhone; CPU iPhone OS 12_0_1 like Mac OS X) AppleWebKit/605.1.15 (KHTML, like Gecko) Version/12.0 Mobile/15E148 Safari/604.1"
37.127.123.217 - - [04/Nov/2018:06:24:04 +0200] "GET /noindex/css/fonts/Bold/OpenSans-Bold.woff HTTP/1.1" 404 239 "http://www.asdco.net/" "Mozilla/5.0 (iPhone; CPU iPhone OS 12_0_1 like Mac OS X) AppleWebKit/605.1.15 (KHTML, like Gecko) Version/12.0 Mobile/15E148 Safari/604.1"
37.127.123.217 - - [04/Nov/2018:06:24:04 +0200] "GET /noindex/css/fonts/Light/OpenSans-Light.woff HTTP/1.1" 404 241 "http://www.asdco.net/" "Mozilla/5.0 (iPhone; CPU iPhone OS 12_0_1 like Mac OS X) AppleWebKit/605.1.15 (KHTML, like Gecko) Version/12.0 Mobile/15E148 Safari/604.1"
37.127.123.217 - - [04/Nov/2018:06:24:05 +0200] "GET /noindex/css/fonts/Bold/OpenSans-Bold.ttf HTTP/1.1" 404 238 "http://www.asdco.net/" "Mozilla/5.0 (iPhone; CPU iPhone OS 12_0_1 like Mac OS X) AppleWebKit/605.1.15 (KHTML, like Gecko) Version/12.0 Mobile/15E148 Safari/604.1"
37.127.123.217 - - [04/Nov/2018:06:24:05 +0200] "GET /noindex/css/fonts/Light/OpenSans-Light.ttf HTTP/1.1" 404 240 "http://www.asdco.net/" "Mozilla/5.0 (iPhone; CPU iPhone OS 12_0_1 like Mac OS X) AppleWebKit/605.1.15 (KHTML, like Gecko) Version/12.0 Mobile/15E148 Safari/604.1"
37.127.123.217 - - [04/Nov/2018:06:24:05 +0200] "GET /noindex/css/fonts/Light/OpenSans-Light.svg HTTP/1.1" 404 240 "http://www.asdco.net/" "Mozilla/5.0 (iPhone; CPU iPhone OS 12_0_1 like Mac OS X) AppleWebKit/605.1.15 (KHTML, like Gecko) Version/12.0 Mobile/15E148 Safari/604.1"
37.127.123.217 - - [04/Nov/2018:06:24:05 +0200] "GET /noindex/css/fonts/Bold/OpenSans-Bold.svg HTTP/1.1" 404 238 "http://www.asdco.net/" "Mozilla/5.0 (iPhone; CPU iPhone OS 12_0_1 like Mac OS X) AppleWebKit/605.1.15 (KHTML, like Gecko) Version/12.0 Mobile/15E148 Safari/604.1"
37.127.123.217 - - [04/Nov/2018:06:24:05 +0200] "GET /noindex/css/fonts/Regular/OpenSans-Regular.woff HTTP/1.1" 404 245 "http://www.asdco.net/" "Mozilla/5.0 (iPhone; CPU iPhone OS 12_0_1 like Mac OS X) AppleWebKit/605.1.15 (KHTML, like Gecko) Version/12.0 Mobile/15E148 Safari/604.1"
37.127.123.217 - - [04/Nov/2018:06:24:05 +0200] "GET /noindex/css/fonts/ExtraBold/OpenSans-ExtraBold.woff HTTP/1.1" 404 249 "http://www.asdco.net/" "Mozilla/5.0 (iPhone; CPU iPhone OS 12_0_1 like Mac OS X) AppleWebKit/605.1.15 (KHTML, like Gecko) Version/12.0 Mobile/15E148 Safari/604.1"
37.127.123.217 - - [04/Nov/2018:06:24:05 +0200] "GET /noindex/css/fonts/Regular/OpenSans-Regular.ttf HTTP/1.1" 404 244 "http://www.asdco.net/" "Mozilla/5.0 (iPhone; CPU iPhone OS 12_0_1 like Mac OS X) AppleWebKit/605.1.15 (KHTML, like Gecko) Version/12.0 Mobile/15E148 Safari/604.1"
37.127.123.217 - - [04/Nov/2018:06:24:05 +0200] "GET /noindex/css/fonts/ExtraBold/OpenSans-ExtraBold.ttf HTTP/1.1" 404 248 "http://www.asdco.net/" "Mozilla/5.0 (iPhone; CPU iPhone OS 12_0_1 like Mac OS X) AppleWebKit/605.1.15 (KHTML, like Gecko) Version/12.0 Mobile/15E148 Safari/604.1"
37.127.123.217 - - [04/Nov/2018:06:24:06 +0200] "GET /noindex/css/fonts/Regular/OpenSans-Regular.svg HTTP/1.1" 404 244 "http://www.asdco.net/" "Mozilla/5.0 (iPhone; CPU iPhone OS 12_0_1 like Mac OS X) AppleWebKit/605.1.15 (KHTML, like Gecko) Version/12.0 Mobile/15E148 Safari/604.1"
37.127.123.217 - - [04/Nov/2018:06:24:06 +0200] "GET /noindex/css/fonts/ExtraBold/OpenSans-ExtraBold.svg HTTP/1.1" 404 248 "http://www.asdco.net/" "Mozilla/5.0 (iPhone; CPU iPhone OS 12_0_1 like Mac OS X) AppleWebKit/605.1.15 (KHTML, like Gecko) Version/12.0 Mobile/15E148 Safari/604.1"
37.127.123.217 - - [04/Nov/2018:06:24:06 +0200] "GET /noindex/css/fonts/Semibold/OpenSans-Semibold.woff HTTP/1.1" 404 247 "http://www.asdco.net/" "Mozilla/5.0 (iPhone; CPU iPhone OS 12_0_1 like Mac OS X) AppleWebKit/605.1.15 (KHTML, like Gecko) Version/12.0 Mobile/15E148 Safari/604.1"
37.127.123.217 - - [04/Nov/2018:06:24:06 +0200] "GET /noindex/css/fonts/Semibold/OpenSans-Semibold.ttf HTTP/1.1" 404 246 "http://www.asdco.net/" "Mozilla/5.0 (iPhone; CPU iPhone OS 12_0_1 like Mac OS X) AppleWebKit/605.1.15 (KHTML, like Gecko) Version/12.0 Mobile/15E148 Safari/604.1"
37.127.123.217 - - [04/Nov/2018:06:24:06 +0200] "GET /favicon.ico HTTP/1.1" 404 209 "http://www.asdco.net/" "Mozilla/5.0 (iPhone; CPU iPhone OS 12_0_1 like Mac OS X) AppleWebKit/605.1.15 (KHTML, like Gecko) Version/12.0 Mobile/15E148 Safari/604.1"
37.127.123.217 - - [04/Nov/2018:06:24:06 +0200] "GET /noindex/css/fonts/Semibold/OpenSans-Semibold.svg HTTP/1.1" 404 246 "http://www.asdco.net/" "Mozilla/5.0 (iPhone; CPU iPhone OS 12_0_1 like Mac OS X) AppleWebKit/605.1.15 (KHTML, like Gecko) Version/12.0 Mobile/15E148 Safari/604.1"
37.187.26.42 - - [04/Nov/2018:08:24:58 +0200] "GET / HTTP/1.1" 403 4897 "-" "Mozilla/5.0 (compatible; Googlebot/2.1; +http://www.google.com/bot.html)"
180.76.15.151 - - [04/Nov/2018:09:18:45 +0200] "GET /robots.txt HTTP/1.1" 404 208 "-" "Mozilla/5.0 (Windows NT 5.1; rv:6.0.2) Gecko/20100101 Firefox/6.0.2"
180.76.15.156 - - [04/Nov/2018:09:18:46 +0200] "GET /robots.txt HTTP/1.1" 404 208 "-" "Mozilla/5.0 (Windows NT 5.1; rv:6.0.2) Gecko/20100101 Firefox/6.0.2"
86.110.118.172 - - [04/Nov/2018:10:40:58 +0200] "GET /wp-login.php HTTP/1.1" 404 210 "-" "Mozilla/5.0 (compatible; MSIE 9.0; Windows NT 6.1; Trident/5.0)"
86.110.118.172 - - [04/Nov/2018:10:40:59 +0200] "GET //wp-login.php HTTP/1.1" 404 210 "-" "Mozilla/5.0 (compatible; MSIE 9.0; Windows NT 6.1; Trident/5.0)"
66.249.69.112 - - [04/Nov/2018:11:43:42 +0200] "GET /robots.txt HTTP/1.1" 404 208 "-" "Mozilla/5.0 (compatible; Googlebot/2.1; +http://www.google.com/bot.html)"
66.249.69.112 - - [04/Nov/2018:11:43:42 +0200] "GET / HTTP/1.1" 403 4897 "-" "Mozilla/5.0 (compatible; Googlebot/2.1; +http://www.google.com/bot.html)"
35.231.235.201 - - [04/Nov/2018:12:56:17 +0200] "GET / HTTP/1.1" 403 4897 "-" "Mozilla/5.0 (X11; U; Linux i686; en-US; rv:1.4) Gecko/20030624"
188.166.22.77 - - [04/Nov/2018:13:31:15 +0200] "GET / HTTP/1.1" 403 4897 "-" "Mozilla/4.0 (compatible; MSIE 7.0; Windows NT 6.1; WOW64; Trident/6.0;)"
52.53.201.78 - - [04/Nov/2018:14:36:13 +0200] "GET / HTTP/1.1" 403 4897 "-" "Mozilla/5.0 (Macintosh; Intel Mac OS X 10_12_6) AppleWebKit/537.36 (KHTML, like Gecko) Chrome/61.0.3163.100 Safari/537.36"
184.154.139.17 - - [04/Nov/2018:14:47:48 +0200] "GET / HTTP/1.1" 403 4897 "http://www.google.com/url?url=www.asdco.net&yahoo.com" "Mozilla/5.0 (compatible; MSIE 9.0; Windows NT 6.1; WOW64; Trident/6.0)"
184.154.139.17 - - [04/Nov/2018:14:47:49 +0200] "GET /th1s_1s_a_4o4.html HTTP/1.1" 404 216 "http://www.google.com/url?url=www.asdco.net&yahoo.com" "Mozilla/5.0 (compatible; MSIE 9.0; Windows NT 6.1; WOW64; Trident/6.0)"
184.154.139.17 - - [04/Nov/2018:14:47:49 +0200] "GET /noindex/css/open-sans.css HTTP/1.1" 200 5081 "http://www.google.com/url?url=www.asdco.net&yahoo.com" "Mozilla/5.0 (compatible; MSIE 9.0; Windows NT 6.1; WOW64; Trident/6.0)"
184.154.139.17 - - [04/Nov/2018:14:47:49 +0200] "GET /noindex/css/bootstrap.min.css HTTP/1.1" 200 19341 "-" "SiteLockSpider [en] (WinNT; I ;Nav)"
184.154.139.17 - - [04/Nov/2018:14:47:50 +0200] "GET / HTTP/1.1" 403 4897 "-" "SiteLockSpider [en] (WinNT; I ;Nav)"
66.249.69.110 - - [04/Nov/2018:15:03:19 +0200] "GET / HTTP/1.1" 403 4897 "-" "Mozilla/5.0 (Linux; Android 6.0.1; Nexus 5X Build/MMB29P) AppleWebKit/537.36 (KHTML, like Gecko) Chrome/41.0.2272.96 Mobile Safari/537.36 (compatible; Googlebot/2.1; +http://www.google.com/bot.html)"
66.249.75.218 - - [04/Nov/2018:15:25:44 +0200] "GET /robots.txt HTTP/1.1" 404 208 "-" "Mozilla/5.0 (compatible; Googlebot/2.1; +http://www.google.com/bot.html)"
66.249.75.222 - - [04/Nov/2018:15:25:44 +0200] "GET / HTTP/1.1" 403 4897 "-" "Mozilla/5.0 (compatible; Googlebot/2.1; +http://www.google.com/bot.html)"
193.169.252.100 - - [04/Nov/2018:18:37:31 +0200] "GET /wp-login.php HTTP/1.1" 404 210 "http://asdco.net/wp-login.php" "Mozilla/4.0 (compatible; MSIE 9.0; Windows NT 6.1; 125LA; .NET CLR 2.0.50727; .NET CLR 3.0.04506.648; .NET CLR 3.5.21022)"
193.169.252.100 - - [04/Nov/2018:18:37:31 +0200] "GET /wp-login.php HTTP/1.1" 404 210 "http://asdco.net/wp-login.php" "Mozilla/4.0 (compatible; MSIE 9.0; Windows NT 6.1; 125LA; .NET CLR 2.0.50727; .NET CLR 3.0.04506.648; .NET CLR 3.5.21022)"
157.55.39.6 - - [04/Nov/2018:19:21:30 +0200] "GET /robots.txt HTTP/1.1" 404 208 "-" "Mozilla/5.0 (compatible; bingbot/2.0; +http://www.bing.com/bingbot.htm)"
207.46.13.113 - - [04/Nov/2018:19:21:33 +0200] "GET /images/clients/our-clients/ HTTP/1.1" 404 225 "-" "Mozilla/5.0 (compatible; bingbot/2.0; +http://www.bing.com/bingbot.htm)"
207.241.229.33 - - [04/Nov/2018:19:23:43 +0200] "GET /robots.txt HTTP/1.0" 404 208 "-" "Mozilla/5.0 (compatible; archive.org_bot +http://www.archive.org/details/archive.org_bot)"
207.241.229.33 - - [04/Nov/2018:19:23:46 +0200] "GET / HTTP/1.0" 403 4897 "-" "Mozilla/5.0 (compatible; archive.org_bot +http://www.archive.org/details/archive.org_bot)"
5.45.207.48 - - [04/Nov/2018:21:06:24 +0200] "GET /robots.txt HTTP/1.1" 404 208 "-" "Mozilla/5.0 (compatible; YandexBot/3.0; +http://yandex.com/bots)"
5.45.207.48 - - [04/Nov/2018:21:06:24 +0200] "GET /robots.txt HTTP/1.1" 404 208 "-" "Mozilla/5.0 (compatible; YandexBot/3.0; +http://yandex.com/bots)"
5.45.207.48 - - [04/Nov/2018:21:06:28 +0200] "GET / HTTP/1.1" 403 4897 "-" "Mozilla/5.0 (compatible; YandexBot/3.0; +http://yandex.com/bots)"
5.45.207.48 - - [04/Nov/2018:21:06:28 +0200] "GET / HTTP/1.1" 403 4897 "-" "Mozilla/5.0 (compatible; YandexBot/3.0; +http://yandex.com/bots)"
180.76.15.147 - - [04/Nov/2018:21:21:46 +0200] "GET / HTTP/1.1" 403 4897 "-" "Mozilla/5.0 (compatible; Baiduspider/2.0; +http://www.baidu.com/search/spider.html)"
66.249.69.112 - - [05/Nov/2018:01:22:27 +0200] "GET /robots.txt HTTP/1.1" 404 208 "-" "Mozilla/5.0 (compatible; Googlebot/2.1; +http://www.google.com/bot.html)"
66.249.69.112 - - [05/Nov/2018:01:22:28 +0200] "GET / HTTP/1.1" 403 4897 "-" "Mozilla/5.0 (Linux; Android 6.0.1; Nexus 5X Build/MMB29P) AppleWebKit/537.36 (KHTML, like Gecko) Chrome/41.0.2272.96 Mobile Safari/537.36 (compatible; Googlebot/2.1; +http://www.google.com/bot.html)"
66.249.75.222 - - [05/Nov/2018:03:17:19 +0200] "GET / HTTP/1.1" 403 4897 "-" "Mozilla/5.0 (compatible; Googlebot/2.1; +http://www.google.com/bot.html)"
62.210.83.78 - - [05/Nov/2018:06:42:29 +0200] "GET / HTTP/1.1" 403 4897 "-" "Mozilla/5.0 (Macintosh; Intel Mac OS X 10.13; rv:62.0) Gecko/20100101 Firefox/62.0"
202.46.51.186 - - [05/Nov/2018:10:12:38 +0200] "GET / HTTP/1.1" 403 4897 "-" "Mozilla/5.0 (Windows NT 10.0; WOW64) AppleWebKit/537.36 (KHTML, like Gecko) Chrome/45.0.2454.93 Safari/537.36"
66.249.69.112 - - [05/Nov/2018:10:39:58 +0200] "GET / HTTP/1.1" 403 4897 "-" "Mozilla/5.0 (Linux; Android 6.0.1; Nexus 5X Build/MMB29P) AppleWebKit/537.36 (KHTML, like Gecko) Chrome/41.0.2272.96 Mobile Safari/537.36 (compatible; Googlebot/2.1; +http://www.google.com/bot.html)"
66.249.75.220 - - [05/Nov/2018:11:44:09 +0200] "GET /robots.txt HTTP/1.1" 404 208 "-" "Mozilla/5.0 (compatible; Googlebot/2.1; +http://www.google.com/bot.html)"
66.249.75.222 - - [05/Nov/2018:11:44:10 +0200] "GET / HTTP/1.1" 403 4897 "-" "Mozilla/5.0 (compatible; Googlebot/2.1; +http://www.google.com/bot.html)"
54.36.150.118 - - [05/Nov/2018:13:06:05 +0200] "GET /robots.txt HTTP/1.1" 404 208 "-" "Mozilla/5.0 (compatible; AhrefsBot/5.2; +http://ahrefs.com/robot/)"
54.36.148.132 - - [05/Nov/2018:13:06:06 +0200] "GET /files/28qgcvjanqecrukbpirj.jpg HTTP/1.1" 404 228 "-" "Mozilla/5.0 (compatible; AhrefsBot/5.2; +http://ahrefs.com/robot/)"
104.193.88.244 - - [05/Nov/2018:13:22:05 +0200] "GET / HTTP/1.1" 403 4897 "-" "Mozilla/5.0 (Windows NT 10.0; WOW64) AppleWebKit/537.36 (KHTML, like Gecko) Chrome/45.0.2454.93 Safari/537.36"
184.154.139.17 - - [05/Nov/2018:15:17:20 +0200] "GET / HTTP/1.1" 403 4897 "http://www.google.com/url?url=www.asdco.net&yahoo.com" "Mozilla/5.0 (compatible; MSIE 9.0; Windows NT 6.1; WOW64; Trident/6.0)"
184.154.139.17 - - [05/Nov/2018:15:17:21 +0200] "GET /th1s_1s_a_4o4.html HTTP/1.1" 404 216 "http://www.google.com/url?url=www.asdco.net&yahoo.com" "Mozilla/5.0 (compatible; MSIE 9.0; Windows NT 6.1; WOW64; Trident/6.0)"
184.154.139.17 - - [05/Nov/2018:15:17:21 +0200] "GET /noindex/css/open-sans.css HTTP/1.1" 200 5081 "http://www.google.com/url?url=www.asdco.net&yahoo.com" "Mozilla/5.0 (compatible; MSIE 9.0; Windows NT 6.1; WOW64; Trident/6.0)"
184.154.139.17 - - [05/Nov/2018:15:17:21 +0200] "GET /noindex/css/bootstrap.min.css HTTP/1.1" 200 19341 "-" "SiteLockSpider [en] (WinNT; I ;Nav)"
184.154.139.17 - - [05/Nov/2018:15:17:22 +0200] "GET / HTTP/1.1" 403 4897 "-" "SiteLockSpider [en] (WinNT; I ;Nav)"
180.76.15.25 - - [05/Nov/2018:18:40:29 +0200] "GET / HTTP/1.1" 403 4897 "-" "Mozilla/5.0 (compatible; Baiduspider/2.0; +http://www.baidu.com/search/spider.html)"
104.192.74.29 - - [05/Nov/2018:19:00:06 +0200] "GET /robots.txt HTTP/1.1" 404 208 "http://www.asdco.net/robots.txt" "Mozilla/5.0 (Macintosh; Intel Mac OS X 10_12_1) AppleWebKit/537.36 (KHTML, like Gecko) Chrome/58.0.3029.110 Safari/537.36"
104.192.74.29 - - [05/Nov/2018:19:00:06 +0200] "GET / HTTP/1.1" 403 4897 "http://www.asdco.net" "Mozilla/5.0 (Macintosh; Intel Mac OS X 10_12_1) AppleWebKit/537.36 (KHTML, like Gecko) Chrome/58.0.3029.110 Safari/537.36"
104.192.74.29 - - [05/Nov/2018:19:00:07 +0200] "GET / HTTP/1.1" 403 4897 "-" "Mozilla"
5.45.207.48 - - [05/Nov/2018:22:23:35 +0200] "GET /robots.txt HTTP/1.1" 404 208 "-" "Mozilla/5.0 (compatible; YandexBot/3.0; +http://yandex.com/bots)"
178.154.200.21 - - [05/Nov/2018:22:23:35 +0200] "GET /robots.txt HTTP/1.1" 404 208 "-" "Mozilla/5.0 (compatible; YandexBot/3.0; +http://yandex.com/bots)"
5.45.207.48 - - [05/Nov/2018:22:23:38 +0200] "GET / HTTP/1.1" 403 4897 "-" "Mozilla/5.0 (compatible; YandexBot/3.0; +http://yandex.com/bots)"
178.154.200.21 - - [05/Nov/2018:22:23:38 +0200] "GET / HTTP/1.1" 403 4897 "-" "Mozilla/5.0 (compatible; YandexBot/3.0; +http://yandex.com/bots)"
66.249.75.9 - - [06/Nov/2018:00:06:53 +0200] "GET /robots.txt HTTP/1.1" 404 208 "-" "Mozilla/5.0 (compatible; Googlebot/2.1; +http://www.google.com/bot.html)"
66.249.75.7 - - [06/Nov/2018:00:06:53 +0200] "GET /users/login HTTP/1.1" 404 209 "-" "Mozilla/5.0 (compatible; Googlebot/2.1; +http://www.google.com/bot.html)"
185.117.118.148 - - [06/Nov/2018:00:19:18 +0200] "GET /robots.txt HTTP/1.1" 404 208 "-" "Mozilla/5.0 (compatible; Uptimebot/1.0; +http://www.uptime.com/uptimebot)"
180.76.15.8 - - [06/Nov/2018:00:36:10 +0200] "GET / HTTP/1.1" 403 4897 "-" "Mozilla/5.0 (compatible; Baiduspider/2.0; +http://www.baidu.com/search/spider.html)"
66.249.75.9 - - [06/Nov/2018:01:34:00 +0200] "GET / HTTP/1.1" 403 4897 "-" "Mozilla/5.0 (Linux; Android 6.0.1; Nexus 5X Build/MMB29P) AppleWebKit/537.36 (KHTML, like Gecko) Chrome/41.0.2272.96 Mobile Safari/537.36 (compatible; Googlebot/2.1; +http://www.google.com/bot.html)"
221.229.160.133 - - [06/Nov/2018:02:17:26 +0200] "GET / HTTP/1.1" 403 4897 "-" "python-requests/2.20.0"
66.70.157.189 - - [06/Nov/2018:04:04:55 +0200] "GET / HTTP/1.1" 403 4897 "-" "Mozilla/5.0 (Windows NT 10.0; WOW64) AppleWebKit/537.36 (KHTML, like Gecko) Chrome/52.0.2743.116 Safari/537.36"
66.70.157.189 - - [06/Nov/2018:04:04:55 +0200] "GET /noindex/css/bootstrap.min.css HTTP/1.1" 200 4755 "http://asdco.net/" "Mozilla/5.0 (Windows NT 10.0; WOW64) AppleWebKit/537.36 (KHTML, like Gecko) Chrome/52.0.2743.116 Safari/537.36"
66.70.157.189 - - [06/Nov/2018:04:04:55 +0200] "GET /noindex/css/open-sans.css HTTP/1.1" 200 637 "http://asdco.net/" "Mozilla/5.0 (Windows NT 10.0; WOW64) AppleWebKit/537.36 (KHTML, like Gecko) Chrome/52.0.2743.116 Safari/537.36"
66.70.157.189 - - [06/Nov/2018:04:04:55 +0200] "GET /images/poweredby.png HTTP/1.1" 200 3956 "http://asdco.net/" "Mozilla/5.0 (Windows NT 10.0; WOW64) AppleWebKit/537.36 (KHTML, like Gecko) Chrome/52.0.2743.116 Safari/537.36"
66.70.157.189 - - [06/Nov/2018:04:04:55 +0200] "GET /images/apache_pb.gif HTTP/1.1" 200 2326 "http://asdco.net/" "Mozilla/5.0 (Windows NT 10.0; WOW64) AppleWebKit/537.36 (KHTML, like Gecko) Chrome/52.0.2743.116 Safari/537.36"
66.70.157.189 - - [06/Nov/2018:04:04:55 +0200] "GET /noindex/css/fonts/Regular/OpenSans-Regular.woff HTTP/1.1" 404 245 "http://asdco.net/" "Mozilla/5.0 (Windows NT 10.0; WOW64) AppleWebKit/537.36 (KHTML, like Gecko) Chrome/52.0.2743.116 Safari/537.36"
66.70.157.189 - - [06/Nov/2018:04:04:55 +0200] "GET /noindex/css/fonts/Bold/OpenSans-Bold.woff HTTP/1.1" 404 239 "http://asdco.net/" "Mozilla/5.0 (Windows NT 10.0; WOW64) AppleWebKit/537.36 (KHTML, like Gecko) Chrome/52.0.2743.116 Safari/537.36"
66.70.157.189 - - [06/Nov/2018:04:04:55 +0200] "GET /noindex/css/fonts/Light/OpenSans-Light.woff HTTP/1.1" 404 241 "http://asdco.net/" "Mozilla/5.0 (Windows NT 10.0; WOW64) AppleWebKit/537.36 (KHTML, like Gecko) Chrome/52.0.2743.116 Safari/537.36"
66.70.157.189 - - [06/Nov/2018:04:04:55 +0200] "GET /noindex/css/fonts/Semibold/OpenSans-Semibold.woff HTTP/1.1" 404 247 "http://asdco.net/" "Mozilla/5.0 (Windows NT 10.0; WOW64) AppleWebKit/537.36 (KHTML, like Gecko) Chrome/52.0.2743.116 Safari/537.36"
66.70.157.189 - - [06/Nov/2018:04:04:55 +0200] "GET /noindex/css/fonts/ExtraBold/OpenSans-ExtraBold.woff HTTP/1.1" 404 249 "http://asdco.net/" "Mozilla/5.0 (Windows NT 10.0; WOW64) AppleWebKit/537.36 (KHTML, like Gecko) Chrome/52.0.2743.116 Safari/537.36"
66.70.157.189 - - [06/Nov/2018:04:04:55 +0200] "GET /noindex/css/fonts/Semibold/OpenSans-Semibold.ttf HTTP/1.1" 404 246 "http://asdco.net/" "Mozilla/5.0 (Windows NT 10.0; WOW64) AppleWebKit/537.36 (KHTML, like Gecko) Chrome/52.0.2743.116 Safari/537.36"
66.70.157.189 - - [06/Nov/2018:04:04:55 +0200] "GET /noindex/css/fonts/Bold/OpenSans-Bold.ttf HTTP/1.1" 404 238 "http://asdco.net/" "Mozilla/5.0 (Windows NT 10.0; WOW64) AppleWebKit/537.36 (KHTML, like Gecko) Chrome/52.0.2743.116 Safari/537.36"
66.70.157.189 - - [06/Nov/2018:04:04:55 +0200] "GET /noindex/css/fonts/Light/OpenSans-Light.ttf HTTP/1.1" 404 240 "http://asdco.net/" "Mozilla/5.0 (Windows NT 10.0; WOW64) AppleWebKit/537.36 (KHTML, like Gecko) Chrome/52.0.2743.116 Safari/537.36"
66.70.157.189 - - [06/Nov/2018:04:04:55 +0200] "GET /noindex/css/fonts/Regular/OpenSans-Regular.ttf HTTP/1.1" 404 244 "http://asdco.net/" "Mozilla/5.0 (Windows NT 10.0; WOW64) AppleWebKit/537.36 (KHTML, like Gecko) Chrome/52.0.2743.116 Safari/537.36"
66.70.157.189 - - [06/Nov/2018:04:04:55 +0200] "GET /noindex/css/fonts/ExtraBold/OpenSans-ExtraBold.ttf HTTP/1.1" 404 248 "http://asdco.net/" "Mozilla/5.0 (Windows NT 10.0; WOW64) AppleWebKit/537.36 (KHTML, like Gecko) Chrome/52.0.2743.116 Safari/537.36"
66.70.157.189 - - [06/Nov/2018:04:04:55 +0200] "GET /noindex/css/fonts/Semibold/OpenSans-Semibold.svg HTTP/1.1" 404 246 "http://asdco.net/" "Mozilla/5.0 (Windows NT 10.0; WOW64) AppleWebKit/537.36 (KHTML, like Gecko) Chrome/52.0.2743.116 Safari/537.36"
66.70.157.189 - - [06/Nov/2018:04:04:55 +0200] "GET /noindex/css/fonts/Bold/OpenSans-Bold.svg HTTP/1.1" 404 238 "http://asdco.net/" "Mozilla/5.0 (Windows NT 10.0; WOW64) AppleWebKit/537.36 (KHTML, like Gecko) Chrome/52.0.2743.116 Safari/537.36"
66.70.157.189 - - [06/Nov/2018:04:04:55 +0200] "GET /noindex/css/fonts/Light/OpenSans-Light.svg HTTP/1.1" 404 240 "http://asdco.net/" "Mozilla/5.0 (Windows NT 10.0; WOW64) AppleWebKit/537.36 (KHTML, like Gecko) Chrome/52.0.2743.116 Safari/537.36"
66.70.157.189 - - [06/Nov/2018:04:04:55 +0200] "GET /noindex/css/fonts/Regular/OpenSans-Regular.svg HTTP/1.1" 404 244 "http://asdco.net/" "Mozilla/5.0 (Windows NT 10.0; WOW64) AppleWebKit/537.36 (KHTML, like Gecko) Chrome/52.0.2743.116 Safari/537.36"
66.70.157.189 - - [06/Nov/2018:04:04:55 +0200] "GET /noindex/css/fonts/ExtraBold/OpenSans-ExtraBold.svg HTTP/1.1" 404 248 "http://asdco.net/" "Mozilla/5.0 (Windows NT 10.0; WOW64) AppleWebKit/537.36 (KHTML, like Gecko) Chrome/52.0.2743.116 Safari/537.36"
66.70.157.189 - - [06/Nov/2018:04:04:55 +0200] "GET / HTTP/1.1" 403 4897 "-" "Mozilla/5.0 (Windows NT 10.0; WOW64) AppleWebKit/537.36 (KHTML, like Gecko) Chrome/52.0.2743.116 Safari/537.36"
66.70.157.189 - - [06/Nov/2018:04:04:56 +0200] "GET /noindex/css/bootstrap.min.css HTTP/1.1" 200 4755 "http://www.asdco.net/" "Mozilla/5.0 (Windows NT 10.0; WOW64) AppleWebKit/537.36 (KHTML, like Gecko) Chrome/52.0.2743.116 Safari/537.36"
