207.46.13.207 - - [07/Mar/2019:22:48:41 +0200] "GET / HTTP/1.1" 403 4897 "-" "Mozilla/5.0 (iPhone; CPU iPhone OS 7_0 like Mac OS X) AppleWebKit/537.51.1 (KHTML, like Gecko) Version/7.0 Mobile/11A465 Safari/9537.53 (compatible; bingbot/2.0; +http://www.bing.com/bingbot.htm)"
46.166.188.247 - - [08/Mar/2019:00:20:15 +0200] "HEAD / HTTP/1.1" 403 - "https://uptime.com/asdco.net" "Mozilla/5.0 (compatible; Uptimebot/1.0; +http://www.uptime.com/uptimebot)"
66.249.64.14 - - [08/Mar/2019:04:27:11 +0200] "GET /robots.txt HTTP/1.1" 404 208 "-" "Mozilla/5.0 (compatible; Googlebot/2.1; +http://www.google.com/bot.html)"
66.249.64.16 - - [08/Mar/2019:04:27:11 +0200] "GET /users/login HTTP/1.1" 404 209 "-" "Mozilla/5.0 (compatible; Googlebot/2.1; +http://www.google.com/bot.html)"
109.201.154.137 - - [08/Mar/2019:07:42:31 +0200] "HEAD / HTTP/1.1" 403 - "https://uptime.com/asdco.net" "Mozilla/5.0 (compatible; Uptimebot/1.0; +http://www.uptime.com/uptimebot)"
178.154.200.21 - - [08/Mar/2019:08:14:29 +0200] "GET /robots.txt HTTP/1.1" 404 208 "-" "Mozilla/5.0 (compatible; YandexBot/3.0; +http://yandex.com/bots)"
178.154.171.21 - - [08/Mar/2019:08:14:29 +0200] "GET /robots.txt HTTP/1.1" 404 208 "-" "Mozilla/5.0 (compatible; YandexBot/3.0; +http://yandex.com/bots)"
178.154.200.21 - - [08/Mar/2019:08:14:33 +0200] "GET / HTTP/1.1" 403 4897 "-" "Mozilla/5.0 (compatible; YandexBot/3.0; +http://yandex.com/bots)"
5.45.207.48 - - [08/Mar/2019:08:14:33 +0200] "GET / HTTP/1.1" 403 4897 "-" "Mozilla/5.0 (compatible; YandexBot/3.0; +http://yandex.com/bots)"
184.154.139.18 - - [08/Mar/2019:14:51:23 +0200] "GET / HTTP/1.1" 403 4897 "http://www.google.com/url?url=www.asdco.net&yahoo.com" "Mozilla/5.0 (compatible; MSIE 9.0; Windows NT 6.1; WOW64; Trident/6.0)"
184.154.139.18 - - [08/Mar/2019:14:51:23 +0200] "GET /th1s_1s_a_4o4.html HTTP/1.1" 404 216 "http://www.google.com/url?url=www.asdco.net&yahoo.com" "Mozilla/5.0 (compatible; MSIE 9.0; Windows NT 6.1; WOW64; Trident/6.0)"
184.154.139.18 - - [08/Mar/2019:14:51:23 +0200] "GET /noindex/css/open-sans.css HTTP/1.1" 200 5081 "http://www.google.com/url?url=www.asdco.net&yahoo.com" "Mozilla/5.0 (compatible; MSIE 9.0; Windows NT 6.1; WOW64; Trident/6.0)"
184.154.139.18 - - [08/Mar/2019:14:51:24 +0200] "GET /noindex/css/bootstrap.min.css HTTP/1.1" 200 19341 "-" "SiteLockSpider [en] (WinNT; I ;Nav)"
184.154.139.18 - - [08/Mar/2019:14:51:24 +0200] "GET / HTTP/1.1" 403 4897 "-" "SiteLockSpider [en] (WinNT; I ;Nav)"
52.53.201.78 - - [08/Mar/2019:20:43:50 +0200] "GET / HTTP/1.1" 403 4897 "-" "Mozilla/5.0 (Macintosh; Intel Mac OS X 10_12_6) AppleWebKit/537.36 (KHTML, like Gecko) Chrome/61.0.3163.100 Safari/537.36"
206.180.165.147 - - [08/Mar/2019:20:58:14 +0200] "GET / HTTP/1.1" 403 4897 "-" "Mozilla/5.0 (Windows NT 10.0; Win64; x64) AppleWebKit/537.36 (KHTML, like Gecko) Chrome/65.0.3325.181 Safari/537.36"
194.93.59.17 - - [08/Mar/2019:22:31:29 +0200] "GET / HTTP/1.1" 403 4897 "-" "Mozilla/5.0 (Windows NT 10.0; Win64; x64) AppleWebKit/537.36 (KHTML, like Gecko) Chrome/63.0.3239.132 Safari/537.36"
194.93.59.17 - - [08/Mar/2019:22:31:29 +0200] "GET /wp-includes/wlwmanifest.xml HTTP/1.1" 404 225 "-" "Mozilla/5.0 (Windows NT 10.0; Win64; x64) AppleWebKit/537.36 (KHTML, like Gecko) Chrome/63.0.3239.132 Safari/537.36"
194.93.59.17 - - [08/Mar/2019:22:31:34 +0200] "GET /xmlrpc.php?rsd HTTP/1.1" 404 208 "-" "Mozilla/5.0 (Windows NT 10.0; Win64; x64) AppleWebKit/537.36 (KHTML, like Gecko) Chrome/63.0.3239.132 Safari/537.36"
194.93.59.17 - - [08/Mar/2019:22:31:39 +0200] "GET / HTTP/1.1" 403 4897 "-" "Mozilla/5.0 (Windows NT 10.0; Win64; x64) AppleWebKit/537.36 (KHTML, like Gecko) Chrome/63.0.3239.132 Safari/537.36"
194.93.59.17 - - [08/Mar/2019:22:31:39 +0200] "GET /blog/wp-includes/wlwmanifest.xml HTTP/1.1" 404 230 "-" "Mozilla/5.0 (Windows NT 10.0; Win64; x64) AppleWebKit/537.36 (KHTML, like Gecko) Chrome/63.0.3239.132 Safari/537.36"
194.93.59.17 - - [08/Mar/2019:22:31:44 +0200] "GET /web/wp-includes/wlwmanifest.xml HTTP/1.1" 404 229 "-" "Mozilla/5.0 (Windows NT 10.0; Win64; x64) AppleWebKit/537.36 (KHTML, like Gecko) Chrome/63.0.3239.132 Safari/537.36"
194.93.59.17 - - [08/Mar/2019:22:31:49 +0200] "GET /wordpress/wp-includes/wlwmanifest.xml HTTP/1.1" 404 235 "-" "Mozilla/5.0 (Windows NT 10.0; Win64; x64) AppleWebKit/537.36 (KHTML, like Gecko) Chrome/63.0.3239.132 Safari/537.36"
194.93.59.17 - - [08/Mar/2019:22:31:54 +0200] "GET /website/wp-includes/wlwmanifest.xml HTTP/1.1" 404 233 "-" "Mozilla/5.0 (Windows NT 10.0; Win64; x64) AppleWebKit/537.36 (KHTML, like Gecko) Chrome/63.0.3239.132 Safari/537.36"
194.93.59.17 - - [08/Mar/2019:22:31:59 +0200] "GET /wp/wp-includes/wlwmanifest.xml HTTP/1.1" 404 228 "-" "Mozilla/5.0 (Windows NT 10.0; Win64; x64) AppleWebKit/537.36 (KHTML, like Gecko) Chrome/63.0.3239.132 Safari/537.36"
194.93.59.17 - - [08/Mar/2019:22:32:04 +0200] "GET /news/wp-includes/wlwmanifest.xml HTTP/1.1" 404 230 "-" "Mozilla/5.0 (Windows NT 10.0; Win64; x64) AppleWebKit/537.36 (KHTML, like Gecko) Chrome/63.0.3239.132 Safari/537.36"
194.93.59.17 - - [08/Mar/2019:22:32:09 +0200] "GET /2015/wp-includes/wlwmanifest.xml HTTP/1.1" 404 230 "-" "Mozilla/5.0 (Windows NT 10.0; Win64; x64) AppleWebKit/537.36 (KHTML, like Gecko) Chrome/63.0.3239.132 Safari/537.36"
194.93.59.17 - - [08/Mar/2019:22:32:15 +0200] "GET /2016/wp-includes/wlwmanifest.xml HTTP/1.1" 404 230 "-" "Mozilla/5.0 (Windows NT 10.0; Win64; x64) AppleWebKit/537.36 (KHTML, like Gecko) Chrome/63.0.3239.132 Safari/537.36"
194.93.59.17 - - [08/Mar/2019:22:32:20 +0200] "GET /2017/wp-includes/wlwmanifest.xml HTTP/1.1" 404 230 "-" "Mozilla/5.0 (Windows NT 10.0; Win64; x64) AppleWebKit/537.36 (KHTML, like Gecko) Chrome/63.0.3239.132 Safari/537.36"
194.93.59.17 - - [08/Mar/2019:22:32:25 +0200] "GET /2018/wp-includes/wlwmanifest.xml HTTP/1.1" 404 230 "-" "Mozilla/5.0 (Windows NT 10.0; Win64; x64) AppleWebKit/537.36 (KHTML, like Gecko) Chrome/63.0.3239.132 Safari/537.36"
194.93.59.17 - - [08/Mar/2019:22:32:30 +0200] "GET /shop/wp-includes/wlwmanifest.xml HTTP/1.1" 404 230 "-" "Mozilla/5.0 (Windows NT 10.0; Win64; x64) AppleWebKit/537.36 (KHTML, like Gecko) Chrome/63.0.3239.132 Safari/537.36"
194.93.59.17 - - [08/Mar/2019:22:32:35 +0200] "GET /wp1/wp-includes/wlwmanifest.xml HTTP/1.1" 404 229 "-" "Mozilla/5.0 (Windows NT 10.0; Win64; x64) AppleWebKit/537.36 (KHTML, like Gecko) Chrome/63.0.3239.132 Safari/537.36"
194.93.59.17 - - [08/Mar/2019:22:32:40 +0200] "GET /test/wp-includes/wlwmanifest.xml HTTP/1.1" 404 230 "-" "Mozilla/5.0 (Windows NT 10.0; Win64; x64) AppleWebKit/537.36 (KHTML, like Gecko) Chrome/63.0.3239.132 Safari/537.36"
194.93.59.17 - - [08/Mar/2019:22:32:45 +0200] "GET /media/wp-includes/wlwmanifest.xml HTTP/1.1" 404 231 "-" "Mozilla/5.0 (Windows NT 10.0; Win64; x64) AppleWebKit/537.36 (KHTML, like Gecko) Chrome/63.0.3239.132 Safari/537.36"
194.93.59.17 - - [08/Mar/2019:22:32:50 +0200] "GET /wp2/wp-includes/wlwmanifest.xml HTTP/1.1" 404 229 "-" "Mozilla/5.0 (Windows NT 10.0; Win64; x64) AppleWebKit/537.36 (KHTML, like Gecko) Chrome/63.0.3239.132 Safari/537.36"
194.93.59.17 - - [08/Mar/2019:22:32:55 +0200] "GET /site/wp-includes/wlwmanifest.xml HTTP/1.1" 404 230 "-" "Mozilla/5.0 (Windows NT 10.0; Win64; x64) AppleWebKit/537.36 (KHTML, like Gecko) Chrome/63.0.3239.132 Safari/537.36"
194.93.59.17 - - [08/Mar/2019:22:33:00 +0200] "GET /cms/wp-includes/wlwmanifest.xml HTTP/1.1" 404 229 "-" "Mozilla/5.0 (Windows NT 10.0; Win64; x64) AppleWebKit/537.36 (KHTML, like Gecko) Chrome/63.0.3239.132 Safari/537.36"
194.93.59.17 - - [08/Mar/2019:22:33:05 +0200] "GET /sito/wp-includes/wlwmanifest.xml HTTP/1.1" 404 230 "-" "Mozilla/5.0 (Windows NT 10.0; Win64; x64) AppleWebKit/537.36 (KHTML, like Gecko) Chrome/63.0.3239.132 Safari/537.36"
5.45.207.48 - - [08/Mar/2019:23:22:38 +0200] "GET /robots.txt HTTP/1.1" 404 208 "-" "Mozilla/5.0 (compatible; YandexBot/3.0; +http://yandex.com/bots)"
5.45.207.48 - - [08/Mar/2019:23:22:42 +0200] "GET / HTTP/1.1" 403 4897 "-" "Mozilla/5.0 (compatible; YandexBot/3.0; +http://yandex.com/bots)"
54.36.148.50 - - [08/Mar/2019:23:25:13 +0200] "GET /robots.txt HTTP/1.1" 404 208 "-" "Mozilla/5.0 (compatible; AhrefsBot/6.1; +http://ahrefs.com/robot/)"
54.36.148.82 - - [08/Mar/2019:23:25:13 +0200] "GET / HTTP/1.1" 403 4897 "-" "Mozilla/5.0 (compatible; AhrefsBot/6.1; +http://ahrefs.com/robot/)"
66.249.65.86 - - [09/Mar/2019:01:26:37 +0200] "GET /robots.txt HTTP/1.1" 404 208 "-" "Mozilla/5.0 (compatible; Googlebot/2.1; +http://www.google.com/bot.html)"
66.249.65.86 - - [09/Mar/2019:01:26:37 +0200] "GET / HTTP/1.1" 403 4897 "-" "Mozilla/5.0 (Linux; Android 6.0.1; Nexus 5X Build/MMB29P) AppleWebKit/537.36 (KHTML, like Gecko) Chrome/41.0.2272.96 Mobile Safari/537.36 (compatible; Googlebot/2.1; +http://www.google.com/bot.html)"
66.249.73.92 - - [09/Mar/2019:02:06:00 +0200] "GET /robots.txt HTTP/1.1" 404 208 "-" "Mozilla/5.0 (compatible; Googlebot/2.1; +http://www.google.com/bot.html)"
66.249.73.94 - - [09/Mar/2019:02:06:01 +0200] "GET / HTTP/1.1" 403 4897 "-" "Mozilla/5.0 (compatible; Googlebot/2.1; +http://www.google.com/bot.html)"
66.249.73.92 - - [09/Mar/2019:02:06:01 +0200] "GET / HTTP/1.1" 403 4897 "-" "Mozilla/5.0 (compatible; Googlebot/2.1; +http://www.google.com/bot.html)"
66.249.73.94 - - [09/Mar/2019:02:15:22 +0200] "GET / HTTP/1.1" 403 4897 "-" "Mozilla/5.0 (Linux; Android 6.0.1; Nexus 5X Build/MMB29P) AppleWebKit/537.36 (KHTML, like Gecko) Chrome/41.0.2272.96 Mobile Safari/537.36 (compatible; Googlebot/2.1; +http://www.google.com/bot.html)"
66.249.65.84 - - [09/Mar/2019:02:24:48 +0200] "GET / HTTP/1.1" 403 4897 "-" "Mozilla/5.0 (compatible; Googlebot/2.1; +http://www.google.com/bot.html)"
5.101.156.172 - - [09/Mar/2019:02:30:25 +0200] "GET / HTTP/1.0" 403 4897 "-" "-"
185.104.120.5 - - [09/Mar/2019:05:07:00 +0200] "GET / HTTP/1.1" 403 4897 "-" "Mozilla/5.0 (Windows NT 6.1; Win64; x64) AppleWebKit/537.36 (KHTML, like Gecko) Chrome/52.0.2743.116 Safari/537.36 Edge/15.15063"
185.104.120.5 - - [09/Mar/2019:05:07:01 +0200] "GET / HTTP/1.1" 403 4897 "-" "Mozilla/5.0 (Windows NT 6.1; Win64; x64) AppleWebKit/537.36 (KHTML, like Gecko) Chrome/52.0.2743.116 Safari/537.36 Edge/15.15063"
185.104.120.5 - - [09/Mar/2019:05:07:01 +0200] "GET / HTTP/1.1" 403 4897 "-" "Mozilla/5.0 (Windows NT 6.1; Win64; x64) AppleWebKit/537.36 (KHTML, like Gecko) Chrome/52.0.2743.116 Safari/537.36 Edge/15.15063"
185.104.120.5 - - [09/Mar/2019:05:07:02 +0200] "GET /wp-login.php?action=register HTTP/1.1" 404 210 "-" "Mozilla/5.0 (Windows NT 6.1; Win64; x64) AppleWebKit/537.36 (KHTML, like Gecko) Chrome/52.0.2743.116 Safari/537.36 Edge/15.15063"
185.104.120.5 - - [09/Mar/2019:05:07:03 +0200] "GET / HTTP/1.1" 403 4897 "-" "Mozilla/5.0 (Windows NT 6.1; Win64; x64) AppleWebKit/537.36 (KHTML, like Gecko) Chrome/52.0.2743.116 Safari/537.36 Edge/15.15063"
185.104.120.5 - - [09/Mar/2019:05:07:04 +0200] "GET /index.php?option=com_user&task=register HTTP/1.1" 404 207 "-" "Mozilla/5.0 (Windows NT 6.1; Win64; x64) AppleWebKit/537.36 (KHTML, like Gecko) Chrome/52.0.2743.116 Safari/537.36 Edge/15.15063"
185.104.120.5 - - [09/Mar/2019:05:07:04 +0200] "GET /user/register HTTP/1.1" 404 211 "-" "Mozilla/5.0 (Windows NT 6.1; Win64; x64) AppleWebKit/537.36 (KHTML, like Gecko) Chrome/52.0.2743.116 Safari/537.36 Edge/15.15063"
185.104.120.5 - - [09/Mar/2019:05:07:05 +0200] "GET / HTTP/1.1" 403 4897 "-" "Mozilla/5.0 (Windows NT 6.1; Win64; x64) AppleWebKit/537.36 (KHTML, like Gecko) Chrome/52.0.2743.116 Safari/537.36 Edge/15.15063"
185.104.120.5 - - [09/Mar/2019:05:07:06 +0200] "GET / HTTP/1.1" 403 4897 "-" "Mozilla/5.0 (Windows NT 6.1; Win64; x64) AppleWebKit/537.36 (KHTML, like Gecko) Chrome/52.0.2743.116 Safari/537.36 Edge/15.15063"
185.104.120.5 - - [09/Mar/2019:05:07:07 +0200] "GET / HTTP/1.1" 403 4897 "-" "Mozilla/5.0 (Windows NT 6.1; Win64; x64) AppleWebKit/537.36 (KHTML, like Gecko) Chrome/52.0.2743.116 Safari/537.36 Edge/15.15063"
94.130.131.80 - - [09/Mar/2019:05:39:15 +0200] "GET / HTTP/1.1" 403 4897 "-" "Mozilla/5.0 (Windows; U; Windows NT 5.1; ru; rv:1.9.0.1) Gecko/2008070208"
5.45.207.48 - - [09/Mar/2019:07:55:03 +0200] "GET /robots.txt HTTP/1.1" 404 208 "-" "Mozilla/5.0 (compatible; YandexBot/3.0; +http://yandex.com/bots)"
178.154.200.21 - - [09/Mar/2019:07:55:03 +0200] "GET /robots.txt HTTP/1.1" 404 208 "-" "Mozilla/5.0 (compatible; YandexBot/3.0; +http://yandex.com/bots)"
5.45.207.48 - - [09/Mar/2019:07:55:07 +0200] "GET / HTTP/1.1" 403 4897 "-" "Mozilla/5.0 (compatible; YandexBot/3.0; +http://yandex.com/bots)"
178.154.200.21 - - [09/Mar/2019:07:55:07 +0200] "GET / HTTP/1.1" 403 4897 "-" "Mozilla/5.0 (compatible; YandexBot/3.0; +http://yandex.com/bots)"
109.201.152.23 - - [09/Mar/2019:07:56:41 +0200] "HEAD / HTTP/1.1" 403 - "https://uptime.com/asdco.net" "Mozilla/5.0 (compatible; Uptimebot/1.0; +http://www.uptime.com/uptimebot)"
157.55.39.18 - - [09/Mar/2019:08:31:16 +0200] "GET /robots.txt HTTP/1.1" 404 208 "-" "Mozilla/5.0 (compatible; bingbot/2.0; +http://www.bing.com/bingbot.htm)"
40.77.167.130 - - [09/Mar/2019:08:31:19 +0200] "GET / HTTP/1.1" 403 4897 "-" "Mozilla/5.0 (iPhone; CPU iPhone OS 7_0 like Mac OS X) AppleWebKit/537.51.1 (KHTML, like Gecko) Version/7.0 Mobile/11A465 Safari/9537.53 (compatible; bingbot/2.0; +http://www.bing.com/bingbot.htm)"
66.249.65.86 - - [09/Mar/2019:10:26:23 +0200] "GET / HTTP/1.1" 403 4897 "-" "Mozilla/5.0 (Linux; Android 6.0.1; Nexus 5X Build/MMB29P) AppleWebKit/537.36 (KHTML, like Gecko) Chrome/41.0.2272.96 Mobile Safari/537.36 (compatible; Googlebot/2.1; +http://www.google.com/bot.html)"
54.36.150.9 - - [09/Mar/2019:11:17:49 +0200] "GET /robots.txt HTTP/1.1" 404 208 "-" "Mozilla/5.0 (compatible; AhrefsBot/6.1; +http://ahrefs.com/robot/)"
54.36.150.119 - - [09/Mar/2019:11:17:50 +0200] "GET /files/28qgcvjanqecrukbpirj.jpg HTTP/1.1" 404 228 "-" "Mozilla/5.0 (compatible; AhrefsBot/6.1; +http://ahrefs.com/robot/)"
66.249.73.92 - - [09/Mar/2019:11:18:55 +0200] "GET / HTTP/1.1" 403 4897 "-" "Mozilla/5.0 (compatible; Googlebot/2.1; +http://www.google.com/bot.html)"
66.249.73.90 - - [09/Mar/2019:11:18:55 +0200] "GET / HTTP/1.1" 403 4897 "-" "Mozilla/5.0 (compatible; Googlebot/2.1; +http://www.google.com/bot.html)"
66.249.73.90 - - [09/Mar/2019:11:19:36 +0200] "GET / HTTP/1.1" 403 4897 "-" "Mozilla/5.0 (Linux; Android 6.0.1; Nexus 5X Build/MMB29P) AppleWebKit/537.36 (KHTML, like Gecko) Chrome/41.0.2272.96 Mobile Safari/537.36 (compatible; Googlebot/2.1; +http://www.google.com/bot.html)"
66.249.65.88 - - [09/Mar/2019:11:37:21 +0200] "GET / HTTP/1.1" 403 4897 "-" "Mozilla/5.0 (compatible; Googlebot/2.1; +http://www.google.com/bot.html)"
188.165.208.29 - - [09/Mar/2019:12:38:26 +0200] "GET /robots.txt HTTP/1.0" 404 208 "-" ""
188.165.208.29 - - [09/Mar/2019:12:38:26 +0200] "GET / HTTP/1.1" 403 4897 "-" "Mozilla/5.0 (X11; Linux i686) AppleWebKit/534.30 (KHTML, like Gecko) Ubuntu/10.10 Chromium/12.0.742.112 Chrome/12.0.742.112 Safari/534.30"
54.148.36.59 - - [09/Mar/2019:12:57:58 +0200] "GET / HTTP/1.1" 403 4897 "-" "Go-http-client/1.1"
184.154.139.20 - - [09/Mar/2019:14:48:09 +0200] "GET / HTTP/1.1" 403 4897 "http://www.google.com/url?url=www.asdco.net&yahoo.com" "Mozilla/5.0 (compatible; MSIE 9.0; Windows NT 6.1; WOW64; Trident/6.0)"
184.154.139.20 - - [09/Mar/2019:14:48:10 +0200] "GET /th1s_1s_a_4o4.html HTTP/1.1" 404 216 "http://www.google.com/url?url=www.asdco.net&yahoo.com" "Mozilla/5.0 (compatible; MSIE 9.0; Windows NT 6.1; WOW64; Trident/6.0)"
184.154.139.20 - - [09/Mar/2019:14:48:10 +0200] "GET /noindex/css/bootstrap.min.css HTTP/1.1" 200 19341 "http://www.google.com/url?url=www.asdco.net&yahoo.com" "Mozilla/5.0 (compatible; MSIE 9.0; Windows NT 6.1; WOW64; Trident/6.0)"
184.154.139.20 - - [09/Mar/2019:14:48:11 +0200] "GET /noindex/css/open-sans.css HTTP/1.1" 200 5081 "-" "SiteLockSpider [en] (WinNT; I ;Nav)"
184.154.139.20 - - [09/Mar/2019:14:48:11 +0200] "GET / HTTP/1.1" 403 4897 "-" "SiteLockSpider [en] (WinNT; I ;Nav)"
46.166.137.214 - - [09/Mar/2019:17:20:02 +0200] "GET /robots.txt HTTP/1.1" 404 208 "-" "Mozilla/5.0 (compatible; Uptimebot/1.0; +http://www.uptime.com/uptimebot)"
209.17.96.202 - - [09/Mar/2019:18:42:09 +0200] "GET / HTTP/1.1" 403 4897 "-" "Mozilla/5.0 (compatible; Nimbostratus-Bot/v1.3.2; http://cloudsystemnetworks.com)"
66.249.65.84 - - [09/Mar/2019:18:54:00 +0200] "GET /robots.txt HTTP/1.1" 404 208 "-" "Mozilla/5.0 (compatible; Googlebot/2.1; +http://www.google.com/bot.html)"
66.249.65.86 - - [09/Mar/2019:18:54:00 +0200] "GET / HTTP/1.1" 403 4897 "-" "Mozilla/5.0 (Linux; Android 6.0.1; Nexus 5X Build/MMB29P) AppleWebKit/537.36 (KHTML, like Gecko) Chrome/41.0.2272.96 Mobile Safari/537.36 (compatible; Googlebot/2.1; +http://www.google.com/bot.html)"
66.249.66.79 - - [09/Mar/2019:20:11:58 +0200] "GET /robots.txt HTTP/1.1" 404 208 "-" "Mozilla/5.0 (compatible; Googlebot/2.1; +http://www.google.com/bot.html)"
66.249.66.80 - - [09/Mar/2019:20:11:58 +0200] "GET / HTTP/1.1" 403 4897 "-" "Mozilla/5.0 (compatible; Googlebot/2.1; +http://www.google.com/bot.html)"
66.249.66.78 - - [09/Mar/2019:20:12:37 +0200] "GET / HTTP/1.1" 403 4897 "-" "Mozilla/5.0 (Linux; Android 6.0.1; Nexus 5X Build/MMB29P) AppleWebKit/537.36 (KHTML, like Gecko) Chrome/41.0.2272.96 Mobile Safari/537.36 (compatible; Googlebot/2.1; +http://www.google.com/bot.html)"
66.249.66.216 - - [09/Mar/2019:21:00:00 +0200] "GET / HTTP/1.1" 403 4897 "-" "Mozilla/5.0 (compatible; Googlebot/2.1; +http://www.google.com/bot.html)"
157.55.39.103 - - [09/Mar/2019:23:10:02 +0200] "GET / HTTP/1.1" 403 4897 "-" "Mozilla/5.0 (iPhone; CPU iPhone OS 7_0 like Mac OS X) AppleWebKit/537.51.1 (KHTML, like Gecko) Version/7.0 Mobile/11A465 Safari/9537.53 (compatible; bingbot/2.0; +http://www.bing.com/bingbot.htm)"
209.17.96.210 - - [09/Mar/2019:23:44:05 +0200] "GET / HTTP/1.1" 403 4897 "-" "Mozilla/5.0 (compatible; Nimbostratus-Bot/v1.3.2; http://cloudsystemnetworks.com)"
5.45.207.48 - - [10/Mar/2019:00:27:19 +0200] "GET /robots.txt HTTP/1.1" 404 208 "-" "Mozilla/5.0 (compatible; YandexBot/3.0; +http://yandex.com/bots)"
5.45.207.48 - - [10/Mar/2019:00:27:19 +0200] "GET /robots.txt HTTP/1.1" 404 208 "-" "Mozilla/5.0 (compatible; YandexBot/3.0; +http://yandex.com/bots)"
5.45.207.48 - - [10/Mar/2019:00:27:23 +0200] "GET / HTTP/1.1" 403 4897 "-" "Mozilla/5.0 (compatible; YandexBot/3.0; +http://yandex.com/bots)"
5.45.207.48 - - [10/Mar/2019:00:27:23 +0200] "GET / HTTP/1.1" 403 4897 "-" "Mozilla/5.0 (compatible; YandexBot/3.0; +http://yandex.com/bots)"
66.249.66.212 - - [10/Mar/2019:04:05:59 +0200] "GET / HTTP/1.1" 403 4897 "-" "Mozilla/5.0 (Linux; Android 6.0.1; Nexus 5X Build/MMB29P) AppleWebKit/537.36 (KHTML, like Gecko) Chrome/41.0.2272.96 Mobile Safari/537.36 (compatible; Googlebot/2.1; +http://www.google.com/bot.html)"
145.239.209.12 - - [10/Mar/2019:04:14:34 +0200] "GET / HTTP/1.1" 403 4897 "http://search.aol.com/aol/search?q=www.asdco.net&v_t=keyword_rollover&s_cs=-4851822306737969872&s_it=botm_grelsearch" "Mozilla/5.0 (Windows NT 6.1; WOW64) AppleWebKit/537.36 (KHTML, like Gecko) Chrome/35.0.1916.153 Safari/537.36"
66.249.66.80 - - [10/Mar/2019:04:54:59 +0200] "GET / HTTP/1.1" 403 4897 "-" "Mozilla/5.0 (Linux; Android 6.0.1; Nexus 5X Build/MMB29P) AppleWebKit/537.36 (KHTML, like Gecko) Chrome/41.0.2272.96 Mobile Safari/537.36 (compatible; Googlebot/2.1; +http://www.google.com/bot.html)"
66.249.66.214 - - [10/Mar/2019:06:48:27 +0200] "GET / HTTP/1.1" 403 4897 "-" "Mozilla/5.0 (compatible; Googlebot/2.1; +http://www.google.com/bot.html)"
35.227.32.119 - - [10/Mar/2019:06:51:05 +0200] "GET / HTTP/1.1" 403 4897 "-" "Mozilla/5.0 (X11; U; Linux i686; en-US; rv:1.4) Gecko/20030624"
39.98.70.15 - - [10/Mar/2019:08:35:01 +0200] "POST /wordpress/wp-content/themes/AdvanceImage5/functions.php HTTP/1.1" 404 253 "-" "-"
209.126.119.224 - - [10/Mar/2019:13:50:21 +0200] "GET / HTTP/1.1" 403 4897 "-" "Mozilla/5.0 (Macintosh; Intel Mac OS X 10.12; rv:52.0) Gecko/20100101 Firefox/52.0"
184.154.139.21 - - [10/Mar/2019:13:51:04 +0200] "GET / HTTP/1.1" 403 4897 "http://www.google.com/url?url=www.asdco.net&yahoo.com" "Mozilla/5.0 (compatible; MSIE 9.0; Windows NT 6.1; WOW64; Trident/6.0)"
184.154.139.21 - - [10/Mar/2019:13:51:05 +0200] "GET /th1s_1s_a_4o4.html HTTP/1.1" 404 216 "http://www.google.com/url?url=www.asdco.net&yahoo.com" "Mozilla/5.0 (compatible; MSIE 9.0; Windows NT 6.1; WOW64; Trident/6.0)"
184.154.139.21 - - [10/Mar/2019:13:51:05 +0200] "GET /noindex/css/open-sans.css HTTP/1.1" 200 5081 "http://www.google.com/url?url=www.asdco.net&yahoo.com" "Mozilla/5.0 (compatible; MSIE 9.0; Windows NT 6.1; WOW64; Trident/6.0)"
184.154.139.21 - - [10/Mar/2019:13:51:05 +0200] "GET /noindex/css/bootstrap.min.css HTTP/1.1" 200 19341 "-" "SiteLockSpider [en] (WinNT; I ;Nav)"
184.154.139.21 - - [10/Mar/2019:13:51:06 +0200] "GET / HTTP/1.1" 403 4897 "-" "SiteLockSpider [en] (WinNT; I ;Nav)"
18.236.173.216 - - [10/Mar/2019:14:43:53 +0200] "GET / HTTP/1.1" 403 4897 "-" "Go-http-client/1.1"
209.126.119.176 - - [10/Mar/2019:14:59:59 +0200] "GET / HTTP/1.1" 403 4897 "-" "Mozilla/5.0 (Macintosh; Intel Mac OS X 10.12; rv:52.0) Gecko/20100101 Firefox/52.0"
54.36.150.9 - - [10/Mar/2019:16:46:55 +0200] "GET /robots.txt HTTP/1.1" 404 208 "-" "Mozilla/5.0 (compatible; AhrefsBot/6.1; +http://ahrefs.com/robot/)"
54.36.148.18 - - [10/Mar/2019:16:46:56 +0200] "GET /files/esgucvfgo7fuhw0fcgmr.jpg HTTP/1.1" 404 228 "-" "Mozilla/5.0 (compatible; AhrefsBot/6.1; +http://ahrefs.com/robot/)"
5.45.64.76 - - [10/Mar/2019:20:15:06 +0200] "GET / HTTP/1.1" 403 4897 "-" "Mozilla/4.0 (compatible; MSIE 6.0;Mozilla/5.0 (compatible; Googlebot/2.1; +http://www.google.com/bot.html)"
66.249.66.79 - - [11/Mar/2019:02:01:40 +0200] "GET /robots.txt HTTP/1.1" 404 208 "-" "Mozilla/5.0 (compatible; Googlebot/2.1; +http://www.google.com/bot.html)"
66.249.66.78 - - [11/Mar/2019:02:01:40 +0200] "GET / HTTP/1.1" 403 4897 "-" "Mozilla/5.0 (Linux; Android 6.0.1; Nexus 5X Build/MMB29P) AppleWebKit/537.36 (KHTML, like Gecko) Chrome/41.0.2272.96 Mobile Safari/537.36 (compatible; Googlebot/2.1; +http://www.google.com/bot.html)"
35.224.129.234 - - [11/Mar/2019:03:08:58 +0200] "GET / HTTP/1.1" 403 4897 "-" "Mozilla/5.0 (X11; Linux x86_64) AppleWebKit/537.36 (KHTML, like Gecko) Chrome/59.0.3071.104 Safari/537.36"
35.224.129.234 - - [11/Mar/2019:03:09:50 +0200] "GET / HTTP/1.1" 403 4897 "-" "Mozilla/5.0 (X11; Linux x86_64) AppleWebKit/537.36 (KHTML, like Gecko) Chrome/70.0.3538.67 Safari/537.36"
35.224.129.234 - - [11/Mar/2019:03:09:50 +0200] "GET /noindex/css/bootstrap.min.css HTTP/1.1" 200 4755 "http://asdco.net/" "Mozilla/5.0 (X11; Linux x86_64) AppleWebKit/537.36 (KHTML, like Gecko) Chrome/70.0.3538.67 Safari/537.36"
35.224.129.234 - - [11/Mar/2019:03:09:50 +0200] "GET /noindex/css/open-sans.css HTTP/1.1" 200 637 "http://asdco.net/" "Mozilla/5.0 (X11; Linux x86_64) AppleWebKit/537.36 (KHTML, like Gecko) Chrome/70.0.3538.67 Safari/537.36"
35.224.129.234 - - [11/Mar/2019:03:09:50 +0200] "GET /images/apache_pb.gif HTTP/1.1" 200 2326 "http://asdco.net/" "Mozilla/5.0 (X11; Linux x86_64) AppleWebKit/537.36 (KHTML, like Gecko) Chrome/70.0.3538.67 Safari/537.36"
35.224.129.234 - - [11/Mar/2019:03:09:50 +0200] "GET /images/poweredby.png HTTP/1.1" 200 3956 "http://asdco.net/" "Mozilla/5.0 (X11; Linux x86_64) AppleWebKit/537.36 (KHTML, like Gecko) Chrome/70.0.3538.67 Safari/537.36"
35.224.129.234 - - [11/Mar/2019:03:09:50 +0200] "GET /noindex/css/fonts/Light/OpenSans-Light.woff HTTP/1.1" 404 241 "http://asdco.net/" "Mozilla/5.0 (X11; Linux x86_64) AppleWebKit/537.36 (KHTML, like Gecko) Chrome/70.0.3538.67 Safari/537.36"
35.224.129.234 - - [11/Mar/2019:03:09:50 +0200] "GET /noindex/css/fonts/Regular/OpenSans-Regular.woff HTTP/1.1" 404 245 "http://asdco.net/" "Mozilla/5.0 (X11; Linux x86_64) AppleWebKit/537.36 (KHTML, like Gecko) Chrome/70.0.3538.67 Safari/537.36"
35.224.129.234 - - [11/Mar/2019:03:09:50 +0200] "GET /noindex/css/fonts/Semibold/OpenSans-Semibold.woff HTTP/1.1" 404 247 "http://asdco.net/" "Mozilla/5.0 (X11; Linux x86_64) AppleWebKit/537.36 (KHTML, like Gecko) Chrome/70.0.3538.67 Safari/537.36"
35.224.129.234 - - [11/Mar/2019:03:09:50 +0200] "GET /noindex/css/fonts/Bold/OpenSans-Bold.woff HTTP/1.1" 404 239 "http://asdco.net/" "Mozilla/5.0 (X11; Linux x86_64) AppleWebKit/537.36 (KHTML, like Gecko) Chrome/70.0.3538.67 Safari/537.36"
35.224.129.234 - - [11/Mar/2019:03:09:50 +0200] "GET /noindex/css/fonts/ExtraBold/OpenSans-ExtraBold.woff HTTP/1.1" 404 249 "http://asdco.net/" "Mozilla/5.0 (X11; Linux x86_64) AppleWebKit/537.36 (KHTML, like Gecko) Chrome/70.0.3538.67 Safari/537.36"
35.224.129.234 - - [11/Mar/2019:03:09:50 +0200] "GET /noindex/css/fonts/Light/OpenSans-Light.ttf HTTP/1.1" 404 240 "http://asdco.net/" "Mozilla/5.0 (X11; Linux x86_64) AppleWebKit/537.36 (KHTML, like Gecko) Chrome/70.0.3538.67 Safari/537.36"
35.224.129.234 - - [11/Mar/2019:03:09:50 +0200] "GET /noindex/css/fonts/Regular/OpenSans-Regular.ttf HTTP/1.1" 404 244 "http://asdco.net/" "Mozilla/5.0 (X11; Linux x86_64) AppleWebKit/537.36 (KHTML, like Gecko) Chrome/70.0.3538.67 Safari/537.36"
35.224.129.234 - - [11/Mar/2019:03:09:50 +0200] "GET /noindex/css/fonts/Semibold/OpenSans-Semibold.ttf HTTP/1.1" 404 246 "http://asdco.net/" "Mozilla/5.0 (X11; Linux x86_64) AppleWebKit/537.36 (KHTML, like Gecko) Chrome/70.0.3538.67 Safari/537.36"
35.224.129.234 - - [11/Mar/2019:03:09:50 +0200] "GET /noindex/css/fonts/Bold/OpenSans-Bold.ttf HTTP/1.1" 404 238 "http://asdco.net/" "Mozilla/5.0 (X11; Linux x86_64) AppleWebKit/537.36 (KHTML, like Gecko) Chrome/70.0.3538.67 Safari/537.36"
35.224.129.234 - - [11/Mar/2019:03:09:50 +0200] "GET /noindex/css/fonts/ExtraBold/OpenSans-ExtraBold.ttf HTTP/1.1" 404 248 "http://asdco.net/" "Mozilla/5.0 (X11; Linux x86_64) AppleWebKit/537.36 (KHTML, like Gecko) Chrome/70.0.3538.67 Safari/537.36"
35.224.129.234 - - [11/Mar/2019:03:09:50 +0200] "GET /noindex/css/fonts/Light/OpenSans-Light.svg HTTP/1.1" 404 240 "http://asdco.net/" "Mozilla/5.0 (X11; Linux x86_64) AppleWebKit/537.36 (KHTML, like Gecko) Chrome/70.0.3538.67 Safari/537.36"
35.224.129.234 - - [11/Mar/2019:03:09:50 +0200] "GET /noindex/css/fonts/Regular/OpenSans-Regular.svg HTTP/1.1" 404 244 "http://asdco.net/" "Mozilla/5.0 (X11; Linux x86_64) AppleWebKit/537.36 (KHTML, like Gecko) Chrome/70.0.3538.67 Safari/537.36"
35.224.129.234 - - [11/Mar/2019:03:09:50 +0200] "GET /noindex/css/fonts/Semibold/OpenSans-Semibold.svg HTTP/1.1" 404 246 "http://asdco.net/" "Mozilla/5.0 (X11; Linux x86_64) AppleWebKit/537.36 (KHTML, like Gecko) Chrome/70.0.3538.67 Safari/537.36"
35.224.129.234 - - [11/Mar/2019:03:09:50 +0200] "GET /noindex/css/fonts/Bold/OpenSans-Bold.svg HTTP/1.1" 404 238 "http://asdco.net/" "Mozilla/5.0 (X11; Linux x86_64) AppleWebKit/537.36 (KHTML, like Gecko) Chrome/70.0.3538.67 Safari/537.36"
35.224.129.234 - - [11/Mar/2019:03:09:50 +0200] "GET /noindex/css/fonts/ExtraBold/OpenSans-ExtraBold.svg HTTP/1.1" 404 248 "http://asdco.net/" "Mozilla/5.0 (X11; Linux x86_64) AppleWebKit/537.36 (KHTML, like Gecko) Chrome/70.0.3538.67 Safari/537.36"
51.15.113.17 - - [11/Mar/2019:03:22:50 +0200] "GET /robots.txt HTTP/1.1" 404 208 "-" "TagVisit/0.1 (+http://tag-visit.com/Cj4OPQhGG11DF04BMF8/bot)"
51.15.113.17 - - [11/Mar/2019:03:22:50 +0200] "GET / HTTP/1.1" 403 4897 "http://tag-visit.com/DDkMECVAVjtKSxsFCFY" "TagVisit/0.1 (+http://tag-visit.com/Cj4OPQhGG11DF04BMF8/bot)"
66.249.66.214 - - [11/Mar/2019:05:56:27 +0200] "GET /robots.txt HTTP/1.1" 404 208 "-" "Mozilla/5.0 (compatible; Googlebot/2.1; +http://www.google.com/bot.html)"
66.249.66.212 - - [11/Mar/2019:05:56:27 +0200] "GET / HTTP/1.1" 403 4897 "-" "Mozilla/5.0 (Linux; Android 6.0.1; Nexus 5X Build/MMB29P) AppleWebKit/537.36 (KHTML, like Gecko) Chrome/41.0.2272.96 Mobile Safari/537.36 (compatible; Googlebot/2.1; +http://www.google.com/bot.html)"
52.53.201.78 - - [11/Mar/2019:06:48:01 +0200] "GET / HTTP/1.1" 403 4897 "-" "Mozilla/5.0 (Macintosh; Intel Mac OS X 10_12_6) AppleWebKit/537.36 (KHTML, like Gecko) Chrome/61.0.3163.100 Safari/537.36"
64.246.161.30 - - [11/Mar/2019:07:08:39 +0200] "GET /robots.txt HTTP/1.0" 404 208 "-" "Mozilla/5.0 (Macintosh; Intel Mac OS X 10.10; rv:59.0) Gecko/20100101 Firefox/59.0"
64.246.161.30 - - [11/Mar/2019:07:08:39 +0200] "GET / HTTP/1.1" 403 4897 "-" "Mozilla/5.0 (Macintosh; Intel Mac OS X 10.10; rv:59.0) Gecko/20100101 Firefox/59.0"
5.45.207.48 - - [11/Mar/2019:08:01:31 +0200] "GET /robots.txt HTTP/1.1" 404 208 "-" "Mozilla/5.0 (compatible; YandexBot/3.0; +http://yandex.com/bots)"
178.154.200.21 - - [11/Mar/2019:08:01:31 +0200] "GET /robots.txt HTTP/1.1" 404 208 "-" "Mozilla/5.0 (compatible; YandexBot/3.0; +http://yandex.com/bots)"
5.45.207.48 - - [11/Mar/2019:08:01:34 +0200] "GET / HTTP/1.1" 403 4897 "-" "Mozilla/5.0 (compatible; YandexBot/3.0; +http://yandex.com/bots)"
178.154.200.21 - - [11/Mar/2019:08:01:34 +0200] "GET / HTTP/1.1" 403 4897 "-" "Mozilla/5.0 (compatible; YandexBot/3.0; +http://yandex.com/bots)"
157.55.39.37 - - [11/Mar/2019:10:46:35 +0200] "GET /robots.txt HTTP/1.1" 404 208 "-" "Mozilla/5.0 (compatible; bingbot/2.0; +http://www.bing.com/bingbot.htm)"
157.55.39.114 - - [11/Mar/2019:10:46:41 +0200] "GET / HTTP/1.1" 403 4897 "-" "Mozilla/5.0 (iPhone; CPU iPhone OS 7_0 like Mac OS X) AppleWebKit/537.51.1 (KHTML, like Gecko) Version/7.0 Mobile/11A465 Safari/9537.53 (compatible; bingbot/2.0; +http://www.bing.com/bingbot.htm)"
66.249.66.216 - - [11/Mar/2019:10:59:29 +0200] "GET / HTTP/1.1" 403 4897 "-" "Mozilla/5.0 (compatible; Googlebot/2.1; +http://www.google.com/bot.html)"
66.249.66.79 - - [11/Mar/2019:11:09:49 +0200] "GET /Product/show/9 HTTP/1.1" 404 212 "-" "Mozilla/5.0 (compatible; Googlebot/2.1; +http://www.google.com/bot.html)"
157.55.39.114 - - [11/Mar/2019:12:28:38 +0200] "GET / HTTP/1.1" 403 4897 "-" "Mozilla/5.0 (compatible; bingbot/2.0; +http://www.bing.com/bingbot.htm)"
184.154.139.21 - - [11/Mar/2019:13:50:20 +0200] "GET / HTTP/1.1" 403 4897 "http://www.google.com/url?url=www.asdco.net&yahoo.com" "Mozilla/5.0 (compatible; MSIE 9.0; Windows NT 6.1; WOW64; Trident/6.0)"
184.154.139.21 - - [11/Mar/2019:13:50:20 +0200] "GET /th1s_1s_a_4o4.html HTTP/1.1" 404 216 "http://www.google.com/url?url=www.asdco.net&yahoo.com" "Mozilla/5.0 (compatible; MSIE 9.0; Windows NT 6.1; WOW64; Trident/6.0)"
184.154.139.21 - - [11/Mar/2019:13:50:20 +0200] "GET /noindex/css/bootstrap.min.css HTTP/1.1" 200 19341 "http://www.google.com/url?url=www.asdco.net&yahoo.com" "Mozilla/5.0 (compatible; MSIE 9.0; Windows NT 6.1; WOW64; Trident/6.0)"
184.154.139.21 - - [11/Mar/2019:13:50:21 +0200] "GET /noindex/css/open-sans.css HTTP/1.1" 200 5081 "-" "SiteLockSpider [en] (WinNT; I ;Nav)"
184.154.139.21 - - [11/Mar/2019:13:50:21 +0200] "GET / HTTP/1.1" 403 4897 "-" "SiteLockSpider [en] (WinNT; I ;Nav)"
66.249.66.78 - - [11/Mar/2019:18:42:15 +0200] "GET /robots.txt HTTP/1.1" 404 208 "-" "Mozilla/5.0 (compatible; Googlebot/2.1; +http://www.google.com/bot.html)"
66.249.66.78 - - [11/Mar/2019:18:42:16 +0200] "GET / HTTP/1.1" 403 4897 "-" "Mozilla/5.0 (Linux; Android 6.0.1; Nexus 5X Build/MMB29P) AppleWebKit/537.36 (KHTML, like Gecko) Chrome/41.0.2272.96 Mobile Safari/537.36 (compatible; Googlebot/2.1; +http://www.google.com/bot.html)"
66.249.66.216 - - [11/Mar/2019:22:30:02 +0200] "GET /robots.txt HTTP/1.1" 404 208 "-" "Mozilla/5.0 (compatible; Googlebot/2.1; +http://www.google.com/bot.html)"
66.249.66.212 - - [11/Mar/2019:22:30:02 +0200] "GET / HTTP/1.1" 403 4897 "-" "Mozilla/5.0 (Linux; Android 6.0.1; Nexus 5X Build/MMB29P) AppleWebKit/537.36 (KHTML, like Gecko) Chrome/41.0.2272.96 Mobile Safari/537.36 (compatible; Googlebot/2.1; +http://www.google.com/bot.html)"
66.249.66.216 - - [12/Mar/2019:00:28:24 +0200] "GET / HTTP/1.1" 403 4897 "-" "Mozilla/5.0 (compatible; Googlebot/2.1; +http://www.google.com/bot.html)"
66.249.66.78 - - [12/Mar/2019:04:09:41 +0200] "GET / HTTP/1.1" 403 4897 "-" "Mozilla/5.0 (Linux; Android 6.0.1; Nexus 5X Build/MMB29P) AppleWebKit/537.36 (KHTML, like Gecko) Chrome/41.0.2272.96 Mobile Safari/537.36 (compatible; Googlebot/2.1; +http://www.google.com/bot.html)"
66.249.66.216 - - [12/Mar/2019:07:10:56 +0200] "GET / HTTP/1.1" 403 4897 "-" "Mozilla/5.0 (Linux; Android 6.0.1; Nexus 5X Build/MMB29P) AppleWebKit/537.36 (KHTML, like Gecko) Chrome/41.0.2272.96 Mobile Safari/537.36 (compatible; Googlebot/2.1; +http://www.google.com/bot.html)"
66.249.66.78 - - [12/Mar/2019:08:10:49 +0200] "GET /robots.txt HTTP/1.1" 404 208 "-" "Mozilla/5.0 (compatible; Googlebot/2.1; +http://www.google.com/bot.html)"
66.249.66.80 - - [12/Mar/2019:08:10:49 +0200] "GET / HTTP/1.1" 403 4897 "-" "Mozilla/5.0 (compatible; Googlebot/2.1; +http://www.google.com/bot.html)"
66.249.66.212 - - [12/Mar/2019:09:59:34 +0200] "GET / HTTP/1.1" 403 4897 "-" "Mozilla/5.0 (compatible; Googlebot/2.1; +http://www.google.com/bot.html)"
157.55.39.31 - - [12/Mar/2019:10:47:32 +0200] "GET /robots.txt HTTP/1.1" 404 208 "-" "Mozilla/5.0 (compatible; bingbot/2.0; +http://www.bing.com/bingbot.htm)"
207.46.13.157 - - [12/Mar/2019:10:47:50 +0200] "GET / HTTP/1.1" 403 4897 "-" "Mozilla/5.0 (iPhone; CPU iPhone OS 7_0 like Mac OS X) AppleWebKit/537.51.1 (KHTML, like Gecko) Version/7.0 Mobile/11A465 Safari/9537.53 (compatible; bingbot/2.0; +http://www.bing.com/bingbot.htm)"
34.222.149.63 - - [12/Mar/2019:11:01:02 +0200] "GET / HTTP/1.1" 403 4897 "-" "Go-http-client/1.1"
66.249.66.79 - - [12/Mar/2019:13:22:11 +0200] "GET / HTTP/1.1" 403 4897 "-" "Mozilla/5.0 (Linux; Android 6.0.1; Nexus 5X Build/MMB29P) AppleWebKit/537.36 (KHTML, like Gecko) Chrome/41.0.2272.96 Mobile Safari/537.36 (compatible; Googlebot/2.1; +http://www.google.com/bot.html)"
184.154.139.20 - - [12/Mar/2019:13:45:34 +0200] "GET / HTTP/1.1" 403 4897 "http://www.google.com/url?url=www.asdco.net&yahoo.com" "Mozilla/5.0 (compatible; MSIE 9.0; Windows NT 6.1; WOW64; Trident/6.0)"
184.154.139.20 - - [12/Mar/2019:13:45:34 +0200] "GET /th1s_1s_a_4o4.html HTTP/1.1" 404 216 "http://www.google.com/url?url=www.asdco.net&yahoo.com" "Mozilla/5.0 (compatible; MSIE 9.0; Windows NT 6.1; WOW64; Trident/6.0)"
184.154.139.20 - - [12/Mar/2019:13:45:35 +0200] "GET /noindex/css/bootstrap.min.css HTTP/1.1" 200 19341 "http://www.google.com/url?url=www.asdco.net&yahoo.com" "Mozilla/5.0 (compatible; MSIE 9.0; Windows NT 6.1; WOW64; Trident/6.0)"
184.154.139.20 - - [12/Mar/2019:13:45:35 +0200] "GET /noindex/css/open-sans.css HTTP/1.1" 200 5081 "-" "SiteLockSpider [en] (WinNT; I ;Nav)"
184.154.139.20 - - [12/Mar/2019:13:45:35 +0200] "GET / HTTP/1.1" 403 4897 "-" "SiteLockSpider [en] (WinNT; I ;Nav)"
66.249.66.216 - - [12/Mar/2019:16:22:00 +0200] "GET /robots.txt HTTP/1.1" 404 208 "-" "Mozilla/5.0 (compatible; Googlebot/2.1; +http://www.google.com/bot.html)"
66.249.66.212 - - [12/Mar/2019:16:22:01 +0200] "GET / HTTP/1.1" 403 4897 "-" "Mozilla/5.0 (Linux; Android 6.0.1; Nexus 5X Build/MMB29P) AppleWebKit/537.36 (KHTML, like Gecko) Chrome/41.0.2272.96 Mobile Safari/537.36 (compatible; Googlebot/2.1; +http://www.google.com/bot.html)"
23.95.129.130 - - [12/Mar/2019:16:37:11 +0200] "GET /wp-login.php HTTP/1.1" 404 210 "-" "Mozilla/5.0 (X11; Ubuntu; Linux x86_64; rv:62.0) Gecko/20100101 Firefox/62.0"
193.169.254.94 - - [12/Mar/2019:17:05:13 +0200] "GET /wp-login.php HTTP/1.1" 404 210 "http://asdco.net/wp-login.php" "Mozilla/4.0 (compatible; MSIE 9.0; Windows NT 6.1; 125LA; .NET CLR 2.0.50727; .NET CLR 3.0.04506.648; .NET CLR 3.5.21022)"
193.169.254.94 - - [12/Mar/2019:17:05:13 +0200] "GET /wp-login.php HTTP/1.1" 404 210 "http://asdco.net/wp-login.php" "Mozilla/4.0 (compatible; MSIE 9.0; Windows NT 6.1; 125LA; .NET CLR 2.0.50727; .NET CLR 3.0.04506.648; .NET CLR 3.5.21022)"
66.249.66.216 - - [12/Mar/2019:19:15:08 +0200] "GET / HTTP/1.1" 403 4897 "-" "Mozilla/5.0 (compatible; Googlebot/2.1; +http://www.google.com/bot.html)"
54.36.150.10 - - [12/Mar/2019:20:59:45 +0200] "GET /robots.txt HTTP/1.1" 404 208 "-" "Mozilla/5.0 (compatible; AhrefsBot/6.1; +http://ahrefs.com/robot/)"
66.249.69.90 - - [12/Mar/2019:22:13:35 +0200] "GET /robots.txt HTTP/1.1" 404 208 "-" "Mozilla/5.0 (compatible; Googlebot/2.1; +http://www.google.com/bot.html)"
66.249.69.94 - - [12/Mar/2019:22:13:36 +0200] "GET / HTTP/1.1" 403 4897 "-" "Mozilla/5.0 (Linux; Android 6.0.1; Nexus 5X Build/MMB29P) AppleWebKit/537.36 (KHTML, like Gecko) Chrome/41.0.2272.96 Mobile Safari/537.36 (compatible; Googlebot/2.1; +http://www.google.com/bot.html)"
193.37.213.18 - - [12/Mar/2019:23:48:39 +0200] "GET / HTTP/1.1" 403 4897 "-" "-"
157.55.39.1 - - [13/Mar/2019:00:02:30 +0200] "GET /robots.txt HTTP/1.1" 404 208 "-" "Mozilla/5.0 (compatible; bingbot/2.0; +http://www.bing.com/bingbot.htm)"
157.55.39.66 - - [13/Mar/2019:00:02:34 +0200] "GET / HTTP/1.1" 403 4897 "-" "Mozilla/5.0 (compatible; bingbot/2.0; +http://www.bing.com/bingbot.htm)"
66.249.69.116 - - [13/Mar/2019:01:06:53 +0200] "GET / HTTP/1.1" 403 4897 "-" "Mozilla/5.0 (Linux; Android 6.0.1; Nexus 5X Build/MMB29P) AppleWebKit/537.36 (KHTML, like Gecko) Chrome/41.0.2272.96 Mobile Safari/537.36 (compatible; Googlebot/2.1; +http://www.google.com/bot.html)"
207.46.13.163 - - [13/Mar/2019:02:53:45 +0200] "GET / HTTP/1.1" 403 4897 "-" "Mozilla/5.0 (iPhone; CPU iPhone OS 7_0 like Mac OS X) AppleWebKit/537.51.1 (KHTML, like Gecko) Version/7.0 Mobile/11A465 Safari/9537.53 (compatible; bingbot/2.0; +http://www.bing.com/bingbot.htm)"
192.99.12.35 - - [13/Mar/2019:03:14:04 +0200] "GET / HTTP/1.1" 403 4897 "-" "Mozilla/5.0 (Windows NT 10.0; Win64; x64) AppleWebKit/537.36 (KHTML, like Gecko) Chrome/63.0.3239.132 Safari/537.36"
192.99.12.35 - - [13/Mar/2019:03:14:04 +0200] "GET /wp-includes/wlwmanifest.xml HTTP/1.1" 404 225 "-" "Mozilla/5.0 (Windows NT 10.0; Win64; x64) AppleWebKit/537.36 (KHTML, like Gecko) Chrome/63.0.3239.132 Safari/537.36"
192.99.12.35 - - [13/Mar/2019:03:14:09 +0200] "GET /xmlrpc.php?rsd HTTP/1.1" 404 208 "-" "Mozilla/5.0 (Windows NT 10.0; Win64; x64) AppleWebKit/537.36 (KHTML, like Gecko) Chrome/63.0.3239.132 Safari/537.36"
192.99.12.35 - - [13/Mar/2019:03:14:14 +0200] "GET /blog/wp-includes/wlwmanifest.xml HTTP/1.1" 404 230 "-" "Mozilla/5.0 (Windows NT 10.0; Win64; x64) AppleWebKit/537.36 (KHTML, like Gecko) Chrome/63.0.3239.132 Safari/537.36"
192.99.12.35 - - [13/Mar/2019:03:14:19 +0200] "GET /web/wp-includes/wlwmanifest.xml HTTP/1.1" 404 229 "-" "Mozilla/5.0 (Windows NT 10.0; Win64; x64) AppleWebKit/537.36 (KHTML, like Gecko) Chrome/63.0.3239.132 Safari/537.36"
192.99.12.35 - - [13/Mar/2019:03:14:24 +0200] "GET /wordpress/wp-includes/wlwmanifest.xml HTTP/1.1" 404 235 "-" "Mozilla/5.0 (Windows NT 10.0; Win64; x64) AppleWebKit/537.36 (KHTML, like Gecko) Chrome/63.0.3239.132 Safari/537.36"
192.99.12.35 - - [13/Mar/2019:03:14:30 +0200] "GET /website/wp-includes/wlwmanifest.xml HTTP/1.1" 404 233 "-" "Mozilla/5.0 (Windows NT 10.0; Win64; x64) AppleWebKit/537.36 (KHTML, like Gecko) Chrome/63.0.3239.132 Safari/537.36"
192.99.12.35 - - [13/Mar/2019:03:14:35 +0200] "GET /wp/wp-includes/wlwmanifest.xml HTTP/1.1" 404 228 "-" "Mozilla/5.0 (Windows NT 10.0; Win64; x64) AppleWebKit/537.36 (KHTML, like Gecko) Chrome/63.0.3239.132 Safari/537.36"
192.99.12.35 - - [13/Mar/2019:03:14:40 +0200] "GET /news/wp-includes/wlwmanifest.xml HTTP/1.1" 404 230 "-" "Mozilla/5.0 (Windows NT 10.0; Win64; x64) AppleWebKit/537.36 (KHTML, like Gecko) Chrome/63.0.3239.132 Safari/537.36"
192.99.12.35 - - [13/Mar/2019:03:14:45 +0200] "GET /2015/wp-includes/wlwmanifest.xml HTTP/1.1" 404 230 "-" "Mozilla/5.0 (Windows NT 10.0; Win64; x64) AppleWebKit/537.36 (KHTML, like Gecko) Chrome/63.0.3239.132 Safari/537.36"
192.99.12.35 - - [13/Mar/2019:03:14:50 +0200] "GET /2016/wp-includes/wlwmanifest.xml HTTP/1.1" 404 230 "-" "Mozilla/5.0 (Windows NT 10.0; Win64; x64) AppleWebKit/537.36 (KHTML, like Gecko) Chrome/63.0.3239.132 Safari/537.36"
192.99.12.35 - - [13/Mar/2019:03:14:56 +0200] "GET /2017/wp-includes/wlwmanifest.xml HTTP/1.1" 404 230 "-" "Mozilla/5.0 (Windows NT 10.0; Win64; x64) AppleWebKit/537.36 (KHTML, like Gecko) Chrome/63.0.3239.132 Safari/537.36"
192.99.12.35 - - [13/Mar/2019:03:15:01 +0200] "GET /2018/wp-includes/wlwmanifest.xml HTTP/1.1" 404 230 "-" "Mozilla/5.0 (Windows NT 10.0; Win64; x64) AppleWebKit/537.36 (KHTML, like Gecko) Chrome/63.0.3239.132 Safari/537.36"
192.99.12.35 - - [13/Mar/2019:03:15:06 +0200] "GET /wp1/wp-includes/wlwmanifest.xml HTTP/1.1" 404 229 "-" "Mozilla/5.0 (Windows NT 10.0; Win64; x64) AppleWebKit/537.36 (KHTML, like Gecko) Chrome/63.0.3239.132 Safari/537.36"
192.99.12.35 - - [13/Mar/2019:03:15:11 +0200] "GET /test/wp-includes/wlwmanifest.xml HTTP/1.1" 404 230 "-" "Mozilla/5.0 (Windows NT 10.0; Win64; x64) AppleWebKit/537.36 (KHTML, like Gecko) Chrome/63.0.3239.132 Safari/537.36"
192.99.12.35 - - [13/Mar/2019:03:15:16 +0200] "GET /media/wp-includes/wlwmanifest.xml HTTP/1.1" 404 231 "-" "Mozilla/5.0 (Windows NT 10.0; Win64; x64) AppleWebKit/537.36 (KHTML, like Gecko) Chrome/63.0.3239.132 Safari/537.36"
192.99.12.35 - - [13/Mar/2019:03:15:22 +0200] "GET /wp2/wp-includes/wlwmanifest.xml HTTP/1.1" 404 229 "-" "Mozilla/5.0 (Windows NT 10.0; Win64; x64) AppleWebKit/537.36 (KHTML, like Gecko) Chrome/63.0.3239.132 Safari/537.36"
192.99.12.35 - - [13/Mar/2019:03:15:27 +0200] "GET /site/wp-includes/wlwmanifest.xml HTTP/1.1" 404 230 "-" "Mozilla/5.0 (Windows NT 10.0; Win64; x64) AppleWebKit/537.36 (KHTML, like Gecko) Chrome/63.0.3239.132 Safari/537.36"
192.99.12.35 - - [13/Mar/2019:03:15:32 +0200] "GET /cms/wp-includes/wlwmanifest.xml HTTP/1.1" 404 229 "-" "Mozilla/5.0 (Windows NT 10.0; Win64; x64) AppleWebKit/537.36 (KHTML, like Gecko) Chrome/63.0.3239.132 Safari/537.36"
192.99.12.35 - - [13/Mar/2019:03:15:37 +0200] "GET /sito/wp-includes/wlwmanifest.xml HTTP/1.1" 404 230 "-" "Mozilla/5.0 (Windows NT 10.0; Win64; x64) AppleWebKit/537.36 (KHTML, like Gecko) Chrome/63.0.3239.132 Safari/537.36"
60.191.38.77 - - [13/Mar/2019:04:37:30 +0200] "GET / HTTP/1.1" 403 4897 "-" "Mozilla/5.0 (Macintosh; Intel Mac OS X 10.11; rv:47.0) Gecko/20100101 Firefox/47.0"
66.249.69.120 - - [13/Mar/2019:05:08:12 +0200] "GET /robots.txt HTTP/1.1" 404 208 "-" "Mozilla/5.0 (compatible; Googlebot/2.1; +http://www.google.com/bot.html)"
66.249.69.118 - - [13/Mar/2019:05:08:12 +0200] "GET / HTTP/1.1" 403 4897 "-" "Mozilla/5.0 (compatible; Googlebot/2.1; +http://www.google.com/bot.html)"
5.45.207.48 - - [13/Mar/2019:12:08:18 +0200] "GET /robots.txt HTTP/1.1" 404 208 "-" "Mozilla/5.0 (compatible; YandexBot/3.0; +http://yandex.com/bots)"
5.45.207.48 - - [13/Mar/2019:12:08:18 +0200] "GET /robots.txt HTTP/1.1" 404 208 "-" "Mozilla/5.0 (compatible; YandexBot/3.0; +http://yandex.com/bots)"
5.45.207.48 - - [13/Mar/2019:12:08:22 +0200] "GET / HTTP/1.1" 403 4897 "-" "Mozilla/5.0 (compatible; YandexBot/3.0; +http://yandex.com/bots)"
5.45.207.48 - - [13/Mar/2019:12:08:22 +0200] "GET / HTTP/1.1" 403 4897 "-" "Mozilla/5.0 (compatible; YandexBot/3.0; +http://yandex.com/bots)"
66.249.87.56 - - [13/Mar/2019:13:14:27 +0200] "GET / HTTP/1.1" 403 4897 "-" "Mozilla/5.0 (compatible; Google-Youtube-Links)"
66.249.87.52 - - [13/Mar/2019:13:14:35 +0200] "GET / HTTP/1.1" 403 4897 "-" "Mozilla/5.0 (compatible; Google-Youtube-Links)"
34.209.72.101 - - [13/Mar/2019:13:27:35 +0200] "GET / HTTP/1.1" 403 4897 "-" "Go-http-client/1.1"
184.154.139.18 - - [13/Mar/2019:13:49:47 +0200] "GET / HTTP/1.1" 403 4897 "http://www.google.com/url?url=www.asdco.net&yahoo.com" "Mozilla/5.0 (compatible; MSIE 9.0; Windows NT 6.1; WOW64; Trident/6.0)"
184.154.139.18 - - [13/Mar/2019:13:49:47 +0200] "GET /th1s_1s_a_4o4.html HTTP/1.1" 404 216 "http://www.google.com/url?url=www.asdco.net&yahoo.com" "Mozilla/5.0 (compatible; MSIE 9.0; Windows NT 6.1; WOW64; Trident/6.0)"
184.154.139.18 - - [13/Mar/2019:13:49:48 +0200] "GET /noindex/css/open-sans.css HTTP/1.1" 200 5081 "http://www.google.com/url?url=www.asdco.net&yahoo.com" "Mozilla/5.0 (compatible; MSIE 9.0; Windows NT 6.1; WOW64; Trident/6.0)"
184.154.139.18 - - [13/Mar/2019:13:49:48 +0200] "GET /noindex/css/bootstrap.min.css HTTP/1.1" 200 19341 "-" "SiteLockSpider [en] (WinNT; I ;Nav)"
184.154.139.18 - - [13/Mar/2019:13:49:48 +0200] "GET / HTTP/1.1" 403 4897 "-" "SiteLockSpider [en] (WinNT; I ;Nav)"
66.249.87.56 - - [13/Mar/2019:14:08:37 +0200] "GET / HTTP/1.1" 403 4897 "-" "Mozilla/5.0 (compatible; Google-Youtube-Links)"
66.249.87.52 - - [13/Mar/2019:14:08:38 +0200] "GET / HTTP/1.1" 403 4897 "-" "Mozilla/5.0 (compatible; Google-Youtube-Links)"
52.53.201.78 - - [13/Mar/2019:14:49:47 +0200] "GET / HTTP/1.1" 403 4897 "-" "Mozilla/5.0 (Macintosh; Intel Mac OS X 10_12_6) AppleWebKit/537.36 (KHTML, like Gecko) Chrome/61.0.3163.100 Safari/537.36"
192.99.12.35 - - [13/Mar/2019:20:35:08 +0200] "GET / HTTP/1.1" 403 4897 "-" "Mozilla/5.0 (Windows NT 10.0; Win64; x64) AppleWebKit/537.36 (KHTML, like Gecko) Chrome/63.0.3239.132 Safari/537.36"
192.99.12.35 - - [13/Mar/2019:20:35:08 +0200] "GET /wp-includes/wlwmanifest.xml HTTP/1.1" 404 225 "-" "Mozilla/5.0 (Windows NT 10.0; Win64; x64) AppleWebKit/537.36 (KHTML, like Gecko) Chrome/63.0.3239.132 Safari/537.36"
192.99.12.35 - - [13/Mar/2019:20:35:13 +0200] "GET /xmlrpc.php?rsd HTTP/1.1" 404 208 "-" "Mozilla/5.0 (Windows NT 10.0; Win64; x64) AppleWebKit/537.36 (KHTML, like Gecko) Chrome/63.0.3239.132 Safari/537.36"
192.99.12.35 - - [13/Mar/2019:20:35:18 +0200] "GET / HTTP/1.1" 403 4897 "-" "Mozilla/5.0 (Windows NT 10.0; Win64; x64) AppleWebKit/537.36 (KHTML, like Gecko) Chrome/63.0.3239.132 Safari/537.36"
192.99.12.35 - - [13/Mar/2019:20:35:18 +0200] "GET /blog/wp-includes/wlwmanifest.xml HTTP/1.1" 404 230 "-" "Mozilla/5.0 (Windows NT 10.0; Win64; x64) AppleWebKit/537.36 (KHTML, like Gecko) Chrome/63.0.3239.132 Safari/537.36"
192.99.12.35 - - [13/Mar/2019:20:35:23 +0200] "GET /web/wp-includes/wlwmanifest.xml HTTP/1.1" 404 229 "-" "Mozilla/5.0 (Windows NT 10.0; Win64; x64) AppleWebKit/537.36 (KHTML, like Gecko) Chrome/63.0.3239.132 Safari/537.36"
192.99.12.35 - - [13/Mar/2019:20:35:29 +0200] "GET /wordpress/wp-includes/wlwmanifest.xml HTTP/1.1" 404 235 "-" "Mozilla/5.0 (Windows NT 10.0; Win64; x64) AppleWebKit/537.36 (KHTML, like Gecko) Chrome/63.0.3239.132 Safari/537.36"
192.99.12.35 - - [13/Mar/2019:20:35:34 +0200] "GET /website/wp-includes/wlwmanifest.xml HTTP/1.1" 404 233 "-" "Mozilla/5.0 (Windows NT 10.0; Win64; x64) AppleWebKit/537.36 (KHTML, like Gecko) Chrome/63.0.3239.132 Safari/537.36"
192.99.12.35 - - [13/Mar/2019:20:35:39 +0200] "GET /wp/wp-includes/wlwmanifest.xml HTTP/1.1" 404 228 "-" "Mozilla/5.0 (Windows NT 10.0; Win64; x64) AppleWebKit/537.36 (KHTML, like Gecko) Chrome/63.0.3239.132 Safari/537.36"
192.99.12.35 - - [13/Mar/2019:20:35:44 +0200] "GET /news/wp-includes/wlwmanifest.xml HTTP/1.1" 404 230 "-" "Mozilla/5.0 (Windows NT 10.0; Win64; x64) AppleWebKit/537.36 (KHTML, like Gecko) Chrome/63.0.3239.132 Safari/537.36"
192.99.12.35 - - [13/Mar/2019:20:35:49 +0200] "GET /2015/wp-includes/wlwmanifest.xml HTTP/1.1" 404 230 "-" "Mozilla/5.0 (Windows NT 10.0; Win64; x64) AppleWebKit/537.36 (KHTML, like Gecko) Chrome/63.0.3239.132 Safari/537.36"
192.99.12.35 - - [13/Mar/2019:20:35:55 +0200] "GET /2016/wp-includes/wlwmanifest.xml HTTP/1.1" 404 230 "-" "Mozilla/5.0 (Windows NT 10.0; Win64; x64) AppleWebKit/537.36 (KHTML, like Gecko) Chrome/63.0.3239.132 Safari/537.36"
192.99.12.35 - - [13/Mar/2019:20:36:00 +0200] "GET /2017/wp-includes/wlwmanifest.xml HTTP/1.1" 404 230 "-" "Mozilla/5.0 (Windows NT 10.0; Win64; x64) AppleWebKit/537.36 (KHTML, like Gecko) Chrome/63.0.3239.132 Safari/537.36"
192.99.12.35 - - [13/Mar/2019:20:36:05 +0200] "GET /2018/wp-includes/wlwmanifest.xml HTTP/1.1" 404 230 "-" "Mozilla/5.0 (Windows NT 10.0; Win64; x64) AppleWebKit/537.36 (KHTML, like Gecko) Chrome/63.0.3239.132 Safari/537.36"
192.99.12.35 - - [13/Mar/2019:20:36:10 +0200] "GET /shop/wp-includes/wlwmanifest.xml HTTP/1.1" 404 230 "-" "Mozilla/5.0 (Windows NT 10.0; Win64; x64) AppleWebKit/537.36 (KHTML, like Gecko) Chrome/63.0.3239.132 Safari/537.36"
192.99.12.35 - - [13/Mar/2019:20:36:15 +0200] "GET /wp1/wp-includes/wlwmanifest.xml HTTP/1.1" 404 229 "-" "Mozilla/5.0 (Windows NT 10.0; Win64; x64) AppleWebKit/537.36 (KHTML, like Gecko) Chrome/63.0.3239.132 Safari/537.36"
192.99.12.35 - - [13/Mar/2019:20:36:21 +0200] "GET /test/wp-includes/wlwmanifest.xml HTTP/1.1" 404 230 "-" "Mozilla/5.0 (Windows NT 10.0; Win64; x64) AppleWebKit/537.36 (KHTML, like Gecko) Chrome/63.0.3239.132 Safari/537.36"
192.99.12.35 - - [13/Mar/2019:20:36:26 +0200] "GET /wp2/wp-includes/wlwmanifest.xml HTTP/1.1" 404 229 "-" "Mozilla/5.0 (Windows NT 10.0; Win64; x64) AppleWebKit/537.36 (KHTML, like Gecko) Chrome/63.0.3239.132 Safari/537.36"
192.99.12.35 - - [13/Mar/2019:20:36:31 +0200] "GET /site/wp-includes/wlwmanifest.xml HTTP/1.1" 404 230 "-" "Mozilla/5.0 (Windows NT 10.0; Win64; x64) AppleWebKit/537.36 (KHTML, like Gecko) Chrome/63.0.3239.132 Safari/537.36"
192.99.12.35 - - [13/Mar/2019:20:36:36 +0200] "GET /cms/wp-includes/wlwmanifest.xml HTTP/1.1" 404 229 "-" "Mozilla/5.0 (Windows NT 10.0; Win64; x64) AppleWebKit/537.36 (KHTML, like Gecko) Chrome/63.0.3239.132 Safari/537.36"
192.99.12.35 - - [13/Mar/2019:20:36:41 +0200] "GET /sito/wp-includes/wlwmanifest.xml HTTP/1.1" 404 230 "-" "Mozilla/5.0 (Windows NT 10.0; Win64; x64) AppleWebKit/537.36 (KHTML, like Gecko) Chrome/63.0.3239.132 Safari/537.36"
109.201.154.172 - - [13/Mar/2019:21:02:27 +0200] "HEAD / HTTP/1.1" 403 - "https://uptime.com/asdco.net" "Mozilla/5.0 (compatible; Uptimebot/1.0; +http://www.uptime.com/uptimebot)"
40.77.167.112 - - [13/Mar/2019:22:41:33 +0200] "GET / HTTP/1.1" 403 4897 "-" "Mozilla/5.0 (iPhone; CPU iPhone OS 7_0 like Mac OS X) AppleWebKit/537.51.1 (KHTML, like Gecko) Version/7.0 Mobile/11A465 Safari/9537.53 (compatible; bingbot/2.0; +http://www.bing.com/bingbot.htm)"
5.45.207.48 - - [14/Mar/2019:00:27:07 +0200] "GET /robots.txt HTTP/1.1" 404 208 "-" "Mozilla/5.0 (compatible; YandexBot/3.0; +http://yandex.com/bots)"
5.45.207.48 - - [14/Mar/2019:00:27:11 +0200] "GET / HTTP/1.1" 403 4897 "-" "Mozilla/5.0 (compatible; YandexBot/3.0; +http://yandex.com/bots)"
185.203.118.98 - - [14/Mar/2019:04:30:09 +0200] "GET / HTTP/1.1" 403 4897 "-" "-"
