::1 - - [07/Feb/2025:00:31:39 +0200] "OPTIONS * HTTP/1.0" 200 - "-" "Apache/2.4.6 (CentOS) OpenSSL/1.0.2k-fips mod_fcgid/2.3.9 PHP/5.6.40 (internal dummy connection)"
::1 - - [07/Feb/2025:00:31:39 +0200] "OPTIONS * HTTP/1.0" 200 - "-" "Apache/2.4.6 (CentOS) OpenSSL/1.0.2k-fips mod_fcgid/2.3.9 PHP/5.6.40 (internal dummy connection)"
::1 - - [07/Feb/2025:00:31:40 +0200] "OPTIONS * HTTP/1.0" 200 - "-" "Apache/2.4.6 (CentOS) OpenSSL/1.0.2k-fips mod_fcgid/2.3.9 PHP/5.6.40 (internal dummy connection)"
::1 - - [07/Feb/2025:00:31:40 +0200] "OPTIONS * HTTP/1.0" 200 - "-" "Apache/2.4.6 (CentOS) OpenSSL/1.0.2k-fips mod_fcgid/2.3.9 PHP/5.6.40 (internal dummy connection)"
::1 - - [07/Feb/2025:00:31:40 +0200] "OPTIONS * HTTP/1.0" 200 - "-" "Apache/2.4.6 (CentOS) OpenSSL/1.0.2k-fips mod_fcgid/2.3.9 PHP/5.6.40 (internal dummy connection)"
::1 - - [07/Feb/2025:00:31:41 +0200] "OPTIONS * HTTP/1.0" 200 - "-" "Apache/2.4.6 (CentOS) OpenSSL/1.0.2k-fips mod_fcgid/2.3.9 PHP/5.6.40 (internal dummy connection)"
::1 - - [07/Feb/2025:00:31:45 +0200] "OPTIONS * HTTP/1.0" 200 - "-" "Apache/2.4.6 (CentOS) OpenSSL/1.0.2k-fips mod_fcgid/2.3.9 PHP/5.6.40 (internal dummy connection)"
::1 - - [07/Feb/2025:00:31:45 +0200] "OPTIONS * HTTP/1.0" 200 - "-" "Apache/2.4.6 (CentOS) OpenSSL/1.0.2k-fips mod_fcgid/2.3.9 PHP/5.6.40 (internal dummy connection)"
::1 - - [07/Feb/2025:00:31:45 +0200] "OPTIONS * HTTP/1.0" 200 - "-" "Apache/2.4.6 (CentOS) OpenSSL/1.0.2k-fips mod_fcgid/2.3.9 PHP/5.6.40 (internal dummy connection)"
::1 - - [07/Feb/2025:00:31:46 +0200] "OPTIONS * HTTP/1.0" 200 - "-" "Apache/2.4.6 (CentOS) OpenSSL/1.0.2k-fips mod_fcgid/2.3.9 PHP/5.6.40 (internal dummy connection)"
::1 - - [07/Feb/2025:00:31:47 +0200] "OPTIONS * HTTP/1.0" 200 - "-" "Apache/2.4.6 (CentOS) OpenSSL/1.0.2k-fips mod_fcgid/2.3.9 PHP/5.6.40 (internal dummy connection)"
::1 - - [07/Feb/2025:00:31:49 +0200] "OPTIONS * HTTP/1.0" 200 - "-" "Apache/2.4.6 (CentOS) OpenSSL/1.0.2k-fips mod_fcgid/2.3.9 PHP/5.6.40 (internal dummy connection)"
::1 - - [07/Feb/2025:00:31:50 +0200] "OPTIONS * HTTP/1.0" 200 - "-" "Apache/2.4.6 (CentOS) OpenSSL/1.0.2k-fips mod_fcgid/2.3.9 PHP/5.6.40 (internal dummy connection)"
::1 - - [07/Feb/2025:00:31:50 +0200] "OPTIONS * HTTP/1.0" 200 - "-" "Apache/2.4.6 (CentOS) OpenSSL/1.0.2k-fips mod_fcgid/2.3.9 PHP/5.6.40 (internal dummy connection)"
::1 - - [07/Feb/2025:00:31:50 +0200] "OPTIONS * HTTP/1.0" 200 - "-" "Apache/2.4.6 (CentOS) OpenSSL/1.0.2k-fips mod_fcgid/2.3.9 PHP/5.6.40 (internal dummy connection)"
::1 - - [07/Feb/2025:00:31:51 +0200] "OPTIONS * HTTP/1.0" 200 - "-" "Apache/2.4.6 (CentOS) OpenSSL/1.0.2k-fips mod_fcgid/2.3.9 PHP/5.6.40 (internal dummy connection)"
::1 - - [07/Feb/2025:00:31:52 +0200] "OPTIONS * HTTP/1.0" 200 - "-" "Apache/2.4.6 (CentOS) OpenSSL/1.0.2k-fips mod_fcgid/2.3.9 PHP/5.6.40 (internal dummy connection)"
::1 - - [07/Feb/2025:00:31:52 +0200] "OPTIONS * HTTP/1.0" 200 - "-" "Apache/2.4.6 (CentOS) OpenSSL/1.0.2k-fips mod_fcgid/2.3.9 PHP/5.6.40 (internal dummy connection)"
::1 - - [07/Feb/2025:00:31:53 +0200] "OPTIONS * HTTP/1.0" 200 - "-" "Apache/2.4.6 (CentOS) OpenSSL/1.0.2k-fips mod_fcgid/2.3.9 PHP/5.6.40 (internal dummy connection)"
::1 - - [07/Feb/2025:00:31:54 +0200] "OPTIONS * HTTP/1.0" 200 - "-" "Apache/2.4.6 (CentOS) OpenSSL/1.0.2k-fips mod_fcgid/2.3.9 PHP/5.6.40 (internal dummy connection)"
::1 - - [07/Feb/2025:00:31:54 +0200] "OPTIONS * HTTP/1.0" 200 - "-" "Apache/2.4.6 (CentOS) OpenSSL/1.0.2k-fips mod_fcgid/2.3.9 PHP/5.6.40 (internal dummy connection)"
::1 - - [07/Feb/2025:00:31:55 +0200] "OPTIONS * HTTP/1.0" 200 - "-" "Apache/2.4.6 (CentOS) OpenSSL/1.0.2k-fips mod_fcgid/2.3.9 PHP/5.6.40 (internal dummy connection)"
::1 - - [07/Feb/2025:00:31:55 +0200] "OPTIONS * HTTP/1.0" 200 - "-" "Apache/2.4.6 (CentOS) OpenSSL/1.0.2k-fips mod_fcgid/2.3.9 PHP/5.6.40 (internal dummy connection)"
::1 - - [07/Feb/2025:00:31:55 +0200] "OPTIONS * HTTP/1.0" 200 - "-" "Apache/2.4.6 (CentOS) OpenSSL/1.0.2k-fips mod_fcgid/2.3.9 PHP/5.6.40 (internal dummy connection)"
::1 - - [07/Feb/2025:00:31:56 +0200] "OPTIONS * HTTP/1.0" 200 - "-" "Apache/2.4.6 (CentOS) OpenSSL/1.0.2k-fips mod_fcgid/2.3.9 PHP/5.6.40 (internal dummy connection)"
::1 - - [07/Feb/2025:00:31:57 +0200] "OPTIONS * HTTP/1.0" 200 - "-" "Apache/2.4.6 (CentOS) OpenSSL/1.0.2k-fips mod_fcgid/2.3.9 PHP/5.6.40 (internal dummy connection)"
::1 - - [07/Feb/2025:00:31:57 +0200] "OPTIONS * HTTP/1.0" 200 - "-" "Apache/2.4.6 (CentOS) OpenSSL/1.0.2k-fips mod_fcgid/2.3.9 PHP/5.6.40 (internal dummy connection)"
::1 - - [07/Feb/2025:00:31:57 +0200] "OPTIONS * HTTP/1.0" 200 - "-" "Apache/2.4.6 (CentOS) OpenSSL/1.0.2k-fips mod_fcgid/2.3.9 PHP/5.6.40 (internal dummy connection)"
::1 - - [07/Feb/2025:00:31:58 +0200] "OPTIONS * HTTP/1.0" 200 - "-" "Apache/2.4.6 (CentOS) OpenSSL/1.0.2k-fips mod_fcgid/2.3.9 PHP/5.6.40 (internal dummy connection)"
::1 - - [07/Feb/2025:00:31:59 +0200] "OPTIONS * HTTP/1.0" 200 - "-" "Apache/2.4.6 (CentOS) OpenSSL/1.0.2k-fips mod_fcgid/2.3.9 PHP/5.6.40 (internal dummy connection)"
::1 - - [07/Feb/2025:00:31:59 +0200] "OPTIONS * HTTP/1.0" 200 - "-" "Apache/2.4.6 (CentOS) OpenSSL/1.0.2k-fips mod_fcgid/2.3.9 PHP/5.6.40 (internal dummy connection)"
::1 - - [07/Feb/2025:00:32:00 +0200] "OPTIONS * HTTP/1.0" 200 - "-" "Apache/2.4.6 (CentOS) OpenSSL/1.0.2k-fips mod_fcgid/2.3.9 PHP/5.6.40 (internal dummy connection)"
::1 - - [07/Feb/2025:00:32:00 +0200] "OPTIONS * HTTP/1.0" 200 - "-" "Apache/2.4.6 (CentOS) OpenSSL/1.0.2k-fips mod_fcgid/2.3.9 PHP/5.6.40 (internal dummy connection)"
::1 - - [07/Feb/2025:00:32:00 +0200] "OPTIONS * HTTP/1.0" 200 - "-" "Apache/2.4.6 (CentOS) OpenSSL/1.0.2k-fips mod_fcgid/2.3.9 PHP/5.6.40 (internal dummy connection)"
::1 - - [07/Feb/2025:00:32:01 +0200] "OPTIONS * HTTP/1.0" 200 - "-" "Apache/2.4.6 (CentOS) OpenSSL/1.0.2k-fips mod_fcgid/2.3.9 PHP/5.6.40 (internal dummy connection)"
::1 - - [07/Feb/2025:00:32:02 +0200] "OPTIONS * HTTP/1.0" 200 - "-" "Apache/2.4.6 (CentOS) OpenSSL/1.0.2k-fips mod_fcgid/2.3.9 PHP/5.6.40 (internal dummy connection)"
::1 - - [07/Feb/2025:00:32:02 +0200] "OPTIONS * HTTP/1.0" 200 - "-" "Apache/2.4.6 (CentOS) OpenSSL/1.0.2k-fips mod_fcgid/2.3.9 PHP/5.6.40 (internal dummy connection)"
::1 - - [07/Feb/2025:00:32:02 +0200] "OPTIONS * HTTP/1.0" 200 - "-" "Apache/2.4.6 (CentOS) OpenSSL/1.0.2k-fips mod_fcgid/2.3.9 PHP/5.6.40 (internal dummy connection)"
::1 - - [07/Feb/2025:00:32:02 +0200] "OPTIONS * HTTP/1.0" 200 - "-" "Apache/2.4.6 (CentOS) OpenSSL/1.0.2k-fips mod_fcgid/2.3.9 PHP/5.6.40 (internal dummy connection)"
::1 - - [07/Feb/2025:00:32:03 +0200] "OPTIONS * HTTP/1.0" 200 - "-" "Apache/2.4.6 (CentOS) OpenSSL/1.0.2k-fips mod_fcgid/2.3.9 PHP/5.6.40 (internal dummy connection)"
::1 - - [07/Feb/2025:00:32:04 +0200] "OPTIONS * HTTP/1.0" 200 - "-" "Apache/2.4.6 (CentOS) OpenSSL/1.0.2k-fips mod_fcgid/2.3.9 PHP/5.6.40 (internal dummy connection)"
::1 - - [07/Feb/2025:00:32:04 +0200] "OPTIONS * HTTP/1.0" 200 - "-" "Apache/2.4.6 (CentOS) OpenSSL/1.0.2k-fips mod_fcgid/2.3.9 PHP/5.6.40 (internal dummy connection)"
::1 - - [07/Feb/2025:00:32:05 +0200] "OPTIONS * HTTP/1.0" 200 - "-" "Apache/2.4.6 (CentOS) OpenSSL/1.0.2k-fips mod_fcgid/2.3.9 PHP/5.6.40 (internal dummy connection)"
::1 - - [07/Feb/2025:00:32:05 +0200] "OPTIONS * HTTP/1.0" 200 - "-" "Apache/2.4.6 (CentOS) OpenSSL/1.0.2k-fips mod_fcgid/2.3.9 PHP/5.6.40 (internal dummy connection)"
::1 - - [07/Feb/2025:00:32:05 +0200] "OPTIONS * HTTP/1.0" 200 - "-" "Apache/2.4.6 (CentOS) OpenSSL/1.0.2k-fips mod_fcgid/2.3.9 PHP/5.6.40 (internal dummy connection)"
::1 - - [07/Feb/2025:00:32:06 +0200] "OPTIONS * HTTP/1.0" 200 - "-" "Apache/2.4.6 (CentOS) OpenSSL/1.0.2k-fips mod_fcgid/2.3.9 PHP/5.6.40 (internal dummy connection)"
::1 - - [07/Feb/2025:00:32:07 +0200] "OPTIONS * HTTP/1.0" 200 - "-" "Apache/2.4.6 (CentOS) OpenSSL/1.0.2k-fips mod_fcgid/2.3.9 PHP/5.6.40 (internal dummy connection)"
::1 - - [07/Feb/2025:00:32:07 +0200] "OPTIONS * HTTP/1.0" 200 - "-" "Apache/2.4.6 (CentOS) OpenSSL/1.0.2k-fips mod_fcgid/2.3.9 PHP/5.6.40 (internal dummy connection)"
::1 - - [07/Feb/2025:00:32:07 +0200] "OPTIONS * HTTP/1.0" 200 - "-" "Apache/2.4.6 (CentOS) OpenSSL/1.0.2k-fips mod_fcgid/2.3.9 PHP/5.6.40 (internal dummy connection)"
::1 - - [07/Feb/2025:00:32:07 +0200] "OPTIONS * HTTP/1.0" 200 - "-" "Apache/2.4.6 (CentOS) OpenSSL/1.0.2k-fips mod_fcgid/2.3.9 PHP/5.6.40 (internal dummy connection)"
::1 - - [07/Feb/2025:00:32:07 +0200] "OPTIONS * HTTP/1.0" 200 - "-" "Apache/2.4.6 (CentOS) OpenSSL/1.0.2k-fips mod_fcgid/2.3.9 PHP/5.6.40 (internal dummy connection)"
::1 - - [07/Feb/2025:00:32:08 +0200] "OPTIONS * HTTP/1.0" 200 - "-" "Apache/2.4.6 (CentOS) OpenSSL/1.0.2k-fips mod_fcgid/2.3.9 PHP/5.6.40 (internal dummy connection)"
::1 - - [07/Feb/2025:00:32:09 +0200] "OPTIONS * HTTP/1.0" 200 - "-" "Apache/2.4.6 (CentOS) OpenSSL/1.0.2k-fips mod_fcgid/2.3.9 PHP/5.6.40 (internal dummy connection)"
::1 - - [07/Feb/2025:00:32:09 +0200] "OPTIONS * HTTP/1.0" 200 - "-" "Apache/2.4.6 (CentOS) OpenSSL/1.0.2k-fips mod_fcgid/2.3.9 PHP/5.6.40 (internal dummy connection)"
128.199.242.91 - - [07/Feb/2025:00:32:05 +0200] "GET / HTTP/1.1" 200 902 "-" "Mozilla/5.0 (Windows NT 10.0; Win64; x64) AppleWebKit/537.36 (KHTML, like Gecko) Chrome/95.0.4638.69 Safari/537.36"
::1 - - [07/Feb/2025:00:32:10 +0200] "OPTIONS * HTTP/1.0" 200 - "-" "Apache/2.4.6 (CentOS) OpenSSL/1.0.2k-fips mod_fcgid/2.3.9 PHP/5.6.40 (internal dummy connection)"
::1 - - [07/Feb/2025:00:32:10 +0200] "OPTIONS * HTTP/1.0" 200 - "-" "Apache/2.4.6 (CentOS) OpenSSL/1.0.2k-fips mod_fcgid/2.3.9 PHP/5.6.40 (internal dummy connection)"
::1 - - [07/Feb/2025:00:32:11 +0200] "OPTIONS * HTTP/1.0" 200 - "-" "Apache/2.4.6 (CentOS) OpenSSL/1.0.2k-fips mod_fcgid/2.3.9 PHP/5.6.40 (internal dummy connection)"
::1 - - [07/Feb/2025:00:32:11 +0200] "OPTIONS * HTTP/1.0" 200 - "-" "Apache/2.4.6 (CentOS) OpenSSL/1.0.2k-fips mod_fcgid/2.3.9 PHP/5.6.40 (internal dummy connection)"
::1 - - [07/Feb/2025:00:32:12 +0200] "OPTIONS * HTTP/1.0" 200 - "-" "Apache/2.4.6 (CentOS) OpenSSL/1.0.2k-fips mod_fcgid/2.3.9 PHP/5.6.40 (internal dummy connection)"
::1 - - [07/Feb/2025:00:32:12 +0200] "OPTIONS * HTTP/1.0" 200 - "-" "Apache/2.4.6 (CentOS) OpenSSL/1.0.2k-fips mod_fcgid/2.3.9 PHP/5.6.40 (internal dummy connection)"
::1 - - [07/Feb/2025:00:32:12 +0200] "OPTIONS * HTTP/1.0" 200 - "-" "Apache/2.4.6 (CentOS) OpenSSL/1.0.2k-fips mod_fcgid/2.3.9 PHP/5.6.40 (internal dummy connection)"
::1 - - [07/Feb/2025:00:32:12 +0200] "OPTIONS * HTTP/1.0" 200 - "-" "Apache/2.4.6 (CentOS) OpenSSL/1.0.2k-fips mod_fcgid/2.3.9 PHP/5.6.40 (internal dummy connection)"
::1 - - [07/Feb/2025:00:32:12 +0200] "OPTIONS * HTTP/1.0" 200 - "-" "Apache/2.4.6 (CentOS) OpenSSL/1.0.2k-fips mod_fcgid/2.3.9 PHP/5.6.40 (internal dummy connection)"
::1 - - [07/Feb/2025:00:32:13 +0200] "OPTIONS * HTTP/1.0" 200 - "-" "Apache/2.4.6 (CentOS) OpenSSL/1.0.2k-fips mod_fcgid/2.3.9 PHP/5.6.40 (internal dummy connection)"
::1 - - [07/Feb/2025:00:32:14 +0200] "OPTIONS * HTTP/1.0" 200 - "-" "Apache/2.4.6 (CentOS) OpenSSL/1.0.2k-fips mod_fcgid/2.3.9 PHP/5.6.40 (internal dummy connection)"
::1 - - [07/Feb/2025:00:32:14 +0200] "OPTIONS * HTTP/1.0" 200 - "-" "Apache/2.4.6 (CentOS) OpenSSL/1.0.2k-fips mod_fcgid/2.3.9 PHP/5.6.40 (internal dummy connection)"
128.199.242.91 - - [07/Feb/2025:00:32:10 +0200] "GET /wp-includes/ID3/license.txt HTTP/1.1" 404 225 "-" "Mozilla/5.0 (Windows NT 10.0; Win64; x64) AppleWebKit/537.36 (KHTML, like Gecko) Chrome/95.0.4638.69 Safari/537.36"
::1 - - [07/Feb/2025:00:32:15 +0200] "OPTIONS * HTTP/1.0" 200 - "-" "Apache/2.4.6 (CentOS) OpenSSL/1.0.2k-fips mod_fcgid/2.3.9 PHP/5.6.40 (internal dummy connection)"
::1 - - [07/Feb/2025:00:32:16 +0200] "OPTIONS * HTTP/1.0" 200 - "-" "Apache/2.4.6 (CentOS) OpenSSL/1.0.2k-fips mod_fcgid/2.3.9 PHP/5.6.40 (internal dummy connection)"
::1 - - [07/Feb/2025:00:32:16 +0200] "OPTIONS * HTTP/1.0" 200 - "-" "Apache/2.4.6 (CentOS) OpenSSL/1.0.2k-fips mod_fcgid/2.3.9 PHP/5.6.40 (internal dummy connection)"
::1 - - [07/Feb/2025:00:32:16 +0200] "OPTIONS * HTTP/1.0" 200 - "-" "Apache/2.4.6 (CentOS) OpenSSL/1.0.2k-fips mod_fcgid/2.3.9 PHP/5.6.40 (internal dummy connection)"
::1 - - [07/Feb/2025:00:32:17 +0200] "OPTIONS * HTTP/1.0" 200 - "-" "Apache/2.4.6 (CentOS) OpenSSL/1.0.2k-fips mod_fcgid/2.3.9 PHP/5.6.40 (internal dummy connection)"
::1 - - [07/Feb/2025:00:32:18 +0200] "OPTIONS * HTTP/1.0" 200 - "-" "Apache/2.4.6 (CentOS) OpenSSL/1.0.2k-fips mod_fcgid/2.3.9 PHP/5.6.40 (internal dummy connection)"
::1 - - [07/Feb/2025:00:32:18 +0200] "OPTIONS * HTTP/1.0" 200 - "-" "Apache/2.4.6 (CentOS) OpenSSL/1.0.2k-fips mod_fcgid/2.3.9 PHP/5.6.40 (internal dummy connection)"
::1 - - [07/Feb/2025:00:32:18 +0200] "OPTIONS * HTTP/1.0" 200 - "-" "Apache/2.4.6 (CentOS) OpenSSL/1.0.2k-fips mod_fcgid/2.3.9 PHP/5.6.40 (internal dummy connection)"
::1 - - [07/Feb/2025:00:32:18 +0200] "OPTIONS * HTTP/1.0" 200 - "-" "Apache/2.4.6 (CentOS) OpenSSL/1.0.2k-fips mod_fcgid/2.3.9 PHP/5.6.40 (internal dummy connection)"
::1 - - [07/Feb/2025:00:32:18 +0200] "OPTIONS * HTTP/1.0" 200 - "-" "Apache/2.4.6 (CentOS) OpenSSL/1.0.2k-fips mod_fcgid/2.3.9 PHP/5.6.40 (internal dummy connection)"
::1 - - [07/Feb/2025:00:32:19 +0200] "OPTIONS * HTTP/1.0" 200 - "-" "Apache/2.4.6 (CentOS) OpenSSL/1.0.2k-fips mod_fcgid/2.3.9 PHP/5.6.40 (internal dummy connection)"
::1 - - [07/Feb/2025:00:32:19 +0200] "OPTIONS * HTTP/1.0" 200 - "-" "Apache/2.4.6 (CentOS) OpenSSL/1.0.2k-fips mod_fcgid/2.3.9 PHP/5.6.40 (internal dummy connection)"
::1 - - [07/Feb/2025:00:32:20 +0200] "OPTIONS * HTTP/1.0" 200 - "-" "Apache/2.4.6 (CentOS) OpenSSL/1.0.2k-fips mod_fcgid/2.3.9 PHP/5.6.40 (internal dummy connection)"
::1 - - [07/Feb/2025:00:32:21 +0200] "OPTIONS * HTTP/1.0" 200 - "-" "Apache/2.4.6 (CentOS) OpenSSL/1.0.2k-fips mod_fcgid/2.3.9 PHP/5.6.40 (internal dummy connection)"
::1 - - [07/Feb/2025:00:32:21 +0200] "OPTIONS * HTTP/1.0" 200 - "-" "Apache/2.4.6 (CentOS) OpenSSL/1.0.2k-fips mod_fcgid/2.3.9 PHP/5.6.40 (internal dummy connection)"
::1 - - [07/Feb/2025:00:32:21 +0200] "OPTIONS * HTTP/1.0" 200 - "-" "Apache/2.4.6 (CentOS) OpenSSL/1.0.2k-fips mod_fcgid/2.3.9 PHP/5.6.40 (internal dummy connection)"
128.199.242.91 - - [07/Feb/2025:00:32:16 +0200] "GET /feed/ HTTP/1.1" 404 203 "-" "Mozilla/5.0 (Windows NT 10.0; Win64; x64) AppleWebKit/537.36 (KHTML, like Gecko) Chrome/95.0.4638.69 Safari/537.36"
::1 - - [07/Feb/2025:00:32:22 +0200] "OPTIONS * HTTP/1.0" 200 - "-" "Apache/2.4.6 (CentOS) OpenSSL/1.0.2k-fips mod_fcgid/2.3.9 PHP/5.6.40 (internal dummy connection)"
::1 - - [07/Feb/2025:00:32:23 +0200] "OPTIONS * HTTP/1.0" 200 - "-" "Apache/2.4.6 (CentOS) OpenSSL/1.0.2k-fips mod_fcgid/2.3.9 PHP/5.6.40 (internal dummy connection)"
::1 - - [07/Feb/2025:00:32:23 +0200] "OPTIONS * HTTP/1.0" 200 - "-" "Apache/2.4.6 (CentOS) OpenSSL/1.0.2k-fips mod_fcgid/2.3.9 PHP/5.6.40 (internal dummy connection)"
::1 - - [07/Feb/2025:00:32:23 +0200] "OPTIONS * HTTP/1.0" 200 - "-" "Apache/2.4.6 (CentOS) OpenSSL/1.0.2k-fips mod_fcgid/2.3.9 PHP/5.6.40 (internal dummy connection)"
::1 - - [07/Feb/2025:00:32:23 +0200] "OPTIONS * HTTP/1.0" 200 - "-" "Apache/2.4.6 (CentOS) OpenSSL/1.0.2k-fips mod_fcgid/2.3.9 PHP/5.6.40 (internal dummy connection)"
::1 - - [07/Feb/2025:00:32:23 +0200] "OPTIONS * HTTP/1.0" 200 - "-" "Apache/2.4.6 (CentOS) OpenSSL/1.0.2k-fips mod_fcgid/2.3.9 PHP/5.6.40 (internal dummy connection)"
::1 - - [07/Feb/2025:00:32:23 +0200] "OPTIONS * HTTP/1.0" 200 - "-" "Apache/2.4.6 (CentOS) OpenSSL/1.0.2k-fips mod_fcgid/2.3.9 PHP/5.6.40 (internal dummy connection)"
::1 - - [07/Feb/2025:00:32:23 +0200] "OPTIONS * HTTP/1.0" 200 - "-" "Apache/2.4.6 (CentOS) OpenSSL/1.0.2k-fips mod_fcgid/2.3.9 PHP/5.6.40 (internal dummy connection)"
::1 - - [07/Feb/2025:00:32:24 +0200] "OPTIONS * HTTP/1.0" 200 - "-" "Apache/2.4.6 (CentOS) OpenSSL/1.0.2k-fips mod_fcgid/2.3.9 PHP/5.6.40 (internal dummy connection)"
::1 - - [07/Feb/2025:00:32:25 +0200] "OPTIONS * HTTP/1.0" 200 - "-" "Apache/2.4.6 (CentOS) OpenSSL/1.0.2k-fips mod_fcgid/2.3.9 PHP/5.6.40 (internal dummy connection)"
::1 - - [07/Feb/2025:00:32:25 +0200] "OPTIONS * HTTP/1.0" 200 - "-" "Apache/2.4.6 (CentOS) OpenSSL/1.0.2k-fips mod_fcgid/2.3.9 PHP/5.6.40 (internal dummy connection)"
::1 - - [07/Feb/2025:00:32:26 +0200] "OPTIONS * HTTP/1.0" 200 - "-" "Apache/2.4.6 (CentOS) OpenSSL/1.0.2k-fips mod_fcgid/2.3.9 PHP/5.6.40 (internal dummy connection)"
::1 - - [07/Feb/2025:00:32:26 +0200] "OPTIONS * HTTP/1.0" 200 - "-" "Apache/2.4.6 (CentOS) OpenSSL/1.0.2k-fips mod_fcgid/2.3.9 PHP/5.6.40 (internal dummy connection)"
::1 - - [07/Feb/2025:00:32:26 +0200] "OPTIONS * HTTP/1.0" 200 - "-" "Apache/2.4.6 (CentOS) OpenSSL/1.0.2k-fips mod_fcgid/2.3.9 PHP/5.6.40 (internal dummy connection)"
128.199.242.91 - - [07/Feb/2025:00:32:21 +0200] "GET /xmlrpc.php?rsd HTTP/1.1" 404 16 "-" "Mozilla/5.0 (Windows NT 10.0; Win64; x64) AppleWebKit/537.36 (KHTML, like Gecko) Chrome/95.0.4638.69 Safari/537.36"
::1 - - [07/Feb/2025:00:32:27 +0200] "OPTIONS * HTTP/1.0" 200 - "-" "Apache/2.4.6 (CentOS) OpenSSL/1.0.2k-fips mod_fcgid/2.3.9 PHP/5.6.40 (internal dummy connection)"
::1 - - [07/Feb/2025:00:32:28 +0200] "OPTIONS * HTTP/1.0" 200 - "-" "Apache/2.4.6 (CentOS) OpenSSL/1.0.2k-fips mod_fcgid/2.3.9 PHP/5.6.40 (internal dummy connection)"
::1 - - [07/Feb/2025:00:32:28 +0200] "OPTIONS * HTTP/1.0" 200 - "-" "Apache/2.4.6 (CentOS) OpenSSL/1.0.2k-fips mod_fcgid/2.3.9 PHP/5.6.40 (internal dummy connection)"
::1 - - [07/Feb/2025:00:32:28 +0200] "OPTIONS * HTTP/1.0" 200 - "-" "Apache/2.4.6 (CentOS) OpenSSL/1.0.2k-fips mod_fcgid/2.3.9 PHP/5.6.40 (internal dummy connection)"
::1 - - [07/Feb/2025:00:32:28 +0200] "OPTIONS * HTTP/1.0" 200 - "-" "Apache/2.4.6 (CentOS) OpenSSL/1.0.2k-fips mod_fcgid/2.3.9 PHP/5.6.40 (internal dummy connection)"
::1 - - [07/Feb/2025:00:32:28 +0200] "OPTIONS * HTTP/1.0" 200 - "-" "Apache/2.4.6 (CentOS) OpenSSL/1.0.2k-fips mod_fcgid/2.3.9 PHP/5.6.40 (internal dummy connection)"
::1 - - [07/Feb/2025:00:32:28 +0200] "OPTIONS * HTTP/1.0" 200 - "-" "Apache/2.4.6 (CentOS) OpenSSL/1.0.2k-fips mod_fcgid/2.3.9 PHP/5.6.40 (internal dummy connection)"
::1 - - [07/Feb/2025:00:32:29 +0200] "OPTIONS * HTTP/1.0" 200 - "-" "Apache/2.4.6 (CentOS) OpenSSL/1.0.2k-fips mod_fcgid/2.3.9 PHP/5.6.40 (internal dummy connection)"
::1 - - [07/Feb/2025:00:32:30 +0200] "OPTIONS * HTTP/1.0" 200 - "-" "Apache/2.4.6 (CentOS) OpenSSL/1.0.2k-fips mod_fcgid/2.3.9 PHP/5.6.40 (internal dummy connection)"
::1 - - [07/Feb/2025:00:32:30 +0200] "OPTIONS * HTTP/1.0" 200 - "-" "Apache/2.4.6 (CentOS) OpenSSL/1.0.2k-fips mod_fcgid/2.3.9 PHP/5.6.40 (internal dummy connection)"
::1 - - [07/Feb/2025:00:32:31 +0200] "OPTIONS * HTTP/1.0" 200 - "-" "Apache/2.4.6 (CentOS) OpenSSL/1.0.2k-fips mod_fcgid/2.3.9 PHP/5.6.40 (internal dummy connection)"
::1 - - [07/Feb/2025:00:32:31 +0200] "OPTIONS * HTTP/1.0" 200 - "-" "Apache/2.4.6 (CentOS) OpenSSL/1.0.2k-fips mod_fcgid/2.3.9 PHP/5.6.40 (internal dummy connection)"
::1 - - [07/Feb/2025:00:32:31 +0200] "OPTIONS * HTTP/1.0" 200 - "-" "Apache/2.4.6 (CentOS) OpenSSL/1.0.2k-fips mod_fcgid/2.3.9 PHP/5.6.40 (internal dummy connection)"
::1 - - [07/Feb/2025:00:32:32 +0200] "OPTIONS * HTTP/1.0" 200 - "-" "Apache/2.4.6 (CentOS) OpenSSL/1.0.2k-fips mod_fcgid/2.3.9 PHP/5.6.40 (internal dummy connection)"
128.199.242.91 - - [07/Feb/2025:00:32:27 +0200] "GET /blog/wp-includes/wlwmanifest.xml HTTP/1.1" 404 230 "-" "Mozilla/5.0 (Windows NT 10.0; Win64; x64) AppleWebKit/537.36 (KHTML, like Gecko) Chrome/95.0.4638.69 Safari/537.36"
::1 - - [07/Feb/2025:00:32:33 +0200] "OPTIONS * HTTP/1.0" 200 - "-" "Apache/2.4.6 (CentOS) OpenSSL/1.0.2k-fips mod_fcgid/2.3.9 PHP/5.6.40 (internal dummy connection)"
::1 - - [07/Feb/2025:00:32:33 +0200] "OPTIONS * HTTP/1.0" 200 - "-" "Apache/2.4.6 (CentOS) OpenSSL/1.0.2k-fips mod_fcgid/2.3.9 PHP/5.6.40 (internal dummy connection)"
::1 - - [07/Feb/2025:00:32:33 +0200] "OPTIONS * HTTP/1.0" 200 - "-" "Apache/2.4.6 (CentOS) OpenSSL/1.0.2k-fips mod_fcgid/2.3.9 PHP/5.6.40 (internal dummy connection)"
::1 - - [07/Feb/2025:00:32:33 +0200] "OPTIONS * HTTP/1.0" 200 - "-" "Apache/2.4.6 (CentOS) OpenSSL/1.0.2k-fips mod_fcgid/2.3.9 PHP/5.6.40 (internal dummy connection)"
::1 - - [07/Feb/2025:00:32:33 +0200] "OPTIONS * HTTP/1.0" 200 - "-" "Apache/2.4.6 (CentOS) OpenSSL/1.0.2k-fips mod_fcgid/2.3.9 PHP/5.6.40 (internal dummy connection)"
::1 - - [07/Feb/2025:00:32:33 +0200] "OPTIONS * HTTP/1.0" 200 - "-" "Apache/2.4.6 (CentOS) OpenSSL/1.0.2k-fips mod_fcgid/2.3.9 PHP/5.6.40 (internal dummy connection)"
::1 - - [07/Feb/2025:00:32:33 +0200] "OPTIONS * HTTP/1.0" 200 - "-" "Apache/2.4.6 (CentOS) OpenSSL/1.0.2k-fips mod_fcgid/2.3.9 PHP/5.6.40 (internal dummy connection)"
::1 - - [07/Feb/2025:00:32:34 +0200] "OPTIONS * HTTP/1.0" 200 - "-" "Apache/2.4.6 (CentOS) OpenSSL/1.0.2k-fips mod_fcgid/2.3.9 PHP/5.6.40 (internal dummy connection)"
::1 - - [07/Feb/2025:00:32:35 +0200] "OPTIONS * HTTP/1.0" 200 - "-" "Apache/2.4.6 (CentOS) OpenSSL/1.0.2k-fips mod_fcgid/2.3.9 PHP/5.6.40 (internal dummy connection)"
::1 - - [07/Feb/2025:00:32:35 +0200] "OPTIONS * HTTP/1.0" 200 - "-" "Apache/2.4.6 (CentOS) OpenSSL/1.0.2k-fips mod_fcgid/2.3.9 PHP/5.6.40 (internal dummy connection)"
::1 - - [07/Feb/2025:00:32:36 +0200] "OPTIONS * HTTP/1.0" 200 - "-" "Apache/2.4.6 (CentOS) OpenSSL/1.0.2k-fips mod_fcgid/2.3.9 PHP/5.6.40 (internal dummy connection)"
::1 - - [07/Feb/2025:00:32:36 +0200] "OPTIONS * HTTP/1.0" 200 - "-" "Apache/2.4.6 (CentOS) OpenSSL/1.0.2k-fips mod_fcgid/2.3.9 PHP/5.6.40 (internal dummy connection)"
::1 - - [07/Feb/2025:00:32:36 +0200] "OPTIONS * HTTP/1.0" 200 - "-" "Apache/2.4.6 (CentOS) OpenSSL/1.0.2k-fips mod_fcgid/2.3.9 PHP/5.6.40 (internal dummy connection)"
::1 - - [07/Feb/2025:00:32:37 +0200] "OPTIONS * HTTP/1.0" 200 - "-" "Apache/2.4.6 (CentOS) OpenSSL/1.0.2k-fips mod_fcgid/2.3.9 PHP/5.6.40 (internal dummy connection)"
128.199.242.91 - - [07/Feb/2025:00:32:32 +0200] "GET /web/wp-includes/wlwmanifest.xml HTTP/1.1" 404 229 "-" "Mozilla/5.0 (Windows NT 10.0; Win64; x64) AppleWebKit/537.36 (KHTML, like Gecko) Chrome/95.0.4638.69 Safari/537.36"
::1 - - [07/Feb/2025:00:32:38 +0200] "OPTIONS * HTTP/1.0" 200 - "-" "Apache/2.4.6 (CentOS) OpenSSL/1.0.2k-fips mod_fcgid/2.3.9 PHP/5.6.40 (internal dummy connection)"
::1 - - [07/Feb/2025:00:32:38 +0200] "OPTIONS * HTTP/1.0" 200 - "-" "Apache/2.4.6 (CentOS) OpenSSL/1.0.2k-fips mod_fcgid/2.3.9 PHP/5.6.40 (internal dummy connection)"
::1 - - [07/Feb/2025:00:32:38 +0200] "OPTIONS * HTTP/1.0" 200 - "-" "Apache/2.4.6 (CentOS) OpenSSL/1.0.2k-fips mod_fcgid/2.3.9 PHP/5.6.40 (internal dummy connection)"
::1 - - [07/Feb/2025:00:32:38 +0200] "OPTIONS * HTTP/1.0" 200 - "-" "Apache/2.4.6 (CentOS) OpenSSL/1.0.2k-fips mod_fcgid/2.3.9 PHP/5.6.40 (internal dummy connection)"
::1 - - [07/Feb/2025:00:32:38 +0200] "OPTIONS * HTTP/1.0" 200 - "-" "Apache/2.4.6 (CentOS) OpenSSL/1.0.2k-fips mod_fcgid/2.3.9 PHP/5.6.40 (internal dummy connection)"
::1 - - [07/Feb/2025:00:32:38 +0200] "OPTIONS * HTTP/1.0" 200 - "-" "Apache/2.4.6 (CentOS) OpenSSL/1.0.2k-fips mod_fcgid/2.3.9 PHP/5.6.40 (internal dummy connection)"
::1 - - [07/Feb/2025:00:32:39 +0200] "OPTIONS * HTTP/1.0" 200 - "-" "Apache/2.4.6 (CentOS) OpenSSL/1.0.2k-fips mod_fcgid/2.3.9 PHP/5.6.40 (internal dummy connection)"
::1 - - [07/Feb/2025:00:32:40 +0200] "OPTIONS * HTTP/1.0" 200 - "-" "Apache/2.4.6 (CentOS) OpenSSL/1.0.2k-fips mod_fcgid/2.3.9 PHP/5.6.40 (internal dummy connection)"
::1 - - [07/Feb/2025:00:32:40 +0200] "OPTIONS * HTTP/1.0" 200 - "-" "Apache/2.4.6 (CentOS) OpenSSL/1.0.2k-fips mod_fcgid/2.3.9 PHP/5.6.40 (internal dummy connection)"
::1 - - [07/Feb/2025:00:32:41 +0200] "OPTIONS * HTTP/1.0" 200 - "-" "Apache/2.4.6 (CentOS) OpenSSL/1.0.2k-fips mod_fcgid/2.3.9 PHP/5.6.40 (internal dummy connection)"
::1 - - [07/Feb/2025:00:32:41 +0200] "OPTIONS * HTTP/1.0" 200 - "-" "Apache/2.4.6 (CentOS) OpenSSL/1.0.2k-fips mod_fcgid/2.3.9 PHP/5.6.40 (internal dummy connection)"
::1 - - [07/Feb/2025:00:32:41 +0200] "OPTIONS * HTTP/1.0" 200 - "-" "Apache/2.4.6 (CentOS) OpenSSL/1.0.2k-fips mod_fcgid/2.3.9 PHP/5.6.40 (internal dummy connection)"
::1 - - [07/Feb/2025:00:32:42 +0200] "OPTIONS * HTTP/1.0" 200 - "-" "Apache/2.4.6 (CentOS) OpenSSL/1.0.2k-fips mod_fcgid/2.3.9 PHP/5.6.40 (internal dummy connection)"
128.199.242.91 - - [07/Feb/2025:00:32:38 +0200] "GET /wordpress/wp-includes/wlwmanifest.xml HTTP/1.1" 404 235 "-" "Mozilla/5.0 (Windows NT 10.0; Win64; x64) AppleWebKit/537.36 (KHTML, like Gecko) Chrome/95.0.4638.69 Safari/537.36"
::1 - - [07/Feb/2025:00:32:43 +0200] "OPTIONS * HTTP/1.0" 200 - "-" "Apache/2.4.6 (CentOS) OpenSSL/1.0.2k-fips mod_fcgid/2.3.9 PHP/5.6.40 (internal dummy connection)"
::1 - - [07/Feb/2025:00:32:43 +0200] "OPTIONS * HTTP/1.0" 200 - "-" "Apache/2.4.6 (CentOS) OpenSSL/1.0.2k-fips mod_fcgid/2.3.9 PHP/5.6.40 (internal dummy connection)"
::1 - - [07/Feb/2025:00:32:43 +0200] "OPTIONS * HTTP/1.0" 200 - "-" "Apache/2.4.6 (CentOS) OpenSSL/1.0.2k-fips mod_fcgid/2.3.9 PHP/5.6.40 (internal dummy connection)"
::1 - - [07/Feb/2025:00:32:43 +0200] "OPTIONS * HTTP/1.0" 200 - "-" "Apache/2.4.6 (CentOS) OpenSSL/1.0.2k-fips mod_fcgid/2.3.9 PHP/5.6.40 (internal dummy connection)"
::1 - - [07/Feb/2025:00:32:43 +0200] "OPTIONS * HTTP/1.0" 200 - "-" "Apache/2.4.6 (CentOS) OpenSSL/1.0.2k-fips mod_fcgid/2.3.9 PHP/5.6.40 (internal dummy connection)"
::1 - - [07/Feb/2025:00:32:43 +0200] "OPTIONS * HTTP/1.0" 200 - "-" "Apache/2.4.6 (CentOS) OpenSSL/1.0.2k-fips mod_fcgid/2.3.9 PHP/5.6.40 (internal dummy connection)"
::1 - - [07/Feb/2025:00:32:43 +0200] "OPTIONS * HTTP/1.0" 200 - "-" "Apache/2.4.6 (CentOS) OpenSSL/1.0.2k-fips mod_fcgid/2.3.9 PHP/5.6.40 (internal dummy connection)"
::1 - - [07/Feb/2025:00:32:44 +0200] "OPTIONS * HTTP/1.0" 200 - "-" "Apache/2.4.6 (CentOS) OpenSSL/1.0.2k-fips mod_fcgid/2.3.9 PHP/5.6.40 (internal dummy connection)"
::1 - - [07/Feb/2025:00:32:45 +0200] "OPTIONS * HTTP/1.0" 200 - "-" "Apache/2.4.6 (CentOS) OpenSSL/1.0.2k-fips mod_fcgid/2.3.9 PHP/5.6.40 (internal dummy connection)"
::1 - - [07/Feb/2025:00:32:45 +0200] "OPTIONS * HTTP/1.0" 200 - "-" "Apache/2.4.6 (CentOS) OpenSSL/1.0.2k-fips mod_fcgid/2.3.9 PHP/5.6.40 (internal dummy connection)"
::1 - - [07/Feb/2025:00:32:46 +0200] "OPTIONS * HTTP/1.0" 200 - "-" "Apache/2.4.6 (CentOS) OpenSSL/1.0.2k-fips mod_fcgid/2.3.9 PHP/5.6.40 (internal dummy connection)"
::1 - - [07/Feb/2025:00:32:46 +0200] "OPTIONS * HTTP/1.0" 200 - "-" "Apache/2.4.6 (CentOS) OpenSSL/1.0.2k-fips mod_fcgid/2.3.9 PHP/5.6.40 (internal dummy connection)"
::1 - - [07/Feb/2025:00:32:46 +0200] "OPTIONS * HTTP/1.0" 200 - "-" "Apache/2.4.6 (CentOS) OpenSSL/1.0.2k-fips mod_fcgid/2.3.9 PHP/5.6.40 (internal dummy connection)"
::1 - - [07/Feb/2025:00:32:47 +0200] "OPTIONS * HTTP/1.0" 200 - "-" "Apache/2.4.6 (CentOS) OpenSSL/1.0.2k-fips mod_fcgid/2.3.9 PHP/5.6.40 (internal dummy connection)"
::1 - - [07/Feb/2025:00:32:48 +0200] "OPTIONS * HTTP/1.0" 200 - "-" "Apache/2.4.6 (CentOS) OpenSSL/1.0.2k-fips mod_fcgid/2.3.9 PHP/5.6.40 (internal dummy connection)"
::1 - - [07/Feb/2025:00:32:48 +0200] "OPTIONS * HTTP/1.0" 200 - "-" "Apache/2.4.6 (CentOS) OpenSSL/1.0.2k-fips mod_fcgid/2.3.9 PHP/5.6.40 (internal dummy connection)"
::1 - - [07/Feb/2025:00:32:48 +0200] "OPTIONS * HTTP/1.0" 200 - "-" "Apache/2.4.6 (CentOS) OpenSSL/1.0.2k-fips mod_fcgid/2.3.9 PHP/5.6.40 (internal dummy connection)"
::1 - - [07/Feb/2025:00:32:48 +0200] "OPTIONS * HTTP/1.0" 200 - "-" "Apache/2.4.6 (CentOS) OpenSSL/1.0.2k-fips mod_fcgid/2.3.9 PHP/5.6.40 (internal dummy connection)"
::1 - - [07/Feb/2025:00:32:48 +0200] "OPTIONS * HTTP/1.0" 200 - "-" "Apache/2.4.6 (CentOS) OpenSSL/1.0.2k-fips mod_fcgid/2.3.9 PHP/5.6.40 (internal dummy connection)"
::1 - - [07/Feb/2025:00:32:48 +0200] "OPTIONS * HTTP/1.0" 200 - "-" "Apache/2.4.6 (CentOS) OpenSSL/1.0.2k-fips mod_fcgid/2.3.9 PHP/5.6.40 (internal dummy connection)"
128.199.242.91 - - [07/Feb/2025:00:32:43 +0200] "GET /wp/wp-includes/wlwmanifest.xml HTTP/1.1" 404 228 "-" "Mozilla/5.0 (Windows NT 10.0; Win64; x64) AppleWebKit/537.36 (KHTML, like Gecko) Chrome/95.0.4638.69 Safari/537.36"
::1 - - [07/Feb/2025:00:32:48 +0200] "OPTIONS * HTTP/1.0" 200 - "-" "Apache/2.4.6 (CentOS) OpenSSL/1.0.2k-fips mod_fcgid/2.3.9 PHP/5.6.40 (internal dummy connection)"
::1 - - [07/Feb/2025:00:32:48 +0200] "OPTIONS * HTTP/1.0" 200 - "-" "Apache/2.4.6 (CentOS) OpenSSL/1.0.2k-fips mod_fcgid/2.3.9 PHP/5.6.40 (internal dummy connection)"
::1 - - [07/Feb/2025:00:32:49 +0200] "OPTIONS * HTTP/1.0" 200 - "-" "Apache/2.4.6 (CentOS) OpenSSL/1.0.2k-fips mod_fcgid/2.3.9 PHP/5.6.40 (internal dummy connection)"
::1 - - [07/Feb/2025:00:32:50 +0200] "OPTIONS * HTTP/1.0" 200 - "-" "Apache/2.4.6 (CentOS) OpenSSL/1.0.2k-fips mod_fcgid/2.3.9 PHP/5.6.40 (internal dummy connection)"
::1 - - [07/Feb/2025:00:32:50 +0200] "OPTIONS * HTTP/1.0" 200 - "-" "Apache/2.4.6 (CentOS) OpenSSL/1.0.2k-fips mod_fcgid/2.3.9 PHP/5.6.40 (internal dummy connection)"
::1 - - [07/Feb/2025:00:32:51 +0200] "OPTIONS * HTTP/1.0" 200 - "-" "Apache/2.4.6 (CentOS) OpenSSL/1.0.2k-fips mod_fcgid/2.3.9 PHP/5.6.40 (internal dummy connection)"
::1 - - [07/Feb/2025:00:32:51 +0200] "OPTIONS * HTTP/1.0" 200 - "-" "Apache/2.4.6 (CentOS) OpenSSL/1.0.2k-fips mod_fcgid/2.3.9 PHP/5.6.40 (internal dummy connection)"
::1 - - [07/Feb/2025:00:32:51 +0200] "OPTIONS * HTTP/1.0" 200 - "-" "Apache/2.4.6 (CentOS) OpenSSL/1.0.2k-fips mod_fcgid/2.3.9 PHP/5.6.40 (internal dummy connection)"
::1 - - [07/Feb/2025:00:32:52 +0200] "OPTIONS * HTTP/1.0" 200 - "-" "Apache/2.4.6 (CentOS) OpenSSL/1.0.2k-fips mod_fcgid/2.3.9 PHP/5.6.40 (internal dummy connection)"
::1 - - [07/Feb/2025:00:32:53 +0200] "OPTIONS * HTTP/1.0" 200 - "-" "Apache/2.4.6 (CentOS) OpenSSL/1.0.2k-fips mod_fcgid/2.3.9 PHP/5.6.40 (internal dummy connection)"
::1 - - [07/Feb/2025:00:32:53 +0200] "OPTIONS * HTTP/1.0" 200 - "-" "Apache/2.4.6 (CentOS) OpenSSL/1.0.2k-fips mod_fcgid/2.3.9 PHP/5.6.40 (internal dummy connection)"
::1 - - [07/Feb/2025:00:32:53 +0200] "OPTIONS * HTTP/1.0" 200 - "-" "Apache/2.4.6 (CentOS) OpenSSL/1.0.2k-fips mod_fcgid/2.3.9 PHP/5.6.40 (internal dummy connection)"
::1 - - [07/Feb/2025:00:32:53 +0200] "OPTIONS * HTTP/1.0" 200 - "-" "Apache/2.4.6 (CentOS) OpenSSL/1.0.2k-fips mod_fcgid/2.3.9 PHP/5.6.40 (internal dummy connection)"
::1 - - [07/Feb/2025:00:32:53 +0200] "OPTIONS * HTTP/1.0" 200 - "-" "Apache/2.4.6 (CentOS) OpenSSL/1.0.2k-fips mod_fcgid/2.3.9 PHP/5.6.40 (internal dummy connection)"
::1 - - [07/Feb/2025:00:32:53 +0200] "OPTIONS * HTTP/1.0" 200 - "-" "Apache/2.4.6 (CentOS) OpenSSL/1.0.2k-fips mod_fcgid/2.3.9 PHP/5.6.40 (internal dummy connection)"
::1 - - [07/Feb/2025:00:32:53 +0200] "OPTIONS * HTTP/1.0" 200 - "-" "Apache/2.4.6 (CentOS) OpenSSL/1.0.2k-fips mod_fcgid/2.3.9 PHP/5.6.40 (internal dummy connection)"
::1 - - [07/Feb/2025:00:32:53 +0200] "OPTIONS * HTTP/1.0" 200 - "-" "Apache/2.4.6 (CentOS) OpenSSL/1.0.2k-fips mod_fcgid/2.3.9 PHP/5.6.40 (internal dummy connection)"
128.199.242.91 - - [07/Feb/2025:00:32:49 +0200] "GET /2020/wp-includes/wlwmanifest.xml HTTP/1.1" 404 230 "-" "Mozilla/5.0 (Windows NT 10.0; Win64; x64) AppleWebKit/537.36 (KHTML, like Gecko) Chrome/95.0.4638.69 Safari/537.36"
176.31.174.3 - - [07/Feb/2025:00:32:54 +0200] "GET / HTTP/1.0" 200 902 "http://coursearena.com/" "Mozilla/5.0 (Windows NT 10.0; Win64; x64) AppleWebKit/537.36 (KHTML, like Gecko) Chrome/131.0.0.0 Safari/537.36"
::1 - - [07/Feb/2025:00:32:54 +0200] "OPTIONS * HTTP/1.0" 200 - "-" "Apache/2.4.6 (CentOS) OpenSSL/1.0.2k-fips mod_fcgid/2.3.9 PHP/5.6.40 (internal dummy connection)"
::1 - - [07/Feb/2025:00:32:55 +0200] "OPTIONS * HTTP/1.0" 200 - "-" "Apache/2.4.6 (CentOS) OpenSSL/1.0.2k-fips mod_fcgid/2.3.9 PHP/5.6.40 (internal dummy connection)"
::1 - - [07/Feb/2025:00:32:55 +0200] "OPTIONS * HTTP/1.0" 200 - "-" "Apache/2.4.6 (CentOS) OpenSSL/1.0.2k-fips mod_fcgid/2.3.9 PHP/5.6.40 (internal dummy connection)"
::1 - - [07/Feb/2025:00:32:56 +0200] "OPTIONS * HTTP/1.0" 200 - "-" "Apache/2.4.6 (CentOS) OpenSSL/1.0.2k-fips mod_fcgid/2.3.9 PHP/5.6.40 (internal dummy connection)"
::1 - - [07/Feb/2025:00:32:56 +0200] "OPTIONS * HTTP/1.0" 200 - "-" "Apache/2.4.6 (CentOS) OpenSSL/1.0.2k-fips mod_fcgid/2.3.9 PHP/5.6.40 (internal dummy connection)"
::1 - - [07/Feb/2025:00:32:56 +0200] "OPTIONS * HTTP/1.0" 200 - "-" "Apache/2.4.6 (CentOS) OpenSSL/1.0.2k-fips mod_fcgid/2.3.9 PHP/5.6.40 (internal dummy connection)"
::1 - - [07/Feb/2025:00:32:57 +0200] "OPTIONS * HTTP/1.0" 200 - "-" "Apache/2.4.6 (CentOS) OpenSSL/1.0.2k-fips mod_fcgid/2.3.9 PHP/5.6.40 (internal dummy connection)"
::1 - - [07/Feb/2025:00:32:58 +0200] "OPTIONS * HTTP/1.0" 200 - "-" "Apache/2.4.6 (CentOS) OpenSSL/1.0.2k-fips mod_fcgid/2.3.9 PHP/5.6.40 (internal dummy connection)"
::1 - - [07/Feb/2025:00:32:58 +0200] "OPTIONS * HTTP/1.0" 200 - "-" "Apache/2.4.6 (CentOS) OpenSSL/1.0.2k-fips mod_fcgid/2.3.9 PHP/5.6.40 (internal dummy connection)"
::1 - - [07/Feb/2025:00:32:58 +0200] "OPTIONS * HTTP/1.0" 200 - "-" "Apache/2.4.6 (CentOS) OpenSSL/1.0.2k-fips mod_fcgid/2.3.9 PHP/5.6.40 (internal dummy connection)"
::1 - - [07/Feb/2025:00:32:58 +0200] "OPTIONS * HTTP/1.0" 200 - "-" "Apache/2.4.6 (CentOS) OpenSSL/1.0.2k-fips mod_fcgid/2.3.9 PHP/5.6.40 (internal dummy connection)"
::1 - - [07/Feb/2025:00:32:58 +0200] "OPTIONS * HTTP/1.0" 200 - "-" "Apache/2.4.6 (CentOS) OpenSSL/1.0.2k-fips mod_fcgid/2.3.9 PHP/5.6.40 (internal dummy connection)"
::1 - - [07/Feb/2025:00:32:58 +0200] "OPTIONS * HTTP/1.0" 200 - "-" "Apache/2.4.6 (CentOS) OpenSSL/1.0.2k-fips mod_fcgid/2.3.9 PHP/5.6.40 (internal dummy connection)"
::1 - - [07/Feb/2025:00:32:58 +0200] "OPTIONS * HTTP/1.0" 200 - "-" "Apache/2.4.6 (CentOS) OpenSSL/1.0.2k-fips mod_fcgid/2.3.9 PHP/5.6.40 (internal dummy connection)"
::1 - - [07/Feb/2025:00:32:58 +0200] "OPTIONS * HTTP/1.0" 200 - "-" "Apache/2.4.6 (CentOS) OpenSSL/1.0.2k-fips mod_fcgid/2.3.9 PHP/5.6.40 (internal dummy connection)"
::1 - - [07/Feb/2025:00:32:58 +0200] "OPTIONS * HTTP/1.0" 200 - "-" "Apache/2.4.6 (CentOS) OpenSSL/1.0.2k-fips mod_fcgid/2.3.9 PHP/5.6.40 (internal dummy connection)"
128.199.242.91 - - [07/Feb/2025:00:32:54 +0200] "GET /2019/wp-includes/wlwmanifest.xml HTTP/1.1" 404 230 "-" "Mozilla/5.0 (Windows NT 10.0; Win64; x64) AppleWebKit/537.36 (KHTML, like Gecko) Chrome/95.0.4638.69 Safari/537.36"
::1 - - [07/Feb/2025:00:32:59 +0200] "OPTIONS * HTTP/1.0" 200 - "-" "Apache/2.4.6 (CentOS) OpenSSL/1.0.2k-fips mod_fcgid/2.3.9 PHP/5.6.40 (internal dummy connection)"
::1 - - [07/Feb/2025:00:33:00 +0200] "OPTIONS * HTTP/1.0" 200 - "-" "Apache/2.4.6 (CentOS) OpenSSL/1.0.2k-fips mod_fcgid/2.3.9 PHP/5.6.40 (internal dummy connection)"
::1 - - [07/Feb/2025:00:33:00 +0200] "OPTIONS * HTTP/1.0" 200 - "-" "Apache/2.4.6 (CentOS) OpenSSL/1.0.2k-fips mod_fcgid/2.3.9 PHP/5.6.40 (internal dummy connection)"
::1 - - [07/Feb/2025:00:33:01 +0200] "OPTIONS * HTTP/1.0" 200 - "-" "Apache/2.4.6 (CentOS) OpenSSL/1.0.2k-fips mod_fcgid/2.3.9 PHP/5.6.40 (internal dummy connection)"
::1 - - [07/Feb/2025:00:33:01 +0200] "OPTIONS * HTTP/1.0" 200 - "-" "Apache/2.4.6 (CentOS) OpenSSL/1.0.2k-fips mod_fcgid/2.3.9 PHP/5.6.40 (internal dummy connection)"
::1 - - [07/Feb/2025:00:33:01 +0200] "OPTIONS * HTTP/1.0" 200 - "-" "Apache/2.4.6 (CentOS) OpenSSL/1.0.2k-fips mod_fcgid/2.3.9 PHP/5.6.40 (internal dummy connection)"
114.119.137.232 - - [07/Feb/2025:00:33:02 +0200] "GET /en/register?p=6 HTTP/1.1" 404 209 "http://coursearena.com/ar/register?p=6" "Mozilla/5.0 (Linux; Android 7.0;) AppleWebKit/537.36 (KHTML, like Gecko) Mobile Safari/537.36 (compatible; PetalBot;+https://webmaster.petalsearch.com/site/petalbot)"
::1 - - [07/Feb/2025:00:33:02 +0200] "OPTIONS * HTTP/1.0" 200 - "-" "Apache/2.4.6 (CentOS) OpenSSL/1.0.2k-fips mod_fcgid/2.3.9 PHP/5.6.40 (internal dummy connection)"
::1 - - [07/Feb/2025:00:33:03 +0200] "OPTIONS * HTTP/1.0" 200 - "-" "Apache/2.4.6 (CentOS) OpenSSL/1.0.2k-fips mod_fcgid/2.3.9 PHP/5.6.40 (internal dummy connection)"
::1 - - [07/Feb/2025:00:33:03 +0200] "OPTIONS * HTTP/1.0" 200 - "-" "Apache/2.4.6 (CentOS) OpenSSL/1.0.2k-fips mod_fcgid/2.3.9 PHP/5.6.40 (internal dummy connection)"
::1 - - [07/Feb/2025:00:33:03 +0200] "OPTIONS * HTTP/1.0" 200 - "-" "Apache/2.4.6 (CentOS) OpenSSL/1.0.2k-fips mod_fcgid/2.3.9 PHP/5.6.40 (internal dummy connection)"
128.199.242.91 - - [07/Feb/2025:00:32:59 +0200] "GET /2021/wp-includes/wlwmanifest.xml HTTP/1.1" 404 230 "-" "Mozilla/5.0 (Windows NT 10.0; Win64; x64) AppleWebKit/537.36 (KHTML, like Gecko) Chrome/95.0.4638.69 Safari/537.36"
::1 - - [07/Feb/2025:00:33:07 +0200] "OPTIONS * HTTP/1.0" 200 - "-" "Apache/2.4.6 (CentOS) OpenSSL/1.0.2k-fips mod_fcgid/2.3.9 PHP/5.6.40 (internal dummy connection)"
128.199.242.91 - - [07/Feb/2025:00:33:05 +0200] "GET /shop/wp-includes/wlwmanifest.xml HTTP/1.1" 404 230 "-" "Mozilla/5.0 (Windows NT 10.0; Win64; x64) AppleWebKit/537.36 (KHTML, like Gecko) Chrome/95.0.4638.69 Safari/537.36"
::1 - - [07/Feb/2025:00:33:10 +0200] "OPTIONS * HTTP/1.0" 200 - "-" "Apache/2.4.6 (CentOS) OpenSSL/1.0.2k-fips mod_fcgid/2.3.9 PHP/5.6.40 (internal dummy connection)"
128.199.242.91 - - [07/Feb/2025:00:33:10 +0200] "GET /wp1/wp-includes/wlwmanifest.xml HTTP/1.1" 404 229 "-" "Mozilla/5.0 (Windows NT 10.0; Win64; x64) AppleWebKit/537.36 (KHTML, like Gecko) Chrome/95.0.4638.69 Safari/537.36"
185.191.171.11 - - [07/Feb/2025:00:33:19 +0200] "GET /ar/course/48 HTTP/1.1" 404 210 "-" "Mozilla/5.0 (compatible; SemrushBot/7~bl; +http://www.semrush.com/bot.html)"
128.199.242.91 - - [07/Feb/2025:00:33:16 +0200] "GET /test/wp-includes/wlwmanifest.xml HTTP/1.1" 404 230 "-" "Mozilla/5.0 (Windows NT 10.0; Win64; x64) AppleWebKit/537.36 (KHTML, like Gecko) Chrome/95.0.4638.69 Safari/537.36"
128.199.242.91 - - [07/Feb/2025:00:33:21 +0200] "GET /site/wp-includes/wlwmanifest.xml HTTP/1.1" 404 230 "-" "Mozilla/5.0 (Windows NT 10.0; Win64; x64) AppleWebKit/537.36 (KHTML, like Gecko) Chrome/95.0.4638.69 Safari/537.36"
::1 - - [07/Feb/2025:00:33:26 +0200] "OPTIONS * HTTP/1.0" 200 - "-" "Apache/2.4.6 (CentOS) OpenSSL/1.0.2k-fips mod_fcgid/2.3.9 PHP/5.6.40 (internal dummy connection)"
128.199.242.91 - - [07/Feb/2025:00:33:26 +0200] "GET /cms/wp-includes/wlwmanifest.xml HTTP/1.1" 404 229 "-" "Mozilla/5.0 (Windows NT 10.0; Win64; x64) AppleWebKit/537.36 (KHTML, like Gecko) Chrome/95.0.4638.69 Safari/537.36"
87.236.176.45 - - [07/Feb/2025:00:34:43 +0200] "GET / HTTP/1.1" 200 381 "-" "Mozilla/5.0 (compatible; InternetMeasurement/1.0; +https://internet-measurement.com/)"
54.36.148.87 - - [07/Feb/2025:00:35:37 +0200] "GET /en/user/153 HTTP/1.1" 404 209 "-" "Mozilla/5.0 (compatible; AhrefsBot/7.0; +http://ahrefs.com/robot/)"
114.119.151.126 - - [07/Feb/2025:00:38:02 +0200] "GET /ar/user/35 HTTP/1.1" 404 208 "http://coursearena.com/en/user/35" "Mozilla/5.0 (Linux; Android 7.0;) AppleWebKit/537.36 (KHTML, like Gecko) Mobile Safari/537.36 (compatible; PetalBot;+https://webmaster.petalsearch.com/site/petalbot)"
37.139.53.80 - - [07/Feb/2025:00:40:37 +0200] "GET / HTTP/1.0" 200 902 "http://coursearena.com/" "Mozilla/5.0 (Windows NT 6.1; WOW64) AppleWebKit/537.36 (KHTML, like Gecko) Chrome/103.0.0.0 Safari/537.36"
114.119.151.126 - - [07/Feb/2025:00:43:03 +0200] "GET /ar/course/15 HTTP/1.1" 404 210 "http://coursearena.com/ar/course/15" "Mozilla/5.0 (Linux; Android 7.0;) AppleWebKit/537.36 (KHTML, like Gecko) Mobile Safari/537.36 (compatible; PetalBot;+https://webmaster.petalsearch.com/site/petalbot)"
139.59.77.246 - - [07/Feb/2025:00:43:53 +0200] "HEAD / HTTP/1.1" 200 - "-" "curl/7.88.1"
139.59.77.246 - - [07/Feb/2025:00:43:53 +0200] "GET /assets/plugins/jquery.filer/php/readme.txt HTTP/1.1" 404 240 "-" "Mozilla/5.0 (Windows NT 10.0; Win64; x64) AppleWebKit/537.36 (KHTML, like Gecko) Chrome/99.0.4859.172 Safari/537.36"
139.59.77.246 - - [07/Feb/2025:00:43:54 +0200] "GET /assets/vendor/jquery.filer/php/readme.txt HTTP/1.1" 404 239 "-" "Mozilla/5.0 (Windows NT 10.0; Win64; x64) AppleWebKit/537.36 (KHTML, like Gecko) Chrome/99.0.4859.172 Safari/537.36"
139.59.77.246 - - [07/Feb/2025:00:43:54 +0200] "GET /plugins/jquery.filer/php/readme.txt HTTP/1.1" 404 233 "-" "Mozilla/5.0 (Windows NT 10.0; Win64; x64) AppleWebKit/537.36 (KHTML, like Gecko) Chrome/99.0.4859.172 Safari/537.36"
139.59.77.246 - - [07/Feb/2025:00:43:55 +0200] "GET /assets/admin/bower_components/jquery.filer/php/readme.txt HTTP/1.1" 404 255 "-" "Mozilla/5.0 (Windows NT 10.0; Win64; x64) AppleWebKit/537.36 (KHTML, like Gecko) Chrome/99.0.4859.172 Safari/537.36"
139.59.77.246 - - [07/Feb/2025:00:43:55 +0200] "GET /jquery.filer/php/readme.txt HTTP/1.1" 404 225 "-" "Mozilla/5.0 (Windows NT 10.0; Win64; x64) AppleWebKit/537.36 (KHTML, like Gecko) Chrome/99.0.4859.172 Safari/537.36"
51.8.102.182 - - [07/Feb/2025:00:46:20 +0200] "GET /robots.txt HTTP/1.1" 404 208 "-" "Mozilla/5.0 (Macintosh; Intel Mac OS X 10_15_7) AppleWebKit/537.36 (KHTML, like Gecko) Chrome/131.0.0.0 Safari/537.36; compatible; OAI-SearchBot/1.0; +https://openai.com/searchbot"
37.139.53.80 - - [07/Feb/2025:00:48:32 +0200] "GET / HTTP/1.0" 200 902 "http://coursearena.com/" "Mozilla/5.0 (Windows NT 6.1; WOW64) AppleWebKit/537.36 (KHTML, like Gecko) Chrome/103.0.0.0 Safari/537.36"
178.95.107.6 - - [07/Feb/2025:00:53:07 +0200] "GET / HTTP/1.0" 200 902 "http://coursearena.com/" "Mozilla/5.0 (Windows NT 6.2; Win64; x64) AppleWebKit/537.36 (KHTML, like Gecko) Chrome/103.0.0.0 Safari/537.36"
103.131.71.23 - - [07/Feb/2025:00:55:26 +0200] "GET /robots.txt HTTP/1.1" 404 208 "-" "Mozilla/5.0 (compatible; coccocbot-image/1.0; +http://help.coccoc.com/searchengine)"
::1 - - [07/Feb/2025:01:00:03 +0200] "OPTIONS * HTTP/1.0" 200 - "-" "Apache/2.4.6 (CentOS) OpenSSL/1.0.2k-fips mod_fcgid/2.3.9 PHP/5.6.40 (internal dummy connection)"
51.8.102.107 - - [07/Feb/2025:01:01:09 +0200] "GET /robots.txt HTTP/1.1" 404 208 "-" "Mozilla/5.0 (Macintosh; Intel Mac OS X 10_15_7) AppleWebKit/537.36 (KHTML, like Gecko) Chrome/131.0.0.0 Safari/537.36; compatible; OAI-SearchBot/1.0; +https://openai.com/searchbot"
46.19.138.234 - - [07/Feb/2025:01:08:41 +0200] "GET / HTTP/1.1" 200 384 "-" "Mozilla/5.0 (Windows NT 10.0; Win64; x64) AppleWebKit/537.36 (KHTML, like Gecko) Chrome/90.0.4430.85 Safari/537.36 Edg/90.0.818.46"
54.36.149.29 - - [07/Feb/2025:01:09:03 +0200] "GET /ar/course/62 HTTP/1.1" 404 210 "-" "Mozilla/5.0 (compatible; AhrefsBot/7.0; +http://ahrefs.com/robot/)"
86.143.131.186 - - [07/Feb/2025:01:12:35 +0200] "GET /.env HTTP/1.1" 404 202 "-" "Mozilla/5.0 (Linux; U; Android 4.4.2; en-US; HM NOTE 1W Build/KOT49H) AppleWebKit/534.30 (KHTML, like Gecko) Version/4.0 UCBrowser/11.0.5.850 U3/0.8.0 Mobile Safari/534.30"
86.143.131.186 - - [07/Feb/2025:01:12:36 +0200] "POST / HTTP/1.1" 404 198 "-" "Mozilla/5.0 (Linux; U; Android 4.4.2; en-US; HM NOTE 1W Build/KOT49H) AppleWebKit/534.30 (KHTML, like Gecko) Version/4.0 UCBrowser/11.0.5.850 U3/0.8.0 Mobile Safari/534.30"
49.51.72.76 - - [07/Feb/2025:01:13:21 +0200] "GET /?C=M;O=A HTTP/1.1" 200 384 "-" "Mozilla/5.0 (iPhone; CPU iPhone OS 13_2_3 like Mac OS X) AppleWebKit/605.1.15 (KHTML, like Gecko) Version/13.0.3 Mobile/15E148 Safari/604.1"
114.119.152.69 - - [07/Feb/2025:01:13:22 +0200] "GET /en/portal/checkFavorites/48?t=item HTTP/1.1" 404 225 "http://coursearena.com/en/course/48" "Mozilla/5.0 (Linux; Android 7.0;) AppleWebKit/537.36 (KHTML, like Gecko) Mobile Safari/537.36 (compatible; PetalBot;+https://webmaster.petalsearch.com/site/petalbot)"
86.143.131.186 - - [07/Feb/2025:01:13:45 +0200] "GET /vendor/phpunit/phpunit/src/Util/PHP/eval-stdin.php HTTP/1.1" 404 248 "-" "python-requests/2.32.3"
124.156.225.181 - - [07/Feb/2025:01:17:50 +0200] "GET /?C=D;O=A HTTP/1.1" 200 384 "-" "Mozilla/5.0 (iPhone; CPU iPhone OS 13_2_3 like Mac OS X) AppleWebKit/605.1.15 (KHTML, like Gecko) Version/13.0.3 Mobile/15E148 Safari/604.1"
43.130.57.46 - - [07/Feb/2025:01:19:56 +0200] "GET /?C=S;O=A HTTP/1.1" 200 385 "-" "Mozilla/5.0 (iPhone; CPU iPhone OS 13_2_3 like Mac OS X) AppleWebKit/605.1.15 (KHTML, like Gecko) Version/13.0.3 Mobile/15E148 Safari/604.1"
37.139.53.80 - - [07/Feb/2025:01:20:41 +0200] "GET / HTTP/1.0" 200 902 "http://coursearena.com/" "Mozilla/5.0 (Windows NT 10.0) AppleWebKit/537.36 (KHTML, like Gecko) Chrome/103.0.0.0 Safari/537.36"
37.139.53.80 - - [07/Feb/2025:01:27:58 +0200] "GET / HTTP/1.0" 200 902 "http://coursearena.com/" "Mozilla/5.0 (Windows NT 10.0; Win64; x64) AppleWebKit/537.36 (KHTML, like Gecko) Chrome/103.0.0.0 Safari/537.36"
114.119.140.206 - - [07/Feb/2025:01:28:21 +0200] "GET /ar/user/155 HTTP/1.1" 404 209 "http://coursearena.com/en/user/155" "Mozilla/5.0 (Linux; Android 7.0;) AppleWebKit/537.36 (KHTML, like Gecko) Mobile Safari/537.36 (compatible; PetalBot;+https://webmaster.petalsearch.com/site/petalbot)"
43.135.142.37 - - [07/Feb/2025:01:29:34 +0200] "GET /access.log HTTP/1.1" 200 82418 "-" "Mozilla/5.0 (iPhone; CPU iPhone OS 13_2_3 like Mac OS X) AppleWebKit/605.1.15 (KHTML, like Gecko) Version/13.0.3 Mobile/15E148 Safari/604.1"
49.51.180.2 - - [07/Feb/2025:01:29:59 +0200] "GET /error.log HTTP/1.1" 200 3386 "-" "Mozilla/5.0 (iPhone; CPU iPhone OS 13_2_3 like Mac OS X) AppleWebKit/605.1.15 (KHTML, like Gecko) Version/13.0.3 Mobile/15E148 Safari/604.1"
185.49.126.146 - - [07/Feb/2025:01:32:25 +0200] "GET / HTTP/1.1" 200 385 "-" "Mozilla/5.0 (Windows NT 10.0; Win64; x64) AppleWebKit/537.36 (KHTML, like Gecko) Chrome/93.0.4577.63 Safari/537.36"
185.49.126.146 - - [07/Feb/2025:01:32:25 +0200] "GET / HTTP/1.1" 200 382 "-" "Mozilla/5.0 (Windows NT 10.0; Win64; x64) AppleWebKit/537.36 (KHTML, like Gecko) Chrome/93.0.4577.63 Safari/537.36"
185.49.126.146 - - [07/Feb/2025:01:32:25 +0200] "GET /contact HTTP/1.1" 404 205 "-" "Mozilla/5.0 (Windows NT 10.0; Win64; x64) AppleWebKit/537.36 (KHTML, like Gecko) Chrome/93.0.4577.63 Safari/537.36"
43.135.182.95 - - [07/Feb/2025:01:38:43 +0200] "GET /error.log HTTP/1.1" 200 3386 "-" "Mozilla/5.0 (iPhone; CPU iPhone OS 13_2_3 like Mac OS X) AppleWebKit/605.1.15 (KHTML, like Gecko) Version/13.0.3 Mobile/15E148 Safari/604.1"
49.51.180.2 - - [07/Feb/2025:01:39:31 +0200] "GET /?C=N;O=D HTTP/1.1" 200 383 "-" "Mozilla/5.0 (iPhone; CPU iPhone OS 13_2_3 like Mac OS X) AppleWebKit/605.1.15 (KHTML, like Gecko) Version/13.0.3 Mobile/15E148 Safari/604.1"
66.249.66.32 - - [07/Feb/2025:01:42:29 +0200] "GET /robots.txt HTTP/1.1" 404 208 "-" "Mozilla/5.0 (compatible; Googlebot/2.1; +http://www.google.com/bot.html)"
66.249.66.45 - - [07/Feb/2025:01:42:30 +0200] "GET /ads.txt HTTP/1.1" 404 205 "-" "Mozilla/5.0 (compatible; Googlebot/2.1; +http://www.google.com/bot.html)"
89.104.111.85 - - [07/Feb/2025:01:43:45 +0200] "GET / HTTP/1.1" 200 384 "-" "Mozilla/5.0 (Windows NT 10.0; Win64; x64) AppleWebKit/537.36 (KHTML, like Gecko) Chrome/94.0.4606.61 Safari/537.36"
154.223.139.164 - - [07/Feb/2025:01:43:45 +0200] "GET /favicon.ico HTTP/1.1" 404 209 "-" "Mozilla/5.0 (Windows NT 10.0; Win64; x64) AppleWebKit/537.36 (KHTML, like Gecko) Chrome/94.0.4606.61 Safari/537.36"
54.36.149.88 - - [07/Feb/2025:01:44:12 +0200] "GET /ar/course/47 HTTP/1.1" 404 210 "-" "Mozilla/5.0 (compatible; AhrefsBot/7.0; +http://ahrefs.com/robot/)"
::1 - - [07/Feb/2025:01:44:30 +0200] "OPTIONS * HTTP/1.0" 200 - "-" "Apache/2.4.6 (CentOS) OpenSSL/1.0.2k-fips mod_fcgid/2.3.9 PHP/5.6.40 (internal dummy connection)"
::1 - - [07/Feb/2025:01:44:31 +0200] "OPTIONS * HTTP/1.0" 200 - "-" "Apache/2.4.6 (CentOS) OpenSSL/1.0.2k-fips mod_fcgid/2.3.9 PHP/5.6.40 (internal dummy connection)"
43.153.102.138 - - [07/Feb/2025:01:49:21 +0200] "GET /?C=N;O=D HTTP/1.1" 200 383 "-" "Mozilla/5.0 (iPhone; CPU iPhone OS 13_2_3 like Mac OS X) AppleWebKit/605.1.15 (KHTML, like Gecko) Version/13.0.3 Mobile/15E148 Safari/604.1"
43.159.152.184 - - [07/Feb/2025:01:51:35 +0200] "GET /?C=D;O=A HTTP/1.1" 200 385 "-" "Mozilla/5.0 (iPhone; CPU iPhone OS 13_2_3 like Mac OS X) AppleWebKit/605.1.15 (KHTML, like Gecko) Version/13.0.3 Mobile/15E148 Safari/604.1"
::1 - - [07/Feb/2025:01:51:48 +0200] "OPTIONS * HTTP/1.0" 200 - "-" "Apache/2.4.6 (CentOS) OpenSSL/1.0.2k-fips mod_fcgid/2.3.9 PHP/5.6.40 (internal dummy connection)"
::1 - - [07/Feb/2025:01:51:49 +0200] "OPTIONS * HTTP/1.0" 200 - "-" "Apache/2.4.6 (CentOS) OpenSSL/1.0.2k-fips mod_fcgid/2.3.9 PHP/5.6.40 (internal dummy connection)"
::1 - - [07/Feb/2025:01:51:50 +0200] "OPTIONS * HTTP/1.0" 200 - "-" "Apache/2.4.6 (CentOS) OpenSSL/1.0.2k-fips mod_fcgid/2.3.9 PHP/5.6.40 (internal dummy connection)"
::1 - - [07/Feb/2025:01:51:51 +0200] "OPTIONS * HTTP/1.0" 200 - "-" "Apache/2.4.6 (CentOS) OpenSSL/1.0.2k-fips mod_fcgid/2.3.9 PHP/5.6.40 (internal dummy connection)"
::1 - - [07/Feb/2025:01:51:52 +0200] "OPTIONS * HTTP/1.0" 200 - "-" "Apache/2.4.6 (CentOS) OpenSSL/1.0.2k-fips mod_fcgid/2.3.9 PHP/5.6.40 (internal dummy connection)"
::1 - - [07/Feb/2025:01:51:53 +0200] "OPTIONS * HTTP/1.0" 200 - "-" "Apache/2.4.6 (CentOS) OpenSSL/1.0.2k-fips mod_fcgid/2.3.9 PHP/5.6.40 (internal dummy connection)"
::1 - - [07/Feb/2025:01:51:53 +0200] "OPTIONS * HTTP/1.0" 200 - "-" "Apache/2.4.6 (CentOS) OpenSSL/1.0.2k-fips mod_fcgid/2.3.9 PHP/5.6.40 (internal dummy connection)"
::1 - - [07/Feb/2025:01:51:54 +0200] "OPTIONS * HTTP/1.0" 200 - "-" "Apache/2.4.6 (CentOS) OpenSSL/1.0.2k-fips mod_fcgid/2.3.9 PHP/5.6.40 (internal dummy connection)"
::1 - - [07/Feb/2025:01:51:55 +0200] "OPTIONS * HTTP/1.0" 200 - "-" "Apache/2.4.6 (CentOS) OpenSSL/1.0.2k-fips mod_fcgid/2.3.9 PHP/5.6.40 (internal dummy connection)"
::1 - - [07/Feb/2025:01:51:56 +0200] "OPTIONS * HTTP/1.0" 200 - "-" "Apache/2.4.6 (CentOS) OpenSSL/1.0.2k-fips mod_fcgid/2.3.9 PHP/5.6.40 (internal dummy connection)"
::1 - - [07/Feb/2025:01:51:57 +0200] "OPTIONS * HTTP/1.0" 200 - "-" "Apache/2.4.6 (CentOS) OpenSSL/1.0.2k-fips mod_fcgid/2.3.9 PHP/5.6.40 (internal dummy connection)"
::1 - - [07/Feb/2025:01:51:57 +0200] "OPTIONS * HTTP/1.0" 200 - "-" "Apache/2.4.6 (CentOS) OpenSSL/1.0.2k-fips mod_fcgid/2.3.9 PHP/5.6.40 (internal dummy connection)"
::1 - - [07/Feb/2025:01:51:58 +0200] "OPTIONS * HTTP/1.0" 200 - "-" "Apache/2.4.6 (CentOS) OpenSSL/1.0.2k-fips mod_fcgid/2.3.9 PHP/5.6.40 (internal dummy connection)"
::1 - - [07/Feb/2025:01:51:58 +0200] "OPTIONS * HTTP/1.0" 200 - "-" "Apache/2.4.6 (CentOS) OpenSSL/1.0.2k-fips mod_fcgid/2.3.9 PHP/5.6.40 (internal dummy connection)"
