114.119.137.232 - - [05/Feb/2025:13:33:02 +0200] "GET /en/portal/checkFavorites/10 HTTP/1.1" 404 225 "http://coursearena.com/en/user/10" "Mozilla/5.0 (Linux; Android 7.0;) AppleWebKit/537.36 (KHTML, like Gecko) Mobile Safari/537.36 (compatible; PetalBot;+https://webmaster.petalsearch.com/site/petalbot)"
::1 - - [05/Feb/2025:13:41:28 +0200] "OPTIONS * HTTP/1.0" 200 - "-" "Apache/2.4.6 (CentOS) OpenSSL/1.0.2k-fips mod_fcgid/2.3.9 PHP/5.6.40 (internal dummy connection)"
::1 - - [05/Feb/2025:13:41:29 +0200] "OPTIONS * HTTP/1.0" 200 - "-" "Apache/2.4.6 (CentOS) OpenSSL/1.0.2k-fips mod_fcgid/2.3.9 PHP/5.6.40 (internal dummy connection)"
::1 - - [05/Feb/2025:13:41:30 +0200] "OPTIONS * HTTP/1.0" 200 - "-" "Apache/2.4.6 (CentOS) OpenSSL/1.0.2k-fips mod_fcgid/2.3.9 PHP/5.6.40 (internal dummy connection)"
::1 - - [05/Feb/2025:13:42:48 +0200] "OPTIONS * HTTP/1.0" 200 - "-" "Apache/2.4.6 (CentOS) OpenSSL/1.0.2k-fips mod_fcgid/2.3.9 PHP/5.6.40 (internal dummy connection)"
::1 - - [05/Feb/2025:13:42:49 +0200] "OPTIONS * HTTP/1.0" 200 - "-" "Apache/2.4.6 (CentOS) OpenSSL/1.0.2k-fips mod_fcgid/2.3.9 PHP/5.6.40 (internal dummy connection)"
::1 - - [05/Feb/2025:13:43:21 +0200] "OPTIONS * HTTP/1.0" 200 - "-" "Apache/2.4.6 (CentOS) OpenSSL/1.0.2k-fips mod_fcgid/2.3.9 PHP/5.6.40 (internal dummy connection)"
::1 - - [05/Feb/2025:13:43:22 +0200] "OPTIONS * HTTP/1.0" 200 - "-" "Apache/2.4.6 (CentOS) OpenSSL/1.0.2k-fips mod_fcgid/2.3.9 PHP/5.6.40 (internal dummy connection)"
::1 - - [05/Feb/2025:13:43:39 +0200] "OPTIONS * HTTP/1.0" 200 - "-" "Apache/2.4.6 (CentOS) OpenSSL/1.0.2k-fips mod_fcgid/2.3.9 PHP/5.6.40 (internal dummy connection)"
::1 - - [05/Feb/2025:13:43:58 +0200] "OPTIONS * HTTP/1.0" 200 - "-" "Apache/2.4.6 (CentOS) OpenSSL/1.0.2k-fips mod_fcgid/2.3.9 PHP/5.6.40 (internal dummy connection)"
::1 - - [05/Feb/2025:13:44:32 +0200] "OPTIONS * HTTP/1.0" 200 - "-" "Apache/2.4.6 (CentOS) OpenSSL/1.0.2k-fips mod_fcgid/2.3.9 PHP/5.6.40 (internal dummy connection)"
::1 - - [05/Feb/2025:13:50:52 +0200] "OPTIONS * HTTP/1.0" 200 - "-" "Apache/2.4.6 (CentOS) OpenSSL/1.0.2k-fips mod_fcgid/2.3.9 PHP/5.6.40 (internal dummy connection)"
::1 - - [05/Feb/2025:13:50:53 +0200] "OPTIONS * HTTP/1.0" 200 - "-" "Apache/2.4.6 (CentOS) OpenSSL/1.0.2k-fips mod_fcgid/2.3.9 PHP/5.6.40 (internal dummy connection)"
::1 - - [05/Feb/2025:13:50:54 +0200] "OPTIONS * HTTP/1.0" 200 - "-" "Apache/2.4.6 (CentOS) OpenSSL/1.0.2k-fips mod_fcgid/2.3.9 PHP/5.6.40 (internal dummy connection)"
::1 - - [05/Feb/2025:13:52:50 +0200] "OPTIONS * HTTP/1.0" 200 - "-" "Apache/2.4.6 (CentOS) OpenSSL/1.0.2k-fips mod_fcgid/2.3.9 PHP/5.6.40 (internal dummy connection)"
::1 - - [05/Feb/2025:13:55:16 +0200] "OPTIONS * HTTP/1.0" 200 - "-" "Apache/2.4.6 (CentOS) OpenSSL/1.0.2k-fips mod_fcgid/2.3.9 PHP/5.6.40 (internal dummy connection)"
::1 - - [05/Feb/2025:13:55:17 +0200] "OPTIONS * HTTP/1.0" 200 - "-" "Apache/2.4.6 (CentOS) OpenSSL/1.0.2k-fips mod_fcgid/2.3.9 PHP/5.6.40 (internal dummy connection)"
::1 - - [05/Feb/2025:13:55:18 +0200] "OPTIONS * HTTP/1.0" 200 - "-" "Apache/2.4.6 (CentOS) OpenSSL/1.0.2k-fips mod_fcgid/2.3.9 PHP/5.6.40 (internal dummy connection)"
::1 - - [05/Feb/2025:13:56:23 +0200] "OPTIONS * HTTP/1.0" 200 - "-" "Apache/2.4.6 (CentOS) OpenSSL/1.0.2k-fips mod_fcgid/2.3.9 PHP/5.6.40 (internal dummy connection)"
::1 - - [05/Feb/2025:13:56:24 +0200] "OPTIONS * HTTP/1.0" 200 - "-" "Apache/2.4.6 (CentOS) OpenSSL/1.0.2k-fips mod_fcgid/2.3.9 PHP/5.6.40 (internal dummy connection)"
::1 - - [05/Feb/2025:13:56:25 +0200] "OPTIONS * HTTP/1.0" 200 - "-" "Apache/2.4.6 (CentOS) OpenSSL/1.0.2k-fips mod_fcgid/2.3.9 PHP/5.6.40 (internal dummy connection)"
::1 - - [05/Feb/2025:13:56:30 +0200] "OPTIONS * HTTP/1.0" 200 - "-" "Apache/2.4.6 (CentOS) OpenSSL/1.0.2k-fips mod_fcgid/2.3.9 PHP/5.6.40 (internal dummy connection)"
::1 - - [05/Feb/2025:13:58:07 +0200] "OPTIONS * HTTP/1.0" 200 - "-" "Apache/2.4.6 (CentOS) OpenSSL/1.0.2k-fips mod_fcgid/2.3.9 PHP/5.6.40 (internal dummy connection)"
207.46.13.168 - - [05/Feb/2025:13:58:21 +0200] "GET /sitemap.xml.gz HTTP/1.1" 404 212 "-" "Mozilla/5.0 AppleWebKit/537.36 (KHTML, like Gecko; compatible; bingbot/2.0; +http://www.bing.com/bingbot.htm) Chrome/116.0.1938.76 Safari/537.36"
139.5.17.202 - - [05/Feb/2025:14:00:37 +0200] "GET /public/assets/site/css/font-awesome.min.css HTTP/1.1" 404 241 "-" "Mozilla/5.0 (Linux; Android 10; K) AppleWebKit/537.36 (KHTML, like Gecko) Chrome/132.0.0.0 Mobile Safari/537.36"
139.5.17.202 - - [05/Feb/2025:14:00:38 +0200] "GET /public/assets/site/css/imagehover.min.css HTTP/1.1" 404 239 "-" "Mozilla/5.0 (Linux; Android 10; K) AppleWebKit/537.36 (KHTML, like Gecko) Chrome/132.0.0.0 Mobile Safari/537.36"
139.5.17.202 - - [05/Feb/2025:14:00:38 +0200] "GET /public/assets/site/css/style-rtl.css HTTP/1.1" 404 234 "-" "Mozilla/5.0 (Linux; Android 10; K) AppleWebKit/537.36 (KHTML, like Gecko) Chrome/132.0.0.0 Mobile Safari/537.36"
139.5.17.202 - - [05/Feb/2025:14:00:38 +0200] "GET / HTTP/1.1" 200 385 "-" "Mozilla/5.0 (Linux; Android 10; K) AppleWebKit/537.36 (KHTML, like Gecko) Chrome/132.0.0.0 Mobile Safari/537.36"
139.5.17.202 - - [05/Feb/2025:14:00:38 +0200] "GET /public/assets/site/css/bootstrap-rtl.min.css HTTP/1.1" 404 242 "-" "Mozilla/5.0 (Linux; Android 10; K) AppleWebKit/537.36 (KHTML, like Gecko) Chrome/132.0.0.0 Mobile Safari/537.36"
139.5.17.202 - - [05/Feb/2025:14:00:38 +0200] "GET /public/assets/site/css/datepicker.css HTTP/1.1" 404 235 "-" "Mozilla/5.0 (Linux; Android 10; K) AppleWebKit/537.36 (KHTML, like Gecko) Chrome/132.0.0.0 Mobile Safari/537.36"
139.5.17.202 - - [05/Feb/2025:14:00:38 +0200] "GET /public/assets/site/css/rtl.css HTTP/1.1" 404 228 "-" "Mozilla/5.0 (Linux; Android 10; K) AppleWebKit/537.36 (KHTML, like Gecko) Chrome/132.0.0.0 Mobile Safari/537.36"
139.5.17.202 - - [05/Feb/2025:14:00:38 +0200] "GET /public/assets/site/css/form_register.css HTTP/1.1" 404 238 "-" "Mozilla/5.0 (Linux; Android 10; K) AppleWebKit/537.36 (KHTML, like Gecko) Chrome/132.0.0.0 Mobile Safari/537.36"
139.5.17.202 - - [05/Feb/2025:14:00:38 +0200] "GET /icons/blank.gif HTTP/1.1" 200 148 "http://coursearena.com/" "Mozilla/5.0 (Linux; Android 10; K) AppleWebKit/537.36 (KHTML, like Gecko) Chrome/132.0.0.0 Mobile Safari/537.36"
139.5.17.202 - - [05/Feb/2025:14:00:38 +0200] "GET /icons/text.gif HTTP/1.1" 200 229 "http://coursearena.com/" "Mozilla/5.0 (Linux; Android 10; K) AppleWebKit/537.36 (KHTML, like Gecko) Chrome/132.0.0.0 Mobile Safari/537.36"
139.5.17.202 - - [05/Feb/2025:14:00:38 +0200] "GET /favicon.ico HTTP/1.1" 404 209 "http://coursearena.com/" "Mozilla/5.0 (Linux; Android 10; K) AppleWebKit/537.36 (KHTML, like Gecko) Chrome/132.0.0.0 Mobile Safari/537.36"
139.5.17.202 - - [05/Feb/2025:14:00:44 +0200] "GET /?C=M;O=A HTTP/1.1" 200 385 "http://coursearena.com/" "Mozilla/5.0 (Linux; Android 10; K) AppleWebKit/537.36 (KHTML, like Gecko) Chrome/132.0.0.0 Mobile Safari/537.36"
139.5.17.202 - - [05/Feb/2025:14:00:47 +0200] "GET /?C=D;O=A HTTP/1.1" 200 385 "http://coursearena.com/?C=M;O=A" "Mozilla/5.0 (Linux; Android 10; K) AppleWebKit/537.36 (KHTML, like Gecko) Chrome/132.0.0.0 Mobile Safari/537.36"
139.5.17.202 - - [05/Feb/2025:14:00:49 +0200] "GET /access.log HTTP/1.1" 200 34761 "http://coursearena.com/?C=D;O=A" "Mozilla/5.0 (Linux; Android 10; K) AppleWebKit/537.36 (KHTML, like Gecko) Chrome/132.0.0.0 Mobile Safari/537.36"
139.5.17.202 - - [05/Feb/2025:14:00:52 +0200] "GET /error.log HTTP/1.1" 200 228 "http://coursearena.com/?C=D;O=A" "Mozilla/5.0 (Linux; Android 10; K) AppleWebKit/537.36 (KHTML, like Gecko) Chrome/132.0.0.0 Mobile Safari/537.36"
::1 - - [05/Feb/2025:14:00:59 +0200] "OPTIONS * HTTP/1.0" 200 - "-" "Apache/2.4.6 (CentOS) OpenSSL/1.0.2k-fips mod_fcgid/2.3.9 PHP/5.6.40 (internal dummy connection)"
139.5.17.202 - - [05/Feb/2025:14:01:30 +0200] "-" 408 - "-" "-"
::1 - - [05/Feb/2025:14:08:46 +0200] "OPTIONS * HTTP/1.0" 200 - "-" "Apache/2.4.6 (CentOS) OpenSSL/1.0.2k-fips mod_fcgid/2.3.9 PHP/5.6.40 (internal dummy connection)"
45.77.36.115 - - [05/Feb/2025:14:11:36 +0200] "GET / HTTP/1.1" 200 385 "https://www.quora.com/" "Mozilla/5.0 (Windows NT 10.0; Win64; x64) AppleWebKit/537.36 (KHTML, like Gecko) Chrome/119.0.0.0 Safari/537.36"
114.119.153.188 - - [05/Feb/2025:14:18:43 +0200] "GET /en/user/3 HTTP/1.1" 404 207 "http://coursearena.com/user/3" "Mozilla/5.0 (Linux; Android 7.0;) AppleWebKit/537.36 (KHTML, like Gecko) Mobile Safari/537.36 (compatible; PetalBot;+https://webmaster.petalsearch.com/site/petalbot)"
141.255.166.90 - - [05/Feb/2025:14:20:37 +0200] "GET / HTTP/1.1" 200 902 "-" "-"
87.121.84.7 - - [05/Feb/2025:14:22:18 +0200] "GET / HTTP/1.1" 200 902 "-" "-"
54.36.148.60 - - [05/Feb/2025:14:22:26 +0200] "GET /ar/course/73 HTTP/1.1" 404 210 "-" "Mozilla/5.0 (compatible; AhrefsBot/7.0; +http://ahrefs.com/robot/)"
114.119.137.232 - - [05/Feb/2025:14:23:43 +0200] "GET /en/portal/checkFavorites/35 HTTP/1.1" 404 225 "http://coursearena.com/en/user/35" "Mozilla/5.0 (Linux; Android 7.0;) AppleWebKit/537.36 (KHTML, like Gecko) Mobile Safari/537.36 (compatible; PetalBot;+https://webmaster.petalsearch.com/site/petalbot)"
37.139.53.202 - - [05/Feb/2025:14:39:09 +0200] "GET / HTTP/1.0" 200 902 "-" "Mozilla/5.0 (Windows NT 6.3; Win64; x64) AppleWebKit/537.36 (KHTML, like Gecko) Chrome/75.0.3770.100 Safari/537.36"
114.119.155.58 - - [05/Feb/2025:14:43:37 +0200] "GET /en/user/153 HTTP/1.1" 404 209 "http://coursearena.com/user/153" "Mozilla/5.0 (Linux; Android 7.0;) AppleWebKit/537.36 (KHTML, like Gecko) Mobile Safari/537.36 (compatible; PetalBot;+https://webmaster.petalsearch.com/site/petalbot)"
212.162.151.158 - - [05/Feb/2025:14:58:43 +0200] "GET /.env HTTP/1.1" 404 202 "-" "Mozilla/5.0 (X11; Linux x86_64) AppleWebKit/537.36 (KHTML, like Gecko) Chrome/81.0.4044.129 Safari/537.36"
172.203.190.129 - - [05/Feb/2025:15:01:08 +0200] "GET /robots.txt HTTP/1.1" 404 208 "-" "Mozilla/5.0 (Macintosh; Intel Mac OS X 10_15_7) AppleWebKit/537.36 (KHTML, like Gecko) Chrome/131.0.0.0 Safari/537.36; compatible; OAI-SearchBot/1.0; +https://openai.com/searchbot"
87.67.239.48 - - [05/Feb/2025:15:05:52 +0200] "GET / HTTP/1.0" 200 902 "-" "curl/7.88.1"
185.191.171.19 - - [05/Feb/2025:15:07:11 +0200] "GET /robots.txt HTTP/1.1" 404 208 "-" "Mozilla/5.0 (compatible; SemrushBot/7~bl; +http://www.semrush.com/bot.html)"
185.191.171.8 - - [05/Feb/2025:15:07:12 +0200] "GET /course/47 HTTP/1.1" 404 207 "-" "Mozilla/5.0 (compatible; SemrushBot/7~bl; +http://www.semrush.com/bot.html)"
54.36.148.40 - - [05/Feb/2025:15:09:21 +0200] "GET /en/course/73 HTTP/1.1" 404 210 "-" "Mozilla/5.0 (compatible; AhrefsBot/7.0; +http://ahrefs.com/robot/)"
51.8.102.80 - - [05/Feb/2025:15:09:39 +0200] "GET /robots.txt HTTP/1.1" 404 208 "-" "Mozilla/5.0 (Macintosh; Intel Mac OS X 10_15_7) AppleWebKit/537.36 (KHTML, like Gecko) Chrome/131.0.0.0 Safari/537.36; compatible; OAI-SearchBot/1.0; +https://openai.com/searchbot"
38.180.93.12 - - [05/Feb/2025:15:10:34 +0200] "GET /.env HTTP/1.1" 404 202 "http://188.40.194.225:80/.env" "Mozilla/5.0 (Windows NT 6.1; rv:33.0) Gecko/20100101 Firefox/33.0"
212.162.151.158 - - [05/Feb/2025:15:16:25 +0200] "POST / HTTP/1.1" 404 198 "-" "Mozilla/5.0 (X11; Linux x86_64) AppleWebKit/537.36 (KHTML, like Gecko) Chrome/81.0.4044.129 Safari/537.36"
15.235.15.135 - - [05/Feb/2025:15:25:19 +0200] "GET / HTTP/1.1" 200 902 "-" "-"
38.180.93.12 - - [05/Feb/2025:15:26:32 +0200] "GET /.env HTTP/1.1" 404 202 "http://188.40.194.225:80/.env" "Mozilla/5.0 (Windows NT 6.1; rv:33.0) Gecko/20100101 Firefox/33.0"
198.235.24.74 - - [05/Feb/2025:15:29:38 +0200] "GET / HTTP/1.1" 200 902 "-" "Expanse, a Palo Alto Networks company, searches across the global IPv4 space multiple times per day to identify customers' presences on the Internet. If you would like to be excluded from our scans, please send IP addresses/domains to: scaninfo@paloaltonetworks.com"
86.143.131.186 - - [05/Feb/2025:15:38:02 +0200] "GET /.env HTTP/1.1" 404 202 "-" "python-requests/2.32.3"
86.143.131.186 - - [05/Feb/2025:15:38:51 +0200] "GET /.env.example HTTP/1.1" 404 210 "-" "python-requests/2.32.3"
86.143.131.186 - - [05/Feb/2025:15:39:06 +0200] "GET /.env HTTP/1.1" 404 202 "-" "python-requests/2.32.3"
86.143.131.186 - - [05/Feb/2025:15:39:25 +0200] "GET /.env.example HTTP/1.1" 404 210 "-" "python-requests/2.32.3"
103.131.71.52 - - [05/Feb/2025:15:40:19 +0200] "GET /robots.txt HTTP/1.1" 404 208 "-" "Mozilla/5.0 (compatible; coccocbot-image/1.0; +http://help.coccoc.com/searchengine)"
46.19.138.234 - - [05/Feb/2025:15:42:37 +0200] "GET / HTTP/1.1" 200 384 "-" "Mozilla/5.0 (Windows NT 10.0; Win64; x64) AppleWebKit/537.36 (KHTML, like Gecko) Chrome/90.0.4430.85 Safari/537.36 Edg/90.0.818.46"
47.237.115.100 - - [05/Feb/2025:15:43:38 +0200] "\x16\x03\x01" 400 226 "-" "-"
196.115.104.181 - - [05/Feb/2025:15:53:14 +0200] "GET /.env HTTP/1.1" 404 202 "-" "Mozilla/5.0 (Linux; U; Android 4.4.2; en-US; HM NOTE 1W Build/KOT49H) AppleWebKit/534.30 (KHTML, like Gecko) Version/4.0 UCBrowser/11.0.5.850 U3/0.8.0 Mobile Safari/534.30"
196.115.104.181 - - [05/Feb/2025:15:53:14 +0200] "POST / HTTP/1.1" 404 198 "-" "Mozilla/5.0 (Linux; U; Android 4.4.2; en-US; HM NOTE 1W Build/KOT49H) AppleWebKit/534.30 (KHTML, like Gecko) Version/4.0 UCBrowser/11.0.5.850 U3/0.8.0 Mobile Safari/534.30"
196.115.104.181 - - [05/Feb/2025:15:53:19 +0200] "GET /vendor/phpunit/phpunit/src/Util/PHP/eval-stdin.php HTTP/1.1" 404 248 "-" "python-requests/2.28.1"
194.180.179.78 - - [05/Feb/2025:15:59:39 +0200] "GET / HTTP/1.1" 200 385 "-" "Mozilla/5.0 (Windows NT 10.0; Win64; x64) AppleWebKit/537.36 (KHTML, like Gecko) Chrome/91.0.4472.124 Safari/537.36"
193.19.204.238 - - [05/Feb/2025:15:59:39 +0200] "GET /favicon.ico HTTP/1.1" 404 209 "-" "Go-http-client/1.1"
::1 - - [05/Feb/2025:16:01:11 +0200] "OPTIONS * HTTP/1.0" 200 - "-" "Apache/2.4.6 (CentOS) OpenSSL/1.0.2k-fips mod_fcgid/2.3.9 PHP/5.6.40 (internal dummy connection)"
151.235.38.142 - - [05/Feb/2025:16:02:58 +0200] "GET / HTTP/1.1" 200 902 "-" "Mozilla/5.0 (Macintosh; Intel Mac OS X 10_11_6) AppleWebKit/601.7.7 (KHTML, like Gecko) Version/9.1.2 Safari/601.7.7"
54.36.148.38 - - [05/Feb/2025:16:03:22 +0200] "GET /plans?t=3 HTTP/1.1" 404 203 "-" "Mozilla/5.0 (compatible; AhrefsBot/7.0; +http://ahrefs.com/robot/)"
179.43.191.146 - - [05/Feb/2025:16:05:41 +0200] "GET / HTTP/1.1" 200 385 "-" "Mozilla/5.0 (Windows NT 10.0; Win64; x64) AppleWebKit/537.36 (KHTML, like Gecko) Chrome/90.0.4430.85 Safari/537.36 Edg/90.0.818.46"
194.26.192.180 - - [05/Feb/2025:16:06:38 +0200] "GET /.env HTTP/1.1" 404 202 "-" "Mozilla/5.0 (Macintosh; Intel Mac OS X 10.15; rv:77.0) Gecko/20100101 Firefox/77.0"
::1 - - [05/Feb/2025:16:11:32 +0200] "OPTIONS * HTTP/1.0" 200 - "-" "Apache/2.4.6 (CentOS) OpenSSL/1.0.2k-fips mod_fcgid/2.3.9 PHP/5.6.40 (internal dummy connection)"
::1 - - [05/Feb/2025:16:11:33 +0200] "OPTIONS * HTTP/1.0" 200 - "-" "Apache/2.4.6 (CentOS) OpenSSL/1.0.2k-fips mod_fcgid/2.3.9 PHP/5.6.40 (internal dummy connection)"
::1 - - [05/Feb/2025:16:11:34 +0200] "OPTIONS * HTTP/1.0" 200 - "-" "Apache/2.4.6 (CentOS) OpenSSL/1.0.2k-fips mod_fcgid/2.3.9 PHP/5.6.40 (internal dummy connection)"
::1 - - [05/Feb/2025:16:11:35 +0200] "OPTIONS * HTTP/1.0" 200 - "-" "Apache/2.4.6 (CentOS) OpenSSL/1.0.2k-fips mod_fcgid/2.3.9 PHP/5.6.40 (internal dummy connection)"
::1 - - [05/Feb/2025:16:11:36 +0200] "OPTIONS * HTTP/1.0" 200 - "-" "Apache/2.4.6 (CentOS) OpenSSL/1.0.2k-fips mod_fcgid/2.3.9 PHP/5.6.40 (internal dummy connection)"
::1 - - [05/Feb/2025:16:11:37 +0200] "OPTIONS * HTTP/1.0" 200 - "-" "Apache/2.4.6 (CentOS) OpenSSL/1.0.2k-fips mod_fcgid/2.3.9 PHP/5.6.40 (internal dummy connection)"
::1 - - [05/Feb/2025:16:11:37 +0200] "OPTIONS * HTTP/1.0" 200 - "-" "Apache/2.4.6 (CentOS) OpenSSL/1.0.2k-fips mod_fcgid/2.3.9 PHP/5.6.40 (internal dummy connection)"
66.63.187.168 - - [05/Feb/2025:16:12:31 +0200] "GET /.env HTTP/1.1" 404 202 "-" "Mozilla/5.0 (Windows NT 10.0; Win64; x64) AppleWebKit/537.36 (KHTML, like Gecko) Chrome/131.0.0.0 Safari/537.36"
66.63.187.168 - - [05/Feb/2025:16:12:31 +0200] "POST / HTTP/1.1" 404 198 "-" "Mozilla/5.0 (Windows NT 10.0; Win64; x64) AppleWebKit/537.36 (KHTML, like Gecko) Chrome/131.0.0.0 Safari/537.36"
66.63.187.168 - - [05/Feb/2025:16:12:34 +0200] "GET /api/index.php/v1/config/application?public=true&page%5Boffset%5D=0&page%5Blimit%5D=60 HTTP/1.1" 404 233 "-" "Mozilla/5.0 (Windows NT 10.0; Win64; x64) AppleWebKit/537.36 (KHTML, like Gecko) Chrome/131.0.0.0 Safari/537.36"
104.209.34.203 - - [05/Feb/2025:16:15:41 +0200] "GET /hudson HTTP/1.1" 404 204 "-" "Mozilla/5.0 zgrab/0.x"
78.153.140.148 - - [05/Feb/2025:16:20:21 +0200] "GET /.env HTTP/1.1" 404 202 "-" "Mozilla/5.0 (Windows NT 10.0; Win64; x64) AppleWebKit/537.36 (KHTML, like Gecko) Chrome/116.0.5845.140 Safari/537.36"
78.153.140.148 - - [05/Feb/2025:16:20:21 +0200] "POST / HTTP/1.1" 404 198 "-" "Mozilla/5.0 (Windows NT 10.0; Win64; x64) AppleWebKit/537.36 (KHTML, like Gecko) Chrome/116.0.5845.140 Safari/537.36"
86.143.131.186 - - [05/Feb/2025:16:20:47 +0200] "GET /.env HTTP/1.1" 404 202 "-" "python-requests/2.32.3"
86.143.131.186 - - [05/Feb/2025:16:21:08 +0200] "GET /.env.example HTTP/1.1" 404 210 "-" "python-requests/2.32.3"
51.44.169.221 - - [05/Feb/2025:16:21:11 +0200] "GET /wp-content/themes/digital-download/up.php HTTP/1.1" 404 239 "-" "Mozlila/5.0 (Linux; Android 7.0; SM-G892A Bulid/NRD90M; wv) AppleWebKit/537.36 (KHTML, like Gecko) Version/4.0 Chrome/60.0.3112.107 Moblie Safari/537.36"
::1 - - [05/Feb/2025:16:21:24 +0200] "OPTIONS * HTTP/1.0" 200 - "-" "Apache/2.4.6 (CentOS) OpenSSL/1.0.2k-fips mod_fcgid/2.3.9 PHP/5.6.40 (internal dummy connection)"
::1 - - [05/Feb/2025:16:21:26 +0200] "OPTIONS * HTTP/1.0" 200 - "-" "Apache/2.4.6 (CentOS) OpenSSL/1.0.2k-fips mod_fcgid/2.3.9 PHP/5.6.40 (internal dummy connection)"
::1 - - [05/Feb/2025:16:21:33 +0200] "OPTIONS * HTTP/1.0" 200 - "-" "Apache/2.4.6 (CentOS) OpenSSL/1.0.2k-fips mod_fcgid/2.3.9 PHP/5.6.40 (internal dummy connection)"
::1 - - [05/Feb/2025:16:21:34 +0200] "OPTIONS * HTTP/1.0" 200 - "-" "Apache/2.4.6 (CentOS) OpenSSL/1.0.2k-fips mod_fcgid/2.3.9 PHP/5.6.40 (internal dummy connection)"
::1 - - [05/Feb/2025:16:21:35 +0200] "OPTIONS * HTTP/1.0" 200 - "-" "Apache/2.4.6 (CentOS) OpenSSL/1.0.2k-fips mod_fcgid/2.3.9 PHP/5.6.40 (internal dummy connection)"
::1 - - [05/Feb/2025:16:21:36 +0200] "OPTIONS * HTTP/1.0" 200 - "-" "Apache/2.4.6 (CentOS) OpenSSL/1.0.2k-fips mod_fcgid/2.3.9 PHP/5.6.40 (internal dummy connection)"
::1 - - [05/Feb/2025:16:21:38 +0200] "OPTIONS * HTTP/1.0" 200 - "-" "Apache/2.4.6 (CentOS) OpenSSL/1.0.2k-fips mod_fcgid/2.3.9 PHP/5.6.40 (internal dummy connection)"
::1 - - [05/Feb/2025:16:23:27 +0200] "OPTIONS * HTTP/1.0" 200 - "-" "Apache/2.4.6 (CentOS) OpenSSL/1.0.2k-fips mod_fcgid/2.3.9 PHP/5.6.40 (internal dummy connection)"
::1 - - [05/Feb/2025:16:23:28 +0200] "OPTIONS * HTTP/1.0" 200 - "-" "Apache/2.4.6 (CentOS) OpenSSL/1.0.2k-fips mod_fcgid/2.3.9 PHP/5.6.40 (internal dummy connection)"
::1 - - [05/Feb/2025:16:23:29 +0200] "OPTIONS * HTTP/1.0" 200 - "-" "Apache/2.4.6 (CentOS) OpenSSL/1.0.2k-fips mod_fcgid/2.3.9 PHP/5.6.40 (internal dummy connection)"
::1 - - [05/Feb/2025:16:23:30 +0200] "OPTIONS * HTTP/1.0" 200 - "-" "Apache/2.4.6 (CentOS) OpenSSL/1.0.2k-fips mod_fcgid/2.3.9 PHP/5.6.40 (internal dummy connection)"
::1 - - [05/Feb/2025:16:23:31 +0200] "OPTIONS * HTTP/1.0" 200 - "-" "Apache/2.4.6 (CentOS) OpenSSL/1.0.2k-fips mod_fcgid/2.3.9 PHP/5.6.40 (internal dummy connection)"
::1 - - [05/Feb/2025:16:23:32 +0200] "OPTIONS * HTTP/1.0" 200 - "-" "Apache/2.4.6 (CentOS) OpenSSL/1.0.2k-fips mod_fcgid/2.3.9 PHP/5.6.40 (internal dummy connection)"
::1 - - [05/Feb/2025:16:23:32 +0200] "OPTIONS * HTTP/1.0" 200 - "-" "Apache/2.4.6 (CentOS) OpenSSL/1.0.2k-fips mod_fcgid/2.3.9 PHP/5.6.40 (internal dummy connection)"
::1 - - [05/Feb/2025:16:23:33 +0200] "OPTIONS * HTTP/1.0" 200 - "-" "Apache/2.4.6 (CentOS) OpenSSL/1.0.2k-fips mod_fcgid/2.3.9 PHP/5.6.40 (internal dummy connection)"
::1 - - [05/Feb/2025:16:23:33 +0200] "OPTIONS * HTTP/1.0" 200 - "-" "Apache/2.4.6 (CentOS) OpenSSL/1.0.2k-fips mod_fcgid/2.3.9 PHP/5.6.40 (internal dummy connection)"
::1 - - [05/Feb/2025:16:23:34 +0200] "OPTIONS * HTTP/1.0" 200 - "-" "Apache/2.4.6 (CentOS) OpenSSL/1.0.2k-fips mod_fcgid/2.3.9 PHP/5.6.40 (internal dummy connection)"
::1 - - [05/Feb/2025:16:23:34 +0200] "OPTIONS * HTTP/1.0" 200 - "-" "Apache/2.4.6 (CentOS) OpenSSL/1.0.2k-fips mod_fcgid/2.3.9 PHP/5.6.40 (internal dummy connection)"
::1 - - [05/Feb/2025:16:23:35 +0200] "OPTIONS * HTTP/1.0" 200 - "-" "Apache/2.4.6 (CentOS) OpenSSL/1.0.2k-fips mod_fcgid/2.3.9 PHP/5.6.40 (internal dummy connection)"
::1 - - [05/Feb/2025:16:23:36 +0200] "OPTIONS * HTTP/1.0" 200 - "-" "Apache/2.4.6 (CentOS) OpenSSL/1.0.2k-fips mod_fcgid/2.3.9 PHP/5.6.40 (internal dummy connection)"
::1 - - [05/Feb/2025:16:23:36 +0200] "OPTIONS * HTTP/1.0" 200 - "-" "Apache/2.4.6 (CentOS) OpenSSL/1.0.2k-fips mod_fcgid/2.3.9 PHP/5.6.40 (internal dummy connection)"
::1 - - [05/Feb/2025:16:23:37 +0200] "OPTIONS * HTTP/1.0" 200 - "-" "Apache/2.4.6 (CentOS) OpenSSL/1.0.2k-fips mod_fcgid/2.3.9 PHP/5.6.40 (internal dummy connection)"
::1 - - [05/Feb/2025:16:23:37 +0200] "OPTIONS * HTTP/1.0" 200 - "-" "Apache/2.4.6 (CentOS) OpenSSL/1.0.2k-fips mod_fcgid/2.3.9 PHP/5.6.40 (internal dummy connection)"
::1 - - [05/Feb/2025:16:23:38 +0200] "OPTIONS * HTTP/1.0" 200 - "-" "Apache/2.4.6 (CentOS) OpenSSL/1.0.2k-fips mod_fcgid/2.3.9 PHP/5.6.40 (internal dummy connection)"
::1 - - [05/Feb/2025:16:23:39 +0200] "OPTIONS * HTTP/1.0" 200 - "-" "Apache/2.4.6 (CentOS) OpenSSL/1.0.2k-fips mod_fcgid/2.3.9 PHP/5.6.40 (internal dummy connection)"
::1 - - [05/Feb/2025:16:23:39 +0200] "OPTIONS * HTTP/1.0" 200 - "-" "Apache/2.4.6 (CentOS) OpenSSL/1.0.2k-fips mod_fcgid/2.3.9 PHP/5.6.40 (internal dummy connection)"
::1 - - [05/Feb/2025:16:23:40 +0200] "OPTIONS * HTTP/1.0" 200 - "-" "Apache/2.4.6 (CentOS) OpenSSL/1.0.2k-fips mod_fcgid/2.3.9 PHP/5.6.40 (internal dummy connection)"
::1 - - [05/Feb/2025:16:23:41 +0200] "OPTIONS * HTTP/1.0" 200 - "-" "Apache/2.4.6 (CentOS) OpenSSL/1.0.2k-fips mod_fcgid/2.3.9 PHP/5.6.40 (internal dummy connection)"
::1 - - [05/Feb/2025:16:23:41 +0200] "OPTIONS * HTTP/1.0" 200 - "-" "Apache/2.4.6 (CentOS) OpenSSL/1.0.2k-fips mod_fcgid/2.3.9 PHP/5.6.40 (internal dummy connection)"
::1 - - [05/Feb/2025:16:23:42 +0200] "OPTIONS * HTTP/1.0" 200 - "-" "Apache/2.4.6 (CentOS) OpenSSL/1.0.2k-fips mod_fcgid/2.3.9 PHP/5.6.40 (internal dummy connection)"
::1 - - [05/Feb/2025:16:23:42 +0200] "OPTIONS * HTTP/1.0" 200 - "-" "Apache/2.4.6 (CentOS) OpenSSL/1.0.2k-fips mod_fcgid/2.3.9 PHP/5.6.40 (internal dummy connection)"
::1 - - [05/Feb/2025:16:23:43 +0200] "OPTIONS * HTTP/1.0" 200 - "-" "Apache/2.4.6 (CentOS) OpenSSL/1.0.2k-fips mod_fcgid/2.3.9 PHP/5.6.40 (internal dummy connection)"
::1 - - [05/Feb/2025:16:23:44 +0200] "OPTIONS * HTTP/1.0" 200 - "-" "Apache/2.4.6 (CentOS) OpenSSL/1.0.2k-fips mod_fcgid/2.3.9 PHP/5.6.40 (internal dummy connection)"
::1 - - [05/Feb/2025:16:23:44 +0200] "OPTIONS * HTTP/1.0" 200 - "-" "Apache/2.4.6 (CentOS) OpenSSL/1.0.2k-fips mod_fcgid/2.3.9 PHP/5.6.40 (internal dummy connection)"
::1 - - [05/Feb/2025:16:23:45 +0200] "OPTIONS * HTTP/1.0" 200 - "-" "Apache/2.4.6 (CentOS) OpenSSL/1.0.2k-fips mod_fcgid/2.3.9 PHP/5.6.40 (internal dummy connection)"
::1 - - [05/Feb/2025:16:23:46 +0200] "OPTIONS * HTTP/1.0" 200 - "-" "Apache/2.4.6 (CentOS) OpenSSL/1.0.2k-fips mod_fcgid/2.3.9 PHP/5.6.40 (internal dummy connection)"
::1 - - [05/Feb/2025:16:23:46 +0200] "OPTIONS * HTTP/1.0" 200 - "-" "Apache/2.4.6 (CentOS) OpenSSL/1.0.2k-fips mod_fcgid/2.3.9 PHP/5.6.40 (internal dummy connection)"
::1 - - [05/Feb/2025:16:23:47 +0200] "OPTIONS * HTTP/1.0" 200 - "-" "Apache/2.4.6 (CentOS) OpenSSL/1.0.2k-fips mod_fcgid/2.3.9 PHP/5.6.40 (internal dummy connection)"
::1 - - [05/Feb/2025:16:23:47 +0200] "OPTIONS * HTTP/1.0" 200 - "-" "Apache/2.4.6 (CentOS) OpenSSL/1.0.2k-fips mod_fcgid/2.3.9 PHP/5.6.40 (internal dummy connection)"
::1 - - [05/Feb/2025:16:23:48 +0200] "OPTIONS * HTTP/1.0" 200 - "-" "Apache/2.4.6 (CentOS) OpenSSL/1.0.2k-fips mod_fcgid/2.3.9 PHP/5.6.40 (internal dummy connection)"
::1 - - [05/Feb/2025:16:23:49 +0200] "OPTIONS * HTTP/1.0" 200 - "-" "Apache/2.4.6 (CentOS) OpenSSL/1.0.2k-fips mod_fcgid/2.3.9 PHP/5.6.40 (internal dummy connection)"
::1 - - [05/Feb/2025:16:23:49 +0200] "OPTIONS * HTTP/1.0" 200 - "-" "Apache/2.4.6 (CentOS) OpenSSL/1.0.2k-fips mod_fcgid/2.3.9 PHP/5.6.40 (internal dummy connection)"
::1 - - [05/Feb/2025:16:23:50 +0200] "OPTIONS * HTTP/1.0" 200 - "-" "Apache/2.4.6 (CentOS) OpenSSL/1.0.2k-fips mod_fcgid/2.3.9 PHP/5.6.40 (internal dummy connection)"
::1 - - [05/Feb/2025:16:23:51 +0200] "OPTIONS * HTTP/1.0" 200 - "-" "Apache/2.4.6 (CentOS) OpenSSL/1.0.2k-fips mod_fcgid/2.3.9 PHP/5.6.40 (internal dummy connection)"
::1 - - [05/Feb/2025:16:23:51 +0200] "OPTIONS * HTTP/1.0" 200 - "-" "Apache/2.4.6 (CentOS) OpenSSL/1.0.2k-fips mod_fcgid/2.3.9 PHP/5.6.40 (internal dummy connection)"
::1 - - [05/Feb/2025:16:23:52 +0200] "OPTIONS * HTTP/1.0" 200 - "-" "Apache/2.4.6 (CentOS) OpenSSL/1.0.2k-fips mod_fcgid/2.3.9 PHP/5.6.40 (internal dummy connection)"
::1 - - [05/Feb/2025:16:23:52 +0200] "OPTIONS * HTTP/1.0" 200 - "-" "Apache/2.4.6 (CentOS) OpenSSL/1.0.2k-fips mod_fcgid/2.3.9 PHP/5.6.40 (internal dummy connection)"
::1 - - [05/Feb/2025:16:23:53 +0200] "OPTIONS * HTTP/1.0" 200 - "-" "Apache/2.4.6 (CentOS) OpenSSL/1.0.2k-fips mod_fcgid/2.3.9 PHP/5.6.40 (internal dummy connection)"
::1 - - [05/Feb/2025:16:23:53 +0200] "OPTIONS * HTTP/1.0" 200 - "-" "Apache/2.4.6 (CentOS) OpenSSL/1.0.2k-fips mod_fcgid/2.3.9 PHP/5.6.40 (internal dummy connection)"
::1 - - [05/Feb/2025:16:23:54 +0200] "OPTIONS * HTTP/1.0" 200 - "-" "Apache/2.4.6 (CentOS) OpenSSL/1.0.2k-fips mod_fcgid/2.3.9 PHP/5.6.40 (internal dummy connection)"
::1 - - [05/Feb/2025:16:23:54 +0200] "OPTIONS * HTTP/1.0" 200 - "-" "Apache/2.4.6 (CentOS) OpenSSL/1.0.2k-fips mod_fcgid/2.3.9 PHP/5.6.40 (internal dummy connection)"
::1 - - [05/Feb/2025:16:23:54 +0200] "OPTIONS * HTTP/1.0" 200 - "-" "Apache/2.4.6 (CentOS) OpenSSL/1.0.2k-fips mod_fcgid/2.3.9 PHP/5.6.40 (internal dummy connection)"
::1 - - [05/Feb/2025:16:23:55 +0200] "OPTIONS * HTTP/1.0" 200 - "-" "Apache/2.4.6 (CentOS) OpenSSL/1.0.2k-fips mod_fcgid/2.3.9 PHP/5.6.40 (internal dummy connection)"
::1 - - [05/Feb/2025:16:23:56 +0200] "OPTIONS * HTTP/1.0" 200 - "-" "Apache/2.4.6 (CentOS) OpenSSL/1.0.2k-fips mod_fcgid/2.3.9 PHP/5.6.40 (internal dummy connection)"
::1 - - [05/Feb/2025:16:23:56 +0200] "OPTIONS * HTTP/1.0" 200 - "-" "Apache/2.4.6 (CentOS) OpenSSL/1.0.2k-fips mod_fcgid/2.3.9 PHP/5.6.40 (internal dummy connection)"
::1 - - [05/Feb/2025:16:23:57 +0200] "OPTIONS * HTTP/1.0" 200 - "-" "Apache/2.4.6 (CentOS) OpenSSL/1.0.2k-fips mod_fcgid/2.3.9 PHP/5.6.40 (internal dummy connection)"
::1 - - [05/Feb/2025:16:23:57 +0200] "OPTIONS * HTTP/1.0" 200 - "-" "Apache/2.4.6 (CentOS) OpenSSL/1.0.2k-fips mod_fcgid/2.3.9 PHP/5.6.40 (internal dummy connection)"
::1 - - [05/Feb/2025:16:23:58 +0200] "OPTIONS * HTTP/1.0" 200 - "-" "Apache/2.4.6 (CentOS) OpenSSL/1.0.2k-fips mod_fcgid/2.3.9 PHP/5.6.40 (internal dummy connection)"
::1 - - [05/Feb/2025:16:23:58 +0200] "OPTIONS * HTTP/1.0" 200 - "-" "Apache/2.4.6 (CentOS) OpenSSL/1.0.2k-fips mod_fcgid/2.3.9 PHP/5.6.40 (internal dummy connection)"
::1 - - [05/Feb/2025:16:23:58 +0200] "OPTIONS * HTTP/1.0" 200 - "-" "Apache/2.4.6 (CentOS) OpenSSL/1.0.2k-fips mod_fcgid/2.3.9 PHP/5.6.40 (internal dummy connection)"
86.143.131.186 - - [05/Feb/2025:16:23:59 +0200] "GET /.env HTTP/1.1" 404 202 "-" "python-requests/2.32.3"
::1 - - [05/Feb/2025:16:23:59 +0200] "OPTIONS * HTTP/1.0" 200 - "-" "Apache/2.4.6 (CentOS) OpenSSL/1.0.2k-fips mod_fcgid/2.3.9 PHP/5.6.40 (internal dummy connection)"
::1 - - [05/Feb/2025:16:23:59 +0200] "OPTIONS * HTTP/1.0" 200 - "-" "Apache/2.4.6 (CentOS) OpenSSL/1.0.2k-fips mod_fcgid/2.3.9 PHP/5.6.40 (internal dummy connection)"
::1 - - [05/Feb/2025:16:24:00 +0200] "OPTIONS * HTTP/1.0" 200 - "-" "Apache/2.4.6 (CentOS) OpenSSL/1.0.2k-fips mod_fcgid/2.3.9 PHP/5.6.40 (internal dummy connection)"
::1 - - [05/Feb/2025:16:24:00 +0200] "OPTIONS * HTTP/1.0" 200 - "-" "Apache/2.4.6 (CentOS) OpenSSL/1.0.2k-fips mod_fcgid/2.3.9 PHP/5.6.40 (internal dummy connection)"
::1 - - [05/Feb/2025:16:24:01 +0200] "OPTIONS * HTTP/1.0" 200 - "-" "Apache/2.4.6 (CentOS) OpenSSL/1.0.2k-fips mod_fcgid/2.3.9 PHP/5.6.40 (internal dummy connection)"
::1 - - [05/Feb/2025:16:24:01 +0200] "OPTIONS * HTTP/1.0" 200 - "-" "Apache/2.4.6 (CentOS) OpenSSL/1.0.2k-fips mod_fcgid/2.3.9 PHP/5.6.40 (internal dummy connection)"
::1 - - [05/Feb/2025:16:24:01 +0200] "OPTIONS * HTTP/1.0" 200 - "-" "Apache/2.4.6 (CentOS) OpenSSL/1.0.2k-fips mod_fcgid/2.3.9 PHP/5.6.40 (internal dummy connection)"
::1 - - [05/Feb/2025:16:24:02 +0200] "OPTIONS * HTTP/1.0" 200 - "-" "Apache/2.4.6 (CentOS) OpenSSL/1.0.2k-fips mod_fcgid/2.3.9 PHP/5.6.40 (internal dummy connection)"
::1 - - [05/Feb/2025:16:24:02 +0200] "OPTIONS * HTTP/1.0" 200 - "-" "Apache/2.4.6 (CentOS) OpenSSL/1.0.2k-fips mod_fcgid/2.3.9 PHP/5.6.40 (internal dummy connection)"
::1 - - [05/Feb/2025:16:24:06 +0200] "OPTIONS * HTTP/1.0" 200 - "-" "Apache/2.4.6 (CentOS) OpenSSL/1.0.2k-fips mod_fcgid/2.3.9 PHP/5.6.40 (internal dummy connection)"
87.121.84.7 - - [05/Feb/2025:16:24:22 +0200] "GET / HTTP/1.1" 200 902 "-" "-"
86.143.131.186 - - [05/Feb/2025:16:24:27 +0200] "GET /.env.example HTTP/1.1" 404 210 "-" "python-requests/2.32.3"
86.143.131.186 - - [05/Feb/2025:16:24:52 +0200] "GET /.env HTTP/1.1" 404 202 "-" "python-requests/2.32.3"
86.143.131.186 - - [05/Feb/2025:16:24:58 +0200] "GET /.env.example HTTP/1.1" 404 210 "-" "python-requests/2.32.3"
103.57.121.123 - - [05/Feb/2025:16:30:53 +0200] "GET / HTTP/1.1" 200 902 "-" "Mozilla/5.0 (Windows NT 10.0; WOW64) AppleWebKit/537.36 (KHTML, like Gecko) Chrome/51.0.2704.103 Safari/537.36"
223.244.35.77 - - [05/Feb/2025:16:33:13 +0200] "GET / HTTP/1.1" 200 385 "-" "Mozilla/5.0 (iPhone; CPU iPhone OS 13_2_3 like Mac OS X) AppleWebKit/605.1.15 (KHTML, like Gecko) Version/13.0.3 Mobile/15E148 Safari/604.1"
::1 - - [05/Feb/2025:16:35:03 +0200] "OPTIONS * HTTP/1.0" 200 - "-" "Apache/2.4.6 (CentOS) OpenSSL/1.0.2k-fips mod_fcgid/2.3.9 PHP/5.6.40 (internal dummy connection)"
::1 - - [05/Feb/2025:16:35:04 +0200] "OPTIONS * HTTP/1.0" 200 - "-" "Apache/2.4.6 (CentOS) OpenSSL/1.0.2k-fips mod_fcgid/2.3.9 PHP/5.6.40 (internal dummy connection)"
::1 - - [05/Feb/2025:16:35:05 +0200] "OPTIONS * HTTP/1.0" 200 - "-" "Apache/2.4.6 (CentOS) OpenSSL/1.0.2k-fips mod_fcgid/2.3.9 PHP/5.6.40 (internal dummy connection)"
18.217.98.195 - - [05/Feb/2025:16:37:12 +0200] "GET / HTTP/1.1" 200 385 "-" "Mozilla/5.0 (Macintosh; Intel Mac OS X 10_15_7) Chrome/126.0.0.0 Safari/537.36"
18.217.98.195 - - [05/Feb/2025:16:37:19 +0200] "GET / HTTP/1.1" 200 385 "-" "Mozilla/5.0 (Macintosh; Intel Mac OS X 10_15_7) Chrome/126.0.0.0 Safari/537.36"
18.217.98.195 - - [05/Feb/2025:16:40:27 +0200] "SSH-2.0-Go" 400 226 "-" "-"
18.217.98.195 - - [05/Feb/2025:16:40:31 +0200] "\x16\x03\x01" 400 226 "-" "-"
54.36.148.88 - - [05/Feb/2025:16:42:52 +0200] "GET /en/course/66 HTTP/1.1" 404 210 "-" "Mozilla/5.0 (compatible; AhrefsBot/7.0; +http://ahrefs.com/robot/)"
18.217.98.195 - - [05/Feb/2025:16:43:24 +0200] "\x16\x03\x01" 400 226 "-" "-"
216.244.66.240 - - [05/Feb/2025:16:45:10 +0200] "GET /robots.txt HTTP/1.1" 404 208 "-" "Mozilla/5.0 (compatible; DotBot/1.2; +https://opensiteexplorer.org/dotbot; help@moz.com)"
142.93.150.51 - - [05/Feb/2025:16:45:15 +0200] "GET / HTTP/1.1" 200 385 "-" "Mozilla/5.0 (compatible)"
142.93.150.51 - - [05/Feb/2025:16:45:16 +0200] "GET /favicon.ico HTTP/1.1" 404 209 "http://arutic.rightlearning.net/" "Mozilla/5.0 (compatible)"
36.111.67.189 - - [05/Feb/2025:16:47:03 +0200] "GET / HTTP/1.1" 200 385 "-" "Mozilla/5.0 (iPhone; CPU iPhone OS 13_2_3 like Mac OS X) AppleWebKit/605.1.15 (KHTML, like Gecko) Version/13.0.3 Mobile/15E148 Safari/604.1"
114.119.140.206 - - [05/Feb/2025:16:50:02 +0200] "GET /user/149 HTTP/1.1" 404 206 "http://coursearena.com/" "Mozilla/5.0 (Linux; Android 7.0;) AppleWebKit/537.36 (KHTML, like Gecko) Mobile Safari/537.36 (compatible; PetalBot;+https://webmaster.petalsearch.com/site/petalbot)"
51.8.102.200 - - [05/Feb/2025:16:50:02 +0200] "GET /robots.txt HTTP/1.1" 404 208 "-" "Mozilla/5.0 (Macintosh; Intel Mac OS X 10_15_7) AppleWebKit/537.36 (KHTML, like Gecko) Chrome/131.0.0.0 Safari/537.36; compatible; OAI-SearchBot/1.0; +https://openai.com/searchbot"
199.244.88.228 - - [05/Feb/2025:16:50:14 +0200] "GET / HTTP/1.1" 200 385 "-" "Mozilla/5.0 (X11; Linux x86_64) AppleWebKit/537.36 (KHTML, like Gecko) Chrome/105.0.0.0 Safari/537.36"
145.239.10.137 - - [05/Feb/2025:16:50:48 +0200] "GET /1.php HTTP/1.1" 404 16 "http://coursearena.com/1.php" "Mozilla/5.0 (iPhone; CPU iPhone OS 17_5_1 like Mac OS X) AppleWebKit/605.1.15 (KHTML, like Gecko) Version/17.5 Mobile/15E148 Safari/604.1"
145.239.10.137 - - [05/Feb/2025:16:50:48 +0200] "GET /2.php HTTP/1.1" 404 16 "http://coursearena.com/2.php" "Mozilla/5.0 (iPhone; CPU iPhone OS 17_5_1 like Mac OS X) AppleWebKit/605.1.15 (KHTML, like Gecko) Version/17.5 Mobile/15E148 Safari/604.1"
145.239.10.137 - - [05/Feb/2025:16:50:48 +0200] "GET /3.php HTTP/1.1" 404 16 "http://coursearena.com/3.php" "Mozilla/5.0 (iPhone; CPU iPhone OS 17_5_1 like Mac OS X) AppleWebKit/605.1.15 (KHTML, like Gecko) Version/17.5 Mobile/15E148 Safari/604.1"
103.131.71.193 - - [05/Feb/2025:16:53:23 +0200] "GET /robots.txt HTTP/1.1" 404 208 "-" "Mozilla/5.0 (compatible; coccocbot-web/1.0; +http://help.coccoc.com/searchengine)"
216.244.66.240 - - [05/Feb/2025:16:54:00 +0200] "GET /en/course/ar HTTP/1.1" 404 210 "-" "Mozilla/5.0 (compatible; DotBot/1.2; +https://opensiteexplorer.org/dotbot; help@moz.com)"
185.208.156.160 - - [05/Feb/2025:16:55:50 +0200] "\x16\x03\x01" 400 226 "-" "-"
::1 - - [05/Feb/2025:16:55:57 +0200] "OPTIONS * HTTP/1.0" 200 - "-" "Apache/2.4.6 (CentOS) OpenSSL/1.0.2k-fips mod_fcgid/2.3.9 PHP/5.6.40 (internal dummy connection)"
::1 - - [05/Feb/2025:16:55:58 +0200] "OPTIONS * HTTP/1.0" 200 - "-" "Apache/2.4.6 (CentOS) OpenSSL/1.0.2k-fips mod_fcgid/2.3.9 PHP/5.6.40 (internal dummy connection)"
::1 - - [05/Feb/2025:16:55:59 +0200] "OPTIONS * HTTP/1.0" 200 - "-" "Apache/2.4.6 (CentOS) OpenSSL/1.0.2k-fips mod_fcgid/2.3.9 PHP/5.6.40 (internal dummy connection)"
::1 - - [05/Feb/2025:16:56:00 +0200] "OPTIONS * HTTP/1.0" 200 - "-" "Apache/2.4.6 (CentOS) OpenSSL/1.0.2k-fips mod_fcgid/2.3.9 PHP/5.6.40 (internal dummy connection)"
::1 - - [05/Feb/2025:16:56:01 +0200] "OPTIONS * HTTP/1.0" 200 - "-" "Apache/2.4.6 (CentOS) OpenSSL/1.0.2k-fips mod_fcgid/2.3.9 PHP/5.6.40 (internal dummy connection)"
::1 - - [05/Feb/2025:16:56:02 +0200] "OPTIONS * HTTP/1.0" 200 - "-" "Apache/2.4.6 (CentOS) OpenSSL/1.0.2k-fips mod_fcgid/2.3.9 PHP/5.6.40 (internal dummy connection)"
::1 - - [05/Feb/2025:16:56:02 +0200] "OPTIONS * HTTP/1.0" 200 - "-" "Apache/2.4.6 (CentOS) OpenSSL/1.0.2k-fips mod_fcgid/2.3.9 PHP/5.6.40 (internal dummy connection)"
141.255.166.90 - - [05/Feb/2025:16:56:10 +0200] "GET / HTTP/1.1" 200 902 "-" "-"
88.99.26.177 - - [05/Feb/2025:17:02:49 +0200] "GET / HTTP/1.1" 200 381 "-" "Mozilla/5.0 (Linux; Android 14) AppleWebKit/537.36 (KHTML, like Gecko) Chrome/118.0.5993.80 Mobile Safari/537.36"
165.231.182.124 - - [05/Feb/2025:17:08:22 +0200] "GET / HTTP/1.0" 200 902 "http://coursearena.com/" "Mozilla/5.0 (Windows NT 10.0; Win64; x64) AppleWebKit/537.36 (KHTML, like Gecko) Chrome/129.0.0.0 Safari/537.36"
194.26.192.180 - - [05/Feb/2025:17:12:40 +0200] "GET /.env HTTP/1.1" 404 202 "-" "Mozilla/5.0 (Macintosh; Intel Mac OS X 10.15; rv:77.0) Gecko/20100101 Firefox/77.0"
54.36.149.24 - - [05/Feb/2025:17:15:42 +0200] "GET /en/courseRequest HTTP/1.1" 404 214 "-" "Mozilla/5.0 (compatible; AhrefsBot/7.0; +http://ahrefs.com/robot/)"
18.222.224.209 - - [05/Feb/2025:17:17:49 +0200] "\n" 400 226 "-" "-"
::1 - - [05/Feb/2025:17:19:43 +0200] "OPTIONS * HTTP/1.0" 200 - "-" "Apache/2.4.6 (CentOS) OpenSSL/1.0.2k-fips mod_fcgid/2.3.9 PHP/5.6.40 (internal dummy connection)"
::1 - - [05/Feb/2025:17:19:44 +0200] "OPTIONS * HTTP/1.0" 200 - "-" "Apache/2.4.6 (CentOS) OpenSSL/1.0.2k-fips mod_fcgid/2.3.9 PHP/5.6.40 (internal dummy connection)"
::1 - - [05/Feb/2025:17:19:54 +0200] "OPTIONS * HTTP/1.0" 200 - "-" "Apache/2.4.6 (CentOS) OpenSSL/1.0.2k-fips mod_fcgid/2.3.9 PHP/5.6.40 (internal dummy connection)"
2.58.56.13 - - [05/Feb/2025:17:20:08 +0200] "GET /.env HTTP/1.1" 404 202 "-" "Mozilla/5.0 (Macintosh; Intel Mac OS X 10.15; rv:77.0) Gecko/20100101 Firefox/77.0"
18.222.224.209 - - [05/Feb/2025:17:20:44 +0200] "SSH-2.0-Go" 400 226 "-" "-"
18.222.224.209 - - [05/Feb/2025:17:20:48 +0200] "\x16\x03\x01" 400 226 "-" "-"
114.119.153.188 - - [05/Feb/2025:17:20:55 +0200] "GET /en/user/130 HTTP/1.1" 404 209 "http://coursearena.com/ar/user/130" "Mozilla/5.0 (Linux; Android 7.0;) AppleWebKit/537.36 (KHTML, like Gecko) Mobile Safari/537.36 (compatible; PetalBot;+https://webmaster.petalsearch.com/site/petalbot)"
113.131.201.8 - - [05/Feb/2025:17:21:39 +0200] "GET / HTTP/1.1" 400 226 "-" "-"
18.222.224.209 - - [05/Feb/2025:17:23:37 +0200] "\x16\x03\x01" 400 226 "-" "-"
::1 - - [05/Feb/2025:17:26:29 +0200] "OPTIONS * HTTP/1.0" 200 - "-" "Apache/2.4.6 (CentOS) OpenSSL/1.0.2k-fips mod_fcgid/2.3.9 PHP/5.6.40 (internal dummy connection)"
::1 - - [05/Feb/2025:17:26:30 +0200] "OPTIONS * HTTP/1.0" 200 - "-" "Apache/2.4.6 (CentOS) OpenSSL/1.0.2k-fips mod_fcgid/2.3.9 PHP/5.6.40 (internal dummy connection)"
::1 - - [05/Feb/2025:17:26:31 +0200] "OPTIONS * HTTP/1.0" 200 - "-" "Apache/2.4.6 (CentOS) OpenSSL/1.0.2k-fips mod_fcgid/2.3.9 PHP/5.6.40 (internal dummy connection)"
::1 - - [05/Feb/2025:17:26:32 +0200] "OPTIONS * HTTP/1.0" 200 - "-" "Apache/2.4.6 (CentOS) OpenSSL/1.0.2k-fips mod_fcgid/2.3.9 PHP/5.6.40 (internal dummy connection)"
::1 - - [05/Feb/2025:17:26:33 +0200] "OPTIONS * HTTP/1.0" 200 - "-" "Apache/2.4.6 (CentOS) OpenSSL/1.0.2k-fips mod_fcgid/2.3.9 PHP/5.6.40 (internal dummy connection)"
::1 - - [05/Feb/2025:17:26:34 +0200] "OPTIONS * HTTP/1.0" 200 - "-" "Apache/2.4.6 (CentOS) OpenSSL/1.0.2k-fips mod_fcgid/2.3.9 PHP/5.6.40 (internal dummy connection)"
::1 - - [05/Feb/2025:17:26:34 +0200] "OPTIONS * HTTP/1.0" 200 - "-" "Apache/2.4.6 (CentOS) OpenSSL/1.0.2k-fips mod_fcgid/2.3.9 PHP/5.6.40 (internal dummy connection)"
191.101.217.87 - - [05/Feb/2025:17:41:08 +0200] "GET / HTTP/1.0" 200 902 "http://madareshub.com/" "Mozilla/5.0 (Windows NT 6.1) AppleWebKit/537.36 (KHTML, like Gecko) Chrome/67.0.3396.87 Safari/537.36"
114.119.153.188 - - [05/Feb/2025:17:51:39 +0200] "GET /ar/portal/checkFavorites/19?t=item HTTP/1.1" 404 225 "http://coursearena.com/ar/course/19" "Mozilla/5.0 (Linux; Android 7.0;) AppleWebKit/537.36 (KHTML, like Gecko) Mobile Safari/537.36 (compatible; PetalBot;+https://webmaster.petalsearch.com/site/petalbot)"
43.133.112.204 - - [05/Feb/2025:17:56:36 +0200] "GET /.env HTTP/1.1" 404 202 "-" "python-requests/2.32.3"
43.133.112.204 - - [05/Feb/2025:17:56:36 +0200] "GET /.env.example HTTP/1.1" 404 210 "-" "python-requests/2.32.3"
::1 - - [05/Feb/2025:17:58:07 +0200] "OPTIONS * HTTP/1.0" 200 - "-" "Apache/2.4.6 (CentOS) OpenSSL/1.0.2k-fips mod_fcgid/2.3.9 PHP/5.6.40 (internal dummy connection)"
43.133.112.204 - - [05/Feb/2025:17:58:21 +0200] "GET /.env HTTP/1.1" 404 202 "-" "python-requests/2.32.3"
43.133.112.204 - - [05/Feb/2025:17:58:21 +0200] "GET /.env.example HTTP/1.1" 404 210 "-" "python-requests/2.32.3"
212.162.151.158 - - [05/Feb/2025:17:59:53 +0200] "GET /.env HTTP/1.1" 404 202 "-" "Mozilla/5.0 (X11; Linux x86_64) AppleWebKit/537.36 (KHTML, like Gecko) Chrome/81.0.4044.129 Safari/537.36"
::1 - - [05/Feb/2025:18:01:02 +0200] "OPTIONS * HTTP/1.0" 200 - "-" "Apache/2.4.6 (CentOS) OpenSSL/1.0.2k-fips mod_fcgid/2.3.9 PHP/5.6.40 (internal dummy connection)"
::1 - - [05/Feb/2025:18:01:03 +0200] "OPTIONS * HTTP/1.0" 200 - "-" "Apache/2.4.6 (CentOS) OpenSSL/1.0.2k-fips mod_fcgid/2.3.9 PHP/5.6.40 (internal dummy connection)"
::1 - - [05/Feb/2025:18:01:09 +0200] "OPTIONS * HTTP/1.0" 200 - "-" "Apache/2.4.6 (CentOS) OpenSSL/1.0.2k-fips mod_fcgid/2.3.9 PHP/5.6.40 (internal dummy connection)"
89.248.174.130 - - [05/Feb/2025:18:01:41 +0200] "GET /new/login HTTP/1.1" 404 207 "-" "Mozilla/5.0 (Windows NT 10.0; Win64; x64) AppleWebKit/537.36 (KHTML, like Gecko) Chrome/126.0.0.0 Safari/537.36"
89.248.174.130 - - [05/Feb/2025:18:01:41 +0200] "GET /covenantuser/login HTTP/1.1" 404 216 "-" "Mozilla/5.0 (Windows NT 10.0; Win64; x64) AppleWebKit/537.36 (KHTML, like Gecko) Chrome/126.0.0.0 Safari/537.36"
89.248.174.130 - - [05/Feb/2025:18:01:47 +0200] "GET /api/panelhash HTTP/1.1" 404 211 "-" "Mozilla/5.0 (Windows NT 10.0; Win64; x64) AppleWebKit/537.36 (KHTML, like Gecko) Chrome/126.0.0.0 Safari/537.36"
89.248.174.130 - - [05/Feb/2025:18:01:57 +0200] "GET /admin/console/index.html HTTP/1.1" 404 222 "-" "Mozilla/5.0 (Windows NT 10.0; Win64; x64) AppleWebKit/537.36 (KHTML, like Gecko) Chrome/126.0.0.0 Safari/537.36"
89.248.174.130 - - [05/Feb/2025:18:02:49 +0200] "GET /login HTTP/1.1" 404 203 "-" "Mozilla/5.0 (Windows NT 10.0; Win64; x64) AppleWebKit/537.36 (KHTML, like Gecko) Chrome/126.0.0.0 Safari/537.36"
212.162.151.158 - - [05/Feb/2025:18:03:47 +0200] "POST / HTTP/1.1" 404 198 "-" "Mozilla/5.0 (X11; Linux x86_64) AppleWebKit/537.36 (KHTML, like Gecko) Chrome/81.0.4044.129 Safari/537.36"
89.248.174.130 - - [05/Feb/2025:18:04:33 +0200] "GET / HTTP/1.1" 200 385 "-" "Mozilla/5.0 (Windows NT 10.0; Win64; x64) AppleWebKit/537.36 (KHTML, like Gecko) Chrome/126.0.0.0 Safari/537.36"
51.8.102.4 - - [05/Feb/2025:18:07:04 +0200] "GET /robots.txt HTTP/1.1" 404 208 "-" "Mozilla/5.0 (Macintosh; Intel Mac OS X 10_15_7) AppleWebKit/537.36 (KHTML, like Gecko) Chrome/131.0.0.0 Safari/537.36; compatible; OAI-SearchBot/1.0; +https://openai.com/searchbot"
89.248.174.130 - - [05/Feb/2025:18:07:54 +0200] "POST /init HTTP/1.1" 404 202 "-" "Mozilla/5.0 (Windows NT 10.0; Win64; x64) AppleWebKit/537.36 (KHTML, like Gecko) Chrome/126.0.0.0 Safari/537.36"
20.42.10.186 - - [05/Feb/2025:18:09:33 +0200] "GET /robots.txt HTTP/1.1" 404 208 "-" "Mozilla/5.0 (Macintosh; Intel Mac OS X 10_15_7) AppleWebKit/537.36 (KHTML, like Gecko) Chrome/131.0.0.0 Safari/537.36; compatible; OAI-SearchBot/1.0; +https://openai.com/searchbot"
::1 - - [05/Feb/2025:18:10:11 +0200] "OPTIONS * HTTP/1.0" 200 - "-" "Apache/2.4.6 (CentOS) OpenSSL/1.0.2k-fips mod_fcgid/2.3.9 PHP/5.6.40 (internal dummy connection)"
::1 - - [05/Feb/2025:18:10:30 +0200] "OPTIONS * HTTP/1.0" 200 - "-" "Apache/2.4.6 (CentOS) OpenSSL/1.0.2k-fips mod_fcgid/2.3.9 PHP/5.6.40 (internal dummy connection)"
::1 - - [05/Feb/2025:18:11:10 +0200] "OPTIONS * HTTP/1.0" 200 - "-" "Apache/2.4.6 (CentOS) OpenSSL/1.0.2k-fips mod_fcgid/2.3.9 PHP/5.6.40 (internal dummy connection)"
94.131.13.222 - - [05/Feb/2025:18:16:40 +0200] "GET / HTTP/1.0" 200 902 "http://coursearena.com/" "Mozilla/5.0 (Windows NT 10.0; Win64; x64) AppleWebKit/537.36 (KHTML, like Gecko) Chrome/131.0.0.0 Safari/537.36 Avast/131.0.0.0"
114.119.155.210 - - [05/Feb/2025:18:20:41 +0200] "GET /en/user/154 HTTP/1.1" 404 209 "http://coursearena.com/user/154" "Mozilla/5.0 (Linux; Android 7.0;) AppleWebKit/537.36 (KHTML, like Gecko) Mobile Safari/537.36 (compatible; PetalBot;+https://webmaster.petalsearch.com/site/petalbot)"
141.255.166.90 - - [05/Feb/2025:18:20:59 +0200] "GET / HTTP/1.1" 200 902 "-" "-"
::1 - - [05/Feb/2025:18:26:28 +0200] "OPTIONS * HTTP/1.0" 200 - "-" "Apache/2.4.6 (CentOS) OpenSSL/1.0.2k-fips mod_fcgid/2.3.9 PHP/5.6.40 (internal dummy connection)"
::1 - - [05/Feb/2025:18:26:29 +0200] "OPTIONS * HTTP/1.0" 200 - "-" "Apache/2.4.6 (CentOS) OpenSSL/1.0.2k-fips mod_fcgid/2.3.9 PHP/5.6.40 (internal dummy connection)"
::1 - - [05/Feb/2025:18:26:51 +0200] "OPTIONS * HTTP/1.0" 200 - "-" "Apache/2.4.6 (CentOS) OpenSSL/1.0.2k-fips mod_fcgid/2.3.9 PHP/5.6.40 (internal dummy connection)"
::1 - - [05/Feb/2025:18:29:17 +0200] "OPTIONS * HTTP/1.0" 200 - "-" "Apache/2.4.6 (CentOS) OpenSSL/1.0.2k-fips mod_fcgid/2.3.9 PHP/5.6.40 (internal dummy connection)"
::1 - - [05/Feb/2025:18:29:18 +0200] "OPTIONS * HTTP/1.0" 200 - "-" "Apache/2.4.6 (CentOS) OpenSSL/1.0.2k-fips mod_fcgid/2.3.9 PHP/5.6.40 (internal dummy connection)"
84.54.44.204 - - [05/Feb/2025:18:33:46 +0200] "GET / HTTP/1.0" 200 902 "http://coursearena.com/" "Mozilla/5.0 (Windows NT 10.0; Win64; x64) AppleWebKit/537.36 (KHTML, like Gecko) Chrome/130.0.0.0 Safari/537.36 CCleaner/130.0.0.0"
152.32.151.121 - - [05/Feb/2025:18:35:15 +0200] "GET / HTTP/1.1" 200 902 "-" "curl/7.29.0"
152.32.151.121 - - [05/Feb/2025:18:35:16 +0200] "\x16\x03\x01" 400 226 "-" "-"
152.32.151.121 - - [05/Feb/2025:18:35:16 +0200] "t3 12.1.2\n" 400 226 "-" "-"
165.154.172.111 - - [05/Feb/2025:18:35:35 +0200] "GET / HTTP/1.1" 200 385 "-" "Mozilla/5.0 (X11; Linux x86_64) AppleWebKit/589.44 (KHTML, like Gecko) Chrome/85.0.1025 Safari/537.36"
165.154.172.111 - - [05/Feb/2025:18:35:35 +0200] "GET /favicon.ico HTTP/1.1" 404 209 "-" "Go-http-client/1.1"
165.154.172.111 - - [05/Feb/2025:18:35:36 +0200] "GET /sitemap.xml HTTP/1.1" 404 209 "-" "Go-http-client/1.1"
165.154.172.111 - - [05/Feb/2025:18:35:36 +0200] "GET /robots.txt HTTP/1.1" 404 208 "-" "Go-http-client/1.1"
::1 - - [05/Feb/2025:18:37:28 +0200] "OPTIONS * HTTP/1.0" 200 - "-" "Apache/2.4.6 (CentOS) OpenSSL/1.0.2k-fips mod_fcgid/2.3.9 PHP/5.6.40 (internal dummy connection)"
178.128.31.125 - - [05/Feb/2025:18:47:46 +0200] "GET /mysql/mysqlmanager/index.php?lang=en HTTP/1.1" 404 226 "-" "Mozilla/5.0 (Windows NT 10.0; Win64; x64) AppleWebKit/537.36 (KHTML, like Gecko) Chrome/122.0.0.0 Safari/537.36"
178.128.31.125 - - [05/Feb/2025:18:47:47 +0200] "GET /phpMyAdmin6.0/index.php?lang=en HTTP/1.1" 404 221 "-" "Mozilla/5.0 (Windows NT 10.0; Win64; x64) AppleWebKit/537.36 (KHTML, like Gecko) Chrome/122.0.0.0 Safari/537.36"
178.128.31.125 - - [05/Feb/2025:18:47:47 +0200] "GET /mysql/web/index.php?lang=en HTTP/1.1" 404 217 "-" "Mozilla/5.0 (Windows NT 10.0; Win64; x64) AppleWebKit/537.36 (KHTML, like Gecko) Chrome/122.0.0.0 Safari/537.36"
178.128.31.125 - - [05/Feb/2025:18:47:47 +0200] "GET /phpmyadmin5/index.php?lang=en HTTP/1.1" 404 219 "-" "Mozilla/5.0 (Windows NT 10.0; Win64; x64) AppleWebKit/537.36 (KHTML, like Gecko) Chrome/122.0.0.0 Safari/537.36"
178.128.31.125 - - [05/Feb/2025:18:47:48 +0200] "GET /sql/myadmin/index.php?lang=en HTTP/1.1" 404 219 "-" "Mozilla/5.0 (Windows NT 10.0; Win64; x64) AppleWebKit/537.36 (KHTML, like Gecko) Chrome/122.0.0.0 Safari/537.36"
178.128.31.125 - - [05/Feb/2025:18:47:48 +0200] "GET /phpMyAdmin6/index.php?lang=en HTTP/1.1" 404 219 "-" "Mozilla/5.0 (Windows NT 10.0; Win64; x64) AppleWebKit/537.36 (KHTML, like Gecko) Chrome/122.0.0.0 Safari/537.36"
178.128.31.125 - - [05/Feb/2025:18:47:48 +0200] "GET /sql/php-myadmin/index.php?lang=en HTTP/1.1" 404 223 "-" "Mozilla/5.0 (Windows NT 10.0; Win64; x64) AppleWebKit/537.36 (KHTML, like Gecko) Chrome/122.0.0.0 Safari/537.36"
178.128.31.125 - - [05/Feb/2025:18:47:49 +0200] "GET /sql/phpmyadmin4/index.php?lang=en HTTP/1.1" 404 223 "-" "Mozilla/5.0 (Windows NT 10.0; Win64; x64) AppleWebKit/537.36 (KHTML, like Gecko) Chrome/122.0.0.0 Safari/537.36"
178.128.31.125 - - [05/Feb/2025:18:47:49 +0200] "GET /phpMyAdmin-latest-all-languages/index.php?lang=en HTTP/1.1" 404 239 "-" "Mozilla/5.0 (Windows NT 10.0; Win64; x64) AppleWebKit/537.36 (KHTML, like Gecko) Chrome/122.0.0.0 Safari/537.36"
178.128.31.125 - - [05/Feb/2025:18:47:50 +0200] "GET /admin/index.php?lang=en HTTP/1.1" 404 213 "-" "Mozilla/5.0 (Windows NT 10.0; Win64; x64) AppleWebKit/537.36 (KHTML, like Gecko) Chrome/122.0.0.0 Safari/537.36"
178.128.31.125 - - [05/Feb/2025:18:47:50 +0200] "GET /phpMyAdmin_/index.php?lang=en HTTP/1.1" 404 219 "-" "Mozilla/5.0 (Windows NT 10.0; Win64; x64) AppleWebKit/537.36 (KHTML, like Gecko) Chrome/122.0.0.0 Safari/537.36"
178.128.31.125 - - [05/Feb/2025:18:47:50 +0200] "GET /admin/phpMyAdmin/index.php?lang=en HTTP/1.1" 404 224 "-" "Mozilla/5.0 (Windows NT 10.0; Win64; x64) AppleWebKit/537.36 (KHTML, like Gecko) Chrome/122.0.0.0 Safari/537.36"
178.128.31.125 - - [05/Feb/2025:18:47:51 +0200] "GET /php-my-admin/index.php?lang=en HTTP/1.1" 404 220 "-" "Mozilla/5.0 (Windows NT 10.0; Win64; x64) AppleWebKit/537.36 (KHTML, like Gecko) Chrome/122.0.0.0 Safari/537.36"
178.128.31.125 - - [05/Feb/2025:18:47:51 +0200] "GET /phpMyAdmin-latest/index.php?lang=en HTTP/1.1" 404 225 "-" "Mozilla/5.0 (Windows NT 10.0; Win64; x64) AppleWebKit/537.36 (KHTML, like Gecko) Chrome/122.0.0.0 Safari/537.36"
178.128.31.125 - - [05/Feb/2025:18:47:52 +0200] "GET /phpMyAdmin-5.2.0-all-languages/index.php?lang=en HTTP/1.1" 404 238 "-" "Mozilla/5.0 (Windows NT 10.0; Win64; x64) AppleWebKit/537.36 (KHTML, like Gecko) Chrome/122.0.0.0 Safari/537.36"
178.128.31.125 - - [05/Feb/2025:18:47:52 +0200] "GET /__phpmyadmin/index.php?lang=en HTTP/1.1" 404 220 "-" "Mozilla/5.0 (Windows NT 10.0; Win64; x64) AppleWebKit/537.36 (KHTML, like Gecko) Chrome/122.0.0.0 Safari/537.36"
178.128.31.125 - - [05/Feb/2025:18:47:52 +0200] "GET /_phpMyAdmin/index.php?lang=en HTTP/1.1" 404 219 "-" "Mozilla/5.0 (Windows NT 10.0; Win64; x64) AppleWebKit/537.36 (KHTML, like Gecko) Chrome/122.0.0.0 Safari/537.36"
178.128.31.125 - - [05/Feb/2025:18:47:53 +0200] "GET /db/phpMyAdmin-5/index.php?lang=en HTTP/1.1" 404 223 "-" "Mozilla/5.0 (Windows NT 10.0; Win64; x64) AppleWebKit/537.36 (KHTML, like Gecko) Chrome/122.0.0.0 Safari/537.36"
::1 - - [05/Feb/2025:18:47:53 +0200] "OPTIONS * HTTP/1.0" 200 - "-" "Apache/2.4.6 (CentOS) OpenSSL/1.0.2k-fips mod_fcgid/2.3.9 PHP/5.6.40 (internal dummy connection)"
178.128.31.125 - - [05/Feb/2025:18:47:53 +0200] "GET /phpmyadmin1/index.php?lang=en HTTP/1.1" 404 219 "-" "Mozilla/5.0 (Windows NT 10.0; Win64; x64) AppleWebKit/537.36 (KHTML, like Gecko) Chrome/122.0.0.0 Safari/537.36"
178.128.31.125 - - [05/Feb/2025:18:47:53 +0200] "GET /dbadmin/index.php?lang=en HTTP/1.1" 404 215 "-" "Mozilla/5.0 (Windows NT 10.0; Win64; x64) AppleWebKit/537.36 (KHTML, like Gecko) Chrome/122.0.0.0 Safari/537.36"
