43.130.32.245 - - [07/Feb/2025:18:27:52 +0200] "GET /?C=D;O=A HTTP/1.1" 200 385 "-" "Mozilla/5.0 (iPhone; CPU iPhone OS 13_2_3 like Mac OS X) AppleWebKit/605.1.15 (KHTML, like Gecko) Version/13.0.3 Mobile/15E148 Safari/604.1"
164.52.24.188 - - [07/Feb/2025:18:27:53 +0200] "\x16\x03\x01\x02" 400 226 "-" "-"
164.52.24.188 - - [07/Feb/2025:18:28:13 +0200] "GET / HTTP/1.1" 200 902 "-" "Mozilla/5.0 (Windows NT 10.0; Win64; x64) AppleWebKit/537.36 (KHTML, like Gecko) Chrome/114.0.0.0 Safari/537.36"
164.52.24.188 - - [07/Feb/2025:18:28:16 +0200] "GET / HTTP/1.1" 200 902 "-" "-"
164.52.24.188 - - [07/Feb/2025:18:28:20 +0200] "GET /favicon.ico HTTP/1.1" 404 209 "-" "Mozilla/5.0 (Windows NT 10.0; Win64; x64) AppleWebKit/537.36 (KHTML, like Gecko) Chrome/114.0.0.0 Safari/537.36"
164.52.24.188 - - [07/Feb/2025:18:28:24 +0200] "GET /favicon.ico HTTP/1.1" 404 209 "-" "Mozilla/5.0 (Windows NT 10.0; Win64; x64) AppleWebKit/537.36 (KHTML, like Gecko) Chrome/114.0.0.0 Safari/537.36"
170.106.193.108 - - [07/Feb/2025:18:30:58 +0200] "GET /?C=S;O=A HTTP/1.1" 200 385 "-" "Mozilla/5.0 (iPhone; CPU iPhone OS 13_2_3 like Mac OS X) AppleWebKit/605.1.15 (KHTML, like Gecko) Version/13.0.3 Mobile/15E148 Safari/604.1"
43.167.239.66 - - [07/Feb/2025:18:34:30 +0200] "GET /?C=N;O=D HTTP/1.1" 200 384 "-" "Mozilla/5.0 (iPhone; CPU iPhone OS 13_2_3 like Mac OS X) AppleWebKit/605.1.15 (KHTML, like Gecko) Version/13.0.3 Mobile/15E148 Safari/604.1"
::1 - - [07/Feb/2025:18:37:29 +0200] "OPTIONS * HTTP/1.0" 200 - "-" "Apache/2.4.6 (CentOS) OpenSSL/1.0.2k-fips mod_fcgid/2.3.9 PHP/5.6.40 (internal dummy connection)"
::1 - - [07/Feb/2025:18:37:30 +0200] "OPTIONS * HTTP/1.0" 200 - "-" "Apache/2.4.6 (CentOS) OpenSSL/1.0.2k-fips mod_fcgid/2.3.9 PHP/5.6.40 (internal dummy connection)"
::1 - - [07/Feb/2025:18:37:31 +0200] "OPTIONS * HTTP/1.0" 200 - "-" "Apache/2.4.6 (CentOS) OpenSSL/1.0.2k-fips mod_fcgid/2.3.9 PHP/5.6.40 (internal dummy connection)"
176.65.137.206 - - [07/Feb/2025:18:41:07 +0200] "GET /.env HTTP/1.1" 404 202 "-" "Mozilla/5.0 (X11; Linux x86_64)"
176.65.137.206 - - [07/Feb/2025:18:41:13 +0200] "GET /.env HTTP/1.1" 404 202 "-" "Mozilla/5.0 (X11; Linux x86_64)"
43.159.145.149 - - [07/Feb/2025:18:41:21 +0200] "GET /?C=D;O=A HTTP/1.1" 200 386 "-" "Mozilla/5.0 (iPhone; CPU iPhone OS 13_2_3 like Mac OS X) AppleWebKit/605.1.15 (KHTML, like Gecko) Version/13.0.3 Mobile/15E148 Safari/604.1"
206.168.34.90 - - [07/Feb/2025:18:45:42 +0200] "GET / HTTP/1.1" 200 386 "-" "Mozilla/5.0 (compatible; CensysInspect/1.1; +https://about.censys.io/)"
206.168.34.90 - - [07/Feb/2025:18:45:42 +0200] "GET /favicon.ico HTTP/1.1" 404 209 "-" "Mozilla/5.0 (compatible; CensysInspect/1.1; +https://about.censys.io/)"
206.168.34.90 - - [07/Feb/2025:18:45:43 +0200] "PRI * HTTP/2.0" 400 226 "-" "-"
::1 - - [07/Feb/2025:18:46:10 +0200] "OPTIONS * HTTP/1.0" 200 - "-" "Apache/2.4.6 (CentOS) OpenSSL/1.0.2k-fips mod_fcgid/2.3.9 PHP/5.6.40 (internal dummy connection)"
::1 - - [07/Feb/2025:18:46:15 +0200] "OPTIONS * HTTP/1.0" 200 - "-" "Apache/2.4.6 (CentOS) OpenSSL/1.0.2k-fips mod_fcgid/2.3.9 PHP/5.6.40 (internal dummy connection)"
::1 - - [07/Feb/2025:18:46:15 +0200] "OPTIONS * HTTP/1.0" 200 - "-" "Apache/2.4.6 (CentOS) OpenSSL/1.0.2k-fips mod_fcgid/2.3.9 PHP/5.6.40 (internal dummy connection)"
37.139.53.80 - - [07/Feb/2025:18:47:22 +0200] "GET / HTTP/1.0" 200 902 "http://coursearena.com/" "Mozilla/5.0 (Windows NT 10.0; WOW64) AppleWebKit/537.36 (KHTML, like Gecko) Chrome/103.0.5060.114 Safari/537.36"
43.153.102.138 - - [07/Feb/2025:18:48:36 +0200] "GET /?C=M;O=A HTTP/1.1" 200 387 "-" "Mozilla/5.0 (iPhone; CPU iPhone OS 13_2_3 like Mac OS X) AppleWebKit/605.1.15 (KHTML, like Gecko) Version/13.0.3 Mobile/15E148 Safari/604.1"
129.226.213.145 - - [07/Feb/2025:18:51:52 +0200] "GET /?C=N;O=D HTTP/1.1" 200 383 "-" "Mozilla/5.0 (iPhone; CPU iPhone OS 13_2_3 like Mac OS X) AppleWebKit/605.1.15 (KHTML, like Gecko) Version/13.0.3 Mobile/15E148 Safari/604.1"
49.51.252.146 - - [07/Feb/2025:18:55:00 +0200] "GET /?C=S;O=A HTTP/1.1" 200 386 "-" "Mozilla/5.0 (iPhone; CPU iPhone OS 13_2_3 like Mac OS X) AppleWebKit/605.1.15 (KHTML, like Gecko) Version/13.0.3 Mobile/15E148 Safari/604.1"
37.139.53.80 - - [07/Feb/2025:18:55:56 +0200] "GET / HTTP/1.0" 200 902 "http://coursearena.com/" "Mozilla/5.0 (Windows NT 6.3) AppleWebKit/537.36 (KHTML, like Gecko) Chrome/103.0.0.0 Safari/537.36"
103.131.71.73 - - [07/Feb/2025:18:56:25 +0200] "GET /robots.txt HTTP/1.1" 404 208 "-" "Mozilla/5.0 (compatible; coccocbot-web/1.0; +http://help.coccoc.com/searchengine)"
8.219.79.215 - - [07/Feb/2025:18:57:19 +0200] "\n" 400 226 "-" "-"
159.65.138.182 - - [07/Feb/2025:18:58:41 +0200] "HEAD / HTTP/1.1" 200 - "-" "curl/7.88.1"
159.65.138.182 - - [07/Feb/2025:18:58:42 +0200] "GET /assets/plugins/jquery.filer/php/readme.txt HTTP/1.1" 404 240 "-" "Mozilla/5.0 (Windows NT 10.0; Win64; x64) AppleWebKit/537.36 (KHTML, like Gecko) Chrome/99.0.4859.172 Safari/537.36"
159.65.138.182 - - [07/Feb/2025:18:58:43 +0200] "GET /assets/vendor/jquery.filer/php/readme.txt HTTP/1.1" 404 239 "-" "Mozilla/5.0 (Windows NT 10.0; Win64; x64) AppleWebKit/537.36 (KHTML, like Gecko) Chrome/99.0.4859.172 Safari/537.36"
159.65.138.182 - - [07/Feb/2025:18:58:44 +0200] "GET /plugins/jquery.filer/php/readme.txt HTTP/1.1" 404 233 "-" "Mozilla/5.0 (Windows NT 10.0; Win64; x64) AppleWebKit/537.36 (KHTML, like Gecko) Chrome/99.0.4859.172 Safari/537.36"
159.65.138.182 - - [07/Feb/2025:18:58:45 +0200] "GET /assets/admin/bower_components/jquery.filer/php/readme.txt HTTP/1.1" 404 255 "-" "Mozilla/5.0 (Windows NT 10.0; Win64; x64) AppleWebKit/537.36 (KHTML, like Gecko) Chrome/99.0.4859.172 Safari/537.36"
159.65.138.182 - - [07/Feb/2025:18:58:45 +0200] "GET /jquery.filer/php/readme.txt HTTP/1.1" 404 225 "-" "Mozilla/5.0 (Windows NT 10.0; Win64; x64) AppleWebKit/537.36 (KHTML, like Gecko) Chrome/99.0.4859.172 Safari/537.36"
49.51.243.95 - - [07/Feb/2025:19:00:55 +0200] "GET /access.log HTTP/1.1" 200 100583 "-" "Mozilla/5.0 (iPhone; CPU iPhone OS 13_2_3 like Mac OS X) AppleWebKit/605.1.15 (KHTML, like Gecko) Version/13.0.3 Mobile/15E148 Safari/604.1"
125.94.144.102 - - [07/Feb/2025:19:03:10 +0200] "GET / HTTP/1.1" 200 385 "-" "Mozilla/5.0 (iPhone; CPU iPhone OS 13_2_3 like Mac OS X) AppleWebKit/605.1.15 (KHTML, like Gecko) Version/13.0.3 Mobile/15E148 Safari/604.1"
213.180.203.196 - - [07/Feb/2025:19:07:40 +0200] "GET /robots.txt HTTP/1.1" 404 208 "-" "Mozilla/5.0 (compatible; YandexBot/3.0; +http://yandex.com/bots)"
213.180.203.113 - - [07/Feb/2025:19:07:41 +0200] "GET /en/course/16 HTTP/1.1" 404 210 "-" "Mozilla/5.0 (compatible; YandexBot/3.0; +http://yandex.com/bots)"
43.156.202.34 - - [07/Feb/2025:19:09:37 +0200] "GET /error.log HTTP/1.1" 200 4417 "-" "Mozilla/5.0 (iPhone; CPU iPhone OS 13_2_3 like Mac OS X) AppleWebKit/605.1.15 (KHTML, like Gecko) Version/13.0.3 Mobile/15E148 Safari/604.1"
185.196.220.253 - - [07/Feb/2025:19:10:23 +0200] "GET / HTTP/1.1" 200 902 "-" "Hello World"
49.51.178.45 - - [07/Feb/2025:19:11:30 +0200] "GET /?C=N;O=A HTTP/1.1" 200 385 "-" "Mozilla/5.0 (iPhone; CPU iPhone OS 13_2_3 like Mac OS X) AppleWebKit/605.1.15 (KHTML, like Gecko) Version/13.0.3 Mobile/15E148 Safari/604.1"
129.226.93.214 - - [07/Feb/2025:19:16:46 +0200] "GET /?C=D;O=D HTTP/1.1" 200 384 "-" "Mozilla/5.0 (iPhone; CPU iPhone OS 13_2_3 like Mac OS X) AppleWebKit/605.1.15 (KHTML, like Gecko) Version/13.0.3 Mobile/15E148 Safari/604.1"
::1 - - [07/Feb/2025:19:18:38 +0200] "OPTIONS * HTTP/1.0" 200 - "-" "Apache/2.4.6 (CentOS) OpenSSL/1.0.2k-fips mod_fcgid/2.3.9 PHP/5.6.40 (internal dummy connection)"
::1 - - [07/Feb/2025:19:18:39 +0200] "OPTIONS * HTTP/1.0" 200 - "-" "Apache/2.4.6 (CentOS) OpenSSL/1.0.2k-fips mod_fcgid/2.3.9 PHP/5.6.40 (internal dummy connection)"
::1 - - [07/Feb/2025:19:18:56 +0200] "OPTIONS * HTTP/1.0" 200 - "-" "Apache/2.4.6 (CentOS) OpenSSL/1.0.2k-fips mod_fcgid/2.3.9 PHP/5.6.40 (internal dummy connection)"
43.167.239.66 - - [07/Feb/2025:19:23:09 +0200] "GET /?C=N;O=A HTTP/1.1" 200 385 "-" "Mozilla/5.0 (iPhone; CPU iPhone OS 13_2_3 like Mac OS X) AppleWebKit/605.1.15 (KHTML, like Gecko) Version/13.0.3 Mobile/15E148 Safari/604.1"
45.156.128.130 - - [07/Feb/2025:19:26:11 +0200] "GET / HTTP/1.1" 200 385 "-" "Mozilla/5.0 (Windows NT 10.0; Win64; x64) AppleWebKit/537.36 (KHTML, like Gecko) Chrome/60.0.3112.113 Safari/537.36"
::1 - - [07/Feb/2025:19:26:16 +0200] "OPTIONS * HTTP/1.0" 200 - "-" "Apache/2.4.6 (CentOS) OpenSSL/1.0.2k-fips mod_fcgid/2.3.9 PHP/5.6.40 (internal dummy connection)"
::1 - - [07/Feb/2025:19:26:17 +0200] "OPTIONS * HTTP/1.0" 200 - "-" "Apache/2.4.6 (CentOS) OpenSSL/1.0.2k-fips mod_fcgid/2.3.9 PHP/5.6.40 (internal dummy connection)"
::1 - - [07/Feb/2025:19:26:18 +0200] "OPTIONS * HTTP/1.0" 200 - "-" "Apache/2.4.6 (CentOS) OpenSSL/1.0.2k-fips mod_fcgid/2.3.9 PHP/5.6.40 (internal dummy connection)"
37.139.53.80 - - [07/Feb/2025:19:28:51 +0200] "GET / HTTP/1.0" 200 902 "http://coursearena.com/" "Mozilla/5.0 (Windows NT 6.1; WOW64) AppleWebKit/537.36 (KHTML, like Gecko) Chrome/103.0.0.0 Safari/537.36"
::1 - - [07/Feb/2025:19:30:51 +0200] "OPTIONS * HTTP/1.0" 200 - "-" "Apache/2.4.6 (CentOS) OpenSSL/1.0.2k-fips mod_fcgid/2.3.9 PHP/5.6.40 (internal dummy connection)"
::1 - - [07/Feb/2025:19:30:52 +0200] "OPTIONS * HTTP/1.0" 200 - "-" "Apache/2.4.6 (CentOS) OpenSSL/1.0.2k-fips mod_fcgid/2.3.9 PHP/5.6.40 (internal dummy connection)"
::1 - - [07/Feb/2025:19:30:53 +0200] "OPTIONS * HTTP/1.0" 200 - "-" "Apache/2.4.6 (CentOS) OpenSSL/1.0.2k-fips mod_fcgid/2.3.9 PHP/5.6.40 (internal dummy connection)"
::1 - - [07/Feb/2025:19:30:54 +0200] "OPTIONS * HTTP/1.0" 200 - "-" "Apache/2.4.6 (CentOS) OpenSSL/1.0.2k-fips mod_fcgid/2.3.9 PHP/5.6.40 (internal dummy connection)"
::1 - - [07/Feb/2025:19:30:56 +0200] "OPTIONS * HTTP/1.0" 200 - "-" "Apache/2.4.6 (CentOS) OpenSSL/1.0.2k-fips mod_fcgid/2.3.9 PHP/5.6.40 (internal dummy connection)"
::1 - - [07/Feb/2025:19:30:57 +0200] "OPTIONS * HTTP/1.0" 200 - "-" "Apache/2.4.6 (CentOS) OpenSSL/1.0.2k-fips mod_fcgid/2.3.9 PHP/5.6.40 (internal dummy connection)"
::1 - - [07/Feb/2025:19:30:57 +0200] "OPTIONS * HTTP/1.0" 200 - "-" "Apache/2.4.6 (CentOS) OpenSSL/1.0.2k-fips mod_fcgid/2.3.9 PHP/5.6.40 (internal dummy connection)"
::1 - - [07/Feb/2025:19:30:58 +0200] "OPTIONS * HTTP/1.0" 200 - "-" "Apache/2.4.6 (CentOS) OpenSSL/1.0.2k-fips mod_fcgid/2.3.9 PHP/5.6.40 (internal dummy connection)"
::1 - - [07/Feb/2025:19:30:58 +0200] "OPTIONS * HTTP/1.0" 200 - "-" "Apache/2.4.6 (CentOS) OpenSSL/1.0.2k-fips mod_fcgid/2.3.9 PHP/5.6.40 (internal dummy connection)"
::1 - - [07/Feb/2025:19:30:59 +0200] "OPTIONS * HTTP/1.0" 200 - "-" "Apache/2.4.6 (CentOS) OpenSSL/1.0.2k-fips mod_fcgid/2.3.9 PHP/5.6.40 (internal dummy connection)"
::1 - - [07/Feb/2025:19:31:00 +0200] "OPTIONS * HTTP/1.0" 200 - "-" "Apache/2.4.6 (CentOS) OpenSSL/1.0.2k-fips mod_fcgid/2.3.9 PHP/5.6.40 (internal dummy connection)"
::1 - - [07/Feb/2025:19:31:01 +0200] "OPTIONS * HTTP/1.0" 200 - "-" "Apache/2.4.6 (CentOS) OpenSSL/1.0.2k-fips mod_fcgid/2.3.9 PHP/5.6.40 (internal dummy connection)"
::1 - - [07/Feb/2025:19:31:02 +0200] "OPTIONS * HTTP/1.0" 200 - "-" "Apache/2.4.6 (CentOS) OpenSSL/1.0.2k-fips mod_fcgid/2.3.9 PHP/5.6.40 (internal dummy connection)"
::1 - - [07/Feb/2025:19:31:03 +0200] "OPTIONS * HTTP/1.0" 200 - "-" "Apache/2.4.6 (CentOS) OpenSSL/1.0.2k-fips mod_fcgid/2.3.9 PHP/5.6.40 (internal dummy connection)"
::1 - - [07/Feb/2025:19:31:04 +0200] "OPTIONS * HTTP/1.0" 200 - "-" "Apache/2.4.6 (CentOS) OpenSSL/1.0.2k-fips mod_fcgid/2.3.9 PHP/5.6.40 (internal dummy connection)"
::1 - - [07/Feb/2025:19:31:31 +0200] "OPTIONS * HTTP/1.0" 200 - "-" "Apache/2.4.6 (CentOS) OpenSSL/1.0.2k-fips mod_fcgid/2.3.9 PHP/5.6.40 (internal dummy connection)"
::1 - - [07/Feb/2025:19:32:38 +0200] "OPTIONS * HTTP/1.0" 200 - "-" "Apache/2.4.6 (CentOS) OpenSSL/1.0.2k-fips mod_fcgid/2.3.9 PHP/5.6.40 (internal dummy connection)"
::1 - - [07/Feb/2025:19:32:39 +0200] "OPTIONS * HTTP/1.0" 200 - "-" "Apache/2.4.6 (CentOS) OpenSSL/1.0.2k-fips mod_fcgid/2.3.9 PHP/5.6.40 (internal dummy connection)"
::1 - - [07/Feb/2025:19:32:40 +0200] "OPTIONS * HTTP/1.0" 200 - "-" "Apache/2.4.6 (CentOS) OpenSSL/1.0.2k-fips mod_fcgid/2.3.9 PHP/5.6.40 (internal dummy connection)"
::1 - - [07/Feb/2025:19:33:25 +0200] "OPTIONS * HTTP/1.0" 200 - "-" "Apache/2.4.6 (CentOS) OpenSSL/1.0.2k-fips mod_fcgid/2.3.9 PHP/5.6.40 (internal dummy connection)"
::1 - - [07/Feb/2025:19:33:27 +0200] "OPTIONS * HTTP/1.0" 200 - "-" "Apache/2.4.6 (CentOS) OpenSSL/1.0.2k-fips mod_fcgid/2.3.9 PHP/5.6.40 (internal dummy connection)"
::1 - - [07/Feb/2025:19:33:28 +0200] "OPTIONS * HTTP/1.0" 200 - "-" "Apache/2.4.6 (CentOS) OpenSSL/1.0.2k-fips mod_fcgid/2.3.9 PHP/5.6.40 (internal dummy connection)"
::1 - - [07/Feb/2025:19:33:29 +0200] "OPTIONS * HTTP/1.0" 200 - "-" "Apache/2.4.6 (CentOS) OpenSSL/1.0.2k-fips mod_fcgid/2.3.9 PHP/5.6.40 (internal dummy connection)"
::1 - - [07/Feb/2025:19:33:30 +0200] "OPTIONS * HTTP/1.0" 200 - "-" "Apache/2.4.6 (CentOS) OpenSSL/1.0.2k-fips mod_fcgid/2.3.9 PHP/5.6.40 (internal dummy connection)"
::1 - - [07/Feb/2025:19:33:30 +0200] "OPTIONS * HTTP/1.0" 200 - "-" "Apache/2.4.6 (CentOS) OpenSSL/1.0.2k-fips mod_fcgid/2.3.9 PHP/5.6.40 (internal dummy connection)"
::1 - - [07/Feb/2025:19:33:31 +0200] "OPTIONS * HTTP/1.0" 200 - "-" "Apache/2.4.6 (CentOS) OpenSSL/1.0.2k-fips mod_fcgid/2.3.9 PHP/5.6.40 (internal dummy connection)"
179.43.191.146 - - [07/Feb/2025:19:36:31 +0200] "GET / HTTP/1.1" 200 385 "-" "Mozilla/5.0 (Windows NT 10.0; Win64; x64) AppleWebKit/537.36 (KHTML, like Gecko) Chrome/90.0.4430.85 Safari/537.36 Edg/90.0.818.46"
37.139.53.80 - - [07/Feb/2025:19:36:33 +0200] "GET / HTTP/1.0" 200 902 "http://coursearena.com/" "Mozilla/5.0 (Windows NT 6.1; Win64; x64) AppleWebKit/537.36 (KHTML, like Gecko) Chrome/103.0.5060.66 Safari/537.36"
::1 - - [07/Feb/2025:19:38:05 +0200] "OPTIONS * HTTP/1.0" 200 - "-" "Apache/2.4.6 (CentOS) OpenSSL/1.0.2k-fips mod_fcgid/2.3.9 PHP/5.6.40 (internal dummy connection)"
::1 - - [07/Feb/2025:19:38:08 +0200] "OPTIONS * HTTP/1.0" 200 - "-" "Apache/2.4.6 (CentOS) OpenSSL/1.0.2k-fips mod_fcgid/2.3.9 PHP/5.6.40 (internal dummy connection)"
::1 - - [07/Feb/2025:19:38:34 +0200] "OPTIONS * HTTP/1.0" 200 - "-" "Apache/2.4.6 (CentOS) OpenSSL/1.0.2k-fips mod_fcgid/2.3.9 PHP/5.6.40 (internal dummy connection)"
43.130.53.252 - - [07/Feb/2025:19:38:45 +0200] "GET /?C=S;O=D HTTP/1.1" 200 381 "-" "Mozilla/5.0 (iPhone; CPU iPhone OS 13_2_3 like Mac OS X) AppleWebKit/605.1.15 (KHTML, like Gecko) Version/13.0.3 Mobile/15E148 Safari/604.1"
114.119.151.126 - - [07/Feb/2025:19:42:24 +0200] "GET /portal/checkFavorites/186?t=instructor HTTP/1.1" 404 223 "http://coursearena.com/user/186" "Mozilla/5.0 (Linux; Android 7.0;) AppleWebKit/537.36 (KHTML, like Gecko) Mobile Safari/537.36 (compatible; PetalBot;+https://webmaster.petalsearch.com/site/petalbot)"
78.153.140.149 - - [07/Feb/2025:19:44:52 +0200] "GET /.env HTTP/1.1" 404 202 "-" "Mozilla/5.0 (Windows NT 10.0; Win64; x64) AppleWebKit/537.36 (KHTML, like Gecko) Chrome/116.0.5845.140 Safari/537.36"
78.153.140.149 - - [07/Feb/2025:19:44:55 +0200] "POST / HTTP/1.1" 404 198 "-" "Mozilla/5.0 (Windows NT 10.0; Win64; x64) AppleWebKit/537.36 (KHTML, like Gecko) Chrome/116.0.5845.140 Safari/537.36"
185.147.213.248 - - [07/Feb/2025:19:50:22 +0200] "GET / HTTP/1.0" 200 902 "http://coursearena.com/" "Mozilla/5.0 (Windows NT 10.0; Win64; x64) AppleWebKit/537.36 (KHTML, like Gecko) Chrome/131.0.0.0 Safari/537.36 Avast/131.0.0.0"
43.133.72.69 - - [07/Feb/2025:19:54:08 +0200] "GET /access.log HTTP/1.1" 200 101123 "-" "Mozilla/5.0 (iPhone; CPU iPhone OS 13_2_3 like Mac OS X) AppleWebKit/605.1.15 (KHTML, like Gecko) Version/13.0.3 Mobile/15E148 Safari/604.1"
185.165.191.27 - - [07/Feb/2025:19:58:44 +0200] "GET / HTTP/1.1" 200 902 "-" "Mozilla/5.0 (Windows NT 6.1) AppleWebKit/537.36 (KHTML, like Gecko) Chrome/41.0.2228.0 Safari/537.36"
185.165.191.27 - - [07/Feb/2025:19:58:45 +0200] "GET /robots.txt HTTP/1.1" 404 208 "-" "-"
185.165.191.27 - - [07/Feb/2025:19:58:45 +0200] "GET /sitemap.xml HTTP/1.1" 404 209 "-" "-"
185.165.191.27 - - [07/Feb/2025:19:58:45 +0200] "GET /.well-known/security.txt HTTP/1.1" 404 222 "-" "-"
185.165.191.27 - - [07/Feb/2025:19:58:46 +0200] "GET /favicon.ico HTTP/1.1" 404 209 "-" "Mozilla/5.0 (Windows NT 10.0; Win64; x64) AppleWebKit/537.36 (KHTML, like Gecko) Chrome/102.0.5005.63 Safari/537.36"
::1 - - [07/Feb/2025:20:05:37 +0200] "OPTIONS * HTTP/1.0" 200 - "-" "Apache/2.4.6 (CentOS) OpenSSL/1.0.2k-fips mod_fcgid/2.3.9 PHP/5.6.40 (internal dummy connection)"
::1 - - [07/Feb/2025:20:05:38 +0200] "OPTIONS * HTTP/1.0" 200 - "-" "Apache/2.4.6 (CentOS) OpenSSL/1.0.2k-fips mod_fcgid/2.3.9 PHP/5.6.40 (internal dummy connection)"
::1 - - [07/Feb/2025:20:05:39 +0200] "OPTIONS * HTTP/1.0" 200 - "-" "Apache/2.4.6 (CentOS) OpenSSL/1.0.2k-fips mod_fcgid/2.3.9 PHP/5.6.40 (internal dummy connection)"
::1 - - [07/Feb/2025:20:06:46 +0200] "OPTIONS * HTTP/1.0" 200 - "-" "Apache/2.4.6 (CentOS) OpenSSL/1.0.2k-fips mod_fcgid/2.3.9 PHP/5.6.40 (internal dummy connection)"
::1 - - [07/Feb/2025:20:06:48 +0200] "OPTIONS * HTTP/1.0" 200 - "-" "Apache/2.4.6 (CentOS) OpenSSL/1.0.2k-fips mod_fcgid/2.3.9 PHP/5.6.40 (internal dummy connection)"
::1 - - [07/Feb/2025:20:06:50 +0200] "OPTIONS * HTTP/1.0" 200 - "-" "Apache/2.4.6 (CentOS) OpenSSL/1.0.2k-fips mod_fcgid/2.3.9 PHP/5.6.40 (internal dummy connection)"
::1 - - [07/Feb/2025:20:06:51 +0200] "OPTIONS * HTTP/1.0" 200 - "-" "Apache/2.4.6 (CentOS) OpenSSL/1.0.2k-fips mod_fcgid/2.3.9 PHP/5.6.40 (internal dummy connection)"
51.8.102.238 - - [07/Feb/2025:20:07:00 +0200] "GET /robots.txt HTTP/1.1" 404 208 "-" "Mozilla/5.0 (Macintosh; Intel Mac OS X 10_15_7) AppleWebKit/537.36 (KHTML, like Gecko) Chrome/131.0.0.0 Safari/537.36; compatible; OAI-SearchBot/1.0; +https://openai.com/searchbot"
85.215.172.173 - - [07/Feb/2025:20:07:52 +0200] "GET / HTTP/1.1" 200 386 "-" "Mozilla/5.0 (Linux; U; Android 4.4.2; en-US; HM NOTE 1W Build/KOT49H) AppleWebKit/534.30 (KHTML, like Gecko) Version/4.0 UCBrowser/11.0.5.850 U3/0.8.0 Mobile Safari/534.30"
85.215.172.173 - - [07/Feb/2025:20:07:52 +0200] "GET /.env HTTP/1.1" 404 202 "-" "Mozilla/5.0 (Linux; U; Android 4.4.2; en-US; HM NOTE 1W Build/KOT49H) AppleWebKit/534.30 (KHTML, like Gecko) Version/4.0 UCBrowser/11.0.5.850 U3/0.8.0 Mobile Safari/534.30"
85.215.172.173 - - [07/Feb/2025:20:07:52 +0200] "POST / HTTP/1.1" 404 198 "-" "Mozilla/5.0 (Linux; U; Android 4.4.2; en-US; HM NOTE 1W Build/KOT49H) AppleWebKit/534.30 (KHTML, like Gecko) Version/4.0 UCBrowser/11.0.5.850 U3/0.8.0 Mobile Safari/534.30"
43.135.172.89 - - [07/Feb/2025:20:10:09 +0200] "GET /?C=N;O=A HTTP/1.1" 200 386 "-" "Mozilla/5.0 (iPhone; CPU iPhone OS 13_2_3 like Mac OS X) AppleWebKit/605.1.15 (KHTML, like Gecko) Version/13.0.3 Mobile/15E148 Safari/604.1"
37.139.53.80 - - [07/Feb/2025:20:10:16 +0200] "GET / HTTP/1.0" 200 902 "http://coursearena.com/" "Mozilla/5.0 (Windows NT 6.1; Win64; x64) AppleWebKit/537.36 (KHTML, like Gecko) Chrome/103.0.5060.66 Safari/537.36"
43.135.135.57 - - [07/Feb/2025:20:10:49 +0200] "GET /?C=M;O=D HTTP/1.1" 200 384 "-" "Mozilla/5.0 (iPhone; CPU iPhone OS 13_2_3 like Mac OS X) AppleWebKit/605.1.15 (KHTML, like Gecko) Version/13.0.3 Mobile/15E148 Safari/604.1"
::1 - - [07/Feb/2025:20:12:37 +0200] "OPTIONS * HTTP/1.0" 200 - "-" "Apache/2.4.6 (CentOS) OpenSSL/1.0.2k-fips mod_fcgid/2.3.9 PHP/5.6.40 (internal dummy connection)"
::1 - - [07/Feb/2025:20:12:38 +0200] "OPTIONS * HTTP/1.0" 200 - "-" "Apache/2.4.6 (CentOS) OpenSSL/1.0.2k-fips mod_fcgid/2.3.9 PHP/5.6.40 (internal dummy connection)"
::1 - - [07/Feb/2025:20:13:09 +0200] "OPTIONS * HTTP/1.0" 200 - "-" "Apache/2.4.6 (CentOS) OpenSSL/1.0.2k-fips mod_fcgid/2.3.9 PHP/5.6.40 (internal dummy connection)"
1.231.27.15 - - [07/Feb/2025:20:13:52 +0200] "GET / HTTP/1.0" 200 902 "http://coursearena.com/" "Mozilla/5.0 (Windows NT 6.3; WOW64) AppleWebKit/537.36 (KHTML, like Gecko) Chrome/103.0.0.0 Safari/537.36"
::1 - - [07/Feb/2025:20:13:55 +0200] "OPTIONS * HTTP/1.0" 200 - "-" "Apache/2.4.6 (CentOS) OpenSSL/1.0.2k-fips mod_fcgid/2.3.9 PHP/5.6.40 (internal dummy connection)"
::1 - - [07/Feb/2025:20:14:22 +0200] "OPTIONS * HTTP/1.0" 200 - "-" "Apache/2.4.6 (CentOS) OpenSSL/1.0.2k-fips mod_fcgid/2.3.9 PHP/5.6.40 (internal dummy connection)"
::1 - - [07/Feb/2025:20:14:26 +0200] "OPTIONS * HTTP/1.0" 200 - "-" "Apache/2.4.6 (CentOS) OpenSSL/1.0.2k-fips mod_fcgid/2.3.9 PHP/5.6.40 (internal dummy connection)"
::1 - - [07/Feb/2025:20:14:27 +0200] "OPTIONS * HTTP/1.0" 200 - "-" "Apache/2.4.6 (CentOS) OpenSSL/1.0.2k-fips mod_fcgid/2.3.9 PHP/5.6.40 (internal dummy connection)"
::1 - - [07/Feb/2025:20:14:45 +0200] "OPTIONS * HTTP/1.0" 200 - "-" "Apache/2.4.6 (CentOS) OpenSSL/1.0.2k-fips mod_fcgid/2.3.9 PHP/5.6.40 (internal dummy connection)"
::1 - - [07/Feb/2025:20:14:46 +0200] "OPTIONS * HTTP/1.0" 200 - "-" "Apache/2.4.6 (CentOS) OpenSSL/1.0.2k-fips mod_fcgid/2.3.9 PHP/5.6.40 (internal dummy connection)"
::1 - - [07/Feb/2025:20:14:47 +0200] "OPTIONS * HTTP/1.0" 200 - "-" "Apache/2.4.6 (CentOS) OpenSSL/1.0.2k-fips mod_fcgid/2.3.9 PHP/5.6.40 (internal dummy connection)"
::1 - - [07/Feb/2025:20:14:48 +0200] "OPTIONS * HTTP/1.0" 200 - "-" "Apache/2.4.6 (CentOS) OpenSSL/1.0.2k-fips mod_fcgid/2.3.9 PHP/5.6.40 (internal dummy connection)"
::1 - - [07/Feb/2025:20:14:49 +0200] "OPTIONS * HTTP/1.0" 200 - "-" "Apache/2.4.6 (CentOS) OpenSSL/1.0.2k-fips mod_fcgid/2.3.9 PHP/5.6.40 (internal dummy connection)"
::1 - - [07/Feb/2025:20:14:50 +0200] "OPTIONS * HTTP/1.0" 200 - "-" "Apache/2.4.6 (CentOS) OpenSSL/1.0.2k-fips mod_fcgid/2.3.9 PHP/5.6.40 (internal dummy connection)"
::1 - - [07/Feb/2025:20:14:50 +0200] "OPTIONS * HTTP/1.0" 200 - "-" "Apache/2.4.6 (CentOS) OpenSSL/1.0.2k-fips mod_fcgid/2.3.9 PHP/5.6.40 (internal dummy connection)"
::1 - - [07/Feb/2025:20:15:11 +0200] "OPTIONS * HTTP/1.0" 200 - "-" "Apache/2.4.6 (CentOS) OpenSSL/1.0.2k-fips mod_fcgid/2.3.9 PHP/5.6.40 (internal dummy connection)"
::1 - - [07/Feb/2025:20:15:12 +0200] "OPTIONS * HTTP/1.0" 200 - "-" "Apache/2.4.6 (CentOS) OpenSSL/1.0.2k-fips mod_fcgid/2.3.9 PHP/5.6.40 (internal dummy connection)"
::1 - - [07/Feb/2025:20:15:13 +0200] "OPTIONS * HTTP/1.0" 200 - "-" "Apache/2.4.6 (CentOS) OpenSSL/1.0.2k-fips mod_fcgid/2.3.9 PHP/5.6.40 (internal dummy connection)"
::1 - - [07/Feb/2025:20:15:29 +0200] "OPTIONS * HTTP/1.0" 200 - "-" "Apache/2.4.6 (CentOS) OpenSSL/1.0.2k-fips mod_fcgid/2.3.9 PHP/5.6.40 (internal dummy connection)"
::1 - - [07/Feb/2025:20:15:30 +0200] "OPTIONS * HTTP/1.0" 200 - "-" "Apache/2.4.6 (CentOS) OpenSSL/1.0.2k-fips mod_fcgid/2.3.9 PHP/5.6.40 (internal dummy connection)"
::1 - - [07/Feb/2025:20:15:31 +0200] "OPTIONS * HTTP/1.0" 200 - "-" "Apache/2.4.6 (CentOS) OpenSSL/1.0.2k-fips mod_fcgid/2.3.9 PHP/5.6.40 (internal dummy connection)"
::1 - - [07/Feb/2025:20:15:51 +0200] "OPTIONS * HTTP/1.0" 200 - "-" "Apache/2.4.6 (CentOS) OpenSSL/1.0.2k-fips mod_fcgid/2.3.9 PHP/5.6.40 (internal dummy connection)"
::1 - - [07/Feb/2025:20:15:52 +0200] "OPTIONS * HTTP/1.0" 200 - "-" "Apache/2.4.6 (CentOS) OpenSSL/1.0.2k-fips mod_fcgid/2.3.9 PHP/5.6.40 (internal dummy connection)"
::1 - - [07/Feb/2025:20:15:53 +0200] "OPTIONS * HTTP/1.0" 200 - "-" "Apache/2.4.6 (CentOS) OpenSSL/1.0.2k-fips mod_fcgid/2.3.9 PHP/5.6.40 (internal dummy connection)"
81.227.222.239 - - [07/Feb/2025:20:16:02 +0200] "GET /common/info.cgi HTTP/1.1" 404 213 "-" "-"
::1 - - [07/Feb/2025:20:16:14 +0200] "OPTIONS * HTTP/1.0" 200 - "-" "Apache/2.4.6 (CentOS) OpenSSL/1.0.2k-fips mod_fcgid/2.3.9 PHP/5.6.40 (internal dummy connection)"
::1 - - [07/Feb/2025:20:16:15 +0200] "OPTIONS * HTTP/1.0" 200 - "-" "Apache/2.4.6 (CentOS) OpenSSL/1.0.2k-fips mod_fcgid/2.3.9 PHP/5.6.40 (internal dummy connection)"
::1 - - [07/Feb/2025:20:16:16 +0200] "OPTIONS * HTTP/1.0" 200 - "-" "Apache/2.4.6 (CentOS) OpenSSL/1.0.2k-fips mod_fcgid/2.3.9 PHP/5.6.40 (internal dummy connection)"
::1 - - [07/Feb/2025:20:16:17 +0200] "OPTIONS * HTTP/1.0" 200 - "-" "Apache/2.4.6 (CentOS) OpenSSL/1.0.2k-fips mod_fcgid/2.3.9 PHP/5.6.40 (internal dummy connection)"
::1 - - [07/Feb/2025:20:16:18 +0200] "OPTIONS * HTTP/1.0" 200 - "-" "Apache/2.4.6 (CentOS) OpenSSL/1.0.2k-fips mod_fcgid/2.3.9 PHP/5.6.40 (internal dummy connection)"
::1 - - [07/Feb/2025:20:16:19 +0200] "OPTIONS * HTTP/1.0" 200 - "-" "Apache/2.4.6 (CentOS) OpenSSL/1.0.2k-fips mod_fcgid/2.3.9 PHP/5.6.40 (internal dummy connection)"
::1 - - [07/Feb/2025:20:16:19 +0200] "OPTIONS * HTTP/1.0" 200 - "-" "Apache/2.4.6 (CentOS) OpenSSL/1.0.2k-fips mod_fcgid/2.3.9 PHP/5.6.40 (internal dummy connection)"
::1 - - [07/Feb/2025:20:16:30 +0200] "OPTIONS * HTTP/1.0" 200 - "-" "Apache/2.4.6 (CentOS) OpenSSL/1.0.2k-fips mod_fcgid/2.3.9 PHP/5.6.40 (internal dummy connection)"
::1 - - [07/Feb/2025:20:16:31 +0200] "OPTIONS * HTTP/1.0" 200 - "-" "Apache/2.4.6 (CentOS) OpenSSL/1.0.2k-fips mod_fcgid/2.3.9 PHP/5.6.40 (internal dummy connection)"
::1 - - [07/Feb/2025:20:16:32 +0200] "OPTIONS * HTTP/1.0" 200 - "-" "Apache/2.4.6 (CentOS) OpenSSL/1.0.2k-fips mod_fcgid/2.3.9 PHP/5.6.40 (internal dummy connection)"
::1 - - [07/Feb/2025:20:16:33 +0200] "OPTIONS * HTTP/1.0" 200 - "-" "Apache/2.4.6 (CentOS) OpenSSL/1.0.2k-fips mod_fcgid/2.3.9 PHP/5.6.40 (internal dummy connection)"
::1 - - [07/Feb/2025:20:16:34 +0200] "OPTIONS * HTTP/1.0" 200 - "-" "Apache/2.4.6 (CentOS) OpenSSL/1.0.2k-fips mod_fcgid/2.3.9 PHP/5.6.40 (internal dummy connection)"
::1 - - [07/Feb/2025:20:16:35 +0200] "OPTIONS * HTTP/1.0" 200 - "-" "Apache/2.4.6 (CentOS) OpenSSL/1.0.2k-fips mod_fcgid/2.3.9 PHP/5.6.40 (internal dummy connection)"
::1 - - [07/Feb/2025:20:16:35 +0200] "OPTIONS * HTTP/1.0" 200 - "-" "Apache/2.4.6 (CentOS) OpenSSL/1.0.2k-fips mod_fcgid/2.3.9 PHP/5.6.40 (internal dummy connection)"
::1 - - [07/Feb/2025:20:16:46 +0200] "OPTIONS * HTTP/1.0" 200 - "-" "Apache/2.4.6 (CentOS) OpenSSL/1.0.2k-fips mod_fcgid/2.3.9 PHP/5.6.40 (internal dummy connection)"
::1 - - [07/Feb/2025:20:16:47 +0200] "OPTIONS * HTTP/1.0" 200 - "-" "Apache/2.4.6 (CentOS) OpenSSL/1.0.2k-fips mod_fcgid/2.3.9 PHP/5.6.40 (internal dummy connection)"
::1 - - [07/Feb/2025:20:16:48 +0200] "OPTIONS * HTTP/1.0" 200 - "-" "Apache/2.4.6 (CentOS) OpenSSL/1.0.2k-fips mod_fcgid/2.3.9 PHP/5.6.40 (internal dummy connection)"
::1 - - [07/Feb/2025:20:16:49 +0200] "OPTIONS * HTTP/1.0" 200 - "-" "Apache/2.4.6 (CentOS) OpenSSL/1.0.2k-fips mod_fcgid/2.3.9 PHP/5.6.40 (internal dummy connection)"
::1 - - [07/Feb/2025:20:16:50 +0200] "OPTIONS * HTTP/1.0" 200 - "-" "Apache/2.4.6 (CentOS) OpenSSL/1.0.2k-fips mod_fcgid/2.3.9 PHP/5.6.40 (internal dummy connection)"
::1 - - [07/Feb/2025:20:16:51 +0200] "OPTIONS * HTTP/1.0" 200 - "-" "Apache/2.4.6 (CentOS) OpenSSL/1.0.2k-fips mod_fcgid/2.3.9 PHP/5.6.40 (internal dummy connection)"
::1 - - [07/Feb/2025:20:16:51 +0200] "OPTIONS * HTTP/1.0" 200 - "-" "Apache/2.4.6 (CentOS) OpenSSL/1.0.2k-fips mod_fcgid/2.3.9 PHP/5.6.40 (internal dummy connection)"
::1 - - [07/Feb/2025:20:17:03 +0200] "OPTIONS * HTTP/1.0" 200 - "-" "Apache/2.4.6 (CentOS) OpenSSL/1.0.2k-fips mod_fcgid/2.3.9 PHP/5.6.40 (internal dummy connection)"
::1 - - [07/Feb/2025:20:17:04 +0200] "OPTIONS * HTTP/1.0" 200 - "-" "Apache/2.4.6 (CentOS) OpenSSL/1.0.2k-fips mod_fcgid/2.3.9 PHP/5.6.40 (internal dummy connection)"
::1 - - [07/Feb/2025:20:17:05 +0200] "OPTIONS * HTTP/1.0" 200 - "-" "Apache/2.4.6 (CentOS) OpenSSL/1.0.2k-fips mod_fcgid/2.3.9 PHP/5.6.40 (internal dummy connection)"
::1 - - [07/Feb/2025:20:17:06 +0200] "OPTIONS * HTTP/1.0" 200 - "-" "Apache/2.4.6 (CentOS) OpenSSL/1.0.2k-fips mod_fcgid/2.3.9 PHP/5.6.40 (internal dummy connection)"
::1 - - [07/Feb/2025:20:17:07 +0200] "OPTIONS * HTTP/1.0" 200 - "-" "Apache/2.4.6 (CentOS) OpenSSL/1.0.2k-fips mod_fcgid/2.3.9 PHP/5.6.40 (internal dummy connection)"
::1 - - [07/Feb/2025:20:17:08 +0200] "OPTIONS * HTTP/1.0" 200 - "-" "Apache/2.4.6 (CentOS) OpenSSL/1.0.2k-fips mod_fcgid/2.3.9 PHP/5.6.40 (internal dummy connection)"
::1 - - [07/Feb/2025:20:17:08 +0200] "OPTIONS * HTTP/1.0" 200 - "-" "Apache/2.4.6 (CentOS) OpenSSL/1.0.2k-fips mod_fcgid/2.3.9 PHP/5.6.40 (internal dummy connection)"
::1 - - [07/Feb/2025:20:17:20 +0200] "OPTIONS * HTTP/1.0" 200 - "-" "Apache/2.4.6 (CentOS) OpenSSL/1.0.2k-fips mod_fcgid/2.3.9 PHP/5.6.40 (internal dummy connection)"
::1 - - [07/Feb/2025:20:17:21 +0200] "OPTIONS * HTTP/1.0" 200 - "-" "Apache/2.4.6 (CentOS) OpenSSL/1.0.2k-fips mod_fcgid/2.3.9 PHP/5.6.40 (internal dummy connection)"
::1 - - [07/Feb/2025:20:17:22 +0200] "OPTIONS * HTTP/1.0" 200 - "-" "Apache/2.4.6 (CentOS) OpenSSL/1.0.2k-fips mod_fcgid/2.3.9 PHP/5.6.40 (internal dummy connection)"
37.139.53.80 - - [07/Feb/2025:20:17:30 +0200] "GET / HTTP/1.0" 200 902 "http://coursearena.com/" "Mozilla/5.0 (Windows NT 6.2; Win64; x64) AppleWebKit/537.36 (KHTML, like Gecko) Chrome/103.0.0.0 Safari/537.36"
95.214.55.132 - - [07/Feb/2025:20:17:36 +0200] "GET / HTTP/1.1" 200 386 "-" "Mozilla/5.0 (Windows NT 10.0; Win64; x64) AppleWebKit/537.36 (KHTML, like Gecko) Chrome/90.0.4430.85 Safari/537.36 Edg/90.0.818.46"
::1 - - [07/Feb/2025:20:17:39 +0200] "OPTIONS * HTTP/1.0" 200 - "-" "Apache/2.4.6 (CentOS) OpenSSL/1.0.2k-fips mod_fcgid/2.3.9 PHP/5.6.40 (internal dummy connection)"
::1 - - [07/Feb/2025:20:17:40 +0200] "OPTIONS * HTTP/1.0" 200 - "-" "Apache/2.4.6 (CentOS) OpenSSL/1.0.2k-fips mod_fcgid/2.3.9 PHP/5.6.40 (internal dummy connection)"
::1 - - [07/Feb/2025:20:17:41 +0200] "OPTIONS * HTTP/1.0" 200 - "-" "Apache/2.4.6 (CentOS) OpenSSL/1.0.2k-fips mod_fcgid/2.3.9 PHP/5.6.40 (internal dummy connection)"
::1 - - [07/Feb/2025:20:17:42 +0200] "OPTIONS * HTTP/1.0" 200 - "-" "Apache/2.4.6 (CentOS) OpenSSL/1.0.2k-fips mod_fcgid/2.3.9 PHP/5.6.40 (internal dummy connection)"
::1 - - [07/Feb/2025:20:17:43 +0200] "OPTIONS * HTTP/1.0" 200 - "-" "Apache/2.4.6 (CentOS) OpenSSL/1.0.2k-fips mod_fcgid/2.3.9 PHP/5.6.40 (internal dummy connection)"
::1 - - [07/Feb/2025:20:17:44 +0200] "OPTIONS * HTTP/1.0" 200 - "-" "Apache/2.4.6 (CentOS) OpenSSL/1.0.2k-fips mod_fcgid/2.3.9 PHP/5.6.40 (internal dummy connection)"
::1 - - [07/Feb/2025:20:17:44 +0200] "OPTIONS * HTTP/1.0" 200 - "-" "Apache/2.4.6 (CentOS) OpenSSL/1.0.2k-fips mod_fcgid/2.3.9 PHP/5.6.40 (internal dummy connection)"
::1 - - [07/Feb/2025:20:17:45 +0200] "OPTIONS * HTTP/1.0" 200 - "-" "Apache/2.4.6 (CentOS) OpenSSL/1.0.2k-fips mod_fcgid/2.3.9 PHP/5.6.40 (internal dummy connection)"
::1 - - [07/Feb/2025:20:17:45 +0200] "OPTIONS * HTTP/1.0" 200 - "-" "Apache/2.4.6 (CentOS) OpenSSL/1.0.2k-fips mod_fcgid/2.3.9 PHP/5.6.40 (internal dummy connection)"
::1 - - [07/Feb/2025:20:17:46 +0200] "OPTIONS * HTTP/1.0" 200 - "-" "Apache/2.4.6 (CentOS) OpenSSL/1.0.2k-fips mod_fcgid/2.3.9 PHP/5.6.40 (internal dummy connection)"
::1 - - [07/Feb/2025:20:17:46 +0200] "OPTIONS * HTTP/1.0" 200 - "-" "Apache/2.4.6 (CentOS) OpenSSL/1.0.2k-fips mod_fcgid/2.3.9 PHP/5.6.40 (internal dummy connection)"
::1 - - [07/Feb/2025:20:17:47 +0200] "OPTIONS * HTTP/1.0" 200 - "-" "Apache/2.4.6 (CentOS) OpenSSL/1.0.2k-fips mod_fcgid/2.3.9 PHP/5.6.40 (internal dummy connection)"
::1 - - [07/Feb/2025:20:17:48 +0200] "OPTIONS * HTTP/1.0" 200 - "-" "Apache/2.4.6 (CentOS) OpenSSL/1.0.2k-fips mod_fcgid/2.3.9 PHP/5.6.40 (internal dummy connection)"
::1 - - [07/Feb/2025:20:17:48 +0200] "OPTIONS * HTTP/1.0" 200 - "-" "Apache/2.4.6 (CentOS) OpenSSL/1.0.2k-fips mod_fcgid/2.3.9 PHP/5.6.40 (internal dummy connection)"
::1 - - [07/Feb/2025:20:17:49 +0200] "OPTIONS * HTTP/1.0" 200 - "-" "Apache/2.4.6 (CentOS) OpenSSL/1.0.2k-fips mod_fcgid/2.3.9 PHP/5.6.40 (internal dummy connection)"
::1 - - [07/Feb/2025:20:17:53 +0200] "OPTIONS * HTTP/1.0" 200 - "-" "Apache/2.4.6 (CentOS) OpenSSL/1.0.2k-fips mod_fcgid/2.3.9 PHP/5.6.40 (internal dummy connection)"
::1 - - [07/Feb/2025:20:17:53 +0200] "OPTIONS * HTTP/1.0" 200 - "-" "Apache/2.4.6 (CentOS) OpenSSL/1.0.2k-fips mod_fcgid/2.3.9 PHP/5.6.40 (internal dummy connection)"
::1 - - [07/Feb/2025:20:17:53 +0200] "OPTIONS * HTTP/1.0" 200 - "-" "Apache/2.4.6 (CentOS) OpenSSL/1.0.2k-fips mod_fcgid/2.3.9 PHP/5.6.40 (internal dummy connection)"
::1 - - [07/Feb/2025:20:17:54 +0200] "OPTIONS * HTTP/1.0" 200 - "-" "Apache/2.4.6 (CentOS) OpenSSL/1.0.2k-fips mod_fcgid/2.3.9 PHP/5.6.40 (internal dummy connection)"
95.91.104.62 - - [07/Feb/2025:20:17:55 +0200] "GET /robots.txt HTTP/1.1" 404 208 "-" "Mozilla/5.0 (compatible; MJ12bot/v1.4.8; http://mj12bot.com/)"
::1 - - [07/Feb/2025:20:17:55 +0200] "OPTIONS * HTTP/1.0" 200 - "-" "Apache/2.4.6 (CentOS) OpenSSL/1.0.2k-fips mod_fcgid/2.3.9 PHP/5.6.40 (internal dummy connection)"
::1 - - [07/Feb/2025:20:17:56 +0200] "OPTIONS * HTTP/1.0" 200 - "-" "Apache/2.4.6 (CentOS) OpenSSL/1.0.2k-fips mod_fcgid/2.3.9 PHP/5.6.40 (internal dummy connection)"
95.91.104.62 - - [07/Feb/2025:20:17:56 +0200] "GET /?C=D;O=D HTTP/1.1" 200 384 "-" "Mozilla/5.0 (compatible; MJ12bot/v1.4.8; http://mj12bot.com/)"
::1 - - [07/Feb/2025:20:17:57 +0200] "OPTIONS * HTTP/1.0" 200 - "-" "Apache/2.4.6 (CentOS) OpenSSL/1.0.2k-fips mod_fcgid/2.3.9 PHP/5.6.40 (internal dummy connection)"
95.91.104.62 - - [07/Feb/2025:20:17:58 +0200] "GET /?C=M;O=D HTTP/1.1" 200 384 "-" "Mozilla/5.0 (compatible; MJ12bot/v1.4.8; http://mj12bot.com/)"
::1 - - [07/Feb/2025:20:17:58 +0200] "OPTIONS * HTTP/1.0" 200 - "-" "Apache/2.4.6 (CentOS) OpenSSL/1.0.2k-fips mod_fcgid/2.3.9 PHP/5.6.40 (internal dummy connection)"
::1 - - [07/Feb/2025:20:17:58 +0200] "OPTIONS * HTTP/1.0" 200 - "-" "Apache/2.4.6 (CentOS) OpenSSL/1.0.2k-fips mod_fcgid/2.3.9 PHP/5.6.40 (internal dummy connection)"
::1 - - [07/Feb/2025:20:17:58 +0200] "OPTIONS * HTTP/1.0" 200 - "-" "Apache/2.4.6 (CentOS) OpenSSL/1.0.2k-fips mod_fcgid/2.3.9 PHP/5.6.40 (internal dummy connection)"
::1 - - [07/Feb/2025:20:17:58 +0200] "OPTIONS * HTTP/1.0" 200 - "-" "Apache/2.4.6 (CentOS) OpenSSL/1.0.2k-fips mod_fcgid/2.3.9 PHP/5.6.40 (internal dummy connection)"
95.91.104.62 - - [07/Feb/2025:20:17:59 +0200] "GET /?C=N;O=A HTTP/1.1" 200 386 "-" "Mozilla/5.0 (compatible; MJ12bot/v1.4.8; http://mj12bot.com/)"
::1 - - [07/Feb/2025:20:17:59 +0200] "OPTIONS * HTTP/1.0" 200 - "-" "Apache/2.4.6 (CentOS) OpenSSL/1.0.2k-fips mod_fcgid/2.3.9 PHP/5.6.40 (internal dummy connection)"
::1 - - [07/Feb/2025:20:18:00 +0200] "OPTIONS * HTTP/1.0" 200 - "-" "Apache/2.4.6 (CentOS) OpenSSL/1.0.2k-fips mod_fcgid/2.3.9 PHP/5.6.40 (internal dummy connection)"
95.91.104.62 - - [07/Feb/2025:20:18:01 +0200] "GET /?C=S;O=D HTTP/1.1" 200 383 "-" "Mozilla/5.0 (compatible; MJ12bot/v1.4.8; http://mj12bot.com/)"
::1 - - [07/Feb/2025:20:18:01 +0200] "OPTIONS * HTTP/1.0" 200 - "-" "Apache/2.4.6 (CentOS) OpenSSL/1.0.2k-fips mod_fcgid/2.3.9 PHP/5.6.40 (internal dummy connection)"
::1 - - [07/Feb/2025:20:18:07 +0200] "OPTIONS * HTTP/1.0" 200 - "-" "Apache/2.4.6 (CentOS) OpenSSL/1.0.2k-fips mod_fcgid/2.3.9 PHP/5.6.40 (internal dummy connection)"
::1 - - [07/Feb/2025:20:18:08 +0200] "OPTIONS * HTTP/1.0" 200 - "-" "Apache/2.4.6 (CentOS) OpenSSL/1.0.2k-fips mod_fcgid/2.3.9 PHP/5.6.40 (internal dummy connection)"
::1 - - [07/Feb/2025:20:18:09 +0200] "OPTIONS * HTTP/1.0" 200 - "-" "Apache/2.4.6 (CentOS) OpenSSL/1.0.2k-fips mod_fcgid/2.3.9 PHP/5.6.40 (internal dummy connection)"
::1 - - [07/Feb/2025:20:18:10 +0200] "OPTIONS * HTTP/1.0" 200 - "-" "Apache/2.4.6 (CentOS) OpenSSL/1.0.2k-fips mod_fcgid/2.3.9 PHP/5.6.40 (internal dummy connection)"
::1 - - [07/Feb/2025:20:18:11 +0200] "OPTIONS * HTTP/1.0" 200 - "-" "Apache/2.4.6 (CentOS) OpenSSL/1.0.2k-fips mod_fcgid/2.3.9 PHP/5.6.40 (internal dummy connection)"
::1 - - [07/Feb/2025:20:18:12 +0200] "OPTIONS * HTTP/1.0" 200 - "-" "Apache/2.4.6 (CentOS) OpenSSL/1.0.2k-fips mod_fcgid/2.3.9 PHP/5.6.40 (internal dummy connection)"
::1 - - [07/Feb/2025:20:18:13 +0200] "OPTIONS * HTTP/1.0" 200 - "-" "Apache/2.4.6 (CentOS) OpenSSL/1.0.2k-fips mod_fcgid/2.3.9 PHP/5.6.40 (internal dummy connection)"
::1 - - [07/Feb/2025:20:18:25 +0200] "OPTIONS * HTTP/1.0" 200 - "-" "Apache/2.4.6 (CentOS) OpenSSL/1.0.2k-fips mod_fcgid/2.3.9 PHP/5.6.40 (internal dummy connection)"
::1 - - [07/Feb/2025:20:18:26 +0200] "OPTIONS * HTTP/1.0" 200 - "-" "Apache/2.4.6 (CentOS) OpenSSL/1.0.2k-fips mod_fcgid/2.3.9 PHP/5.6.40 (internal dummy connection)"
::1 - - [07/Feb/2025:20:18:27 +0200] "OPTIONS * HTTP/1.0" 200 - "-" "Apache/2.4.6 (CentOS) OpenSSL/1.0.2k-fips mod_fcgid/2.3.9 PHP/5.6.40 (internal dummy connection)"
::1 - - [07/Feb/2025:20:18:28 +0200] "OPTIONS * HTTP/1.0" 200 - "-" "Apache/2.4.6 (CentOS) OpenSSL/1.0.2k-fips mod_fcgid/2.3.9 PHP/5.6.40 (internal dummy connection)"
::1 - - [07/Feb/2025:20:18:29 +0200] "OPTIONS * HTTP/1.0" 200 - "-" "Apache/2.4.6 (CentOS) OpenSSL/1.0.2k-fips mod_fcgid/2.3.9 PHP/5.6.40 (internal dummy connection)"
::1 - - [07/Feb/2025:20:18:30 +0200] "OPTIONS * HTTP/1.0" 200 - "-" "Apache/2.4.6 (CentOS) OpenSSL/1.0.2k-fips mod_fcgid/2.3.9 PHP/5.6.40 (internal dummy connection)"
::1 - - [07/Feb/2025:20:18:30 +0200] "OPTIONS * HTTP/1.0" 200 - "-" "Apache/2.4.6 (CentOS) OpenSSL/1.0.2k-fips mod_fcgid/2.3.9 PHP/5.6.40 (internal dummy connection)"
43.155.169.133 - - [07/Feb/2025:20:19:19 +0200] "GET /?C=S;O=A HTTP/1.1" 200 386 "-" "Mozilla/5.0 (iPhone; CPU iPhone OS 13_2_3 like Mac OS X) AppleWebKit/605.1.15 (KHTML, like Gecko) Version/13.0.3 Mobile/15E148 Safari/604.1"
43.163.1.85 - - [07/Feb/2025:20:19:21 +0200] "GET /?C=D;O=D HTTP/1.1" 200 385 "-" "Mozilla/5.0 (iPhone; CPU iPhone OS 13_2_3 like Mac OS X) AppleWebKit/605.1.15 (KHTML, like Gecko) Version/13.0.3 Mobile/15E148 Safari/604.1"
::1 - - [07/Feb/2025:20:20:32 +0200] "OPTIONS * HTTP/1.0" 200 - "-" "Apache/2.4.6 (CentOS) OpenSSL/1.0.2k-fips mod_fcgid/2.3.9 PHP/5.6.40 (internal dummy connection)"
85.215.172.173 - - [07/Feb/2025:20:22:07 +0200] "GET / HTTP/1.1" 200 386 "-" "Mozilla/5.0 (Linux; U; Android 4.4.2; en-US; HM NOTE 1W Build/KOT49H) AppleWebKit/534.30 (KHTML, like Gecko) Version/4.0 UCBrowser/11.0.5.850 U3/0.8.0 Mobile Safari/534.30"
85.215.172.173 - - [07/Feb/2025:20:22:07 +0200] "GET /.env HTTP/1.1" 404 202 "-" "Mozilla/5.0 (Linux; U; Android 4.4.2; en-US; HM NOTE 1W Build/KOT49H) AppleWebKit/534.30 (KHTML, like Gecko) Version/4.0 UCBrowser/11.0.5.850 U3/0.8.0 Mobile Safari/534.30"
85.215.172.173 - - [07/Feb/2025:20:22:07 +0200] "POST / HTTP/1.1" 404 198 "-" "Mozilla/5.0 (Linux; U; Android 4.4.2; en-US; HM NOTE 1W Build/KOT49H) AppleWebKit/534.30 (KHTML, like Gecko) Version/4.0 UCBrowser/11.0.5.850 U3/0.8.0 Mobile Safari/534.30"
43.135.148.92 - - [07/Feb/2025:20:23:47 +0200] "GET /error.log HTTP/1.1" 200 4417 "-" "Mozilla/5.0 (iPhone; CPU iPhone OS 13_2_3 like Mac OS X) AppleWebKit/605.1.15 (KHTML, like Gecko) Version/13.0.3 Mobile/15E148 Safari/604.1"
::1 - - [07/Feb/2025:20:27:31 +0200] "OPTIONS * HTTP/1.0" 200 - "-" "Apache/2.4.6 (CentOS) OpenSSL/1.0.2k-fips mod_fcgid/2.3.9 PHP/5.6.40 (internal dummy connection)"
::1 - - [07/Feb/2025:20:27:32 +0200] "OPTIONS * HTTP/1.0" 200 - "-" "Apache/2.4.6 (CentOS) OpenSSL/1.0.2k-fips mod_fcgid/2.3.9 PHP/5.6.40 (internal dummy connection)"
::1 - - [07/Feb/2025:20:27:33 +0200] "OPTIONS * HTTP/1.0" 200 - "-" "Apache/2.4.6 (CentOS) OpenSSL/1.0.2k-fips mod_fcgid/2.3.9 PHP/5.6.40 (internal dummy connection)"
::1 - - [07/Feb/2025:20:27:34 +0200] "OPTIONS * HTTP/1.0" 200 - "-" "Apache/2.4.6 (CentOS) OpenSSL/1.0.2k-fips mod_fcgid/2.3.9 PHP/5.6.40 (internal dummy connection)"
::1 - - [07/Feb/2025:20:27:35 +0200] "OPTIONS * HTTP/1.0" 200 - "-" "Apache/2.4.6 (CentOS) OpenSSL/1.0.2k-fips mod_fcgid/2.3.9 PHP/5.6.40 (internal dummy connection)"
::1 - - [07/Feb/2025:20:27:36 +0200] "OPTIONS * HTTP/1.0" 200 - "-" "Apache/2.4.6 (CentOS) OpenSSL/1.0.2k-fips mod_fcgid/2.3.9 PHP/5.6.40 (internal dummy connection)"
::1 - - [07/Feb/2025:20:27:36 +0200] "OPTIONS * HTTP/1.0" 200 - "-" "Apache/2.4.6 (CentOS) OpenSSL/1.0.2k-fips mod_fcgid/2.3.9 PHP/5.6.40 (internal dummy connection)"
::1 - - [07/Feb/2025:20:27:37 +0200] "OPTIONS * HTTP/1.0" 200 - "-" "Apache/2.4.6 (CentOS) OpenSSL/1.0.2k-fips mod_fcgid/2.3.9 PHP/5.6.40 (internal dummy connection)"
::1 - - [07/Feb/2025:20:27:37 +0200] "OPTIONS * HTTP/1.0" 200 - "-" "Apache/2.4.6 (CentOS) OpenSSL/1.0.2k-fips mod_fcgid/2.3.9 PHP/5.6.40 (internal dummy connection)"
::1 - - [07/Feb/2025:20:27:38 +0200] "OPTIONS * HTTP/1.0" 200 - "-" "Apache/2.4.6 (CentOS) OpenSSL/1.0.2k-fips mod_fcgid/2.3.9 PHP/5.6.40 (internal dummy connection)"
::1 - - [07/Feb/2025:20:27:38 +0200] "OPTIONS * HTTP/1.0" 200 - "-" "Apache/2.4.6 (CentOS) OpenSSL/1.0.2k-fips mod_fcgid/2.3.9 PHP/5.6.40 (internal dummy connection)"
::1 - - [07/Feb/2025:20:27:39 +0200] "OPTIONS * HTTP/1.0" 200 - "-" "Apache/2.4.6 (CentOS) OpenSSL/1.0.2k-fips mod_fcgid/2.3.9 PHP/5.6.40 (internal dummy connection)"
::1 - - [07/Feb/2025:20:27:39 +0200] "OPTIONS * HTTP/1.0" 200 - "-" "Apache/2.4.6 (CentOS) OpenSSL/1.0.2k-fips mod_fcgid/2.3.9 PHP/5.6.40 (internal dummy connection)"
::1 - - [07/Feb/2025:20:27:40 +0200] "OPTIONS * HTTP/1.0" 200 - "-" "Apache/2.4.6 (CentOS) OpenSSL/1.0.2k-fips mod_fcgid/2.3.9 PHP/5.6.40 (internal dummy connection)"
43.159.135.203 - - [07/Feb/2025:20:27:55 +0200] "GET /?C=N;O=A HTTP/1.1" 200 386 "-" "Mozilla/5.0 (iPhone; CPU iPhone OS 13_2_3 like Mac OS X) AppleWebKit/605.1.15 (KHTML, like Gecko) Version/13.0.3 Mobile/15E148 Safari/604.1"
::1 - - [07/Feb/2025:20:29:44 +0200] "OPTIONS * HTTP/1.0" 200 - "-" "Apache/2.4.6 (CentOS) OpenSSL/1.0.2k-fips mod_fcgid/2.3.9 PHP/5.6.40 (internal dummy connection)"
::1 - - [07/Feb/2025:20:30:31 +0200] "OPTIONS * HTTP/1.0" 200 - "-" "Apache/2.4.6 (CentOS) OpenSSL/1.0.2k-fips mod_fcgid/2.3.9 PHP/5.6.40 (internal dummy connection)"
114.119.153.188 - - [07/Feb/2025:20:31:31 +0200] "GET /portal/checkFavorites/48?t=item HTTP/1.1" 404 222 "http://coursearena.com/course/48" "Mozilla/5.0 (Linux; Android 7.0;) AppleWebKit/537.36 (KHTML, like Gecko) Mobile Safari/537.36 (compatible; PetalBot;+https://webmaster.petalsearch.com/site/petalbot)"
206.168.34.47 - - [07/Feb/2025:20:34:39 +0200] "PRI * HTTP/2.0" 400 226 "-" "-"
114.119.159.8 - - [07/Feb/2025:20:36:29 +0200] "GET /portal/checkFavorites/130 HTTP/1.1" 404 223 "http://coursearena.com/user/130" "Mozilla/5.0 (Linux; Android 7.0;) AppleWebKit/537.36 (KHTML, like Gecko) Mobile Safari/537.36 (compatible; PetalBot;+https://webmaster.petalsearch.com/site/petalbot)"
::1 - - [07/Feb/2025:20:38:45 +0200] "OPTIONS * HTTP/1.0" 200 - "-" "Apache/2.4.6 (CentOS) OpenSSL/1.0.2k-fips mod_fcgid/2.3.9 PHP/5.6.40 (internal dummy connection)"
::1 - - [07/Feb/2025:20:39:22 +0200] "OPTIONS * HTTP/1.0" 200 - "-" "Apache/2.4.6 (CentOS) OpenSSL/1.0.2k-fips mod_fcgid/2.3.9 PHP/5.6.40 (internal dummy connection)"
114.119.155.58 - - [07/Feb/2025:20:46:31 +0200] "GET /en/user/35 HTTP/1.1" 404 208 "http://coursearena.com/en/user/35" "Mozilla/5.0 (Linux; Android 7.0;) AppleWebKit/537.36 (KHTML, like Gecko) Mobile Safari/537.36 (compatible; PetalBot;+https://webmaster.petalsearch.com/site/petalbot)"
142.44.191.239 - - [07/Feb/2025:20:50:01 +0200] "GET /wp-login.php HTTP/1.1" 404 16 "-" "Mozilla/5.0 (X11; Fedora; Linux x86_64; rv:94.0) Gecko/20100101 Firefox/95.0"
37.139.53.80 - - [07/Feb/2025:20:51:31 +0200] "GET / HTTP/1.0" 200 902 "http://coursearena.com/" "Mozilla/5.0 (Windows NT 10.0; Win64; x64) AppleWebKit/537.36 (KHTML, like Gecko) Chrome/103.0.5060.66 Safari/537.36"
::1 - - [07/Feb/2025:20:54:59 +0200] "OPTIONS * HTTP/1.0" 200 - "-" "Apache/2.4.6 (CentOS) OpenSSL/1.0.2k-fips mod_fcgid/2.3.9 PHP/5.6.40 (internal dummy connection)"
::1 - - [07/Feb/2025:20:55:02 +0200] "OPTIONS * HTTP/1.0" 200 - "-" "Apache/2.4.6 (CentOS) OpenSSL/1.0.2k-fips mod_fcgid/2.3.9 PHP/5.6.40 (internal dummy connection)"
::1 - - [07/Feb/2025:20:55:05 +0200] "OPTIONS * HTTP/1.0" 200 - "-" "Apache/2.4.6 (CentOS) OpenSSL/1.0.2k-fips mod_fcgid/2.3.9 PHP/5.6.40 (internal dummy connection)"
43.156.228.27 - - [07/Feb/2025:20:55:56 +0200] "GET /user/9 HTTP/1.1" 404 204 "-" "Mozilla/5.0 (iPhone; CPU iPhone OS 13_2_3 like Mac OS X) AppleWebKit/605.1.15 (KHTML, like Gecko) Version/13.0.3 Mobile/15E148 Safari/604.1"
::1 - - [07/Feb/2025:20:56:44 +0200] "OPTIONS * HTTP/1.0" 200 - "-" "Apache/2.4.6 (CentOS) OpenSSL/1.0.2k-fips mod_fcgid/2.3.9 PHP/5.6.40 (internal dummy connection)"
::1 - - [07/Feb/2025:20:56:52 +0200] "OPTIONS * HTTP/1.0" 200 - "-" "Apache/2.4.6 (CentOS) OpenSSL/1.0.2k-fips mod_fcgid/2.3.9 PHP/5.6.40 (internal dummy connection)"
37.139.53.80 - - [07/Feb/2025:20:58:03 +0200] "GET / HTTP/1.0" 200 902 "http://coursearena.com/" "Mozilla/5.0 (Windows NT 6.3; WOW64) AppleWebKit/537.36 (KHTML, like Gecko) Chrome/103.0.0.0 Safari/537.36"
35.187.186.25 - - [07/Feb/2025:21:01:22 +0200] "GET / HTTP/1.1" 200 382 "-" "python-requests/2.32.3"
212.162.151.158 - - [07/Feb/2025:21:08:01 +0200] "GET /.env HTTP/1.1" 404 202 "-" "Mozilla/5.0 (X11; Linux x86_64) AppleWebKit/537.36 (KHTML, like Gecko) Chrome/81.0.4044.129 Safari/537.36"
43.159.63.75 - - [07/Feb/2025:21:09:29 +0200] "GET /portal/checkFavorites/3 HTTP/1.1" 404 221 "-" "Mozilla/5.0 (iPhone; CPU iPhone OS 13_2_3 like Mac OS X) AppleWebKit/605.1.15 (KHTML, like Gecko) Version/13.0.3 Mobile/15E148 Safari/604.1"
8.219.79.215 - - [07/Feb/2025:21:11:53 +0200] "\n" 400 226 "-" "-"
80.82.77.202 - - [07/Feb/2025:21:15:27 +0200] "\x16\x03\x02\x01o\x01" 400 226 "-" "-"
212.162.151.158 - - [07/Feb/2025:21:17:08 +0200] "GET /.git/config HTTP/1.1" 404 209 "-" "python-requests/2.28.1"
212.162.151.158 - - [07/Feb/2025:21:17:10 +0200] "GET /laravel/.env HTTP/1.1" 404 210 "-" "Mozilla/5.0 (Macintosh; Intel Mac OS X 10.15; rv:77.0) Gecko/20100101 Firefox/77.0"
212.162.151.158 - - [07/Feb/2025:21:17:10 +0200] "POST /laravel/.env HTTP/1.1" 404 210 "-" "Mozilla/5.0 (Macintosh; Intel Mac OS X 10.15; rv:77.0) Gecko/20100101 Firefox/77.0"
::1 - - [07/Feb/2025:21:21:20 +0200] "OPTIONS * HTTP/1.0" 200 - "-" "Apache/2.4.6 (CentOS) OpenSSL/1.0.2k-fips mod_fcgid/2.3.9 PHP/5.6.40 (internal dummy connection)"
::1 - - [07/Feb/2025:21:21:22 +0200] "OPTIONS * HTTP/1.0" 200 - "-" "Apache/2.4.6 (CentOS) OpenSSL/1.0.2k-fips mod_fcgid/2.3.9 PHP/5.6.40 (internal dummy connection)"
::1 - - [07/Feb/2025:21:21:23 +0200] "OPTIONS * HTTP/1.0" 200 - "-" "Apache/2.4.6 (CentOS) OpenSSL/1.0.2k-fips mod_fcgid/2.3.9 PHP/5.6.40 (internal dummy connection)"
114.119.159.8 - - [07/Feb/2025:21:22:22 +0200] "GET /en/portal/checkFavorites/10?t=instructor HTTP/1.1" 404 225 "http://coursearena.com/en/user/10" "Mozilla/5.0 (Linux; Android 7.0;) AppleWebKit/537.36 (KHTML, like Gecko) Mobile Safari/537.36 (compatible; PetalBot;+https://webmaster.petalsearch.com/site/petalbot)"
212.162.151.158 - - [07/Feb/2025:21:22:39 +0200] "GET /docker/.env HTTP/1.1" 404 209 "-" "Mozilla/5.0 (Macintosh; Intel Mac OS X 10.15; rv:77.0) Gecko/20100101 Firefox/77.0"
212.162.151.158 - - [07/Feb/2025:21:22:39 +0200] "POST /docker/.env HTTP/1.1" 404 209 "-" "Mozilla/5.0 (Macintosh; Intel Mac OS X 10.15; rv:77.0) Gecko/20100101 Firefox/77.0"
212.162.151.158 - - [07/Feb/2025:21:23:50 +0200] "POST / HTTP/1.1" 404 198 "-" "Mozilla/5.0 (X11; Linux x86_64) AppleWebKit/537.36 (KHTML, like Gecko) Chrome/81.0.4044.129 Safari/537.36"
114.119.137.232 - - [07/Feb/2025:21:27:20 +0200] "GET /ar/portal/checkFavorites/20 HTTP/1.1" 404 225 "http://coursearena.com/ar/course/20" "Mozilla/5.0 (Linux; Android 7.0;) AppleWebKit/537.36 (KHTML, like Gecko) Mobile Safari/537.36 (compatible; PetalBot;+https://webmaster.petalsearch.com/site/petalbot)"
51.8.102.83 - - [07/Feb/2025:21:29:53 +0200] "GET /robots.txt HTTP/1.1" 404 208 "-" "Mozilla/5.0 (Macintosh; Intel Mac OS X 10_15_7) AppleWebKit/537.36 (KHTML, like Gecko) Chrome/131.0.0.0 Safari/537.36; compatible; OAI-SearchBot/1.0; +https://openai.com/searchbot"
87.120.112.20 - - [07/Feb/2025:21:30:58 +0200] "GET /.env HTTP/1.1" 404 202 "-" "Mozilla/5.0 (Linux; U; Android 4.0.3; de-ch; HTC Sensation Build/IML74K) AppleWebKit/534.30 (KHTML, like Gecko) Version/4.0 Mobile Safari/534.30"
49.51.245.241 - - [07/Feb/2025:21:32:42 +0200] "GET /ar/course/15 HTTP/1.1" 404 210 "-" "Mozilla/5.0 (iPhone; CPU iPhone OS 13_2_3 like Mac OS X) AppleWebKit/605.1.15 (KHTML, like Gecko) Version/13.0.3 Mobile/15E148 Safari/604.1"
37.139.53.80 - - [07/Feb/2025:21:32:59 +0200] "GET / HTTP/1.0" 200 902 "http://coursearena.com/" "Mozilla/5.0 (Windows NT 6.3; Win64; x64) AppleWebKit/537.36 (KHTML, like Gecko) Chrome/103.0.5060.66 Safari/537.36"
212.162.151.158 - - [07/Feb/2025:21:37:47 +0200] "GET /live_env HTTP/1.1" 404 206 "-" "Mozilla/5.0 (Macintosh; Intel Mac OS X 10.15; rv:77.0) Gecko/20100101 Firefox/77.0"
212.162.151.158 - - [07/Feb/2025:21:37:47 +0200] "POST /live_env HTTP/1.1" 404 206 "-" "Mozilla/5.0 (Macintosh; Intel Mac OS X 10.15; rv:77.0) Gecko/20100101 Firefox/77.0"
80.82.77.202 - - [07/Feb/2025:21:38:47 +0200] "GET / HTTP/1.0" 200 902 "-" "Mozilla/5.0 (Linux; Android 6.0.1; ONE E1003) AppleWebKit/537.36 (KHTML, like Gecko) Chrome/74.0.3729.136 Mobile Safari/537.36"
37.139.53.80 - - [07/Feb/2025:21:38:53 +0200] "GET / HTTP/1.0" 200 902 "http://coursearena.com/" "Mozilla/5.0 (Windows NT 6.1) AppleWebKit/537.36 (KHTML, like Gecko) Chrome/103.0.0.0 Safari/537.36"
43.153.36.110 - - [07/Feb/2025:21:40:25 +0200] "GET /course/46 HTTP/1.1" 404 207 "-" "Mozilla/5.0 (iPhone; CPU iPhone OS 13_2_3 like Mac OS X) AppleWebKit/605.1.15 (KHTML, like Gecko) Version/13.0.3 Mobile/15E148 Safari/604.1"
141.255.166.90 - - [07/Feb/2025:21:40:46 +0200] "GET / HTTP/1.1" 200 902 "-" "-"
212.162.151.158 - - [07/Feb/2025:21:41:40 +0200] "GET /script/.env HTTP/1.1" 404 209 "-" "Mozilla/5.0 (Macintosh; Intel Mac OS X 10.15; rv:77.0) Gecko/20100101 Firefox/77.0"
212.162.151.158 - - [07/Feb/2025:21:41:40 +0200] "POST /script/.env HTTP/1.1" 404 209 "-" "Mozilla/5.0 (Macintosh; Intel Mac OS X 10.15; rv:77.0) Gecko/20100101 Firefox/77.0"
::1 - - [07/Feb/2025:21:41:42 +0200] "OPTIONS * HTTP/1.0" 200 - "-" "Apache/2.4.6 (CentOS) OpenSSL/1.0.2k-fips mod_fcgid/2.3.9 PHP/5.6.40 (internal dummy connection)"
::1 - - [07/Feb/2025:21:41:43 +0200] "OPTIONS * HTTP/1.0" 200 - "-" "Apache/2.4.6 (CentOS) OpenSSL/1.0.2k-fips mod_fcgid/2.3.9 PHP/5.6.40 (internal dummy connection)"
::1 - - [07/Feb/2025:21:42:08 +0200] "OPTIONS * HTTP/1.0" 200 - "-" "Apache/2.4.6 (CentOS) OpenSSL/1.0.2k-fips mod_fcgid/2.3.9 PHP/5.6.40 (internal dummy connection)"
